[INFO] fetching crate kindly-guard-cli 0.9.5...
[INFO] testing kindly-guard-cli-0.9.5 against 1.100.0-beta.1+cargoflags=--release for beta-release-1.100-2
[INFO] extracting crate kindly-guard-cli 0.9.5 into /workspace/builds/worker-4-tc2/source
[INFO] started tweaking crates.io crate kindly-guard-cli 0.9.5
[INFO] removed 0 missing tests
[INFO] finished tweaking crates.io crate kindly-guard-cli 0.9.5
[INFO] tweaked toml for crates.io crate kindly-guard-cli 0.9.5 written to /workspace/builds/worker-4-tc2/source/Cargo.toml
[INFO] validating manifest of crates.io crate kindly-guard-cli 0.9.5 on toolchain 1.100.0-beta.1
[INFO] running `Command { std: CARGO_HOME="/workspace/cargo-home" RUSTUP_HOME="/workspace/rustup-home" "/workspace/cargo-home/bin/cargo" "+1.100.0-beta.1" "metadata" "--manifest-path" "Cargo.toml" "--no-deps", kill_on_drop: false }`
[INFO] crate crates.io crate kindly-guard-cli 0.9.5 already has a lockfile, it will not be regenerated
[INFO] running `Command { std: CARGO_HOME="/workspace/cargo-home" RUSTUP_HOME="/workspace/rustup-home" "/workspace/cargo-home/bin/cargo" "+1.100.0-beta.1" "fetch" "--manifest-path" "Cargo.toml", kill_on_drop: false }`
[INFO] [stderr] warning: `package.homepage` is redundant with `package.repository`
[INFO] [stderr]   --> Cargo.toml:79:12
[INFO] [stderr]    |
[INFO] [stderr] 79 | homepage = "https://github.com/samduchaine/kindly-guard"
[INFO] [stderr]    |            ^^^^^^^^^^^^^^^^^^^^^^^^^^^^^^^^^^^^^^^^^^^^^
[INFO] [stderr] ...
[INFO] [stderr] 84 | repository = "https://github.com/samduchaine/kindly-guard"
[INFO] [stderr]    |              ---------------------------------------------
[INFO] [stderr]    |
[INFO] [stderr]    = note: `cargo::redundant_homepage` is set to `warn` by default
[INFO] [stderr] help: consider removing `package.homepage`
[INFO] [stderr] warning: `kindly-guard-cli` (manifest) generated 1 warning
[INFO] running `Command { std: "docker" "create" "-v" "/var/lib/crater-agent-workspace/builds/worker-4-tc2/source:/opt/rustwide/workdir:ro,Z" "-v" "/var/lib/crater-agent-workspace/builds/worker-4-tc2/target:/opt/rustwide/target:rw,Z" "-v" "/var/lib/crater-agent-workspace/cargo-home:/opt/rustwide/cargo-home:ro,Z" "-v" "/var/lib/crater-agent-workspace/rustup-home:/opt/rustwide/rustup-home:ro,Z" "-m" "1610612736" "--network" "none" "ghcr.io/rust-lang/crates-build-env/linux@sha256:77db811e55d90add9212f6832c23229e3de5f1c1f9905e8cb07319ea15df73ac" "sleep" "infinity", kill_on_drop: false }`
[INFO] [stdout] 0a0a7f85a282fc3cae2409412b5faf435b00108c61d8f46dee7542795de4e737
[INFO] running `Command { std: "docker" "start" "0a0a7f85a282fc3cae2409412b5faf435b00108c61d8f46dee7542795de4e737", kill_on_drop: false }`
[INFO] running `Command { std: "docker" "inspect" "0a0a7f85a282fc3cae2409412b5faf435b00108c61d8f46dee7542795de4e737", kill_on_drop: false }`
[INFO] running `Command { std: "docker" "exec" "-e" "SOURCE_DIR=/opt/rustwide/workdir" "-e" "CARGO_HOME=/opt/rustwide/cargo-home" "-e" "RUSTUP_HOME=/opt/rustwide/rustup-home" "-e" "CARGO_TARGET_DIR=/opt/rustwide/target" "-w" "/opt/rustwide/workdir" "--user" "0:0" "0a0a7f85a282fc3cae2409412b5faf435b00108c61d8f46dee7542795de4e737" "/opt/rustwide/cargo-home/bin/cargo" "+1.100.0-beta.1" "metadata" "--no-deps" "--format-version=1", kill_on_drop: false }`
[INFO] running `Command { std: "docker" "inspect" "0a0a7f85a282fc3cae2409412b5faf435b00108c61d8f46dee7542795de4e737", kill_on_drop: false }`
[INFO] running `Command { std: "docker" "exec" "-e" "SOURCE_DIR=/opt/rustwide/workdir" "-e" "CARGO_HOME=/opt/rustwide/cargo-home" "-e" "RUSTUP_HOME=/opt/rustwide/rustup-home" "-e" "CARGO_TARGET_DIR=/opt/rustwide/target" "-e" "CARGO_INCREMENTAL=0" "-e" "RUST_BACKTRACE=full" "-e" "RUSTFLAGS=--cap-lints=warn" "-e" "RUSTDOCFLAGS=--cap-lints=warn" "-w" "/opt/rustwide/workdir" "--user" "0:0" "0a0a7f85a282fc3cae2409412b5faf435b00108c61d8f46dee7542795de4e737" "/opt/rustwide/cargo-home/bin/cargo" "+1.100.0-beta.1" "build" "--frozen" "--message-format=json" "--release", kill_on_drop: false }`
[INFO] [stderr] warning: `package.homepage` is redundant with `package.repository`
[INFO] [stderr]   --> Cargo.toml:79:12
[INFO] [stderr]    |
[INFO] [stderr] 79 | homepage = "https://github.com/samduchaine/kindly-guard"
[INFO] [stderr]    |            ^^^^^^^^^^^^^^^^^^^^^^^^^^^^^^^^^^^^^^^^^^^^^
[INFO] [stderr] ...
[INFO] [stderr] 84 | repository = "https://github.com/samduchaine/kindly-guard"
[INFO] [stderr]    |              ---------------------------------------------
[INFO] [stderr]    |
[INFO] [stderr]    = note: `cargo::redundant_homepage` is set to `warn` by default
[INFO] [stderr] help: consider removing `package.homepage`
[INFO] [stderr] warning: `kindly-guard-cli` (manifest) generated 1 warning
[INFO] [stderr]    Compiling libc v0.2.174
[INFO] [stderr]    Compiling cfg-if v1.0.1
[INFO] [stderr]    Compiling log v0.4.27
[INFO] [stderr]    Compiling memchr v2.7.5
[INFO] [stderr]    Compiling lock_api v0.4.13
[INFO] [stderr]    Compiling syn v2.0.104
[INFO] [stderr]    Compiling typenum v1.18.0
[INFO] [stderr]    Compiling bytes v1.10.1
[INFO] [stderr]    Compiling slab v0.4.10
[INFO] [stderr]    Compiling futures-io v0.3.31
[INFO] [stderr]    Compiling tracing-core v0.1.34
[INFO] [stderr]    Compiling zerocopy v0.8.26
[INFO] [stderr]    Compiling semver v1.0.26
[INFO] [stderr]    Compiling bitflags v2.9.1
[INFO] [stderr]    Compiling mio v1.0.4
[INFO] [stderr]    Compiling parking_lot_core v0.9.11
[INFO] [stderr]    Compiling signal-hook-registry v1.4.5
[INFO] [stderr]    Compiling generic-array v0.14.7
[INFO] [stderr]    Compiling parking_lot v0.12.4
[INFO] [stderr]    Compiling http v1.3.1
[INFO] [stderr]    Compiling socket2 v0.5.10
[INFO] [stderr]    Compiling getrandom v0.2.16
[INFO] [stderr]    Compiling signal-hook v0.3.18
[INFO] [stderr]    Compiling serde_json v1.0.140
[INFO] [stderr]    Compiling hashbrown v0.15.4
[INFO] [stderr]    Compiling crypto-common v0.1.6
[INFO] [stderr]    Compiling block-buffer v0.10.4
[INFO] [stderr]    Compiling digest v0.10.7
[INFO] [stderr]    Compiling http-body v1.0.1
[INFO] [stderr]    Compiling rand_core v0.6.4
[INFO] [stderr]    Compiling aho-corasick v1.1.3
[INFO] [stderr]    Compiling rustix v0.38.44
[INFO] [stderr]    Compiling rustc_version v0.4.1
[INFO] [stderr]    Compiling unicode-width v0.2.0
[INFO] [stderr]    Compiling linux-raw-sys v0.4.15
[INFO] [stderr]    Compiling signal-hook-mio v0.2.4
[INFO] [stderr]    Compiling anstyle-parse v0.2.7
[INFO] [stderr]    Compiling curve25519-dalek v4.1.3
[INFO] [stderr]    Compiling http-body-util v0.1.3
[INFO] [stderr]    Compiling sha1 v0.10.6
[INFO] [stderr]    Compiling anstyle-query v1.1.3
[INFO] [stderr]    Compiling ppv-lite86 v0.2.21
[INFO] [stderr]    Compiling data-encoding v2.9.0
[INFO] [stderr]    Compiling sync_wrapper v1.0.2
[INFO] [stderr]    Compiling getrandom v0.3.3
[INFO] [stderr]    Compiling rand_chacha v0.3.1
[INFO] [stderr]    Compiling colorchoice v1.0.4
[INFO] [stderr]    Compiling regex-automata v0.4.9
[INFO] [stderr]    Compiling regex-syntax v0.6.29
[INFO] [stderr]    Compiling either v1.15.0
[INFO] [stderr]    Compiling rand v0.8.5
[INFO] [stderr]    Compiling anstyle v1.0.11
[INFO] [stderr]    Compiling darling_core v0.20.11
[INFO] [stderr]    Compiling anstream v0.6.19
[INFO] [stderr]    Compiling itertools v0.13.0
[INFO] [stderr]    Compiling crossterm v0.28.1
[INFO] [stderr]    Compiling serde_derive v1.0.219
[INFO] [stderr]    Compiling futures-macro v0.3.31
[INFO] [stderr]    Compiling tokio-macros v2.5.0
[INFO] [stderr]    Compiling tracing-attributes v0.1.30
[INFO] [stderr]    Compiling futures-util v0.3.31
[INFO] [stderr]    Compiling tokio v1.46.0
[INFO] [stderr]    Compiling thiserror-impl v1.0.69
[INFO] [stderr]    Compiling tracing v0.1.41
[INFO] [stderr]    Compiling darling_macro v0.20.11
[INFO] [stderr]    Compiling darling v0.20.11
[INFO] [stderr]    Compiling async-trait v0.1.88
[INFO] [stderr]    Compiling thiserror v1.0.69
[INFO] [stderr]    Compiling serde v1.0.219
[INFO] [stderr]    Compiling tungstenite v0.24.0
[INFO] [stderr]    Compiling strum_macros v0.26.4
[INFO] [stderr]    Compiling curve25519-dalek-derive v0.1.1
[INFO] [stderr]    Compiling regex-automata v0.1.10
[INFO] [stderr]    Compiling futures-executor v0.3.31
[INFO] [stderr]    Compiling futures v0.3.31
[INFO] [stderr]    Compiling tinyvec v1.9.0
[INFO] [stderr]    Compiling indexmap v2.10.0
[INFO] [stderr]    Compiling inotify-sys v0.1.5
[INFO] [stderr]    Compiling castaway v0.2.3
[INFO] [stderr]    Compiling zeroize v1.8.1
[INFO] [stderr]    Compiling anyhow v1.0.98
[INFO] [stderr]    Compiling signature v2.2.0
[INFO] [stderr]    Compiling clap_lex v0.7.5
[INFO] [stderr]    Compiling winnow v0.7.11
[INFO] [stderr]    Compiling portable-atomic v1.11.1
[INFO] [stderr]    Compiling overload v0.1.1
[INFO] [stderr]    Compiling indoc v2.0.6
[INFO] [stderr]    Compiling toml_datetime v0.6.11
[INFO] [stderr]    Compiling serde_spanned v0.6.9
[INFO] [stderr]    Compiling clap_builder v4.5.40
[INFO] [stderr]    Compiling instability v0.3.7
[INFO] [stderr]    Compiling serde_urlencoded v0.7.1
[INFO] [stderr]    Compiling serde_path_to_error v0.1.17
[INFO] [stderr]    Compiling tracing-serde v0.2.0
[INFO] [stderr]    Compiling nu-ansi-term v0.46.0
[INFO] [stderr]    Compiling hyper v1.6.0
[INFO] [stderr]    Compiling tower v0.5.2
[INFO] [stderr]    Compiling jsonrpc-core v18.0.0
[INFO] [stderr]    Compiling tokio-util v0.6.10
[INFO] [stderr]    Compiling toml_edit v0.22.27
[INFO] [stderr]    Compiling hyper-util v0.1.14
[INFO] [stderr]    Compiling tokio-tungstenite v0.24.0
[INFO] [stderr]    Compiling ed25519 v2.2.3
[INFO] [stderr]    Compiling unicode-truncate v1.1.0
[INFO] [stderr]    Compiling compact_str v0.8.1
[INFO] [stderr]    Compiling axum-core v0.4.5
[INFO] [stderr]    Compiling unicode-normalization v0.1.24
[INFO] [stderr]    Compiling inotify v0.11.0
[INFO] [stderr]    Compiling strum v0.26.3
[INFO] [stderr]    Compiling matchers v0.1.0
[INFO] [stderr]    Compiling regex v1.11.1
[INFO] [stderr]    Compiling clap_derive v4.5.40
[INFO] [stderr]    Compiling thiserror-impl v2.0.12
[INFO] [stderr]    Compiling lru v0.12.5
[INFO] [stderr]    Compiling sha2 v0.10.9
[INFO] [stderr]    Compiling filetime v0.2.25
[INFO] [stderr]    Compiling tracing-log v0.2.0
[INFO] [stderr]    Compiling bstr v1.12.0
[INFO] [stderr]    Compiling csv-core v0.1.12
[INFO] [stderr]    Compiling thread_local v1.1.9
[INFO] [stderr]    Compiling unicode-script v0.5.7
[INFO] [stderr]    Compiling iana-time-zone v0.1.63
[INFO] [stderr]    Compiling notify-types v2.0.0
[INFO] [stderr]    Compiling dashmap v6.1.0
[INFO] [stderr]    Compiling notify v8.0.0
[INFO] [stderr]    Compiling unicode-security v0.1.2
[INFO] [stderr]    Compiling axum v0.7.9
[INFO] [stderr]    Compiling chrono v0.4.41
[INFO] [stderr]    Compiling ratatui v0.29.0
[INFO] [stderr]    Compiling globset v0.4.16
[INFO] [stderr]    Compiling tracing-subscriber v0.3.19
[INFO] [stderr]    Compiling csv v1.3.1
[INFO] [stderr]    Compiling clap v4.5.40
[INFO] [stderr]    Compiling ed25519-dalek v2.1.1
[INFO] [stderr]    Compiling thiserror v2.0.12
[INFO] [stderr]    Compiling uuid v1.17.0
[INFO] [stderr]    Compiling toml v0.8.23
[INFO] [stderr]    Compiling jsonrpc-stdio-server v18.0.0
[INFO] [stderr]    Compiling tower v0.4.13
[INFO] [stderr]    Compiling tower-http v0.5.2
[INFO] [stderr]    Compiling console v0.16.0
[INFO] [stderr]    Compiling hmac v0.12.1
[INFO] [stderr]    Compiling num_cpus v1.17.0
[INFO] [stderr]    Compiling unit-prefix v0.5.1
[INFO] [stderr]    Compiling indicatif v0.17.12
[INFO] [stderr]    Compiling kindly-guard-server v0.9.5
[INFO] [stderr]    Compiling ignore v0.4.23
[INFO] [stderr]    Compiling comfy-table v7.1.4
[INFO] [stderr]    Compiling colored v2.2.0
[INFO] [stderr]    Compiling kindly-guard-cli v0.9.5 (/opt/rustwide/workdir)
[INFO] [stderr] warning: unused dependency `ignore`
[INFO] [stderr]   --> Cargo.toml:21:15
[INFO] [stderr]    |
[INFO] [stderr] 21 | [dependencies.ignore]
[INFO] [stderr]    |               ^^^^^^^
[INFO] [stderr]    |
[INFO] [stderr]    = note: `cargo::unused_dependencies` is set to `warn` by default
[INFO] [stderr] help: consider removing the dependency on `ignore`
[INFO] [stderr] warning: `kindly-guard-cli` (manifest) generated 1 warning
[INFO] [stderr]     Finished `release` profile [optimized] target(s) in 5m 47s
[INFO] running `Command { std: "docker" "inspect" "0a0a7f85a282fc3cae2409412b5faf435b00108c61d8f46dee7542795de4e737", kill_on_drop: false }`
[INFO] running `Command { std: "docker" "exec" "-e" "SOURCE_DIR=/opt/rustwide/workdir" "-e" "CARGO_HOME=/opt/rustwide/cargo-home" "-e" "RUSTUP_HOME=/opt/rustwide/rustup-home" "-e" "CARGO_TARGET_DIR=/opt/rustwide/target" "-e" "CARGO_INCREMENTAL=0" "-e" "RUST_BACKTRACE=full" "-e" "RUSTFLAGS=--cap-lints=warn" "-e" "RUSTDOCFLAGS=--cap-lints=warn" "-w" "/opt/rustwide/workdir" "--user" "0:0" "0a0a7f85a282fc3cae2409412b5faf435b00108c61d8f46dee7542795de4e737" "/opt/rustwide/cargo-home/bin/cargo" "+1.100.0-beta.1" "test" "--frozen" "--no-run" "--message-format=json" "--release", kill_on_drop: false }`
[INFO] [stderr] warning: `package.homepage` is redundant with `package.repository`
[INFO] [stderr]   --> Cargo.toml:79:12
[INFO] [stderr]    |
[INFO] [stderr] 79 | homepage = "https://github.com/samduchaine/kindly-guard"
[INFO] [stderr]    |            ^^^^^^^^^^^^^^^^^^^^^^^^^^^^^^^^^^^^^^^^^^^^^
[INFO] [stderr] ...
[INFO] [stderr] 84 | repository = "https://github.com/samduchaine/kindly-guard"
[INFO] [stderr]    |              ---------------------------------------------
[INFO] [stderr]    |
[INFO] [stderr]    = note: `cargo::redundant_homepage` is set to `warn` by default
[INFO] [stderr] help: consider removing `package.homepage`
[INFO] [stderr] warning: `kindly-guard-cli` (manifest) generated 1 warning
[INFO] [stderr]    Compiling libc v0.2.174
[INFO] [stderr]    Compiling regex-automata v0.4.9
[INFO] [stderr]    Compiling doc-comment v0.3.3
[INFO] [stderr]    Compiling predicates-core v1.0.9
[INFO] [stderr]    Compiling rustix v1.0.7
[INFO] [stderr]    Compiling cfg_aliases v0.2.1
[INFO] [stderr]    Compiling float-cmp v0.10.0
[INFO] [stderr]    Compiling normalize-line-endings v0.3.0
[INFO] [stderr]    Compiling nix v0.29.0
[INFO] [stderr]    Compiling termtree v0.5.1
[INFO] [stderr]    Compiling difflib v0.4.0
[INFO] [stderr]    Compiling assert_cmd v2.0.17
[INFO] [stderr]    Compiling linux-raw-sys v0.9.4
[INFO] [stderr]    Compiling predicates-tree v1.0.12
[INFO] [stderr]    Compiling signal-hook-registry v1.4.5
[INFO] [stderr]    Compiling mio v1.0.4
[INFO] [stderr]    Compiling parking_lot_core v0.9.11
[INFO] [stderr]    Compiling socket2 v0.5.10
[INFO] [stderr]    Compiling getrandom v0.2.16
[INFO] [stderr]    Compiling rand_core v0.6.4
[INFO] [stderr]    Compiling getrandom v0.3.3
[INFO] [stderr]    Compiling parking_lot v0.12.4
[INFO] [stderr]    Compiling rand_chacha v0.3.1
[INFO] [stderr]    Compiling signal-hook v0.3.18
[INFO] [stderr]    Compiling tokio v1.46.0
[INFO] [stderr]    Compiling signal-hook-mio v0.2.4
[INFO] [stderr]    Compiling rand v0.8.5
[INFO] [stderr]    Compiling crossterm v0.28.1
[INFO] [stderr]    Compiling inotify-sys v0.1.5
[INFO] [stderr]    Compiling inotify v0.11.0
[INFO] [stderr]    Compiling filetime v0.2.25
[INFO] [stderr]    Compiling uuid v1.17.0
[INFO] [stderr]    Compiling tungstenite v0.24.0
[INFO] [stderr]    Compiling notify v8.0.0
[INFO] [stderr]    Compiling ratatui v0.29.0
[INFO] [stderr]    Compiling dashmap v6.1.0
[INFO] [stderr]    Compiling num_cpus v1.17.0
[INFO] [stderr]    Compiling regex v1.11.1
[INFO] [stderr]    Compiling bstr v1.12.0
[INFO] [stderr]    Compiling globset v0.4.16
[INFO] [stderr]    Compiling tracing-subscriber v0.3.19
[INFO] [stderr]    Compiling console v0.16.0
[INFO] [stderr]    Compiling ignore v0.4.23
[INFO] [stderr]    Compiling indicatif v0.17.12
[INFO] [stderr]    Compiling hyper v1.6.0
[INFO] [stderr]    Compiling tokio-util v0.6.10
[INFO] [stderr]    Compiling hyper-util v0.1.14
[INFO] [stderr]    Compiling tokio-tungstenite v0.24.0
[INFO] [stderr]    Compiling tower v0.5.2
[INFO] [stderr]    Compiling jsonrpc-stdio-server v18.0.0
[INFO] [stderr]    Compiling predicates v3.1.3
[INFO] [stderr]    Compiling axum v0.7.9
[INFO] [stderr]    Compiling comfy-table v7.1.4
[INFO] [stderr]    Compiling wait-timeout v0.2.1
[INFO] [stderr]    Compiling tempfile v3.20.0
[INFO] [stderr]    Compiling kindly-guard-server v0.9.5
[INFO] [stderr]    Compiling kindly-guard-cli v0.9.5 (/opt/rustwide/workdir)
[INFO] [stdout] warning: unused variable: `mock_cli`
[INFO] [stdout]    --> tests/cli_wrapper_security_tests.rs:138:9
[INFO] [stdout]     |
[INFO] [stdout] 138 |     let mock_cli = create_mock_cli("trap 'echo \"Got SIGINT\"' INT; sleep 10").unwrap();
[INFO] [stdout]     |         ^^^^^^^^ help: if this is intentional, prefix it with an underscore: `_mock_cli`
[INFO] [stdout]     |
[INFO] [stdout]     = note: `#[warn(unused_variables)]` (part of `#[warn(unused)]`) on by default
[INFO] [stdout] 
[INFO] [stdout] 
[INFO] [stdout] warning: unused variable: `mock_cli`
[INFO] [stdout]    --> tests/cli_wrapper_security_tests.rs:147:9
[INFO] [stdout]     |
[INFO] [stdout] 147 |     let mock_cli = create_mock_cli("trap 'echo \"Got SIGTERM\"; exit 0' TERM; sleep 10").unwrap();
[INFO] [stdout]     |         ^^^^^^^^ help: if this is intentional, prefix it with an underscore: `_mock_cli`
[INFO] [stdout] 
[INFO] [stdout] 
[INFO] [stderr]     Finished `release` profile [optimized] target(s) in 3m 50s
[INFO] [stderr] warning: the following packages contain code that will be rejected by a future version of Rust: nix v0.29.0
[INFO] [stderr] note: to see what the problems were, use the option `--future-incompat-report`, or run `cargo report future-incompatibilities --id 6`
[INFO] running `Command { std: "docker" "inspect" "0a0a7f85a282fc3cae2409412b5faf435b00108c61d8f46dee7542795de4e737", kill_on_drop: false }`
[INFO] running `Command { std: "docker" "exec" "-e" "SOURCE_DIR=/opt/rustwide/workdir" "-e" "CARGO_HOME=/opt/rustwide/cargo-home" "-e" "RUSTUP_HOME=/opt/rustwide/rustup-home" "-e" "CARGO_TARGET_DIR=/opt/rustwide/target" "-e" "CARGO_INCREMENTAL=0" "-e" "RUST_BACKTRACE=full" "-e" "RUSTFLAGS=--cap-lints=warn" "-e" "RUSTDOCFLAGS=--cap-lints=warn" "-w" "/opt/rustwide/workdir" "--user" "0:0" "0a0a7f85a282fc3cae2409412b5faf435b00108c61d8f46dee7542795de4e737" "/opt/rustwide/cargo-home/bin/cargo" "+1.100.0-beta.1" "test" "--frozen" "--release", kill_on_drop: false }`
[INFO] [stderr] warning: `package.homepage` is redundant with `package.repository`
[INFO] [stderr]   --> Cargo.toml:79:12
[INFO] [stderr]    |
[INFO] [stderr] 79 | homepage = "https://github.com/samduchaine/kindly-guard"
[INFO] [stderr]    |            ^^^^^^^^^^^^^^^^^^^^^^^^^^^^^^^^^^^^^^^^^^^^^
[INFO] [stderr] ...
[INFO] [stderr] 84 | repository = "https://github.com/samduchaine/kindly-guard"
[INFO] [stderr]    |              ---------------------------------------------
[INFO] [stderr]    |
[INFO] [stderr]    = note: `cargo::redundant_homepage` is set to `warn` by default
[INFO] [stderr] help: consider removing `package.homepage`
[INFO] [stderr] warning: `kindly-guard-cli` (manifest) generated 1 warning
[INFO] [stderr] warning: unused variable: `mock_cli`
[INFO] [stderr]    --> tests/cli_wrapper_security_tests.rs:138:9
[INFO] [stderr]     |
[INFO] [stderr] 138 |     let mock_cli = create_mock_cli("trap 'echo \"Got SIGINT\"' INT; sleep 10").unwrap();
[INFO] [stderr]     |         ^^^^^^^^ help: if this is intentional, prefix it with an underscore: `_mock_cli`
[INFO] [stderr]     |
[INFO] [stderr]     = note: `#[warn(unused_variables)]` (part of `#[warn(unused)]`) on by default
[INFO] [stderr] 
[INFO] [stderr] warning: unused variable: `mock_cli`
[INFO] [stderr]    --> tests/cli_wrapper_security_tests.rs:147:9
[INFO] [stderr]     |
[INFO] [stderr] 147 |     let mock_cli = create_mock_cli("trap 'echo \"Got SIGTERM\"; exit 0' TERM; sleep 10").unwrap();
[INFO] [stderr]     |         ^^^^^^^^ help: if this is intentional, prefix it with an underscore: `_mock_cli`
[INFO] [stderr] 
[INFO] [stderr] warning: `kindly-guard-cli` (test "cli_wrapper_security_tests") generated 2 warnings (run `cargo fix --test "cli_wrapper_security_tests" -p kindly-guard-cli` to apply 2 suggestions)
[INFO] [stderr]     Finished `release` profile [optimized] target(s) in 0.50s
[INFO] [stderr] warning: the following packages contain code that will be rejected by a future version of Rust: nix v0.29.0
[INFO] [stderr] note: to see what the problems were, use the option `--future-incompat-report`, or run `cargo report future-incompatibilities --id 6`
[INFO] [stderr]      Running unittests src/main.rs (/opt/rustwide/target/release/build/kindly-guard-cli/a94799ef8389e177/out/kindlyguard_cli-a94799ef8389e177)
[INFO] [stdout] 
[INFO] [stdout] running 0 tests
[INFO] [stdout] 
[INFO] [stdout] test result: ok. 0 passed; 0 failed; 0 ignored; 0 measured; 0 filtered out; finished in 0.00s
[INFO] [stdout] 
[INFO] [stderr]      Running tests/cli_wrapper_security_tests.rs (/opt/rustwide/target/release/build/kindly-guard-cli/514c71d9f0c45913/out/cli_wrapper_security_tests-514c71d9f0c45913)
[INFO] [stdout] 
[INFO] [stdout] running 34 tests
[INFO] [stdout] test test_ai_cli_integration_codex_style ... FAILED
[INFO] [stdout] test test_ai_cli_integration_gemini_style ... FAILED
[INFO] [stdout] test test_command_injection_prevention_backticks ... FAILED
[INFO] [stdout] test test_ansi_escape_injection ... FAILED
[INFO] [stdout] test test_command_not_found ... FAILED
[INFO] [stdout] test test_concurrent_io_handling ... FAILED
[INFO] [stdout] test test_environment_injection_prevention ... FAILED
[INFO] [stdout] test test_environment_variable_security ... FAILED
[INFO] [stdout] test test_blocking_mode_blocks_threats ... FAILED
[INFO] [stdout] test test_exit_code_propagation ... FAILED
[INFO] [stdout] test test_input_stream_command_injection ... FAILED
[INFO] [stdout] test test_input_stream_sql_injection ... FAILED
[INFO] [stdout] test test_binary_data_handling ... FAILED
[INFO] [stdout] test test_command_injection_prevention_dollar_parens ... FAILED
[INFO] [stdout] test test_command_injection_prevention_semicolon ... FAILED
[INFO] [stdout] test test_malformed_utf8_handling ... FAILED
[INFO] [stdout] test test_input_stream_unicode_injection ... FAILED
[INFO] [stdout] test test_interactive_prompt_handling ... FAILED
[INFO] [stdout] test test_multiple_threat_detection ... FAILED
[INFO] [stdout] test test_output_stream_passthrough ... FAILED
[INFO] [stdout] test test_input_stream_xss_injection ... FAILED
[INFO] [stdout] test test_large_input_handling ... FAILED
[INFO] [stdout] test test_null_byte_injection ... FAILED
[INFO] [stdout] test test_signal_handling_sigint ... ignored, Signal tests require special handling
[INFO] [stdout] test test_signal_handling_sigterm ... ignored, Signal tests require special handling
[INFO] [stdout] test test_stdin_eof_handling ... FAILED
[INFO] [stdout] test test_path_traversal_prevention ... FAILED
[INFO] [stdout] test test_symlink_resolution ... FAILED
[INFO] [stdout] test test_working_directory_isolation ... FAILED
[INFO] [stdout] test test_process_isolation_file_descriptors ... FAILED
[INFO] [stdout] test test_permission_denied ... FAILED
[INFO] [stdout] test test_server_connection_failure ... FAILED
[INFO] [stdout] test test_warning_mode_allows_threats ... FAILED
[INFO] [stdout] test test_resource_exhaustion_prevention ... FAILED
[INFO] [stdout] 
[INFO] [stdout] failures:
[INFO] [stdout] 
[INFO] [stdout] ---- test_ai_cli_integration_codex_style stdout ----
[INFO] [stdout] 
[INFO] [stdout] thread 'test_ai_cli_integration_codex_style' (3797) panicked at tests/cli_wrapper_security_tests.rs:32:58:
[INFO] [stdout] called `Result::unwrap()` on an `Err` value: CargoError { cause: Some(NotFoundError { path: "/opt/rustwide/target/release/build/kindly-guard-cli/514c71d9f0c45913/out/kindly-guard-cli" }) }
[INFO] [stdout] stack backtrace:
[INFO] [stdout]    0:     0x63005f892151 - <<std[617be2ca0a6fd877]::sys::backtrace::BacktraceLock>::print::DisplayBacktrace as core[a373ad73a504971]::fmt::Display>::fmt
[INFO] [stdout]    1:     0x63005f8a912a - core[a373ad73a504971]::fmt::write
[INFO] [stdout]    2:     0x63005f897edc - <alloc[2e1b2a31b91974c5]::vec::Vec<u8> as core[a373ad73a504971]::io::write::Write>::write_fmt
[INFO] [stdout]    3:     0x63005f86b8b6 - std[617be2ca0a6fd877]::panicking::default_hook::{closure#0}
[INFO] [stdout]    4:     0x63005f889c39 - std[617be2ca0a6fd877]::panicking::default_hook
[INFO] [stdout]    5:     0x63005f8100d0 - test[aada8e7e76ba119b]::test_main_inner::{closure#0}
[INFO] [stdout]    6:     0x63005f889df2 - std[617be2ca0a6fd877]::panicking::panic_with_hook
[INFO] [stdout]    7:     0x63005f86b962 - std[617be2ca0a6fd877]::panicking::panic_handler::{closure#0}
[INFO] [stdout]    8:     0x63005f863dd9 - std[617be2ca0a6fd877]::sys::backtrace::__rust_end_short_backtrace::<std[617be2ca0a6fd877]::panicking::panic_handler::{closure#0}, !>
[INFO] [stdout]    9:     0x63005f86c98d - __rustc[ea4f61d10b84890b]::rust_begin_unwind
[INFO] [stdout]   10:     0x63005f8a98dc - core[a373ad73a504971]::panicking::panic_fmt
[INFO] [stdout]   11:     0x63005f8a96b2 - core[a373ad73a504971]::result::unwrap_failed
[INFO] [stdout]   12:     0x63005f7f6416 - cli_wrapper_security_tests[459b3af3458bc1fe]::wrap_cmd
[INFO] [stdout]   13:     0x63005f7fd3ea - <cli_wrapper_security_tests[459b3af3458bc1fe]::test_ai_cli_integration_codex_style::{closure#0} as core[a373ad73a504971]::ops::function::FnOnce<()>>::call_once
[INFO] [stdout]   14:     0x63005f80351b - test[aada8e7e76ba119b]::__rust_begin_short_backtrace::<core[a373ad73a504971]::result::Result<(), alloc[2e1b2a31b91974c5]::string::String>, fn() -> core[a373ad73a504971]::result::Result<(), alloc[2e1b2a31b91974c5]::string::String>>
[INFO] [stdout]   15:     0x63005f8106f5 - test[aada8e7e76ba119b]::run_test::{closure#0}
[INFO] [stdout]   16:     0x63005f809fe4 - std[617be2ca0a6fd877]::sys::backtrace::__rust_begin_short_backtrace::<test[aada8e7e76ba119b]::run_test::{closure#1}, ()>
[INFO] [stdout]   17:     0x63005f813782 - <std[617be2ca0a6fd877]::thread::lifecycle::spawn_unchecked<test[aada8e7e76ba119b]::run_test::{closure#1}, ()>::{closure#1} as core[a373ad73a504971]::ops::function::FnOnce<()>>::call_once::{shim:vtable#0}
[INFO] [stdout]   18:     0x63005f89192f - <std[617be2ca0a6fd877]::sys::thread::unix::Thread>::new::thread_start
[INFO] [stdout]   19:     0x75ede7548dfa - <unknown>
[INFO] [stdout]   20:     0x75ede75dc3d4 - clone
[INFO] [stdout]   21:                0x0 - <unknown>
[INFO] [stdout] 
[INFO] [stdout] ---- test_ai_cli_integration_gemini_style stdout ----
[INFO] [stdout] 
[INFO] [stdout] thread 'test_ai_cli_integration_gemini_style' (3798) panicked at tests/cli_wrapper_security_tests.rs:32:58:
[INFO] [stdout] called `Result::unwrap()` on an `Err` value: CargoError { cause: Some(NotFoundError { path: "/opt/rustwide/target/release/build/kindly-guard-cli/514c71d9f0c45913/out/kindly-guard-cli" }) }
[INFO] [stdout] stack backtrace:
[INFO] [stdout]    0:     0x63005f892151 - <<std[617be2ca0a6fd877]::sys::backtrace::BacktraceLock>::print::DisplayBacktrace as core[a373ad73a504971]::fmt::Display>::fmt
[INFO] [stdout]    1:     0x63005f8a912a - core[a373ad73a504971]::fmt::write
[INFO] [stdout]    2:     0x63005f897edc - <alloc[2e1b2a31b91974c5]::vec::Vec<u8> as core[a373ad73a504971]::io::write::Write>::write_fmt
[INFO] [stdout]    3:     0x63005f86b8b6 - std[617be2ca0a6fd877]::panicking::default_hook::{closure#0}
[INFO] [stdout]    4:     0x63005f889c39 - std[617be2ca0a6fd877]::panicking::default_hook
[INFO] [stdout]    5:     0x63005f8100d0 - test[aada8e7e76ba119b]::test_main_inner::{closure#0}
[INFO] [stdout]    6:     0x63005f889df2 - std[617be2ca0a6fd877]::panicking::panic_with_hook
[INFO] [stdout]    7:     0x63005f86b962 - std[617be2ca0a6fd877]::panicking::panic_handler::{closure#0}
[INFO] [stdout]    8:     0x63005f863dd9 - std[617be2ca0a6fd877]::sys::backtrace::__rust_end_short_backtrace::<std[617be2ca0a6fd877]::panicking::panic_handler::{closure#0}, !>
[INFO] [stdout]    9:     0x63005f86c98d - __rustc[ea4f61d10b84890b]::rust_begin_unwind
[INFO] [stdout]   10:     0x63005f8a98dc - core[a373ad73a504971]::panicking::panic_fmt
[INFO] [stdout]   11:     0x63005f8a96b2 - core[a373ad73a504971]::result::unwrap_failed
[INFO] [stdout]   12:     0x63005f7f6416 - cli_wrapper_security_tests[459b3af3458bc1fe]::wrap_cmd
[INFO] [stdout]   13:     0x63005f7fecba - <cli_wrapper_security_tests[459b3af3458bc1fe]::test_ai_cli_integration_gemini_style::{closure#0} as core[a373ad73a504971]::ops::function::FnOnce<()>>::call_once
[INFO] [stdout]   14:     0x63005f80351b - test[aada8e7e76ba119b]::__rust_begin_short_backtrace::<core[a373ad73a504971]::result::Result<(), alloc[2e1b2a31b91974c5]::string::String>, fn() -> core[a373ad73a504971]::result::Result<(), alloc[2e1b2a31b91974c5]::string::String>>
[INFO] [stdout]   15:     0x63005f8106f5 - test[aada8e7e76ba119b]::run_test::{closure#0}
[INFO] [stdout]   16:     0x63005f809fe4 - std[617be2ca0a6fd877]::sys::backtrace::__rust_begin_short_backtrace::<test[aada8e7e76ba119b]::run_test::{closure#1}, ()>
[INFO] [stdout]   17:     0x63005f813782 - <std[617be2ca0a6fd877]::thread::lifecycle::spawn_unchecked<test[aada8e7e76ba119b]::run_test::{closure#1}, ()>::{closure#1} as core[a373ad73a504971]::ops::function::FnOnce<()>>::call_once::{shim:vtable#0}
[INFO] [stdout]   18:     0x63005f89192f - <std[617be2ca0a6fd877]::sys::thread::unix::Thread>::new::thread_start
[INFO] [stdout]   19:     0x75ede7548dfa - <unknown>
[INFO] [stdout]   20:     0x75ede75dc3d4 - clone
[INFO] [stdout]   21:                0x0 - <unknown>
[INFO] [stdout] 
[INFO] [stdout] ---- test_command_injection_prevention_backticks stdout ----
[INFO] [stdout] 
[INFO] [stdout] thread 'test_command_injection_prevention_backticks' (3802) panicked at tests/cli_wrapper_security_tests.rs:32:58:
[INFO] [stdout] called `Result::unwrap()` on an `Err` value: CargoError { cause: Some(NotFoundError { path: "/opt/rustwide/target/release/build/kindly-guard-cli/514c71d9f0c45913/out/kindly-guard-cli" }) }
[INFO] [stdout] stack backtrace:
[INFO] [stdout]    0:     0x63005f892151 - <<std[617be2ca0a6fd877]::sys::backtrace::BacktraceLock>::print::DisplayBacktrace as core[a373ad73a504971]::fmt::Display>::fmt
[INFO] [stdout]    1:     0x63005f8a912a - core[a373ad73a504971]::fmt::write
[INFO] [stdout]    2:     0x63005f897edc - <alloc[2e1b2a31b91974c5]::vec::Vec<u8> as core[a373ad73a504971]::io::write::Write>::write_fmt
[INFO] [stdout]    3:     0x63005f86b8b6 - std[617be2ca0a6fd877]::panicking::default_hook::{closure#0}
[INFO] [stdout]    4:     0x63005f889c39 - std[617be2ca0a6fd877]::panicking::default_hook
[INFO] [stdout]    5:     0x63005f8100d0 - test[aada8e7e76ba119b]::test_main_inner::{closure#0}
[INFO] [stdout]    6:     0x63005f889df2 - std[617be2ca0a6fd877]::panicking::panic_with_hook
[INFO] [stdout]    7:     0x63005f86b962 - std[617be2ca0a6fd877]::panicking::panic_handler::{closure#0}
[INFO] [stdout]    8:     0x63005f863dd9 - std[617be2ca0a6fd877]::sys::backtrace::__rust_end_short_backtrace::<std[617be2ca0a6fd877]::panicking::panic_handler::{closure#0}, !>
[INFO] [stdout]    9:     0x63005f86c98d - __rustc[ea4f61d10b84890b]::rust_begin_unwind
[INFO] [stdout]   10:     0x63005f8a98dc - core[a373ad73a504971]::panicking::panic_fmt
[INFO] [stdout]   11:     0x63005f8a96b2 - core[a373ad73a504971]::result::unwrap_failed
[INFO] [stdout]   12:     0x63005f7f6416 - cli_wrapper_security_tests[459b3af3458bc1fe]::wrap_cmd
[INFO] [stdout]   13:     0x63005f7ff84a - <cli_wrapper_security_tests[459b3af3458bc1fe]::test_command_injection_prevention_backticks::{closure#0} as core[a373ad73a504971]::ops::function::FnOnce<()>>::call_once
[INFO] [stdout]   14:     0x63005f80351b - test[aada8e7e76ba119b]::__rust_begin_short_backtrace::<core[a373ad73a504971]::result::Result<(), alloc[2e1b2a31b91974c5]::string::String>, fn() -> core[a373ad73a504971]::result::Result<(), alloc[2e1b2a31b91974c5]::string::String>>
[INFO] [stdout]   15:     0x63005f8106f5 - test[aada8e7e76ba119b]::run_test::{closure#0}
[INFO] [stdout]   16:     0x63005f809fe4 - std[617be2ca0a6fd877]::sys::backtrace::__rust_begin_short_backtrace::<test[aada8e7e76ba119b]::run_test::{closure#1}, ()>
[INFO] [stdout]   17:     0x63005f813782 - <std[617be2ca0a6fd877]::thread::lifecycle::spawn_unchecked<test[aada8e7e76ba119b]::run_test::{closure#1}, ()>::{closure#1} as core[a373ad73a504971]::ops::function::FnOnce<()>>::call_once::{shim:vtable#0}
[INFO] [stdout]   18:     0x63005f89192f - <std[617be2ca0a6fd877]::sys::thread::unix::Thread>::new::thread_start
[INFO] [stdout]   19:     0x75ede7548dfa - <unknown>
[INFO] [stdout]   20:     0x75ede75dc3d4 - clone
[INFO] [stdout]   21:                0x0 - <unknown>
[INFO] [stdout] 
[INFO] [stdout] ---- test_ansi_escape_injection stdout ----
[INFO] [stdout] 
[INFO] [stdout] thread 'test_ansi_escape_injection' (3799) panicked at tests/cli_wrapper_security_tests.rs:32:58:
[INFO] [stdout] called `Result::unwrap()` on an `Err` value: CargoError { cause: Some(NotFoundError { path: "/opt/rustwide/target/release/build/kindly-guard-cli/514c71d9f0c45913/out/kindly-guard-cli" }) }
[INFO] [stdout] stack backtrace:
[INFO] [stdout]    0:     0x63005f892151 - <<std[617be2ca0a6fd877]::sys::backtrace::BacktraceLock>::print::DisplayBacktrace as core[a373ad73a504971]::fmt::Display>::fmt
[INFO] [stdout]    1:     0x63005f8a912a - core[a373ad73a504971]::fmt::write
[INFO] [stdout]    2:     0x63005f897edc - <alloc[2e1b2a31b91974c5]::vec::Vec<u8> as core[a373ad73a504971]::io::write::Write>::write_fmt
[INFO] [stdout]    3:     0x63005f86b8b6 - std[617be2ca0a6fd877]::panicking::default_hook::{closure#0}
[INFO] [stdout]    4:     0x63005f889c39 - std[617be2ca0a6fd877]::panicking::default_hook
[INFO] [stdout]    5:     0x63005f8100d0 - test[aada8e7e76ba119b]::test_main_inner::{closure#0}
[INFO] [stdout]    6:     0x63005f889df2 - std[617be2ca0a6fd877]::panicking::panic_with_hook
[INFO] [stdout]    7:     0x63005f86b962 - std[617be2ca0a6fd877]::panicking::panic_handler::{closure#0}
[INFO] [stdout]    8:     0x63005f863dd9 - std[617be2ca0a6fd877]::sys::backtrace::__rust_end_short_backtrace::<std[617be2ca0a6fd877]::panicking::panic_handler::{closure#0}, !>
[INFO] [stdout]    9:     0x63005f86c98d - __rustc[ea4f61d10b84890b]::rust_begin_unwind
[INFO] [stdout]   10:     0x63005f8a98dc - core[a373ad73a504971]::panicking::panic_fmt
[INFO] [stdout]   11:     0x63005f8a96b2 - core[a373ad73a504971]::result::unwrap_failed
[INFO] [stdout]   12:     0x63005f7f6416 - cli_wrapper_security_tests[459b3af3458bc1fe]::wrap_cmd
[INFO] [stdout]   13:     0x63005f7f80da - <cli_wrapper_security_tests[459b3af3458bc1fe]::test_ansi_escape_injection::{closure#0} as core[a373ad73a504971]::ops::function::FnOnce<()>>::call_once
[INFO] [stdout]   14:     0x63005f80351b - test[aada8e7e76ba119b]::__rust_begin_short_backtrace::<core[a373ad73a504971]::result::Result<(), alloc[2e1b2a31b91974c5]::string::String>, fn() -> core[a373ad73a504971]::result::Result<(), alloc[2e1b2a31b91974c5]::string::String>>
[INFO] [stdout]   15:     0x63005f8106f5 - test[aada8e7e76ba119b]::run_test::{closure#0}
[INFO] [stdout]   16:     0x63005f809fe4 - std[617be2ca0a6fd877]::sys::backtrace::__rust_begin_short_backtrace::<test[aada8e7e76ba119b]::run_test::{closure#1}, ()>
[INFO] [stdout]   17:     0x63005f813782 - <std[617be2ca0a6fd877]::thread::lifecycle::spawn_unchecked<test[aada8e7e76ba119b]::run_test::{closure#1}, ()>::{closure#1} as core[a373ad73a504971]::ops::function::FnOnce<()>>::call_once::{shim:vtable#0}
[INFO] [stdout]   18:     0x63005f89192f - <std[617be2ca0a6fd877]::sys::thread::unix::Thread>::new::thread_start
[INFO] [stdout]   19:     0x75ede7548dfa - <unknown>
[INFO] [stdout]   20:     0x75ede75dc3d4 - clone
[INFO] [stdout]   21:                0x0 - <unknown>
[INFO] [stdout] 
[INFO] [stdout] ---- test_command_not_found stdout ----
[INFO] [stdout] 
[INFO] [stdout] thread 'test_command_not_found' (3805) panicked at tests/cli_wrapper_security_tests.rs:32:58:
[INFO] [stdout] called `Result::unwrap()` on an `Err` value: CargoError { cause: Some(NotFoundError { path: "/opt/rustwide/target/release/build/kindly-guard-cli/514c71d9f0c45913/out/kindly-guard-cli" }) }
[INFO] [stdout] stack backtrace:
[INFO] [stdout]    0:     0x63005f892151 - <<std[617be2ca0a6fd877]::sys::backtrace::BacktraceLock>::print::DisplayBacktrace as core[a373ad73a504971]::fmt::Display>::fmt
[INFO] [stdout]    1:     0x63005f8a912a - core[a373ad73a504971]::fmt::write
[INFO] [stdout]    2:     0x63005f897edc - <alloc[2e1b2a31b91974c5]::vec::Vec<u8> as core[a373ad73a504971]::io::write::Write>::write_fmt
[INFO] [stdout]    3:     0x63005f86b8b6 - std[617be2ca0a6fd877]::panicking::default_hook::{closure#0}
[INFO] [stdout]    4:     0x63005f889c39 - std[617be2ca0a6fd877]::panicking::default_hook
[INFO] [stdout]    5:     0x63005f8100d0 - test[aada8e7e76ba119b]::test_main_inner::{closure#0}
[INFO] [stdout]    6:     0x63005f889df2 - std[617be2ca0a6fd877]::panicking::panic_with_hook
[INFO] [stdout]    7:     0x63005f86b962 - std[617be2ca0a6fd877]::panicking::panic_handler::{closure#0}
[INFO] [stdout]    8:     0x63005f863dd9 - std[617be2ca0a6fd877]::sys::backtrace::__rust_end_short_backtrace::<std[617be2ca0a6fd877]::panicking::panic_handler::{closure#0}, !>
[INFO] [stdout]    9:     0x63005f86c98d - __rustc[ea4f61d10b84890b]::rust_begin_unwind
[INFO] [stdout]   10:     0x63005f8a98dc - core[a373ad73a504971]::panicking::panic_fmt
[INFO] [stdout]   11:     0x63005f8a96b2 - core[a373ad73a504971]::result::unwrap_failed
[INFO] [stdout]   12:     0x63005f7f6416 - cli_wrapper_security_tests[459b3af3458bc1fe]::wrap_cmd
[INFO] [stdout]   13:     0x63005f7f650d - <cli_wrapper_security_tests[459b3af3458bc1fe]::test_command_not_found::{closure#0} as core[a373ad73a504971]::ops::function::FnOnce<()>>::call_once
[INFO] [stdout]   14:     0x63005f80351b - test[aada8e7e76ba119b]::__rust_begin_short_backtrace::<core[a373ad73a504971]::result::Result<(), alloc[2e1b2a31b91974c5]::string::String>, fn() -> core[a373ad73a504971]::result::Result<(), alloc[2e1b2a31b91974c5]::string::String>>
[INFO] [stdout]   15:     0x63005f8106f5 - test[aada8e7e76ba119b]::run_test::{closure#0}
[INFO] [stdout]   16:     0x63005f809fe4 - std[617be2ca0a6fd877]::sys::backtrace::__rust_begin_short_backtrace::<test[aada8e7e76ba119b]::run_test::{closure#1}, ()>
[INFO] [stdout]   17:     0x63005f813782 - <std[617be2ca0a6fd877]::thread::lifecycle::spawn_unchecked<test[aada8e7e76ba119b]::run_test::{closure#1}, ()>::{closure#1} as core[a373ad73a504971]::ops::function::FnOnce<()>>::call_once::{shim:vtable#0}
[INFO] [stdout]   18:     0x63005f89192f - <std[617be2ca0a6fd877]::sys::thread::unix::Thread>::new::thread_start
[INFO] [stdout]   19:     0x75ede7548dfa - <unknown>
[INFO] [stdout]   20:     0x75ede75dc3d4 - clone
[INFO] [stdout]   21:                0x0 - <unknown>
[INFO] [stdout] 
[INFO] [stdout] ---- test_concurrent_io_handling stdout ----
[INFO] [stdout] 
[INFO] [stdout] thread 'test_concurrent_io_handling' (3806) panicked at tests/cli_wrapper_security_tests.rs:32:58:
[INFO] [stdout] called `Result::unwrap()` on an `Err` value: CargoError { cause: Some(NotFoundError { path: "/opt/rustwide/target/release/build/kindly-guard-cli/514c71d9f0c45913/out/kindly-guard-cli" }) }
[INFO] [stdout] stack backtrace:
[INFO] [stdout]    0:     0x63005f892151 - <<std[617be2ca0a6fd877]::sys::backtrace::BacktraceLock>::print::DisplayBacktrace as core[a373ad73a504971]::fmt::Display>::fmt
[INFO] [stdout]    1:     0x63005f8a912a - core[a373ad73a504971]::fmt::write
[INFO] [stdout]    2:     0x63005f897edc - <alloc[2e1b2a31b91974c5]::vec::Vec<u8> as core[a373ad73a504971]::io::write::Write>::write_fmt
[INFO] [stdout]    3:     0x63005f86b8b6 - std[617be2ca0a6fd877]::panicking::default_hook::{closure#0}
[INFO] [stdout]    4:     0x63005f889c39 - std[617be2ca0a6fd877]::panicking::default_hook
[INFO] [stdout]    5:     0x63005f8100d0 - test[aada8e7e76ba119b]::test_main_inner::{closure#0}
[INFO] [stdout]    6:     0x63005f889df2 - std[617be2ca0a6fd877]::panicking::panic_with_hook
[INFO] [stdout]    7:     0x63005f86b962 - std[617be2ca0a6fd877]::panicking::panic_handler::{closure#0}
[INFO] [stdout]    8:     0x63005f863dd9 - std[617be2ca0a6fd877]::sys::backtrace::__rust_end_short_backtrace::<std[617be2ca0a6fd877]::panicking::panic_handler::{closure#0}, !>
[INFO] [stdout]    9:     0x63005f86c98d - __rustc[ea4f61d10b84890b]::rust_begin_unwind
[INFO] [stdout]   10:     0x63005f8a98dc - core[a373ad73a504971]::panicking::panic_fmt
[INFO] [stdout]   11:     0x63005f8a96b2 - core[a373ad73a504971]::result::unwrap_failed
[INFO] [stdout]   12:     0x63005f7f6416 - cli_wrapper_security_tests[459b3af3458bc1fe]::wrap_cmd
[INFO] [stdout]   13:     0x63005f7f8751 - <cli_wrapper_security_tests[459b3af3458bc1fe]::test_concurrent_io_handling::{closure#0} as core[a373ad73a504971]::ops::function::FnOnce<()>>::call_once
[INFO] [stdout]   14:     0x63005f80351b - test[aada8e7e76ba119b]::__rust_begin_short_backtrace::<core[a373ad73a504971]::result::Result<(), alloc[2e1b2a31b91974c5]::string::String>, fn() -> core[a373ad73a504971]::result::Result<(), alloc[2e1b2a31b91974c5]::string::String>>
[INFO] [stdout]   15:     0x63005f8106f5 - test[aada8e7e76ba119b]::run_test::{closure#0}
[INFO] [stdout]   16:     0x63005f809fe4 - std[617be2ca0a6fd877]::sys::backtrace::__rust_begin_short_backtrace::<test[aada8e7e76ba119b]::run_test::{closure#1}, ()>
[INFO] [stdout]   17:     0x63005f813782 - <std[617be2ca0a6fd877]::thread::lifecycle::spawn_unchecked<test[aada8e7e76ba119b]::run_test::{closure#1}, ()>::{closure#1} as core[a373ad73a504971]::ops::function::FnOnce<()>>::call_once::{shim:vtable#0}
[INFO] [stdout]   18:     0x63005f89192f - <std[617be2ca0a6fd877]::sys::thread::unix::Thread>::new::thread_start
[INFO] [stdout]   19:     0x75ede7548dfa - <unknown>
[INFO] [stdout]   20:     0x75ede75dc3d4 - clone
[INFO] [stdout]   21:                0x0 - <unknown>
[INFO] [stdout] 
[INFO] [stdout] ---- test_environment_injection_prevention stdout ----
[INFO] [stdout] 
[INFO] [stdout] thread 'test_environment_injection_prevention' (3807) panicked at tests/cli_wrapper_security_tests.rs:32:58:
[INFO] [stdout] called `Result::unwrap()` on an `Err` value: CargoError { cause: Some(NotFoundError { path: "/opt/rustwide/target/release/build/kindly-guard-cli/514c71d9f0c45913/out/kindly-guard-cli" }) }
[INFO] [stdout] stack backtrace:
[INFO] [stdout]    0:     0x63005f892151 - <<std[617be2ca0a6fd877]::sys::backtrace::BacktraceLock>::print::DisplayBacktrace as core[a373ad73a504971]::fmt::Display>::fmt
[INFO] [stdout]    1:     0x63005f8a912a - core[a373ad73a504971]::fmt::write
[INFO] [stdout]    2:     0x63005f897edc - <alloc[2e1b2a31b91974c5]::vec::Vec<u8> as core[a373ad73a504971]::io::write::Write>::write_fmt
[INFO] [stdout]    3:     0x63005f86b8b6 - std[617be2ca0a6fd877]::panicking::default_hook::{closure#0}
[INFO] [stdout]    4:     0x63005f889c39 - std[617be2ca0a6fd877]::panicking::default_hook
[INFO] [stdout]    5:     0x63005f8100d0 - test[aada8e7e76ba119b]::test_main_inner::{closure#0}
[INFO] [stdout]    6:     0x63005f889df2 - std[617be2ca0a6fd877]::panicking::panic_with_hook
[INFO] [stdout]    7:     0x63005f86b962 - std[617be2ca0a6fd877]::panicking::panic_handler::{closure#0}
[INFO] [stdout]    8:     0x63005f863dd9 - std[617be2ca0a6fd877]::sys::backtrace::__rust_end_short_backtrace::<std[617be2ca0a6fd877]::panicking::panic_handler::{closure#0}, !>
[INFO] [stdout]    9:     0x63005f86c98d - __rustc[ea4f61d10b84890b]::rust_begin_unwind
[INFO] [stdout]   10:     0x63005f8a98dc - core[a373ad73a504971]::panicking::panic_fmt
[INFO] [stdout]   11:     0x63005f8a96b2 - core[a373ad73a504971]::result::unwrap_failed
[INFO] [stdout]   12:     0x63005f7f6416 - cli_wrapper_security_tests[459b3af3458bc1fe]::wrap_cmd
[INFO] [stdout]   13:     0x63005f7ff218 - <cli_wrapper_security_tests[459b3af3458bc1fe]::test_environment_injection_prevention::{closure#0} as core[a373ad73a504971]::ops::function::FnOnce<()>>::call_once
[INFO] [stdout]   14:     0x63005f80351b - test[aada8e7e76ba119b]::__rust_begin_short_backtrace::<core[a373ad73a504971]::result::Result<(), alloc[2e1b2a31b91974c5]::string::String>, fn() -> core[a373ad73a504971]::result::Result<(), alloc[2e1b2a31b91974c5]::string::String>>
[INFO] [stdout]   15:     0x63005f8106f5 - test[aada8e7e76ba119b]::run_test::{closure#0}
[INFO] [stdout]   16:     0x63005f809fe4 - std[617be2ca0a6fd877]::sys::backtrace::__rust_begin_short_backtrace::<test[aada8e7e76ba119b]::run_test::{closure#1}, ()>
[INFO] [stdout]   17:     0x63005f813782 - <std[617be2ca0a6fd877]::thread::lifecycle::spawn_unchecked<test[aada8e7e76ba119b]::run_test::{closure#1}, ()>::{closure#1} as core[a373ad73a504971]::ops::function::FnOnce<()>>::call_once::{shim:vtable#0}
[INFO] [stdout]   18:     0x63005f89192f - <std[617be2ca0a6fd877]::sys::thread::unix::Thread>::new::thread_start
[INFO] [stdout]   19:     0x75ede7548dfa - <unknown>
[INFO] [stdout]   20:     0x75ede75dc3d4 - clone
[INFO] [stdout]   21:                0x0 - <unknown>
[INFO] [stdout] 
[INFO] [stdout] ---- test_environment_variable_security stdout ----
[INFO] [stdout] 
[INFO] [stdout] thread 'test_environment_variable_security' (3808) panicked at tests/cli_wrapper_security_tests.rs:32:58:
[INFO] [stdout] called `Result::unwrap()` on an `Err` value: CargoError { cause: Some(NotFoundError { path: "/opt/rustwide/target/release/build/kindly-guard-cli/514c71d9f0c45913/out/kindly-guard-cli" }) }
[INFO] [stdout] stack backtrace:
[INFO] [stdout]    0:     0x63005f892151 - <<std[617be2ca0a6fd877]::sys::backtrace::BacktraceLock>::print::DisplayBacktrace as core[a373ad73a504971]::fmt::Display>::fmt
[INFO] [stdout]    1:     0x63005f8a912a - core[a373ad73a504971]::fmt::write
[INFO] [stdout]    2:     0x63005f897edc - <alloc[2e1b2a31b91974c5]::vec::Vec<u8> as core[a373ad73a504971]::io::write::Write>::write_fmt
[INFO] [stdout]    3:     0x63005f86b8b6 - std[617be2ca0a6fd877]::panicking::default_hook::{closure#0}
[INFO] [stdout]    4:     0x63005f889c39 - std[617be2ca0a6fd877]::panicking::default_hook
[INFO] [stdout]    5:     0x63005f8100d0 - test[aada8e7e76ba119b]::test_main_inner::{closure#0}
[INFO] [stdout]    6:     0x63005f889df2 - std[617be2ca0a6fd877]::panicking::panic_with_hook
[INFO] [stdout]    7:     0x63005f86b962 - std[617be2ca0a6fd877]::panicking::panic_handler::{closure#0}
[INFO] [stdout]    8:     0x63005f863dd9 - std[617be2ca0a6fd877]::sys::backtrace::__rust_end_short_backtrace::<std[617be2ca0a6fd877]::panicking::panic_handler::{closure#0}, !>
[INFO] [stdout]    9:     0x63005f86c98d - __rustc[ea4f61d10b84890b]::rust_begin_unwind
[INFO] [stdout]   10:     0x63005f8a98dc - core[a373ad73a504971]::panicking::panic_fmt
[INFO] [stdout]   11:     0x63005f8a96b2 - core[a373ad73a504971]::result::unwrap_failed
[INFO] [stdout]   12:     0x63005f7f6416 - cli_wrapper_security_tests[459b3af3458bc1fe]::wrap_cmd
[INFO] [stdout]   13:     0x63005f7fcdc2 - <cli_wrapper_security_tests[459b3af3458bc1fe]::test_environment_variable_security::{closure#0} as core[a373ad73a504971]::ops::function::FnOnce<()>>::call_once
[INFO] [stdout]   14:     0x63005f80351b - test[aada8e7e76ba119b]::__rust_begin_short_backtrace::<core[a373ad73a504971]::result::Result<(), alloc[2e1b2a31b91974c5]::string::String>, fn() -> core[a373ad73a504971]::result::Result<(), alloc[2e1b2a31b91974c5]::string::String>>
[INFO] [stdout]   15:     0x63005f8106f5 - test[aada8e7e76ba119b]::run_test::{closure#0}
[INFO] [stdout]   16:     0x63005f809fe4 - std[617be2ca0a6fd877]::sys::backtrace::__rust_begin_short_backtrace::<test[aada8e7e76ba119b]::run_test::{closure#1}, ()>
[INFO] [stdout]   17:     0x63005f813782 - <std[617be2ca0a6fd877]::thread::lifecycle::spawn_unchecked<test[aada8e7e76ba119b]::run_test::{closure#1}, ()>::{closure#1} as core[a373ad73a504971]::ops::function::FnOnce<()>>::call_once::{shim:vtable#0}
[INFO] [stdout]   18:     0x63005f89192f - <std[617be2ca0a6fd877]::sys::thread::unix::Thread>::new::thread_start
[INFO] [stdout]   19:     0x75ede7548dfa - <unknown>
[INFO] [stdout]   20:     0x75ede75dc3d4 - clone
[INFO] [stdout]   21:                0x0 - <unknown>
[INFO] [stdout] 
[INFO] [stdout] ---- test_blocking_mode_blocks_threats stdout ----
[INFO] [stdout] 
[INFO] [stdout] thread 'test_blocking_mode_blocks_threats' (3801) panicked at tests/cli_wrapper_security_tests.rs:32:58:
[INFO] [stdout] called `Result::unwrap()` on an `Err` value: CargoError { cause: Some(NotFoundError { path: "/opt/rustwide/target/release/build/kindly-guard-cli/514c71d9f0c45913/out/kindly-guard-cli" }) }
[INFO] [stdout] stack backtrace:
[INFO] [stdout]    0:     0x63005f892151 - <<std[617be2ca0a6fd877]::sys::backtrace::BacktraceLock>::print::DisplayBacktrace as core[a373ad73a504971]::fmt::Display>::fmt
[INFO] [stdout]    1:     0x63005f8a912a - core[a373ad73a504971]::fmt::write
[INFO] [stdout]    2:     0x63005f897edc - <alloc[2e1b2a31b91974c5]::vec::Vec<u8> as core[a373ad73a504971]::io::write::Write>::write_fmt
[INFO] [stdout]    3:     0x63005f86b8b6 - std[617be2ca0a6fd877]::panicking::default_hook::{closure#0}
[INFO] [stdout]    4:     0x63005f889c39 - std[617be2ca0a6fd877]::panicking::default_hook
[INFO] [stdout]    5:     0x63005f8100d0 - test[aada8e7e76ba119b]::test_main_inner::{closure#0}
[INFO] [stdout]    6:     0x63005f889df2 - std[617be2ca0a6fd877]::panicking::panic_with_hook
[INFO] [stdout]    7:     0x63005f86b962 - std[617be2ca0a6fd877]::panicking::panic_handler::{closure#0}
[INFO] [stdout]    8:     0x63005f863dd9 - std[617be2ca0a6fd877]::sys::backtrace::__rust_end_short_backtrace::<std[617be2ca0a6fd877]::panicking::panic_handler::{closure#0}, !>
[INFO] [stdout]    9:     0x63005f86c98d - __rustc[ea4f61d10b84890b]::rust_begin_unwind
[INFO] [stdout]   10:     0x63005f8a98dc - core[a373ad73a504971]::panicking::panic_fmt
[INFO] [stdout]   11:     0x63005f8a96b2 - core[a373ad73a504971]::result::unwrap_failed
[INFO] [stdout]   12:     0x63005f7f6416 - cli_wrapper_security_tests[459b3af3458bc1fe]::wrap_cmd
[INFO] [stdout]   13:     0x63005f7fc59e - <cli_wrapper_security_tests[459b3af3458bc1fe]::test_blocking_mode_blocks_threats::{closure#0} as core[a373ad73a504971]::ops::function::FnOnce<()>>::call_once
[INFO] [stdout]   14:     0x63005f80351b - test[aada8e7e76ba119b]::__rust_begin_short_backtrace::<core[a373ad73a504971]::result::Result<(), alloc[2e1b2a31b91974c5]::string::String>, fn() -> core[a373ad73a504971]::result::Result<(), alloc[2e1b2a31b91974c5]::string::String>>
[INFO] [stdout]   15:     0x63005f8106f5 - test[aada8e7e76ba119b]::run_test::{closure#0}
[INFO] [stdout]   16:     0x63005f809fe4 - std[617be2ca0a6fd877]::sys::backtrace::__rust_begin_short_backtrace::<test[aada8e7e76ba119b]::run_test::{closure#1}, ()>
[INFO] [stdout]   17:     0x63005f813782 - <std[617be2ca0a6fd877]::thread::lifecycle::spawn_unchecked<test[aada8e7e76ba119b]::run_test::{closure#1}, ()>::{closure#1} as core[a373ad73a504971]::ops::function::FnOnce<()>>::call_once::{shim:vtable#0}
[INFO] [stdout]   18:     0x63005f89192f - <std[617be2ca0a6fd877]::sys::thread::unix::Thread>::new::thread_start
[INFO] [stdout]   19:     0x75ede7548dfa - <unknown>
[INFO] [stdout]   20:     0x75ede75dc3d4 - clone
[INFO] [stdout]   21:                0x0 - <unknown>
[INFO] [stdout] 
[INFO] [stdout] ---- test_exit_code_propagation stdout ----
[INFO] [stdout] 
[INFO] [stdout] thread 'test_exit_code_propagation' (3809) panicked at tests/cli_wrapper_security_tests.rs:32:58:
[INFO] [stdout] called `Result::unwrap()` on an `Err` value: CargoError { cause: Some(NotFoundError { path: "/opt/rustwide/target/release/build/kindly-guard-cli/514c71d9f0c45913/out/kindly-guard-cli" }) }
[INFO] [stdout] stack backtrace:
[INFO] [stdout]    0:     0x63005f892151 - <<std[617be2ca0a6fd877]::sys::backtrace::BacktraceLock>::print::DisplayBacktrace as core[a373ad73a504971]::fmt::Display>::fmt
[INFO] [stdout]    1:     0x63005f8a912a - core[a373ad73a504971]::fmt::write
[INFO] [stdout]    2:     0x63005f897edc - <alloc[2e1b2a31b91974c5]::vec::Vec<u8> as core[a373ad73a504971]::io::write::Write>::write_fmt
[INFO] [stdout]    3:     0x63005f86b8b6 - std[617be2ca0a6fd877]::panicking::default_hook::{closure#0}
[INFO] [stdout]    4:     0x63005f889c39 - std[617be2ca0a6fd877]::panicking::default_hook
[INFO] [stdout]    5:     0x63005f8100d0 - test[aada8e7e76ba119b]::test_main_inner::{closure#0}
[INFO] [stdout]    6:     0x63005f889df2 - std[617be2ca0a6fd877]::panicking::panic_with_hook
[INFO] [stdout]    7:     0x63005f86b962 - std[617be2ca0a6fd877]::panicking::panic_handler::{closure#0}
[INFO] [stdout]    8:     0x63005f863dd9 - std[617be2ca0a6fd877]::sys::backtrace::__rust_end_short_backtrace::<std[617be2ca0a6fd877]::panicking::panic_handler::{closure#0}, !>
[INFO] [stdout]    9:     0x63005f86c98d - __rustc[ea4f61d10b84890b]::rust_begin_unwind
[INFO] [stdout]   10:     0x63005f8a98dc - core[a373ad73a504971]::panicking::panic_fmt
[INFO] [stdout]   11:     0x63005f8a96b2 - core[a373ad73a504971]::result::unwrap_failed
[INFO] [stdout]   12:     0x63005f7f6416 - cli_wrapper_security_tests[459b3af3458bc1fe]::wrap_cmd
[INFO] [stdout]   13:     0x63005f7f84c8 - <cli_wrapper_security_tests[459b3af3458bc1fe]::test_exit_code_propagation::{closure#0} as core[a373ad73a504971]::ops::function::FnOnce<()>>::call_once
[INFO] [stdout]   14:     0x63005f80351b - test[aada8e7e76ba119b]::__rust_begin_short_backtrace::<core[a373ad73a504971]::result::Result<(), alloc[2e1b2a31b91974c5]::string::String>, fn() -> core[a373ad73a504971]::result::Result<(), alloc[2e1b2a31b91974c5]::string::String>>
[INFO] [stdout]   15:     0x63005f8106f5 - test[aada8e7e76ba119b]::run_test::{closure#0}
[INFO] [stdout]   16:     0x63005f809fe4 - std[617be2ca0a6fd877]::sys::backtrace::__rust_begin_short_backtrace::<test[aada8e7e76ba119b]::run_test::{closure#1}, ()>
[INFO] [stdout]   17:     0x63005f813782 - <std[617be2ca0a6fd877]::thread::lifecycle::spawn_unchecked<test[aada8e7e76ba119b]::run_test::{closure#1}, ()>::{closure#1} as core[a373ad73a504971]::ops::function::FnOnce<()>>::call_once::{shim:vtable#0}
[INFO] [stdout]   18:     0x63005f89192f - <std[617be2ca0a6fd877]::sys::thread::unix::Thread>::new::thread_start
[INFO] [stdout]   19:     0x75ede7548dfa - <unknown>
[INFO] [stdout]   20:     0x75ede75dc3d4 - clone
[INFO] [stdout]   21:                0x0 - <unknown>
[INFO] [stdout] 
[INFO] [stdout] ---- test_input_stream_command_injection stdout ----
[INFO] [stdout] 
[INFO] [stdout] thread 'test_input_stream_command_injection' (3810) panicked at tests/cli_wrapper_security_tests.rs:32:58:
[INFO] [stdout] called `Result::unwrap()` on an `Err` value: CargoError { cause: Some(NotFoundError { path: "/opt/rustwide/target/release/build/kindly-guard-cli/514c71d9f0c45913/out/kindly-guard-cli" }) }
[INFO] [stdout] stack backtrace:
[INFO] [stdout]    0:     0x63005f892151 - <<std[617be2ca0a6fd877]::sys::backtrace::BacktraceLock>::print::DisplayBacktrace as core[a373ad73a504971]::fmt::Display>::fmt
[INFO] [stdout]    1:     0x63005f8a912a - core[a373ad73a504971]::fmt::write
[INFO] [stdout]    2:     0x63005f897edc - <alloc[2e1b2a31b91974c5]::vec::Vec<u8> as core[a373ad73a504971]::io::write::Write>::write_fmt
[INFO] [stdout]    3:     0x63005f86b8b6 - std[617be2ca0a6fd877]::panicking::default_hook::{closure#0}
[INFO] [stdout]    4:     0x63005f889c39 - std[617be2ca0a6fd877]::panicking::default_hook
[INFO] [stdout]    5:     0x63005f8100d0 - test[aada8e7e76ba119b]::test_main_inner::{closure#0}
[INFO] [stdout]    6:     0x63005f889df2 - std[617be2ca0a6fd877]::panicking::panic_with_hook
[INFO] [stdout]    7:     0x63005f86b962 - std[617be2ca0a6fd877]::panicking::panic_handler::{closure#0}
[INFO] [stdout]    8:     0x63005f863dd9 - std[617be2ca0a6fd877]::sys::backtrace::__rust_end_short_backtrace::<std[617be2ca0a6fd877]::panicking::panic_handler::{closure#0}, !>
[INFO] [stdout]    9:     0x63005f86c98d - __rustc[ea4f61d10b84890b]::rust_begin_unwind
[INFO] [stdout]   10:     0x63005f8a98dc - core[a373ad73a504971]::panicking::panic_fmt
[INFO] [stdout]   11:     0x63005f8a96b2 - core[a373ad73a504971]::result::unwrap_failed
[INFO] [stdout]   12:     0x63005f7f6416 - cli_wrapper_security_tests[459b3af3458bc1fe]::wrap_cmd
[INFO] [stdout]   13:     0x63005f7fdaaa - <cli_wrapper_security_tests[459b3af3458bc1fe]::test_input_stream_command_injection::{closure#0} as core[a373ad73a504971]::ops::function::FnOnce<()>>::call_once
[INFO] [stdout]   14:     0x63005f80351b - test[aada8e7e76ba119b]::__rust_begin_short_backtrace::<core[a373ad73a504971]::result::Result<(), alloc[2e1b2a31b91974c5]::string::String>, fn() -> core[a373ad73a504971]::result::Result<(), alloc[2e1b2a31b91974c5]::string::String>>
[INFO] [stdout]   15:     0x63005f8106f5 - test[aada8e7e76ba119b]::run_test::{closure#0}
[INFO] [stdout]   16:     0x63005f809fe4 - std[617be2ca0a6fd877]::sys::backtrace::__rust_begin_short_backtrace::<test[aada8e7e76ba119b]::run_test::{closure#1}, ()>
[INFO] [stdout]   17:     0x63005f813782 - <std[617be2ca0a6fd877]::thread::lifecycle::spawn_unchecked<test[aada8e7e76ba119b]::run_test::{closure#1}, ()>::{closure#1} as core[a373ad73a504971]::ops::function::FnOnce<()>>::call_once::{shim:vtable#0}
[INFO] [stdout]   18:     0x63005f89192f - <std[617be2ca0a6fd877]::sys::thread::unix::Thread>::new::thread_start
[INFO] [stdout]   19:     0x75ede7548dfa - <unknown>
[INFO] [stdout]   20:     0x75ede75dc3d4 - clone
[INFO] [stdout]   21:                0x0 - <unknown>
[INFO] [stdout] 
[INFO] [stdout] ---- test_input_stream_sql_injection stdout ----
[INFO] [stdout] 
[INFO] [stdout] thread 'test_input_stream_sql_injection' (3811) panicked at tests/cli_wrapper_security_tests.rs:32:58:
[INFO] [stdout] called `Result::unwrap()` on an `Err` value: CargoError { cause: Some(NotFoundError { path: "/opt/rustwide/target/release/build/kindly-guard-cli/514c71d9f0c45913/out/kindly-guard-cli" }) }
[INFO] [stdout] stack backtrace:
[INFO] [stdout]    0:     0x63005f892151 - <<std[617be2ca0a6fd877]::sys::backtrace::BacktraceLock>::print::DisplayBacktrace as core[a373ad73a504971]::fmt::Display>::fmt
[INFO] [stdout]    1:     0x63005f8a912a - core[a373ad73a504971]::fmt::write
[INFO] [stdout]    2:     0x63005f897edc - <alloc[2e1b2a31b91974c5]::vec::Vec<u8> as core[a373ad73a504971]::io::write::Write>::write_fmt
[INFO] [stdout]    3:     0x63005f86b8b6 - std[617be2ca0a6fd877]::panicking::default_hook::{closure#0}
[INFO] [stdout]    4:     0x63005f889c39 - std[617be2ca0a6fd877]::panicking::default_hook
[INFO] [stdout]    5:     0x63005f8100d0 - test[aada8e7e76ba119b]::test_main_inner::{closure#0}
[INFO] [stdout]    6:     0x63005f889df2 - std[617be2ca0a6fd877]::panicking::panic_with_hook
[INFO] [stdout]    7:     0x63005f86b962 - std[617be2ca0a6fd877]::panicking::panic_handler::{closure#0}
[INFO] [stdout]    8:     0x63005f863dd9 - std[617be2ca0a6fd877]::sys::backtrace::__rust_end_short_backtrace::<std[617be2ca0a6fd877]::panicking::panic_handler::{closure#0}, !>
[INFO] [stdout]    9:     0x63005f86c98d - __rustc[ea4f61d10b84890b]::rust_begin_unwind
[INFO] [stdout]   10:     0x63005f8a98dc - core[a373ad73a504971]::panicking::panic_fmt
[INFO] [stdout]   11:     0x63005f8a96b2 - core[a373ad73a504971]::result::unwrap_failed
[INFO] [stdout]   12:     0x63005f7f6416 - cli_wrapper_security_tests[459b3af3458bc1fe]::wrap_cmd
[INFO] [stdout]   13:     0x63005f7faa0a - <cli_wrapper_security_tests[459b3af3458bc1fe]::test_input_stream_sql_injection::{closure#0} as core[a373ad73a504971]::ops::function::FnOnce<()>>::call_once
[INFO] [stdout]   14:     0x63005f80351b - test[aada8e7e76ba119b]::__rust_begin_short_backtrace::<core[a373ad73a504971]::result::Result<(), alloc[2e1b2a31b91974c5]::string::String>, fn() -> core[a373ad73a504971]::result::Result<(), alloc[2e1b2a31b91974c5]::string::String>>
[INFO] [stdout]   15:     0x63005f8106f5 - test[aada8e7e76ba119b]::run_test::{closure#0}
[INFO] [stdout]   16:     0x63005f809fe4 - std[617be2ca0a6fd877]::sys::backtrace::__rust_begin_short_backtrace::<test[aada8e7e76ba119b]::run_test::{closure#1}, ()>
[INFO] [stdout]   17:     0x63005f813782 - <std[617be2ca0a6fd877]::thread::lifecycle::spawn_unchecked<test[aada8e7e76ba119b]::run_test::{closure#1}, ()>::{closure#1} as core[a373ad73a504971]::ops::function::FnOnce<()>>::call_once::{shim:vtable#0}
[INFO] [stdout]   18:     0x63005f89192f - <std[617be2ca0a6fd877]::sys::thread::unix::Thread>::new::thread_start
[INFO] [stdout]   19:     0x75ede7548dfa - <unknown>
[INFO] [stdout]   20:     0x75ede75dc3d4 - clone
[INFO] [stdout]   21:                0x0 - <unknown>
[INFO] [stdout] 
[INFO] [stdout] ---- test_binary_data_handling stdout ----
[INFO] [stdout] 
[INFO] [stdout] thread 'test_binary_data_handling' (3800) panicked at tests/cli_wrapper_security_tests.rs:32:58:
[INFO] [stdout] called `Result::unwrap()` on an `Err` value: CargoError { cause: Some(NotFoundError { path: "/opt/rustwide/target/release/build/kindly-guard-cli/514c71d9f0c45913/out/kindly-guard-cli" }) }
[INFO] [stdout] stack backtrace:
[INFO] [stdout]    0:     0x63005f892151 - <<std[617be2ca0a6fd877]::sys::backtrace::BacktraceLock>::print::DisplayBacktrace as core[a373ad73a504971]::fmt::Display>::fmt
[INFO] [stdout]    1:     0x63005f8a912a - core[a373ad73a504971]::fmt::write
[INFO] [stdout]    2:     0x63005f897edc - <alloc[2e1b2a31b91974c5]::vec::Vec<u8> as core[a373ad73a504971]::io::write::Write>::write_fmt
[INFO] [stdout]    3:     0x63005f86b8b6 - std[617be2ca0a6fd877]::panicking::default_hook::{closure#0}
[INFO] [stdout]    4:     0x63005f889c39 - std[617be2ca0a6fd877]::panicking::default_hook
[INFO] [stdout]    5:     0x63005f8100d0 - test[aada8e7e76ba119b]::test_main_inner::{closure#0}
[INFO] [stdout]    6:     0x63005f889df2 - std[617be2ca0a6fd877]::panicking::panic_with_hook
[INFO] [stdout]    7:     0x63005f86b962 - std[617be2ca0a6fd877]::panicking::panic_handler::{closure#0}
[INFO] [stdout]    8:     0x63005f863dd9 - std[617be2ca0a6fd877]::sys::backtrace::__rust_end_short_backtrace::<std[617be2ca0a6fd877]::panicking::panic_handler::{closure#0}, !>
[INFO] [stdout]    9:     0x63005f86c98d - __rustc[ea4f61d10b84890b]::rust_begin_unwind
[INFO] [stdout]   10:     0x63005f8a98dc - core[a373ad73a504971]::panicking::panic_fmt
[INFO] [stdout]   11:     0x63005f8a96b2 - core[a373ad73a504971]::result::unwrap_failed
[INFO] [stdout]   12:     0x63005f7f6416 - cli_wrapper_security_tests[459b3af3458bc1fe]::wrap_cmd
[INFO] [stdout]   13:     0x63005f7f77d9 - <cli_wrapper_security_tests[459b3af3458bc1fe]::test_binary_data_handling::{closure#0} as core[a373ad73a504971]::ops::function::FnOnce<()>>::call_once
[INFO] [stdout]   14:     0x63005f80351b - test[aada8e7e76ba119b]::__rust_begin_short_backtrace::<core[a373ad73a504971]::result::Result<(), alloc[2e1b2a31b91974c5]::string::String>, fn() -> core[a373ad73a504971]::result::Result<(), alloc[2e1b2a31b91974c5]::string::String>>
[INFO] [stdout]   15:     0x63005f8106f5 - test[aada8e7e76ba119b]::run_test::{closure#0}
[INFO] [stdout]   16:     0x63005f809fe4 - std[617be2ca0a6fd877]::sys::backtrace::__rust_begin_short_backtrace::<test[aada8e7e76ba119b]::run_test::{closure#1}, ()>
[INFO] [stdout]   17:     0x63005f813782 - <std[617be2ca0a6fd877]::thread::lifecycle::spawn_unchecked<test[aada8e7e76ba119b]::run_test::{closure#1}, ()>::{closure#1} as core[a373ad73a504971]::ops::function::FnOnce<()>>::call_once::{shim:vtable#0}
[INFO] [stdout]   18:     0x63005f89192f - <std[617be2ca0a6fd877]::sys::thread::unix::Thread>::new::thread_start
[INFO] [stdout]   19:     0x75ede7548dfa - <unknown>
[INFO] [stdout]   20:     0x75ede75dc3d4 - clone
[INFO] [stdout]   21:                0x0 - <unknown>
[INFO] [stdout] 
[INFO] [stdout] ---- test_command_injection_prevention_dollar_parens stdout ----
[INFO] [stdout] 
[INFO] [stdout] thread 'test_command_injection_prevention_dollar_parens' (3803) panicked at tests/cli_wrapper_security_tests.rs:32:58:
[INFO] [stdout] called `Result::unwrap()` on an `Err` value: CargoError { cause: Some(NotFoundError { path: "/opt/rustwide/target/release/build/kindly-guard-cli/514c71d9f0c45913/out/kindly-guard-cli" }) }
[INFO] [stdout] stack backtrace:
[INFO] [stdout]    0:     0x63005f892151 - <<std[617be2ca0a6fd877]::sys::backtrace::BacktraceLock>::print::DisplayBacktrace as core[a373ad73a504971]::fmt::Display>::fmt
[INFO] [stdout]    1:     0x63005f8a912a - core[a373ad73a504971]::fmt::write
[INFO] [stdout]    2:     0x63005f897edc - <alloc[2e1b2a31b91974c5]::vec::Vec<u8> as core[a373ad73a504971]::io::write::Write>::write_fmt
[INFO] [stdout]    3:     0x63005f86b8b6 - std[617be2ca0a6fd877]::panicking::default_hook::{closure#0}
[INFO] [stdout]    4:     0x63005f889c39 - std[617be2ca0a6fd877]::panicking::default_hook
[INFO] [stdout]    5:     0x63005f8100d0 - test[aada8e7e76ba119b]::test_main_inner::{closure#0}
[INFO] [stdout]    6:     0x63005f889df2 - std[617be2ca0a6fd877]::panicking::panic_with_hook
[INFO] [stdout]    7:     0x63005f86b962 - std[617be2ca0a6fd877]::panicking::panic_handler::{closure#0}
[INFO] [stdout]    8:     0x63005f863dd9 - std[617be2ca0a6fd877]::sys::backtrace::__rust_end_short_backtrace::<std[617be2ca0a6fd877]::panicking::panic_handler::{closure#0}, !>
[INFO] [stdout]    9:     0x63005f86c98d - __rustc[ea4f61d10b84890b]::rust_begin_unwind
[INFO] [stdout]   10:     0x63005f8a98dc - core[a373ad73a504971]::panicking::panic_fmt
[INFO] [stdout]   11:     0x63005f8a96b2 - core[a373ad73a504971]::result::unwrap_failed
[INFO] [stdout]   12:     0x63005f7f6416 - cli_wrapper_security_tests[459b3af3458bc1fe]::wrap_cmd
[INFO] [stdout]   13:     0x63005f80005a - <cli_wrapper_security_tests[459b3af3458bc1fe]::test_command_injection_prevention_dollar_parens::{closure#0} as core[a373ad73a504971]::ops::function::FnOnce<()>>::call_once
[INFO] [stdout]   14:     0x63005f80351b - test[aada8e7e76ba119b]::__rust_begin_short_backtrace::<core[a373ad73a504971]::result::Result<(), alloc[2e1b2a31b91974c5]::string::String>, fn() -> core[a373ad73a504971]::result::Result<(), alloc[2e1b2a31b91974c5]::string::String>>
[INFO] [stdout]   15:     0x63005f8106f5 - test[aada8e7e76ba119b]::run_test::{closure#0}
[INFO] [stdout]   16:     0x63005f809fe4 - std[617be2ca0a6fd877]::sys::backtrace::__rust_begin_short_backtrace::<test[aada8e7e76ba119b]::run_test::{closure#1}, ()>
[INFO] [stdout]   17:     0x63005f813782 - <std[617be2ca0a6fd877]::thread::lifecycle::spawn_unchecked<test[aada8e7e76ba119b]::run_test::{closure#1}, ()>::{closure#1} as core[a373ad73a504971]::ops::function::FnOnce<()>>::call_once::{shim:vtable#0}
[INFO] [stdout]   18:     0x63005f89192f - <std[617be2ca0a6fd877]::sys::thread::unix::Thread>::new::thread_start
[INFO] [stdout]   19:     0x75ede7548dfa - <unknown>
[INFO] [stdout]   20:     0x75ede75dc3d4 - clone
[INFO] [stdout]   21:                0x0 - <unknown>
[INFO] [stdout] 
[INFO] [stdout] ---- test_command_injection_prevention_semicolon stdout ----
[INFO] [stdout] 
[INFO] [stdout] thread 'test_command_injection_prevention_semicolon' (3804) panicked at tests/cli_wrapper_security_tests.rs:32:58:
[INFO] [stdout] called `Result::unwrap()` on an `Err` value: CargoError { cause: Some(NotFoundError { path: "/opt/rustwide/target/release/build/kindly-guard-cli/514c71d9f0c45913/out/kindly-guard-cli" }) }
[INFO] [stdout] stack backtrace:
[INFO] [stdout]    0:     0x63005f892151 - <<std[617be2ca0a6fd877]::sys::backtrace::BacktraceLock>::print::DisplayBacktrace as core[a373ad73a504971]::fmt::Display>::fmt
[INFO] [stdout]    1:     0x63005f8a912a - core[a373ad73a504971]::fmt::write
[INFO] [stdout]    2:     0x63005f897edc - <alloc[2e1b2a31b91974c5]::vec::Vec<u8> as core[a373ad73a504971]::io::write::Write>::write_fmt
[INFO] [stdout]    3:     0x63005f86b8b6 - std[617be2ca0a6fd877]::panicking::default_hook::{closure#0}
[INFO] [stdout]    4:     0x63005f889c39 - std[617be2ca0a6fd877]::panicking::default_hook
[INFO] [stdout]    5:     0x63005f8100d0 - test[aada8e7e76ba119b]::test_main_inner::{closure#0}
[INFO] [stdout]    6:     0x63005f889df2 - std[617be2ca0a6fd877]::panicking::panic_with_hook
[INFO] [stdout]    7:     0x63005f86b962 - std[617be2ca0a6fd877]::panicking::panic_handler::{closure#0}
[INFO] [stdout]    8:     0x63005f863dd9 - std[617be2ca0a6fd877]::sys::backtrace::__rust_end_short_backtrace::<std[617be2ca0a6fd877]::panicking::panic_handler::{closure#0}, !>
[INFO] [stdout]    9:     0x63005f86c98d - __rustc[ea4f61d10b84890b]::rust_begin_unwind
[INFO] [stdout]   10:     0x63005f8a98dc - core[a373ad73a504971]::panicking::panic_fmt
[INFO] [stdout]   11:     0x63005f8a96b2 - core[a373ad73a504971]::result::unwrap_failed
[INFO] [stdout]   12:     0x63005f7f6416 - cli_wrapper_security_tests[459b3af3458bc1fe]::wrap_cmd
[INFO] [stdout]   13:     0x63005f7ffc4a - <cli_wrapper_security_tests[459b3af3458bc1fe]::test_command_injection_prevention_semicolon::{closure#0} as core[a373ad73a504971]::ops::function::FnOnce<()>>::call_once
[INFO] [stdout]   14:     0x63005f80351b - test[aada8e7e76ba119b]::__rust_begin_short_backtrace::<core[a373ad73a504971]::result::Result<(), alloc[2e1b2a31b91974c5]::string::String>, fn() -> core[a373ad73a504971]::result::Result<(), alloc[2e1b2a31b91974c5]::string::String>>
[INFO] [stdout]   15:     0x63005f8106f5 - test[aada8e7e76ba119b]::run_test::{closure#0}
[INFO] [stdout]   16:     0x63005f809fe4 - std[617be2ca0a6fd877]::sys::backtrace::__rust_begin_short_backtrace::<test[aada8e7e76ba119b]::run_test::{closure#1}, ()>
[INFO] [stdout]   17:     0x63005f813782 - <std[617be2ca0a6fd877]::thread::lifecycle::spawn_unchecked<test[aada8e7e76ba119b]::run_test::{closure#1}, ()>::{closure#1} as core[a373ad73a504971]::ops::function::FnOnce<()>>::call_once::{shim:vtable#0}
[INFO] [stdout]   18:     0x63005f89192f - <std[617be2ca0a6fd877]::sys::thread::unix::Thread>::new::thread_start
[INFO] [stdout]   19:     0x75ede7548dfa - <unknown>
[INFO] [stdout]   20:     0x75ede75dc3d4 - clone
[INFO] [stdout]   21:                0x0 - <unknown>
[INFO] [stdout] 
[INFO] [stdout] ---- test_malformed_utf8_handling stdout ----
[INFO] [stdout] 
[INFO] [stdout] thread 'test_malformed_utf8_handling' (3816) panicked at tests/cli_wrapper_security_tests.rs:32:58:
[INFO] [stdout] called `Result::unwrap()` on an `Err` value: CargoError { cause: Some(NotFoundError { path: "/opt/rustwide/target/release/build/kindly-guard-cli/514c71d9f0c45913/out/kindly-guard-cli" }) }
[INFO] [stdout] stack backtrace:
[INFO] [stdout]    0:     0x63005f892151 - <<std[617be2ca0a6fd877]::sys::backtrace::BacktraceLock>::print::DisplayBacktrace as core[a373ad73a504971]::fmt::Display>::fmt
[INFO] [stdout]    1:     0x63005f8a912a - core[a373ad73a504971]::fmt::write
[INFO] [stdout]    2:     0x63005f897edc - <alloc[2e1b2a31b91974c5]::vec::Vec<u8> as core[a373ad73a504971]::io::write::Write>::write_fmt
[INFO] [stdout]    3:     0x63005f86b8b6 - std[617be2ca0a6fd877]::panicking::default_hook::{closure#0}
[INFO] [stdout]    4:     0x63005f889c39 - std[617be2ca0a6fd877]::panicking::default_hook
[INFO] [stdout]    5:     0x63005f8100d0 - test[aada8e7e76ba119b]::test_main_inner::{closure#0}
[INFO] [stdout]    6:     0x63005f889df2 - std[617be2ca0a6fd877]::panicking::panic_with_hook
[INFO] [stdout]    7:     0x63005f86b962 - std[617be2ca0a6fd877]::panicking::panic_handler::{closure#0}
[INFO] [stdout]    8:     0x63005f863dd9 - std[617be2ca0a6fd877]::sys::backtrace::__rust_end_short_backtrace::<std[617be2ca0a6fd877]::panicking::panic_handler::{closure#0}, !>
[INFO] [stdout]    9:     0x63005f86c98d - __rustc[ea4f61d10b84890b]::rust_begin_unwind
[INFO] [stdout]   10:     0x63005f8a98dc - core[a373ad73a504971]::panicking::panic_fmt
[INFO] [stdout]   11:     0x63005f8a96b2 - core[a373ad73a504971]::result::unwrap_failed
[INFO] [stdout]   12:     0x63005f7f6416 - cli_wrapper_security_tests[459b3af3458bc1fe]::wrap_cmd
[INFO] [stdout]   13:     0x63005f7f934d - <cli_wrapper_security_tests[459b3af3458bc1fe]::test_malformed_utf8_handling::{closure#0} as core[a373ad73a504971]::ops::function::FnOnce<()>>::call_once
[INFO] [stdout]   14:     0x63005f80351b - test[aada8e7e76ba119b]::__rust_begin_short_backtrace::<core[a373ad73a504971]::result::Result<(), alloc[2e1b2a31b91974c5]::string::String>, fn() -> core[a373ad73a504971]::result::Result<(), alloc[2e1b2a31b91974c5]::string::String>>
[INFO] [stdout]   15:     0x63005f8106f5 - test[aada8e7e76ba119b]::run_test::{closure#0}
[INFO] [stdout]   16:     0x63005f809fe4 - std[617be2ca0a6fd877]::sys::backtrace::__rust_begin_short_backtrace::<test[aada8e7e76ba119b]::run_test::{closure#1}, ()>
[INFO] [stdout]   17:     0x63005f813782 - <std[617be2ca0a6fd877]::thread::lifecycle::spawn_unchecked<test[aada8e7e76ba119b]::run_test::{closure#1}, ()>::{closure#1} as core[a373ad73a504971]::ops::function::FnOnce<()>>::call_once::{shim:vtable#0}
[INFO] [stdout]   18:     0x63005f89192f - <std[617be2ca0a6fd877]::sys::thread::unix::Thread>::new::thread_start
[INFO] [stdout]   19:     0x75ede7548dfa - <unknown>
[INFO] [stdout]   20:     0x75ede75dc3d4 - clone
[INFO] [stdout]   21:                0x0 - <unknown>
[INFO] [stdout] 
[INFO] [stdout] ---- test_input_stream_unicode_injection stdout ----
[INFO] [stdout] 
[INFO] [stdout] thread 'test_input_stream_unicode_injection' (3812) panicked at tests/cli_wrapper_security_tests.rs:32:58:
[INFO] [stdout] called `Result::unwrap()` on an `Err` value: CargoError { cause: Some(NotFoundError { path: "/opt/rustwide/target/release/build/kindly-guard-cli/514c71d9f0c45913/out/kindly-guard-cli" }) }
[INFO] [stdout] stack backtrace:
[INFO] [stdout]    0:     0x63005f892151 - <<std[617be2ca0a6fd877]::sys::backtrace::BacktraceLock>::print::DisplayBacktrace as core[a373ad73a504971]::fmt::Display>::fmt
[INFO] [stdout]    1:     0x63005f8a912a - core[a373ad73a504971]::fmt::write
[INFO] [stdout]    2:     0x63005f897edc - <alloc[2e1b2a31b91974c5]::vec::Vec<u8> as core[a373ad73a504971]::io::write::Write>::write_fmt
[INFO] [stdout]    3:     0x63005f86b8b6 - std[617be2ca0a6fd877]::panicking::default_hook::{closure#0}
[INFO] [stdout]    4:     0x63005f889c39 - std[617be2ca0a6fd877]::panicking::default_hook
[INFO] [stdout]    5:     0x63005f8100d0 - test[aada8e7e76ba119b]::test_main_inner::{closure#0}
[INFO] [stdout]    6:     0x63005f889df2 - std[617be2ca0a6fd877]::panicking::panic_with_hook
[INFO] [stdout]    7:     0x63005f86b962 - std[617be2ca0a6fd877]::panicking::panic_handler::{closure#0}
[INFO] [stdout]    8:     0x63005f863dd9 - std[617be2ca0a6fd877]::sys::backtrace::__rust_end_short_backtrace::<std[617be2ca0a6fd877]::panicking::panic_handler::{closure#0}, !>
[INFO] [stdout]    9:     0x63005f86c98d - __rustc[ea4f61d10b84890b]::rust_begin_unwind
[INFO] [stdout]   10:     0x63005f8a98dc - core[a373ad73a504971]::panicking::panic_fmt
[INFO] [stdout]   11:     0x63005f8a96b2 - core[a373ad73a504971]::result::unwrap_failed
[INFO] [stdout]   12:     0x63005f7f6416 - cli_wrapper_security_tests[459b3af3458bc1fe]::wrap_cmd
[INFO] [stdout]   13:     0x63005f7fe02a - <cli_wrapper_security_tests[459b3af3458bc1fe]::test_input_stream_unicode_injection::{closure#0} as core[a373ad73a504971]::ops::function::FnOnce<()>>::call_once
[INFO] [stdout]   14:     0x63005f80351b - test[aada8e7e76ba119b]::__rust_begin_short_backtrace::<core[a373ad73a504971]::result::Result<(), alloc[2e1b2a31b91974c5]::string::String>, fn() -> core[a373ad73a504971]::result::Result<(), alloc[2e1b2a31b91974c5]::string::String>>
[INFO] [stdout]   15:     0x63005f8106f5 - test[aada8e7e76ba119b]::run_test::{closure#0}
[INFO] [stdout]   16:     0x63005f809fe4 - std[617be2ca0a6fd877]::sys::backtrace::__rust_begin_short_backtrace::<test[aada8e7e76ba119b]::run_test::{closure#1}, ()>
[INFO] [stdout]   17:     0x63005f813782 - <std[617be2ca0a6fd877]::thread::lifecycle::spawn_unchecked<test[aada8e7e76ba119b]::run_test::{closure#1}, ()>::{closure#1} as core[a373ad73a504971]::ops::function::FnOnce<()>>::call_once::{shim:vtable#0}
[INFO] [stdout]   18:     0x63005f89192f - <std[617be2ca0a6fd877]::sys::thread::unix::Thread>::new::thread_start
[INFO] [stdout]   19:     0x75ede7548dfa - <unknown>
[INFO] [stdout]   20:     0x75ede75dc3d4 - clone
[INFO] [stdout]   21:                0x0 - <unknown>
[INFO] [stdout] 
[INFO] [stdout] ---- test_interactive_prompt_handling stdout ----
[INFO] [stdout] 
[INFO] [stdout] thread 'test_interactive_prompt_handling' (3814) panicked at tests/cli_wrapper_security_tests.rs:32:58:
[INFO] [stdout] called `Result::unwrap()` on an `Err` value: CargoError { cause: Some(NotFoundError { path: "/opt/rustwide/target/release/build/kindly-guard-cli/514c71d9f0c45913/out/kindly-guard-cli" }) }
[INFO] [stdout] stack backtrace:
[INFO] [stdout]    0:     0x63005f892151 - <<std[617be2ca0a6fd877]::sys::backtrace::BacktraceLock>::print::DisplayBacktrace as core[a373ad73a504971]::fmt::Display>::fmt
[INFO] [stdout]    1:     0x63005f8a912a - core[a373ad73a504971]::fmt::write
[INFO] [stdout]    2:     0x63005f897edc - <alloc[2e1b2a31b91974c5]::vec::Vec<u8> as core[a373ad73a504971]::io::write::Write>::write_fmt
[INFO] [stdout]    3:     0x63005f86b8b6 - std[617be2ca0a6fd877]::panicking::default_hook::{closure#0}
[INFO] [stdout]    4:     0x63005f889c39 - std[617be2ca0a6fd877]::panicking::default_hook
[INFO] [stdout]    5:     0x63005f8100d0 - test[aada8e7e76ba119b]::test_main_inner::{closure#0}
[INFO] [stdout]    6:     0x63005f889df2 - std[617be2ca0a6fd877]::panicking::panic_with_hook
[INFO] [stdout]    7:     0x63005f86b962 - std[617be2ca0a6fd877]::panicking::panic_handler::{closure#0}
[INFO] [stdout]    8:     0x63005f863dd9 - std[617be2ca0a6fd877]::sys::backtrace::__rust_end_short_backtrace::<std[617be2ca0a6fd877]::panicking::panic_handler::{closure#0}, !>
[INFO] [stdout]    9:     0x63005f86c98d - __rustc[ea4f61d10b84890b]::rust_begin_unwind
[INFO] [stdout]   10:     0x63005f8a98dc - core[a373ad73a504971]::panicking::panic_fmt
[INFO] [stdout]   11:     0x63005f8a96b2 - core[a373ad73a504971]::result::unwrap_failed
[INFO] [stdout]   12:     0x63005f7f6416 - cli_wrapper_security_tests[459b3af3458bc1fe]::wrap_cmd
[INFO] [stdout]   13:     0x63005f7fb50a - <cli_wrapper_security_tests[459b3af3458bc1fe]::test_interactive_prompt_handling::{closure#0} as core[a373ad73a504971]::ops::function::FnOnce<()>>::call_once
[INFO] [stdout]   14:     0x63005f80351b - test[aada8e7e76ba119b]::__rust_begin_short_backtrace::<core[a373ad73a504971]::result::Result<(), alloc[2e1b2a31b91974c5]::string::String>, fn() -> core[a373ad73a504971]::result::Result<(), alloc[2e1b2a31b91974c5]::string::String>>
[INFO] [stdout]   15:     0x63005f8106f5 - test[aada8e7e76ba119b]::run_test::{closure#0}
[INFO] [stdout]   16:     0x63005f809fe4 - std[617be2ca0a6fd877]::sys::backtrace::__rust_begin_short_backtrace::<test[aada8e7e76ba119b]::run_test::{closure#1}, ()>
[INFO] [stdout]   17:     0x63005f813782 - <std[617be2ca0a6fd877]::thread::lifecycle::spawn_unchecked<test[aada8e7e76ba119b]::run_test::{closure#1}, ()>::{closure#1} as core[a373ad73a504971]::ops::function::FnOnce<()>>::call_once::{shim:vtable#0}
[INFO] [stdout]   18:     0x63005f89192f - <std[617be2ca0a6fd877]::sys::thread::unix::Thread>::new::thread_start
[INFO] [stdout]   19:     0x75ede7548dfa - <unknown>
[INFO] [stdout]   20:     0x75ede75dc3d4 - clone
[INFO] [stdout]   21:                0x0 - <unknown>
[INFO] [stdout] 
[INFO] [stdout] ---- test_multiple_threat_detection stdout ----
[INFO] [stdout] 
[INFO] [stdout] thread 'test_multiple_threat_detection' (3817) panicked at tests/cli_wrapper_security_tests.rs:32:58:
[INFO] [stdout] called `Result::unwrap()` on an `Err` value: CargoError { cause: Some(NotFoundError { path: "/opt/rustwide/target/release/build/kindly-guard-cli/514c71d9f0c45913/out/kindly-guard-cli" }) }
[INFO] [stdout] stack backtrace:
[INFO] [stdout]    0:     0x63005f892151 - <<std[617be2ca0a6fd877]::sys::backtrace::BacktraceLock>::print::DisplayBacktrace as core[a373ad73a504971]::fmt::Display>::fmt
[INFO] [stdout]    1:     0x63005f8a912a - core[a373ad73a504971]::fmt::write
[INFO] [stdout]    2:     0x63005f897edc - <alloc[2e1b2a31b91974c5]::vec::Vec<u8> as core[a373ad73a504971]::io::write::Write>::write_fmt
[INFO] [stdout]    3:     0x63005f86b8b6 - std[617be2ca0a6fd877]::panicking::default_hook::{closure#0}
[INFO] [stdout]    4:     0x63005f889c39 - std[617be2ca0a6fd877]::panicking::default_hook
[INFO] [stdout]    5:     0x63005f8100d0 - test[aada8e7e76ba119b]::test_main_inner::{closure#0}
[INFO] [stdout]    6:     0x63005f889df2 - std[617be2ca0a6fd877]::panicking::panic_with_hook
[INFO] [stdout]    7:     0x63005f86b962 - std[617be2ca0a6fd877]::panicking::panic_handler::{closure#0}
[INFO] [stdout]    8:     0x63005f863dd9 - std[617be2ca0a6fd877]::sys::backtrace::__rust_end_short_backtrace::<std[617be2ca0a6fd877]::panicking::panic_handler::{closure#0}, !>
[INFO] [stdout]    9:     0x63005f86c98d - __rustc[ea4f61d10b84890b]::rust_begin_unwind
[INFO] [stdout]   10:     0x63005f8a98dc - core[a373ad73a504971]::panicking::panic_fmt
[INFO] [stdout]   11:     0x63005f8a96b2 - core[a373ad73a504971]::result::unwrap_failed
[INFO] [stdout]   12:     0x63005f7f6416 - cli_wrapper_security_tests[459b3af3458bc1fe]::wrap_cmd
[INFO] [stdout]   13:     0x63005f7f965a - <cli_wrapper_security_tests[459b3af3458bc1fe]::test_multiple_threat_detection::{closure#0} as core[a373ad73a504971]::ops::function::FnOnce<()>>::call_once
[INFO] [stdout]   14:     0x63005f80351b - test[aada8e7e76ba119b]::__rust_begin_short_backtrace::<core[a373ad73a504971]::result::Result<(), alloc[2e1b2a31b91974c5]::string::String>, fn() -> core[a373ad73a504971]::result::Result<(), alloc[2e1b2a31b91974c5]::string::String>>
[INFO] [stdout]   15:     0x63005f8106f5 - test[aada8e7e76ba119b]::run_test::{closure#0}
[INFO] [stdout]   16:     0x63005f809fe4 - std[617be2ca0a6fd877]::sys::backtrace::__rust_begin_short_backtrace::<test[aada8e7e76ba119b]::run_test::{closure#1}, ()>
[INFO] [stdout]   17:     0x63005f813782 - <std[617be2ca0a6fd877]::thread::lifecycle::spawn_unchecked<test[aada8e7e76ba119b]::run_test::{closure#1}, ()>::{closure#1} as core[a373ad73a504971]::ops::function::FnOnce<()>>::call_once::{shim:vtable#0}
[INFO] [stdout]   18:     0x63005f89192f - <std[617be2ca0a6fd877]::sys::thread::unix::Thread>::new::thread_start
[INFO] [stdout]   19:     0x75ede7548dfa - <unknown>
[INFO] [stdout]   20:     0x75ede75dc3d4 - clone
[INFO] [stdout]   21:                0x0 - <unknown>
[INFO] [stdout] 
[INFO] [stdout] ---- test_output_stream_passthrough stdout ----
[INFO] [stdout] 
[INFO] [stdout] thread 'test_output_stream_passthrough' (3819) panicked at tests/cli_wrapper_security_tests.rs:32:58:
[INFO] [stdout] called `Result::unwrap()` on an `Err` value: CargoError { cause: Some(NotFoundError { path: "/opt/rustwide/target/release/build/kindly-guard-cli/514c71d9f0c45913/out/kindly-guard-cli" }) }
[INFO] [stdout] stack backtrace:
[INFO] [stdout]    0:     0x63005f892151 - <<std[617be2ca0a6fd877]::sys::backtrace::BacktraceLock>::print::DisplayBacktrace as core[a373ad73a504971]::fmt::Display>::fmt
[INFO] [stdout]    1:     0x63005f8a912a - core[a373ad73a504971]::fmt::write
[INFO] [stdout]    2:     0x63005f897edc - <alloc[2e1b2a31b91974c5]::vec::Vec<u8> as core[a373ad73a504971]::io::write::Write>::write_fmt
[INFO] [stdout]    3:     0x63005f86b8b6 - std[617be2ca0a6fd877]::panicking::default_hook::{closure#0}
[INFO] [stdout]    4:     0x63005f889c39 - std[617be2ca0a6fd877]::panicking::default_hook
[INFO] [stdout]    5:     0x63005f8100d0 - test[aada8e7e76ba119b]::test_main_inner::{closure#0}
[INFO] [stdout]    6:     0x63005f889df2 - std[617be2ca0a6fd877]::panicking::panic_with_hook
[INFO] [stdout]    7:     0x63005f86b962 - std[617be2ca0a6fd877]::panicking::panic_handler::{closure#0}
[INFO] [stdout]    8:     0x63005f863dd9 - std[617be2ca0a6fd877]::sys::backtrace::__rust_end_short_backtrace::<std[617be2ca0a6fd877]::panicking::panic_handler::{closure#0}, !>
[INFO] [stdout]    9:     0x63005f86c98d - __rustc[ea4f61d10b84890b]::rust_begin_unwind
[INFO] [stdout]   10:     0x63005f8a98dc - core[a373ad73a504971]::panicking::panic_fmt
[INFO] [stdout]   11:     0x63005f8a96b2 - core[a373ad73a504971]::result::unwrap_failed
[INFO] [stdout]   12:     0x63005f7f6416 - cli_wrapper_security_tests[459b3af3458bc1fe]::wrap_cmd
[INFO] [stdout]   13:     0x63005f7f9be8 - <cli_wrapper_security_tests[459b3af3458bc1fe]::test_output_stream_passthrough::{closure#0} as core[a373ad73a504971]::ops::function::FnOnce<()>>::call_once
[INFO] [stdout]   14:     0x63005f80351b - test[aada8e7e76ba119b]::__rust_begin_short_backtrace::<core[a373ad73a504971]::result::Result<(), alloc[2e1b2a31b91974c5]::string::String>, fn() -> core[a373ad73a504971]::result::Result<(), alloc[2e1b2a31b91974c5]::string::String>>
[INFO] [stdout]   15:     0x63005f8106f5 - test[aada8e7e76ba119b]::run_test::{closure#0}
[INFO] [stdout]   16:     0x63005f809fe4 - std[617be2ca0a6fd877]::sys::backtrace::__rust_begin_short_backtrace::<test[aada8e7e76ba119b]::run_test::{closure#1}, ()>
[INFO] [stdout]   17:     0x63005f813782 - <std[617be2ca0a6fd877]::thread::lifecycle::spawn_unchecked<test[aada8e7e76ba119b]::run_test::{closure#1}, ()>::{closure#1} as core[a373ad73a504971]::ops::function::FnOnce<()>>::call_once::{shim:vtable#0}
[INFO] [stdout]   18:     0x63005f89192f - <std[617be2ca0a6fd877]::sys::thread::unix::Thread>::new::thread_start
[INFO] [stdout]   19:     0x75ede7548dfa - <unknown>
[INFO] [stdout]   20:     0x75ede75dc3d4 - clone
[INFO] [stdout]   21:                0x0 - <unknown>
[INFO] [stdout] 
[INFO] [stdout] ---- test_input_stream_xss_injection stdout ----
[INFO] [stdout] 
[INFO] [stdout] thread 'test_input_stream_xss_injection' (3813) panicked at tests/cli_wrapper_security_tests.rs:32:58:
[INFO] [stdout] called `Result::unwrap()` on an `Err` value: CargoError { cause: Some(NotFoundError { path: "/opt/rustwide/target/release/build/kindly-guard-cli/514c71d9f0c45913/out/kindly-guard-cli" }) }
[INFO] [stdout] stack backtrace:
[INFO] [stdout]    0:     0x63005f892151 - <<std[617be2ca0a6fd877]::sys::backtrace::BacktraceLock>::print::DisplayBacktrace as core[a373ad73a504971]::fmt::Display>::fmt
[INFO] [stdout]    1:     0x63005f8a912a - core[a373ad73a504971]::fmt::write
[INFO] [stdout]    2:     0x63005f897edc - <alloc[2e1b2a31b91974c5]::vec::Vec<u8> as core[a373ad73a504971]::io::write::Write>::write_fmt
[INFO] [stdout]    3:     0x63005f86b8b6 - std[617be2ca0a6fd877]::panicking::default_hook::{closure#0}
[INFO] [stdout]    4:     0x63005f889c39 - std[617be2ca0a6fd877]::panicking::default_hook
[INFO] [stdout]    5:     0x63005f8100d0 - test[aada8e7e76ba119b]::test_main_inner::{closure#0}
[INFO] [stdout]    6:     0x63005f889df2 - std[617be2ca0a6fd877]::panicking::panic_with_hook
[INFO] [stdout]    7:     0x63005f86b962 - std[617be2ca0a6fd877]::panicking::panic_handler::{closure#0}
[INFO] [stdout]    8:     0x63005f863dd9 - std[617be2ca0a6fd877]::sys::backtrace::__rust_end_short_backtrace::<std[617be2ca0a6fd877]::panicking::panic_handler::{closure#0}, !>
[INFO] [stdout]    9:     0x63005f86c98d - __rustc[ea4f61d10b84890b]::rust_begin_unwind
[INFO] [stdout]   10:     0x63005f8a98dc - core[a373ad73a504971]::panicking::panic_fmt
[INFO] [stdout]   11:     0x63005f8a96b2 - core[a373ad73a504971]::result::unwrap_failed
[INFO] [stdout]   12:     0x63005f7f6416 - cli_wrapper_security_tests[459b3af3458bc1fe]::wrap_cmd
[INFO] [stdout]   13:     0x63005f7faf8a - <cli_wrapper_security_tests[459b3af3458bc1fe]::test_input_stream_xss_injection::{closure#0} as core[a373ad73a504971]::ops::function::FnOnce<()>>::call_once
[INFO] [stdout]   14:     0x63005f80351b - test[aada8e7e76ba119b]::__rust_begin_short_backtrace::<core[a373ad73a504971]::result::Result<(), alloc[2e1b2a31b91974c5]::string::String>, fn() -> core[a373ad73a504971]::result::Result<(), alloc[2e1b2a31b91974c5]::string::String>>
[INFO] [stdout]   15:     0x63005f8106f5 - test[aada8e7e76ba119b]::run_test::{closure#0}
[INFO] [stdout]   16:     0x63005f809fe4 - std[617be2ca0a6fd877]::sys::backtrace::__rust_begin_short_backtrace::<test[aada8e7e76ba119b]::run_test::{closure#1}, ()>
[INFO] [stdout]   17:     0x63005f813782 - <std[617be2ca0a6fd877]::thread::lifecycle::spawn_unchecked<test[aada8e7e76ba119b]::run_test::{closure#1}, ()>::{closure#1} as core[a373ad73a504971]::ops::function::FnOnce<()>>::call_once::{shim:vtable#0}
[INFO] [stdout]   18:     0x63005f89192f - <std[617be2ca0a6fd877]::sys::thread::unix::Thread>::new::thread_start
[INFO] [stdout]   19:     0x75ede7548dfa - <unknown>
[INFO] [stdout]   20:     0x75ede75dc3d4 - clone
[INFO] [stdout]   21:                0x0 - <unknown>
[INFO] [stdout] 
[INFO] [stdout] ---- test_large_input_handling stdout ----
[INFO] [stdout] 
[INFO] [stdout] thread 'test_large_input_handling' (3815) panicked at tests/cli_wrapper_security_tests.rs:32:58:
[INFO] [stdout] called `Result::unwrap()` on an `Err` value: CargoError { cause: Some(NotFoundError { path: "/opt/rustwide/target/release/build/kindly-guard-cli/514c71d9f0c45913/out/kindly-guard-cli" }) }
[INFO] [stdout] stack backtrace:
[INFO] [stdout]    0:     0x63005f892151 - <<std[617be2ca0a6fd877]::sys::backtrace::BacktraceLock>::print::DisplayBacktrace as core[a373ad73a504971]::fmt::Display>::fmt
[INFO] [stdout]    1:     0x63005f8a912a - core[a373ad73a504971]::fmt::write
[INFO] [stdout]    2:     0x63005f897edc - <alloc[2e1b2a31b91974c5]::vec::Vec<u8> as core[a373ad73a504971]::io::write::Write>::write_fmt
[INFO] [stdout]    3:     0x63005f86b8b6 - std[617be2ca0a6fd877]::panicking::default_hook::{closure#0}
[INFO] [stdout]    4:     0x63005f889c39 - std[617be2ca0a6fd877]::panicking::default_hook
[INFO] [stdout]    5:     0x63005f8100d0 - test[aada8e7e76ba119b]::test_main_inner::{closure#0}
[INFO] [stdout]    6:     0x63005f889df2 - std[617be2ca0a6fd877]::panicking::panic_with_hook
[INFO] [stdout]    7:     0x63005f86b962 - std[617be2ca0a6fd877]::panicking::panic_handler::{closure#0}
[INFO] [stdout]    8:     0x63005f863dd9 - std[617be2ca0a6fd877]::sys::backtrace::__rust_end_short_backtrace::<std[617be2ca0a6fd877]::panicking::panic_handler::{closure#0}, !>
[INFO] [stdout]    9:     0x63005f86c98d - __rustc[ea4f61d10b84890b]::rust_begin_unwind
[INFO] [stdout]   10:     0x63005f8a98dc - core[a373ad73a504971]::panicking::panic_fmt
[INFO] [stdout]   11:     0x63005f8a96b2 - core[a373ad73a504971]::result::unwrap_failed
[INFO] [stdout]   12:     0x63005f7f6416 - cli_wrapper_security_tests[459b3af3458bc1fe]::wrap_cmd
[INFO] [stdout]   13:     0x63005f7f7d19 - <cli_wrapper_security_tests[459b3af3458bc1fe]::test_large_input_handling::{closure#0} as core[a373ad73a504971]::ops::function::FnOnce<()>>::call_once
[INFO] [stdout]   14:     0x63005f80351b - test[aada8e7e76ba119b]::__rust_begin_short_backtrace::<core[a373ad73a504971]::result::Result<(), alloc[2e1b2a31b91974c5]::string::String>, fn() -> core[a373ad73a504971]::result::Result<(), alloc[2e1b2a31b91974c5]::string::String>>
[INFO] [stdout]   15:     0x63005f8106f5 - test[aada8e7e76ba119b]::run_test::{closure#0}
[INFO] [stdout]   16:     0x63005f809fe4 - std[617be2ca0a6fd877]::sys::backtrace::__rust_begin_short_backtrace::<test[aada8e7e76ba119b]::run_test::{closure#1}, ()>
[INFO] [stdout]   17:     0x63005f813782 - <std[617be2ca0a6fd877]::thread::lifecycle::spawn_unchecked<test[aada8e7e76ba119b]::run_test::{closure#1}, ()>::{closure#1} as core[a373ad73a504971]::ops::function::FnOnce<()>>::call_once::{shim:vtable#0}
[INFO] [stdout]   18:     0x63005f89192f - <std[617be2ca0a6fd877]::sys::thread::unix::Thread>::new::thread_start
[INFO] [stdout]   19:     0x75ede7548dfa - <unknown>
[INFO] [stdout]   20:     0x75ede75dc3d4 - clone
[INFO] [stdout]   21:                0x0 - <unknown>
[INFO] [stdout] 
[INFO] [stdout] ---- test_null_byte_injection stdout ----
[INFO] [stdout] 
[INFO] [stdout] thread 'test_null_byte_injection' (3818) panicked at tests/cli_wrapper_security_tests.rs:32:58:
[INFO] [stdout] called `Result::unwrap()` on an `Err` value: CargoError { cause: Some(NotFoundError { path: "/opt/rustwide/target/release/build/kindly-guard-cli/514c71d9f0c45913/out/kindly-guard-cli" }) }
[INFO] [stdout] stack backtrace:
[INFO] [stdout]    0:     0x63005f892151 - <<std[617be2ca0a6fd877]::sys::backtrace::BacktraceLock>::print::DisplayBacktrace as core[a373ad73a504971]::fmt::Display>::fmt
[INFO] [stdout]    1:     0x63005f8a912a - core[a373ad73a504971]::fmt::write
[INFO] [stdout]    2:     0x63005f897edc - <alloc[2e1b2a31b91974c5]::vec::Vec<u8> as core[a373ad73a504971]::io::write::Write>::write_fmt
[INFO] [stdout]    3:     0x63005f86b8b6 - std[617be2ca0a6fd877]::panicking::default_hook::{closure#0}
[INFO] [stdout]    4:     0x63005f889c39 - std[617be2ca0a6fd877]::panicking::default_hook
[INFO] [stdout]    5:     0x63005f8100d0 - test[aada8e7e76ba119b]::test_main_inner::{closure#0}
[INFO] [stdout]    6:     0x63005f889df2 - std[617be2ca0a6fd877]::panicking::panic_with_hook
[INFO] [stdout]    7:     0x63005f86b962 - std[617be2ca0a6fd877]::panicking::panic_handler::{closure#0}
[INFO] [stdout]    8:     0x63005f863dd9 - std[617be2ca0a6fd877]::sys::backtrace::__rust_end_short_backtrace::<std[617be2ca0a6fd877]::panicking::panic_handler::{closure#0}, !>
[INFO] [stdout]    9:     0x63005f86c98d - __rustc[ea4f61d10b84890b]::rust_begin_unwind
[INFO] [stdout]   10:     0x63005f8a98dc - core[a373ad73a504971]::panicking::panic_fmt
[INFO] [stdout]   11:     0x63005f8a96b2 - core[a373ad73a504971]::result::unwrap_failed
[INFO] [stdout]   12:     0x63005f7f6416 - cli_wrapper_security_tests[459b3af3458bc1fe]::wrap_cmd
[INFO] [stdout]   13:     0x63005f7f73aa - <cli_wrapper_security_tests[459b3af3458bc1fe]::test_null_byte_injection::{closure#0} as core[a373ad73a504971]::ops::function::FnOnce<()>>::call_once
[INFO] [stdout]   14:     0x63005f80351b - test[aada8e7e76ba119b]::__rust_begin_short_backtrace::<core[a373ad73a504971]::result::Result<(), alloc[2e1b2a31b91974c5]::string::String>, fn() -> core[a373ad73a504971]::result::Result<(), alloc[2e1b2a31b91974c5]::string::String>>
[INFO] [stdout]   15:     0x63005f8106f5 - test[aada8e7e76ba119b]::run_test::{closure#0}
[INFO] [stdout]   16:     0x63005f809fe4 - std[617be2ca0a6fd877]::sys::backtrace::__rust_begin_short_backtrace::<test[aada8e7e76ba119b]::run_test::{closure#1}, ()>
[INFO] [stdout]   17:     0x63005f813782 - <std[617be2ca0a6fd877]::thread::lifecycle::spawn_unchecked<test[aada8e7e76ba119b]::run_test::{closure#1}, ()>::{closure#1} as core[a373ad73a504971]::ops::function::FnOnce<()>>::call_once::{shim:vtable#0}
[INFO] [stdout]   18:     0x63005f89192f - <std[617be2ca0a6fd877]::sys::thread::unix::Thread>::new::thread_start
[INFO] [stdout]   19:     0x75ede7548dfa - <unknown>
[INFO] [stdout]   20:     0x75ede75dc3d4 - clone
[INFO] [stdout]   21:                0x0 - <unknown>
[INFO] [stdout] 
[INFO] [stdout] ---- test_stdin_eof_handling stdout ----
[INFO] [stdout] 
[INFO] [stdout] thread 'test_stdin_eof_handling' (3825) panicked at tests/cli_wrapper_security_tests.rs:32:58:
[INFO] [stdout] called `Result::unwrap()` on an `Err` value: CargoError { cause: Some(NotFoundError { path: "/opt/rustwide/target/release/build/kindly-guard-cli/514c71d9f0c45913/out/kindly-guard-cli" }) }
[INFO] [stdout] stack backtrace:
[INFO] [stdout]    0:     0x63005f892151 - <<std[617be2ca0a6fd877]::sys::backtrace::BacktraceLock>::print::DisplayBacktrace as core[a373ad73a504971]::fmt::Display>::fmt
[INFO] [stdout]    1:     0x63005f8a912a - core[a373ad73a504971]::fmt::write
[INFO] [stdout]    2:     0x63005f897edc - <alloc[2e1b2a31b91974c5]::vec::Vec<u8> as core[a373ad73a504971]::io::write::Write>::write_fmt
[INFO] [stdout]    3:     0x63005f86b8b6 - std[617be2ca0a6fd877]::panicking::default_hook::{closure#0}
[INFO] [stdout]    4:     0x63005f889c39 - std[617be2ca0a6fd877]::panicking::default_hook
[INFO] [stdout]    5:     0x63005f8100d0 - test[aada8e7e76ba119b]::test_main_inner::{closure#0}
[INFO] [stdout]    6:     0x63005f889df2 - std[617be2ca0a6fd877]::panicking::panic_with_hook
[INFO] [stdout]    7:     0x63005f86b962 - std[617be2ca0a6fd877]::panicking::panic_handler::{closure#0}
[INFO] [stdout]    8:     0x63005f863dd9 - std[617be2ca0a6fd877]::sys::backtrace::__rust_end_short_backtrace::<std[617be2ca0a6fd877]::panicking::panic_handler::{closure#0}, !>
[INFO] [stdout]    9:     0x63005f86c98d - __rustc[ea4f61d10b84890b]::rust_begin_unwind
[INFO] [stdout]   10:     0x63005f8a98dc - core[a373ad73a504971]::panicking::panic_fmt
[INFO] [stdout]   11:     0x63005f8a96b2 - core[a373ad73a504971]::result::unwrap_failed
[INFO] [stdout]   12:     0x63005f7f6416 - cli_wrapper_security_tests[459b3af3458bc1fe]::wrap_cmd
[INFO] [stdout]   13:     0x63005f7f6a1c - <cli_wrapper_security_tests[459b3af3458bc1fe]::test_stdin_eof_handling::{closure#0} as core[a373ad73a504971]::ops::function::FnOnce<()>>::call_once
[INFO] [stdout]   14:     0x63005f80351b - test[aada8e7e76ba119b]::__rust_begin_short_backtrace::<core[a373ad73a504971]::result::Result<(), alloc[2e1b2a31b91974c5]::string::String>, fn() -> core[a373ad73a504971]::result::Result<(), alloc[2e1b2a31b91974c5]::string::String>>
[INFO] [stdout]   15:     0x63005f8106f5 - test[aada8e7e76ba119b]::run_test::{closure#0}
[INFO] [stdout]   16:     0x63005f809fe4 - std[617be2ca0a6fd877]::sys::backtrace::__rust_begin_short_backtrace::<test[aada8e7e76ba119b]::run_test::{closure#1}, ()>
[INFO] [stdout]   17:     0x63005f813782 - <std[617be2ca0a6fd877]::thread::lifecycle::spawn_unchecked<test[aada8e7e76ba119b]::run_test::{closure#1}, ()>::{closure#1} as core[a373ad73a504971]::ops::function::FnOnce<()>>::call_once::{shim:vtable#0}
[INFO] [stdout]   18:     0x63005f89192f - <std[617be2ca0a6fd877]::sys::thread::unix::Thread>::new::thread_start
[INFO] [stdout]   19:     0x75ede7548dfa - <unknown>
[INFO] [stdout]   20:     0x75ede75dc3d4 - clone
[INFO] [stdout]   21:                0x0 - <unknown>
[INFO] [stdout] 
[INFO] [stdout] ---- test_path_traversal_prevention stdout ----
[INFO] [stdout] 
[INFO] [stdout] thread 'test_path_traversal_prevention' (3820) panicked at tests/cli_wrapper_security_tests.rs:32:58:
[INFO] [stdout] called `Result::unwrap()` on an `Err` value: CargoError { cause: Some(NotFoundError { path: "/opt/rustwide/target/release/build/kindly-guard-cli/514c71d9f0c45913/out/kindly-guard-cli" }) }
[INFO] [stdout] stack backtrace:
[INFO] [stdout]    0:     0x63005f892151 - <<std[617be2ca0a6fd877]::sys::backtrace::BacktraceLock>::print::DisplayBacktrace as core[a373ad73a504971]::fmt::Display>::fmt
[INFO] [stdout]    1:     0x63005f8a912a - core[a373ad73a504971]::fmt::write
[INFO] [stdout]    2:     0x63005f897edc - <alloc[2e1b2a31b91974c5]::vec::Vec<u8> as core[a373ad73a504971]::io::write::Write>::write_fmt
[INFO] [stdout]    3:     0x63005f86b8b6 - std[617be2ca0a6fd877]::panicking::default_hook::{closure#0}
[INFO] [stdout]    4:     0x63005f889c39 - std[617be2ca0a6fd877]::panicking::default_hook
[INFO] [stdout]    5:     0x63005f8100d0 - test[aada8e7e76ba119b]::test_main_inner::{closure#0}
[INFO] [stdout]    6:     0x63005f889df2 - std[617be2ca0a6fd877]::panicking::panic_with_hook
[INFO] [stdout]    7:     0x63005f86b962 - std[617be2ca0a6fd877]::panicking::panic_handler::{closure#0}
[INFO] [stdout]    8:     0x63005f863dd9 - std[617be2ca0a6fd877]::sys::backtrace::__rust_end_short_backtrace::<std[617be2ca0a6fd877]::panicking::panic_handler::{closure#0}, !>
[INFO] [stdout]    9:     0x63005f86c98d - __rustc[ea4f61d10b84890b]::rust_begin_unwind
[INFO] [stdout]   10:     0x63005f8a98dc - core[a373ad73a504971]::panicking::panic_fmt
[INFO] [stdout]   11:     0x63005f8a96b2 - core[a373ad73a504971]::result::unwrap_failed
[INFO] [stdout]   12:     0x63005f7f6416 - cli_wrapper_security_tests[459b3af3458bc1fe]::wrap_cmd
[INFO] [stdout]   13:     0x63005f7fa0aa - <cli_wrapper_security_tests[459b3af3458bc1fe]::test_path_traversal_prevention::{closure#0} as core[a373ad73a504971]::ops::function::FnOnce<()>>::call_once
[INFO] [stdout]   14:     0x63005f80351b - test[aada8e7e76ba119b]::__rust_begin_short_backtrace::<core[a373ad73a504971]::result::Result<(), alloc[2e1b2a31b91974c5]::string::String>, fn() -> core[a373ad73a504971]::result::Result<(), alloc[2e1b2a31b91974c5]::string::String>>
[INFO] [stdout]   15:     0x63005f8106f5 - test[aada8e7e76ba119b]::run_test::{closure#0}
[INFO] [stdout]   16:     0x63005f809fe4 - std[617be2ca0a6fd877]::sys::backtrace::__rust_begin_short_backtrace::<test[aada8e7e76ba119b]::run_test::{closure#1}, ()>
[INFO] [stdout]   17:     0x63005f813782 - <std[617be2ca0a6fd877]::thread::lifecycle::spawn_unchecked<test[aada8e7e76ba119b]::run_test::{closure#1}, ()>::{closure#1} as core[a373ad73a504971]::ops::function::FnOnce<()>>::call_once::{shim:vtable#0}
[INFO] [stdout]   18:     0x63005f89192f - <std[617be2ca0a6fd877]::sys::thread::unix::Thread>::new::thread_start
[INFO] [stdout]   19:     0x75ede7548dfa - <unknown>
[INFO] [stdout]   20:     0x75ede75dc3d4 - clone
[INFO] [stdout]   21:                0x0 - <unknown>
[INFO] [stdout] 
[INFO] [stdout] ---- test_symlink_resolution stdout ----
[INFO] [stdout] 
[INFO] [stdout] thread 'test_symlink_resolution' (3826) panicked at tests/cli_wrapper_security_tests.rs:32:58:
[INFO] [stdout] called `Result::unwrap()` on an `Err` value: CargoError { cause: Some(NotFoundError { path: "/opt/rustwide/target/release/build/kindly-guard-cli/514c71d9f0c45913/out/kindly-guard-cli" }) }
[INFO] [stdout] stack backtrace:
[INFO] [stdout]    0:     0x63005f892151 - <<std[617be2ca0a6fd877]::sys::backtrace::BacktraceLock>::print::DisplayBacktrace as core[a373ad73a504971]::fmt::Display>::fmt
[INFO] [stdout]    1:     0x63005f8a912a - core[a373ad73a504971]::fmt::write
[INFO] [stdout]    2:     0x63005f897edc - <alloc[2e1b2a31b91974c5]::vec::Vec<u8> as core[a373ad73a504971]::io::write::Write>::write_fmt
[INFO] [stdout]    3:     0x63005f86b8b6 - std[617be2ca0a6fd877]::panicking::default_hook::{closure#0}
[INFO] [stdout]    4:     0x63005f889c39 - std[617be2ca0a6fd877]::panicking::default_hook
[INFO] [stdout]    5:     0x63005f8100d0 - test[aada8e7e76ba119b]::test_main_inner::{closure#0}
[INFO] [stdout]    6:     0x63005f889df2 - std[617be2ca0a6fd877]::panicking::panic_with_hook
[INFO] [stdout]    7:     0x63005f86b962 - std[617be2ca0a6fd877]::panicking::panic_handler::{closure#0}
[INFO] [stdout]    8:     0x63005f863dd9 - std[617be2ca0a6fd877]::sys::backtrace::__rust_end_short_backtrace::<std[617be2ca0a6fd877]::panicking::panic_handler::{closure#0}, !>
[INFO] [stdout]    9:     0x63005f86c98d - __rustc[ea4f61d10b84890b]::rust_begin_unwind
[INFO] [stdout]   10:     0x63005f8a98dc - core[a373ad73a504971]::panicking::panic_fmt
[INFO] [stdout]   11:     0x63005f8a96b2 - core[a373ad73a504971]::result::unwrap_failed
[INFO] [stdout]   12:     0x63005f7f6416 - cli_wrapper_security_tests[459b3af3458bc1fe]::wrap_cmd
[INFO] [stdout]   13:     0x63005f7f6fab - <cli_wrapper_security_tests[459b3af3458bc1fe]::test_symlink_resolution::{closure#0} as core[a373ad73a504971]::ops::function::FnOnce<()>>::call_once
[INFO] [stdout]   14:     0x63005f80351b - test[aada8e7e76ba119b]::__rust_begin_short_backtrace::<core[a373ad73a504971]::result::Result<(), alloc[2e1b2a31b91974c5]::string::String>, fn() -> core[a373ad73a504971]::result::Result<(), alloc[2e1b2a31b91974c5]::string::String>>
[INFO] [stdout]   15:     0x63005f8106f5 - test[aada8e7e76ba119b]::run_test::{closure#0}
[INFO] [stdout]   16:     0x63005f809fe4 - std[617be2ca0a6fd877]::sys::backtrace::__rust_begin_short_backtrace::<test[aada8e7e76ba119b]::run_test::{closure#1}, ()>
[INFO] [stdout]   17:     0x63005f813782 - <std[617be2ca0a6fd877]::thread::lifecycle::spawn_unchecked<test[aada8e7e76ba119b]::run_test::{closure#1}, ()>::{closure#1} as core[a373ad73a504971]::ops::function::FnOnce<()>>::call_once::{shim:vtable#0}
[INFO] [stdout]   18:     0x63005f89192f - <std[617be2ca0a6fd877]::sys::thread::unix::Thread>::new::thread_start
[INFO] [stdout]   19:     0x75ede7548dfa - <unknown>
[INFO] [stdout]   20:     0x75ede75dc3d4 - clone
[INFO] [stdout]   21:                0x0 - <unknown>
[INFO] [stdout] 
[INFO] [stdout] ---- test_working_directory_isolation stdout ----
[INFO] [stdout] 
[INFO] [stdout] thread 'test_working_directory_isolation' (3828) panicked at tests/cli_wrapper_security_tests.rs:32:58:
[INFO] [stdout] called `Result::unwrap()` on an `Err` value: CargoError { cause: Some(NotFoundError { path: "/opt/rustwide/target/release/build/kindly-guard-cli/514c71d9f0c45913/out/kindly-guard-cli" }) }
[INFO] [stdout] stack backtrace:
[INFO] [stdout]    0:     0x63005f892151 - <<std[617be2ca0a6fd877]::sys::backtrace::BacktraceLock>::print::DisplayBacktrace as core[a373ad73a504971]::fmt::Display>::fmt
[INFO] [stdout]    1:     0x63005f8a912a - core[a373ad73a504971]::fmt::write
[INFO] [stdout]    2:     0x63005f897edc - <alloc[2e1b2a31b91974c5]::vec::Vec<u8> as core[a373ad73a504971]::io::write::Write>::write_fmt
[INFO] [stdout]    3:     0x63005f86b8b6 - std[617be2ca0a6fd877]::panicking::default_hook::{closure#0}
[INFO] [stdout]    4:     0x63005f889c39 - std[617be2ca0a6fd877]::panicking::default_hook
[INFO] [stdout]    5:     0x63005f8100d0 - test[aada8e7e76ba119b]::test_main_inner::{closure#0}
[INFO] [stdout]    6:     0x63005f889df2 - std[617be2ca0a6fd877]::panicking::panic_with_hook
[INFO] [stdout]    7:     0x63005f86b962 - std[617be2ca0a6fd877]::panicking::panic_handler::{closure#0}
[INFO] [stdout]    8:     0x63005f863dd9 - std[617be2ca0a6fd877]::sys::backtrace::__rust_end_short_backtrace::<std[617be2ca0a6fd877]::panicking::panic_handler::{closure#0}, !>
[INFO] [stdout]    9:     0x63005f86c98d - __rustc[ea4f61d10b84890b]::rust_begin_unwind
[INFO] [stdout]   10:     0x63005f8a98dc - core[a373ad73a504971]::panicking::panic_fmt
[INFO] [stdout]   11:     0x63005f8a96b2 - core[a373ad73a504971]::result::unwrap_failed
[INFO] [stdout]   12:     0x63005f7f6416 - cli_wrapper_security_tests[459b3af3458bc1fe]::wrap_cmd
[INFO] [stdout]   13:     0x63005f7fc15e - <cli_wrapper_security_tests[459b3af3458bc1fe]::test_working_directory_isolation::{closure#0} as core[a373ad73a504971]::ops::function::FnOnce<()>>::call_once
[INFO] [stdout]   14:     0x63005f80351b - test[aada8e7e76ba119b]::__rust_begin_short_backtrace::<core[a373ad73a504971]::result::Result<(), alloc[2e1b2a31b91974c5]::string::String>, fn() -> core[a373ad73a504971]::result::Result<(), alloc[2e1b2a31b91974c5]::string::String>>
[INFO] [stdout]   15:     0x63005f8106f5 - test[aada8e7e76ba119b]::run_test::{closure#0}
[INFO] [stdout]   16:     0x63005f809fe4 - std[617be2ca0a6fd877]::sys::backtrace::__rust_begin_short_backtrace::<test[aada8e7e76ba119b]::run_test::{closure#1}, ()>
[INFO] [stdout]   17:     0x63005f813782 - <std[617be2ca0a6fd877]::thread::lifecycle::spawn_unchecked<test[aada8e7e76ba119b]::run_test::{closure#1}, ()>::{closure#1} as core[a373ad73a504971]::ops::function::FnOnce<()>>::call_once::{shim:vtable#0}
[INFO] [stdout]   18:     0x63005f89192f - <std[617be2ca0a6fd877]::sys::thread::unix::Thread>::new::thread_start
[INFO] [stdout]   19:     0x75ede7548dfa - <unknown>
[INFO] [stdout]   20:     0x75ede75dc3d4 - clone
[INFO] [stdout]   21:                0x0 - <unknown>
[INFO] [stdout] 
[INFO] [stdout] ---- test_process_isolation_file_descriptors stdout ----
[INFO] [stdout] 
[INFO] [stdout] thread 'test_process_isolation_file_descriptors' (3822) panicked at tests/cli_wrapper_security_tests.rs:32:58:
[INFO] [stdout] called `Result::unwrap()` on an `Err` value: CargoError { cause: Some(NotFoundError { path: "/opt/rustwide/target/release/build/kindly-guard-cli/514c71d9f0c45913/out/kindly-guard-cli" }) }
[INFO] [stdout] stack backtrace:
[INFO] [stdout]    0:     0x63005f892151 - <<std[617be2ca0a6fd877]::sys::backtrace::BacktraceLock>::print::DisplayBacktrace as core[a373ad73a504971]::fmt::Display>::fmt
[INFO] [stdout]    1:     0x63005f8a912a - core[a373ad73a504971]::fmt::write
[INFO] [stdout]    2:     0x63005f897edc - <alloc[2e1b2a31b91974c5]::vec::Vec<u8> as core[a373ad73a504971]::io::write::Write>::write_fmt
[INFO] [stdout]    3:     0x63005f86b8b6 - std[617be2ca0a6fd877]::panicking::default_hook::{closure#0}
[INFO] [stdout]    4:     0x63005f889c39 - std[617be2ca0a6fd877]::panicking::default_hook
[INFO] [stdout]    5:     0x63005f8100d0 - test[aada8e7e76ba119b]::test_main_inner::{closure#0}
[INFO] [stdout]    6:     0x63005f889df2 - std[617be2ca0a6fd877]::panicking::panic_with_hook
[INFO] [stdout]    7:     0x63005f86b962 - std[617be2ca0a6fd877]::panicking::panic_handler::{closure#0}
[INFO] [stdout]    8:     0x63005f863dd9 - std[617be2ca0a6fd877]::sys::backtrace::__rust_end_short_backtrace::<std[617be2ca0a6fd877]::panicking::panic_handler::{closure#0}, !>
[INFO] [stdout]    9:     0x63005f86c98d - __rustc[ea4f61d10b84890b]::rust_begin_unwind
[INFO] [stdout]   10:     0x63005f8a98dc - core[a373ad73a504971]::panicking::panic_fmt
[INFO] [stdout]   11:     0x63005f8a96b2 - core[a373ad73a504971]::result::unwrap_failed
[INFO] [stdout]   12:     0x63005f7f6416 - cli_wrapper_security_tests[459b3af3458bc1fe]::wrap_cmd
[INFO] [stdout]   13:     0x63005f7ff5f2 - <cli_wrapper_security_tests[459b3af3458bc1fe]::test_process_isolation_file_descriptors::{closure#0} as core[a373ad73a504971]::ops::function::FnOnce<()>>::call_once
[INFO] [stdout]   14:     0x63005f80351b - test[aada8e7e76ba119b]::__rust_begin_short_backtrace::<core[a373ad73a504971]::result::Result<(), alloc[2e1b2a31b91974c5]::string::String>, fn() -> core[a373ad73a504971]::result::Result<(), alloc[2e1b2a31b91974c5]::string::String>>
[INFO] [stdout]   15:     0x63005f8106f5 - test[aada8e7e76ba119b]::run_test::{closure#0}
[INFO] [stdout]   16:     0x63005f809fe4 - std[617be2ca0a6fd877]::sys::backtrace::__rust_begin_short_backtrace::<test[aada8e7e76ba119b]::run_test::{closure#1}, ()>
[INFO] [stdout]   17:     0x63005f813782 - <std[617be2ca0a6fd877]::thread::lifecycle::spawn_unchecked<test[aada8e7e76ba119b]::run_test::{closure#1}, ()>::{closure#1} as core[a373ad73a504971]::ops::function::FnOnce<()>>::call_once::{shim:vtable#0}
[INFO] [stdout]   18:     0x63005f89192f - <std[617be2ca0a6fd877]::sys::thread::unix::Thread>::new::thread_start
[INFO] [stdout]   19:     0x75ede7548dfa - <unknown>
[INFO] [stdout]   20:     0x75ede75dc3d4 - clone
[INFO] [stdout]   21:                0x0 - <unknown>
[INFO] [stdout] 
[INFO] [stdout] ---- test_permission_denied stdout ----
[INFO] [stdout] 
[INFO] [stdout] thread 'test_permission_denied' (3821) panicked at tests/cli_wrapper_security_tests.rs:32:58:
[INFO] [stdout] called `Result::unwrap()` on an `Err` value: CargoError { cause: Some(NotFoundError { path: "/opt/rustwide/target/release/build/kindly-guard-cli/514c71d9f0c45913/out/kindly-guard-cli" }) }
[INFO] [stdout] stack backtrace:
[INFO] [stdout]    0:     0x63005f892151 - <<std[617be2ca0a6fd877]::sys::backtrace::BacktraceLock>::print::DisplayBacktrace as core[a373ad73a504971]::fmt::Display>::fmt
[INFO] [stdout]    1:     0x63005f8a912a - core[a373ad73a504971]::fmt::write
[INFO] [stdout]    2:     0x63005f897edc - <alloc[2e1b2a31b91974c5]::vec::Vec<u8> as core[a373ad73a504971]::io::write::Write>::write_fmt
[INFO] [stdout]    3:     0x63005f86b8b6 - std[617be2ca0a6fd877]::panicking::default_hook::{closure#0}
[INFO] [stdout]    4:     0x63005f889c39 - std[617be2ca0a6fd877]::panicking::default_hook
[INFO] [stdout]    5:     0x63005f8100d0 - test[aada8e7e76ba119b]::test_main_inner::{closure#0}
[INFO] [stdout]    6:     0x63005f889df2 - std[617be2ca0a6fd877]::panicking::panic_with_hook
[INFO] [stdout]    7:     0x63005f86b962 - std[617be2ca0a6fd877]::panicking::panic_handler::{closure#0}
[INFO] [stdout]    8:     0x63005f863dd9 - std[617be2ca0a6fd877]::sys::backtrace::__rust_end_short_backtrace::<std[617be2ca0a6fd877]::panicking::panic_handler::{closure#0}, !>
[INFO] [stdout]    9:     0x63005f86c98d - __rustc[ea4f61d10b84890b]::rust_begin_unwind
[INFO] [stdout]   10:     0x63005f8a98dc - core[a373ad73a504971]::panicking::panic_fmt
[INFO] [stdout]   11:     0x63005f8a96b2 - core[a373ad73a504971]::result::unwrap_failed
[INFO] [stdout]   12:     0x63005f7f6416 - cli_wrapper_security_tests[459b3af3458bc1fe]::wrap_cmd
[INFO] [stdout]   13:     0x63005f7f67b8 - <cli_wrapper_security_tests[459b3af3458bc1fe]::test_permission_denied::{closure#0} as core[a373ad73a504971]::ops::function::FnOnce<()>>::call_once
[INFO] [stdout]   14:     0x63005f80351b - test[aada8e7e76ba119b]::__rust_begin_short_backtrace::<core[a373ad73a504971]::result::Result<(), alloc[2e1b2a31b91974c5]::string::String>, fn() -> core[a373ad73a504971]::result::Result<(), alloc[2e1b2a31b91974c5]::string::String>>
[INFO] [stdout]   15:     0x63005f8106f5 - test[aada8e7e76ba119b]::run_test::{closure#0}
[INFO] [stdout]   16:     0x63005f809fe4 - std[617be2ca0a6fd877]::sys::backtrace::__rust_begin_short_backtrace::<test[aada8e7e76ba119b]::run_test::{closure#1}, ()>
[INFO] [stdout]   17:     0x63005f813782 - <std[617be2ca0a6fd877]::thread::lifecycle::spawn_unchecked<test[aada8e7e76ba119b]::run_test::{closure#1}, ()>::{closure#1} as core[a373ad73a504971]::ops::function::FnOnce<()>>::call_once::{shim:vtable#0}
[INFO] [stdout]   18:     0x63005f89192f - <std[617be2ca0a6fd877]::sys::thread::unix::Thread>::new::thread_start
[INFO] [stdout]   19:     0x75ede7548dfa - <unknown>
[INFO] [stdout]   20:     0x75ede75dc3d4 - clone
[INFO] [stdout]   21:                0x0 - <unknown>
[INFO] [stdout] 
[INFO] [stdout] ---- test_server_connection_failure stdout ----
[INFO] [stdout] 
[INFO] [stdout] thread 'test_server_connection_failure' (3824) panicked at tests/cli_wrapper_security_tests.rs:32:58:
[INFO] [stdout] called `Result::unwrap()` on an `Err` value: CargoError { cause: Some(NotFoundError { path: "/opt/rustwide/target/release/build/kindly-guard-cli/514c71d9f0c45913/out/kindly-guard-cli" }) }
[INFO] [stdout] stack backtrace:
[INFO] [stdout]    0:     0x63005f892151 - <<std[617be2ca0a6fd877]::sys::backtrace::BacktraceLock>::print::DisplayBacktrace as core[a373ad73a504971]::fmt::Display>::fmt
[INFO] [stdout]    1:     0x63005f8a912a - core[a373ad73a504971]::fmt::write
[INFO] [stdout]    2:     0x63005f897edc - <alloc[2e1b2a31b91974c5]::vec::Vec<u8> as core[a373ad73a504971]::io::write::Write>::write_fmt
[INFO] [stdout]    3:     0x63005f86b8b6 - std[617be2ca0a6fd877]::panicking::default_hook::{closure#0}
[INFO] [stdout]    4:     0x63005f889c39 - std[617be2ca0a6fd877]::panicking::default_hook
[INFO] [stdout]    5:     0x63005f8100d0 - test[aada8e7e76ba119b]::test_main_inner::{closure#0}
[INFO] [stdout]    6:     0x63005f889df2 - std[617be2ca0a6fd877]::panicking::panic_with_hook
[INFO] [stdout]    7:     0x63005f86b962 - std[617be2ca0a6fd877]::panicking::panic_handler::{closure#0}
[INFO] [stdout]    8:     0x63005f863dd9 - std[617be2ca0a6fd877]::sys::backtrace::__rust_end_short_backtrace::<std[617be2ca0a6fd877]::panicking::panic_handler::{closure#0}, !>
[INFO] [stdout]    9:     0x63005f86c98d - __rustc[ea4f61d10b84890b]::rust_begin_unwind
[INFO] [stdout]   10:     0x63005f8a98dc - core[a373ad73a504971]::panicking::panic_fmt
[INFO] [stdout]   11:     0x63005f8a96b2 - core[a373ad73a504971]::result::unwrap_failed
[INFO] [stdout]   12:     0x63005f7f6416 - cli_wrapper_security_tests[459b3af3458bc1fe]::wrap_cmd
[INFO] [stdout]   13:     0x63005f7fa61a - <cli_wrapper_security_tests[459b3af3458bc1fe]::test_server_connection_failure::{closure#0} as core[a373ad73a504971]::ops::function::FnOnce<()>>::call_once
[INFO] [stdout]   14:     0x63005f80351b - test[aada8e7e76ba119b]::__rust_begin_short_backtrace::<core[a373ad73a504971]::result::Result<(), alloc[2e1b2a31b91974c5]::string::String>, fn() -> core[a373ad73a504971]::result::Result<(), alloc[2e1b2a31b91974c5]::string::String>>
[INFO] [stdout]   15:     0x63005f8106f5 - test[aada8e7e76ba119b]::run_test::{closure#0}
[INFO] [stdout]   16:     0x63005f809fe4 - std[617be2ca0a6fd877]::sys::backtrace::__rust_begin_short_backtrace::<test[aada8e7e76ba119b]::run_test::{closure#1}, ()>
[INFO] [stdout]   17:     0x63005f813782 - <std[617be2ca0a6fd877]::thread::lifecycle::spawn_unchecked<test[aada8e7e76ba119b]::run_test::{closure#1}, ()>::{closure#1} as core[a373ad73a504971]::ops::function::FnOnce<()>>::call_once::{shim:vtable#0}
[INFO] [stdout]   18:     0x63005f89192f - <std[617be2ca0a6fd877]::sys::thread::unix::Thread>::new::thread_start
[INFO] [stdout]   19:     0x75ede7548dfa - <unknown>
[INFO] [stdout]   20:     0x75ede75dc3d4 - clone
[INFO] [stdout]   21:                0x0 - <unknown>
[INFO] [stdout] 
[INFO] [stdout] ---- test_warning_mode_allows_threats stdout ----
[INFO] [stdout] 
[INFO] [stdout] thread 'test_warning_mode_allows_threats' (3827) panicked at tests/cli_wrapper_security_tests.rs:32:58:
[INFO] [stdout] called `Result::unwrap()` on an `Err` value: CargoError { cause: Some(NotFoundError { path: "/opt/rustwide/target/release/build/kindly-guard-cli/514c71d9f0c45913/out/kindly-guard-cli" }) }
[INFO] [stdout] stack backtrace:
[INFO] [stdout]    0:     0x63005f892151 - <<std[617be2ca0a6fd877]::sys::backtrace::BacktraceLock>::print::DisplayBacktrace as core[a373ad73a504971]::fmt::Display>::fmt
[INFO] [stdout]    1:     0x63005f8a912a - core[a373ad73a504971]::fmt::write
[INFO] [stdout]    2:     0x63005f897edc - <alloc[2e1b2a31b91974c5]::vec::Vec<u8> as core[a373ad73a504971]::io::write::Write>::write_fmt
[INFO] [stdout]    3:     0x63005f86b8b6 - std[617be2ca0a6fd877]::panicking::default_hook::{closure#0}
[INFO] [stdout]    4:     0x63005f889c39 - std[617be2ca0a6fd877]::panicking::default_hook
[INFO] [stdout]    5:     0x63005f8100d0 - test[aada8e7e76ba119b]::test_main_inner::{closure#0}
[INFO] [stdout]    6:     0x63005f889df2 - std[617be2ca0a6fd877]::panicking::panic_with_hook
[INFO] [stdout]    7:     0x63005f86b962 - std[617be2ca0a6fd877]::panicking::panic_handler::{closure#0}
[INFO] [stdout]    8:     0x63005f863dd9 - std[617be2ca0a6fd877]::sys::backtrace::__rust_end_short_backtrace::<std[617be2ca0a6fd877]::panicking::panic_handler::{closure#0}, !>
[INFO] [stdout]    9:     0x63005f86c98d - __rustc[ea4f61d10b84890b]::rust_begin_unwind
[INFO] [stdout]   10:     0x63005f8a98dc - core[a373ad73a504971]::panicking::panic_fmt
[INFO] [stdout]   11:     0x63005f8a96b2 - core[a373ad73a504971]::result::unwrap_failed
[INFO] [stdout]   12:     0x63005f7f6416 - cli_wrapper_security_tests[459b3af3458bc1fe]::wrap_cmd
[INFO] [stdout]   13:     0x63005f7fba5a - <cli_wrapper_security_tests[459b3af3458bc1fe]::test_warning_mode_allows_threats::{closure#0} as core[a373ad73a504971]::ops::function::FnOnce<()>>::call_once
[INFO] [stdout]   14:     0x63005f80351b - test[aada8e7e76ba119b]::__rust_begin_short_backtrace::<core[a373ad73a504971]::result::Result<(), alloc[2e1b2a31b91974c5]::string::String>, fn() -> core[a373ad73a504971]::result::Result<(), alloc[2e1b2a31b91974c5]::string::String>>
[INFO] [stdout]   15:     0x63005f8106f5 - test[aada8e7e76ba119b]::run_test::{closure#0}
[INFO] [stdout]   16:     0x63005f809fe4 - std[617be2ca0a6fd877]::sys::backtrace::__rust_begin_short_backtrace::<test[aada8e7e76ba119b]::run_test::{closure#1}, ()>
[INFO] [stdout]   17:     0x63005f813782 - <std[617be2ca0a6fd877]::thread::lifecycle::spawn_unchecked<test[aada8e7e76ba119b]::run_test::{closure#1}, ()>::{closure#1} as core[a373ad73a504971]::ops::function::FnOnce<()>>::call_once::{shim:vtable#0}
[INFO] [stdout]   18:     0x63005f89192f - <std[617be2ca0a6fd877]::sys::thread::unix::Thread>::new::thread_start
[INFO] [stdout]   19:     0x75ede7548dfa - <unknown>
[INFO] [stdout]   20:     0x75ede75dc3d4 - clone
[INFO] [stdout]   21:                0x0 - <unknown>
[INFO] [stdout] 
[INFO] [stdout] ---- test_resource_exhaustion_prevention stdout ----
[INFO] [stdout] 
[INFO] [stdout] thread 'test_resource_exhaustion_prevention' (3823) panicked at tests/cli_wrapper_security_tests.rs:32:58:
[INFO] [stdout] called `Result::unwrap()` on an `Err` value: CargoError { cause: Some(NotFoundError { path: "/opt/rustwide/target/release/build/kindly-guard-cli/514c71d9f0c45913/out/kindly-guard-cli" }) }
[INFO] [stdout] stack backtrace:
[INFO] [stdout]    0:     0x63005f892151 - <<std[617be2ca0a6fd877]::sys::backtrace::BacktraceLock>::print::DisplayBacktrace as core[a373ad73a504971]::fmt::Display>::fmt
[INFO] [stdout]    1:     0x63005f8a912a - core[a373ad73a504971]::fmt::write
[INFO] [stdout]    2:     0x63005f897edc - <alloc[2e1b2a31b91974c5]::vec::Vec<u8> as core[a373ad73a504971]::io::write::Write>::write_fmt
[INFO] [stdout]    3:     0x63005f86b8b6 - std[617be2ca0a6fd877]::panicking::default_hook::{closure#0}
[INFO] [stdout]    4:     0x63005f889c39 - std[617be2ca0a6fd877]::panicking::default_hook
[INFO] [stdout]    5:     0x63005f8100d0 - test[aada8e7e76ba119b]::test_main_inner::{closure#0}
[INFO] [stdout]    6:     0x63005f889df2 - std[617be2ca0a6fd877]::panicking::panic_with_hook
[INFO] [stdout]    7:     0x63005f86b962 - std[617be2ca0a6fd877]::panicking::panic_handler::{closure#0}
[INFO] [stdout]    8:     0x63005f863dd9 - std[617be2ca0a6fd877]::sys::backtrace::__rust_end_short_backtrace::<std[617be2ca0a6fd877]::panicking::panic_handler::{closure#0}, !>
[INFO] [stdout]    9:     0x63005f86c98d - __rustc[ea4f61d10b84890b]::rust_begin_unwind
[INFO] [stdout]   10:     0x63005f8a98dc - core[a373ad73a504971]::panicking::panic_fmt
[INFO] [stdout]   11:     0x63005f8a96b2 - core[a373ad73a504971]::result::unwrap_failed
[INFO] [stdout]   12:     0x63005f7f6416 - cli_wrapper_security_tests[459b3af3458bc1fe]::wrap_cmd
[INFO] [stdout]   13:     0x63005f7fe8e1 - <cli_wrapper_security_tests[459b3af3458bc1fe]::test_resource_exhaustion_prevention::{closure#0} as core[a373ad73a504971]::ops::function::FnOnce<()>>::call_once
[INFO] [stdout]   14:     0x63005f80351b - test[aada8e7e76ba119b]::__rust_begin_short_backtrace::<core[a373ad73a504971]::result::Result<(), alloc[2e1b2a31b91974c5]::string::String>, fn() -> core[a373ad73a504971]::result::Result<(), alloc[2e1b2a31b91974c5]::string::String>>
[INFO] [stdout]   15:     0x63005f8106f5 - test[aada8e7e76ba119b]::run_test::{closure#0}
[INFO] [stdout]   16:     0x63005f809fe4 - std[617be2ca0a6fd877]::sys::backtrace::__rust_begin_short_backtrace::<test[aada8e7e76ba119b]::run_test::{closure#1}, ()>
[INFO] [stdout]   17:     0x63005f813782 - <std[617be2ca0a6fd877]::thread::lifecycle::spawn_unchecked<test[aada8e7e76ba119b]::run_test::{closure#1}, ()>::{closure#1} as core[a373ad73a504971]::ops::function::FnOnce<()>>::call_once::{shim:vtable#0}
[INFO] [stdout]   18:     0x63005f89192f - <std[617be2ca0a6fd877]::sys::thread::unix::Thread>::new::thread_start
[INFO] [stdout]   19:     0x75ede7548dfa - <unknown>
[INFO] [stdout]   20:     0x75ede75dc3d4 - clone
[INFO] [stdout]   21:                0x0 - <unknown>
[INFO] [stdout] 
[INFO] [stdout] 
[INFO] [stdout] failures:
[INFO] [stdout]     test_ai_cli_integration_codex_style
[INFO] [stdout]     test_ai_cli_integration_gemini_style
[INFO] [stdout]     test_ansi_escape_injection
[INFO] [stdout]     test_binary_data_handling
[INFO] [stdout]     test_blocking_mode_blocks_threats
[INFO] [stdout]     test_command_injection_prevention_backticks
[INFO] [stdout]     test_command_injection_prevention_dollar_parens
[INFO] [stdout]     test_command_injection_prevention_semicolon
[INFO] [stdout]     test_command_not_found
[INFO] [stdout]     test_concurrent_io_handling
[INFO] [stdout]     test_environment_injection_prevention
[INFO] [stdout]     test_environment_variable_security
[INFO] [stdout]     test_exit_code_propagation
[INFO] [stdout]     test_input_stream_command_injection
[INFO] [stdout]     test_input_stream_sql_injection
[INFO] [stdout]     test_input_stream_unicode_injection
[INFO] [stdout]     test_input_stream_xss_injection
[INFO] [stdout]     test_interactive_prompt_handling
[INFO] [stdout]     test_large_input_handling
[INFO] [stdout]     test_malformed_utf8_handling
[INFO] [stdout]     test_multiple_threat_detection
[INFO] [stdout]     test_null_byte_injection
[INFO] [stdout]     test_output_stream_passthrough
[INFO] [stdout]     test_path_traversal_prevention
[INFO] [stdout]     test_permission_denied
[INFO] [stdout]     test_process_isolation_file_descriptors
[INFO] [stdout]     test_resource_exhaustion_prevention
[INFO] [stdout]     test_server_connection_failure
[INFO] [stdout]     test_stdin_eof_handling
[INFO] [stdout]     test_symlink_resolution
[INFO] [stdout]     test_warning_mode_allows_threats
[INFO] [stdout]     test_working_directory_isolation
[INFO] [stdout] 
[INFO] [stdout] test result: FAILED. 0 passed; 32 failed; 2 ignored; 0 measured; 0 filtered out; finished in 0.02s
[INFO] [stdout] 
[INFO] [stderr] error: test failed, to rerun pass `--test cli_wrapper_security_tests`
[INFO] running `Command { std: "docker" "inspect" "0a0a7f85a282fc3cae2409412b5faf435b00108c61d8f46dee7542795de4e737", kill_on_drop: false }`
[INFO] running `Command { std: "docker" "rm" "-f" "0a0a7f85a282fc3cae2409412b5faf435b00108c61d8f46dee7542795de4e737", kill_on_drop: false }`
[INFO] [stdout] 0a0a7f85a282fc3cae2409412b5faf435b00108c61d8f46dee7542795de4e737
