[INFO] fetching crate kindling-provider 0.3.0...
[INFO] testing kindling-provider-0.3.0 against 1.99.0-beta.8+cargoflags=--release for beta-release-1.100-2
[INFO] extracting crate kindling-provider 0.3.0 into /workspace/builds/worker-7-tc1/source
[INFO] started tweaking crates.io crate kindling-provider 0.3.0
[INFO] removed 0 missing tests
[INFO] finished tweaking crates.io crate kindling-provider 0.3.0
[INFO] tweaked toml for crates.io crate kindling-provider 0.3.0 written to /workspace/builds/worker-7-tc1/source/Cargo.toml
[INFO] validating manifest of crates.io crate kindling-provider 0.3.0 on toolchain 1.99.0-beta.8
[INFO] running `Command { std: CARGO_HOME="/workspace/cargo-home" RUSTUP_HOME="/workspace/rustup-home" "/workspace/cargo-home/bin/cargo" "+1.99.0-beta.8" "metadata" "--manifest-path" "Cargo.toml" "--no-deps", kill_on_drop: false }`
[INFO] crate crates.io crate kindling-provider 0.3.0 already has a lockfile, it will not be regenerated
[INFO] running `Command { std: CARGO_HOME="/workspace/cargo-home" RUSTUP_HOME="/workspace/rustup-home" "/workspace/cargo-home/bin/cargo" "+1.99.0-beta.8" "fetch" "--manifest-path" "Cargo.toml", kill_on_drop: false }`
[INFO] [stderr]     Updating crates.io index
[INFO] [stderr]  Downloading crates ...
[INFO] [stderr]   Downloaded kindling-types v0.3.0
[INFO] [stderr]   Downloaded kindling-store v0.3.0
[INFO] [stderr]   Downloaded hashlink v0.12.0
[INFO] [stderr]   Downloaded rusqlite v0.40.1
[INFO] [stderr]   Downloaded libsqlite3-sys v0.38.1
[INFO] running `Command { std: "docker" "create" "-v" "/var/lib/crater-agent-workspace/builds/worker-7-tc1/source:/opt/rustwide/workdir:ro,Z" "-v" "/var/lib/crater-agent-workspace/builds/worker-7-tc1/target:/opt/rustwide/target:rw,Z" "-v" "/var/lib/crater-agent-workspace/cargo-home:/opt/rustwide/cargo-home:ro,Z" "-v" "/var/lib/crater-agent-workspace/rustup-home:/opt/rustwide/rustup-home:ro,Z" "-m" "1610612736" "--network" "none" "ghcr.io/rust-lang/crates-build-env/linux@sha256:77db811e55d90add9212f6832c23229e3de5f1c1f9905e8cb07319ea15df73ac" "sleep" "infinity", kill_on_drop: false }`
[INFO] [stdout] f084f4aca48a2d2d41e08841a7e4dcc5714555d660125536d223a2c6297c9d18
[INFO] running `Command { std: "docker" "start" "f084f4aca48a2d2d41e08841a7e4dcc5714555d660125536d223a2c6297c9d18", kill_on_drop: false }`
[INFO] running `Command { std: "docker" "inspect" "f084f4aca48a2d2d41e08841a7e4dcc5714555d660125536d223a2c6297c9d18", kill_on_drop: false }`
[INFO] running `Command { std: "docker" "exec" "-e" "SOURCE_DIR=/opt/rustwide/workdir" "-e" "CARGO_HOME=/opt/rustwide/cargo-home" "-e" "RUSTUP_HOME=/opt/rustwide/rustup-home" "-e" "CARGO_TARGET_DIR=/opt/rustwide/target" "-w" "/opt/rustwide/workdir" "--user" "0:0" "f084f4aca48a2d2d41e08841a7e4dcc5714555d660125536d223a2c6297c9d18" "/opt/rustwide/cargo-home/bin/cargo" "+1.99.0-beta.8" "metadata" "--no-deps" "--format-version=1", kill_on_drop: false }`
[INFO] running `Command { std: "docker" "inspect" "f084f4aca48a2d2d41e08841a7e4dcc5714555d660125536d223a2c6297c9d18", kill_on_drop: false }`
[INFO] running `Command { std: "docker" "exec" "-e" "SOURCE_DIR=/opt/rustwide/workdir" "-e" "CARGO_HOME=/opt/rustwide/cargo-home" "-e" "RUSTUP_HOME=/opt/rustwide/rustup-home" "-e" "CARGO_TARGET_DIR=/opt/rustwide/target" "-e" "CARGO_INCREMENTAL=0" "-e" "RUST_BACKTRACE=full" "-e" "RUSTFLAGS=--cap-lints=warn" "-e" "RUSTDOCFLAGS=--cap-lints=warn" "-w" "/opt/rustwide/workdir" "--user" "0:0" "f084f4aca48a2d2d41e08841a7e4dcc5714555d660125536d223a2c6297c9d18" "/opt/rustwide/cargo-home/bin/cargo" "+1.99.0-beta.8" "build" "--frozen" "--message-format=json" "--release", kill_on_drop: false }`
[INFO] [stderr]    Compiling hashbrown v0.17.1
[INFO] [stderr]    Compiling syn v2.0.118
[INFO] [stderr]    Compiling serde_json v1.0.150
[INFO] [stderr]    Compiling libsqlite3-sys v0.38.1
[INFO] [stderr]    Compiling digest v0.11.3
[INFO] [stderr]    Compiling sha2 v0.11.0
[INFO] [stderr]    Compiling indexmap v2.14.0
[INFO] [stderr]    Compiling hashlink v0.12.0
[INFO] [stderr]    Compiling serde_derive v1.0.228
[INFO] [stderr]    Compiling thiserror-impl v2.0.18
[INFO] [stderr]    Compiling thiserror v2.0.18
[INFO] [stderr]    Compiling serde v1.0.228
[INFO] [stderr]    Compiling kindling-types v0.3.0
[INFO] [stderr]    Compiling rusqlite v0.40.1
[INFO] [stderr]    Compiling kindling-store v0.3.0
[INFO] [stderr]    Compiling kindling-provider v0.3.0 (/opt/rustwide/workdir)
[INFO] [stderr]     Finished `release` profile [optimized] target(s) in 1m 41s
[INFO] running `Command { std: "docker" "inspect" "f084f4aca48a2d2d41e08841a7e4dcc5714555d660125536d223a2c6297c9d18", kill_on_drop: false }`
[INFO] running `Command { std: "docker" "exec" "-e" "SOURCE_DIR=/opt/rustwide/workdir" "-e" "CARGO_HOME=/opt/rustwide/cargo-home" "-e" "RUSTUP_HOME=/opt/rustwide/rustup-home" "-e" "CARGO_TARGET_DIR=/opt/rustwide/target" "-e" "CARGO_INCREMENTAL=0" "-e" "RUST_BACKTRACE=full" "-e" "RUSTFLAGS=--cap-lints=warn" "-e" "RUSTDOCFLAGS=--cap-lints=warn" "-w" "/opt/rustwide/workdir" "--user" "0:0" "f084f4aca48a2d2d41e08841a7e4dcc5714555d660125536d223a2c6297c9d18" "/opt/rustwide/cargo-home/bin/cargo" "+1.99.0-beta.8" "test" "--frozen" "--no-run" "--message-format=json" "--release", kill_on_drop: false }`
[INFO] [stderr]    Compiling bitflags v2.13.0
[INFO] [stderr]    Compiling rusqlite v0.40.1
[INFO] [stderr]    Compiling rustix v1.1.4
[INFO] [stderr]    Compiling kindling-store v0.3.0
[INFO] [stderr]    Compiling kindling-provider v0.3.0 (/opt/rustwide/workdir)
[INFO] [stderr]    Compiling tempfile v3.27.0
[INFO] [stderr]     Finished `release` profile [optimized] target(s) in 11.52s
[INFO] running `Command { std: "docker" "inspect" "f084f4aca48a2d2d41e08841a7e4dcc5714555d660125536d223a2c6297c9d18", kill_on_drop: false }`
[INFO] running `Command { std: "docker" "exec" "-e" "SOURCE_DIR=/opt/rustwide/workdir" "-e" "CARGO_HOME=/opt/rustwide/cargo-home" "-e" "RUSTUP_HOME=/opt/rustwide/rustup-home" "-e" "CARGO_TARGET_DIR=/opt/rustwide/target" "-e" "CARGO_INCREMENTAL=0" "-e" "RUST_BACKTRACE=full" "-e" "RUSTFLAGS=--cap-lints=warn" "-e" "RUSTDOCFLAGS=--cap-lints=warn" "-w" "/opt/rustwide/workdir" "--user" "0:0" "f084f4aca48a2d2d41e08841a7e4dcc5714555d660125536d223a2c6297c9d18" "/opt/rustwide/cargo-home/bin/cargo" "+1.99.0-beta.8" "test" "--frozen" "--release", kill_on_drop: false }`
[INFO] [stderr]     Finished `release` profile [optimized] target(s) in 0.08s
[INFO] [stderr]      Running unittests src/lib.rs (/opt/rustwide/target/release/deps/kindling_provider-86bdbd34a7a05ad7)
[INFO] [stdout] 
[INFO] [stderr]      Running tests/provider_integration.rs (/opt/rustwide/target/release/deps/provider_integration-d929c19ce7e9427a)
[INFO] [stdout] running 0 tests
[INFO] [stdout] 
[INFO] [stdout] test result: ok. 0 passed; 0 failed; 0 ignored; 0 measured; 0 filtered out; finished in 0.00s
[INFO] [stdout] 
[INFO] [stdout] 
[INFO] [stdout] running 24 tests
[INFO] [stdout] test has_correct_provider_name ... ok
[INFO] [stdout] test finds_summaries_matching_query ... ok
[INFO] [stdout] test excludes_specified_ids ... ok
[INFO] [stdout] test filters_by_multiple_scope_dimensions_with_and_semantics ... ok
[INFO] [stdout] test match_context_rounds_down_at_surrogate_pair_boundary ... ok
[INFO] [stdout] test filters_by_repo_id ... ok
[INFO] [stdout] test ranks_better_matches_higher ... ok
[INFO] [stdout] test filters_by_session_id ... ok
[INFO] [stdout] test finds_observations_matching_query ... ok
[INFO] [stdout] test finds_both_observations_and_summaries ... ok
[INFO] [stdout] test provides_match_context_for_short_content ... ok
[INFO] [stdout] test handles_adversarial_sql_metacharacters_in_scope_values ... ok
[INFO] [stdout] test excludes_redacted_observations_by_default ... ok
[INFO] [stdout] test redacted_observations_are_not_in_fts_index ... ok
[INFO] [stdout] test malformed_queries_return_empty_results ... ok
[INFO] [stdout] test sorts_results_by_score_descending ... ok
[INFO] [stdout] test respects_max_results ... ok
[INFO] [stdout] test returns_empty_for_no_matches ... ok
[INFO] [stdout] test truncates_match_context_for_long_content ... ok
[INFO] [stdout] test returns_all_results_when_no_scope_specified ... ok
[INFO] [stdout] test scores_are_between_0_and_1 ... ok
[INFO] [stdout] test returns_same_results_for_same_query ... ok
[INFO] [stdout] test defaults_to_50_max_results ... ok
[INFO] [stdout] test weights_recent_observations_higher ... ok
[INFO] [stdout] 
[INFO] [stdout] test result: ok. 24 passed; 0 failed; 0 ignored; 0 measured; 0 filtered out; finished in 0.14s
[INFO] [stdout] 
[INFO] [stderr]      Running tests/retrieve_integration.rs (/opt/rustwide/target/release/deps/retrieve_integration-8999146a5e34afc7)
[INFO] [stdout] 
[INFO] [stdout] running 11 tests
[INFO] [stdout] test includes_provider_candidates ... ok
[INFO] [stdout] test includes_current_session_summary ... ok
[INFO] [stdout] test excludes_current_summary_from_candidates ... ok
[INFO] [stdout] test excludes_pinned_ids_from_candidates ... ok
[INFO] [stdout] test returns_empty_result_when_no_data_exists ... ok
[INFO] [stdout] test includes_active_pins_with_resolved_targets ... ok
[INFO] [stdout] test excludes_expired_pins ... ok
[INFO] [stdout] test end_to_end_with_local_fts_provider ... ok
[INFO] [stdout] test respects_max_candidates_limit ... ok
[INFO] [stdout] test includes_redacted_pins_when_requested ... ok
[INFO] [stdout] test excludes_redacted_pins_by_default ... ok
[INFO] [stdout] 
[INFO] [stdout] test result: ok. 11 passed; 0 failed; 0 ignored; 0 measured; 0 filtered out; finished in 0.04s
[INFO] [stdout] 
[INFO] [stderr]      Running tests/ts_parity.rs (/opt/rustwide/target/release/deps/ts_parity-8bc667347428c21f)
[INFO] [stdout] 
[INFO] [stdout] running 2 tests
[INFO] [stdout] test retrieve_results_match_ts_orchestrator ... FAILED
[INFO] [stdout] test search_results_match_ts_provider ... FAILED
[INFO] [stdout] 
[INFO] [stdout] failures:
[INFO] [stdout] 
[INFO] [stdout] ---- retrieve_results_match_ts_orchestrator stdout ----
[INFO] [stdout] 
[INFO] [stdout] thread 'retrieve_results_match_ts_orchestrator' (745) panicked at tests/ts_parity.rs:30:6:
[INFO] [stdout] fixture database should open read-only: Sqlite(SqliteFailure(Error { code: CannotOpen, extended_code: 14 }, Some("unable to open database file")))
[INFO] [stdout] stack backtrace:
[INFO] [stdout]    0:     0x643405d55e81 - <<std[70759c8f55707aa4]::sys::backtrace::BacktraceLock>::print::DisplayBacktrace as core[df12db4294e9bfd3]::fmt::Display>::fmt
[INFO] [stdout]    1:     0x643405d6c01a - core[df12db4294e9bfd3]::fmt::write
[INFO] [stdout]    2:     0x643405d5a31c - <alloc[2182bb758b4b3781]::vec::Vec<u8> as core[df12db4294e9bfd3]::io::write::Write>::write_fmt
[INFO] [stdout]    3:     0x643405d31646 - std[70759c8f55707aa4]::panicking::default_hook::{closure#0}
[INFO] [stdout]    4:     0x643405d4e279 - std[70759c8f55707aa4]::panicking::default_hook
[INFO] [stdout]    5:     0x643405b14940 - test[9d35eded1c95d3be]::test_main_inner::<test[9d35eded1c95d3be]::test_main_static::{closure#0}>::{closure#0}
[INFO] [stdout]    6:     0x643405d4e432 - std[70759c8f55707aa4]::panicking::panic_with_hook
[INFO] [stdout]    7:     0x643405d316f2 - std[70759c8f55707aa4]::panicking::panic_handler::{closure#0}
[INFO] [stdout]    8:     0x643405d2a1c9 - std[70759c8f55707aa4]::sys::backtrace::__rust_end_short_backtrace::<std[70759c8f55707aa4]::panicking::panic_handler::{closure#0}, !>
[INFO] [stdout]    9:     0x643405d322ed - __rustc[8fa7c3cbc660c2b3]::rust_begin_unwind
[INFO] [stdout]   10:     0x643405d6c77c - core[df12db4294e9bfd3]::panicking::panic_fmt
[INFO] [stdout]   11:     0x643405d6c552 - core[df12db4294e9bfd3]::result::unwrap_failed
[INFO] [stdout]   12:     0x643405af3dc9 - ts_parity[537caca79d34ace]::load_fixture
[INFO] [stdout]   13:     0x643405af5473 - <ts_parity[537caca79d34ace]::retrieve_results_match_ts_orchestrator::{closure#0} as core[df12db4294e9bfd3]::ops::function::FnOnce<()>>::call_once
[INFO] [stdout]   14:     0x643405b07c2b - test[9d35eded1c95d3be]::__rust_begin_short_backtrace::<core[df12db4294e9bfd3]::result::Result<(), alloc[2182bb758b4b3781]::string::String>, fn() -> core[df12db4294e9bfd3]::result::Result<(), alloc[2182bb758b4b3781]::string::String>>
[INFO] [stdout]   15:     0x643405b15295 - test[9d35eded1c95d3be]::run_test::{closure#0}
[INFO] [stdout]   16:     0x643405b0eb54 - std[70759c8f55707aa4]::sys::backtrace::__rust_begin_short_backtrace::<test[9d35eded1c95d3be]::run_test::{closure#1}, ()>
[INFO] [stdout]   17:     0x643405b183f2 - <std[70759c8f55707aa4]::thread::lifecycle::spawn_unchecked<test[9d35eded1c95d3be]::run_test::{closure#1}, ()>::{closure#1} as core[df12db4294e9bfd3]::ops::function::FnOnce<()>>::call_once::{shim:vtable#0}
[INFO] [stdout]   18:     0x643405d553e9 - <std[70759c8f55707aa4]::sys::thread::unix::Thread>::new::thread_start
[INFO] [stdout]   19:     0x7096c4a71dfa - <unknown>
[INFO] [stdout]   20:     0x7096c4b053d4 - clone
[INFO] [stdout]   21:                0x0 - <unknown>
[INFO] [stdout] 
[INFO] [stdout] ---- search_results_match_ts_provider stdout ----
[INFO] [stdout] 
[INFO] [stdout] thread 'search_results_match_ts_provider' (746) panicked at tests/ts_parity.rs:30:6:
[INFO] [stdout] fixture database should open read-only: Sqlite(SqliteFailure(Error { code: CannotOpen, extended_code: 14 }, Some("unable to open database file")))
[INFO] [stdout] stack backtrace:
[INFO] [stdout]    0:     0x643405d55e81 - <<std[70759c8f55707aa4]::sys::backtrace::BacktraceLock>::print::DisplayBacktrace as core[df12db4294e9bfd3]::fmt::Display>::fmt
[INFO] [stdout]    1:     0x643405d6c01a - core[df12db4294e9bfd3]::fmt::write
[INFO] [stdout]    2:     0x643405d5a31c - <alloc[2182bb758b4b3781]::vec::Vec<u8> as core[df12db4294e9bfd3]::io::write::Write>::write_fmt
[INFO] [stdout]    3:     0x643405d31646 - std[70759c8f55707aa4]::panicking::default_hook::{closure#0}
[INFO] [stdout]    4:     0x643405d4e279 - std[70759c8f55707aa4]::panicking::default_hook
[INFO] [stdout]    5:     0x643405b14940 - test[9d35eded1c95d3be]::test_main_inner::<test[9d35eded1c95d3be]::test_main_static::{closure#0}>::{closure#0}
[INFO] [stdout]    6:     0x643405d4e432 - std[70759c8f55707aa4]::panicking::panic_with_hook
[INFO] [stdout]    7:     0x643405d316f2 - std[70759c8f55707aa4]::panicking::panic_handler::{closure#0}
[INFO] [stdout]    8:     0x643405d2a1c9 - std[70759c8f55707aa4]::sys::backtrace::__rust_end_short_backtrace::<std[70759c8f55707aa4]::panicking::panic_handler::{closure#0}, !>
[INFO] [stdout]    9:     0x643405d322ed - __rustc[8fa7c3cbc660c2b3]::rust_begin_unwind
[INFO] [stdout]   10:     0x643405d6c77c - core[df12db4294e9bfd3]::panicking::panic_fmt
[INFO] [stdout]   11:     0x643405d6c552 - core[df12db4294e9bfd3]::result::unwrap_failed
[INFO] [stdout]   12:     0x643405af3dc9 - ts_parity[537caca79d34ace]::load_fixture
[INFO] [stdout]   13:     0x643405af4b56 - <ts_parity[537caca79d34ace]::search_results_match_ts_provider::{closure#0} as core[df12db4294e9bfd3]::ops::function::FnOnce<()>>::call_once
[INFO] [stdout]   14:     0x643405b07c2b - test[9d35eded1c95d3be]::__rust_begin_short_backtrace::<core[df12db4294e9bfd3]::result::Result<(), alloc[2182bb758b4b3781]::string::String>, fn() -> core[df12db4294e9bfd3]::result::Result<(), alloc[2182bb758b4b3781]::string::String>>
[INFO] [stdout]   15:     0x643405b15295 - test[9d35eded1c95d3be]::run_test::{closure#0}
[INFO] [stdout]   16:     0x643405b0eb54 - std[70759c8f55707aa4]::sys::backtrace::__rust_begin_short_backtrace::<test[9d35eded1c95d3be]::run_test::{closure#1}, ()>
[INFO] [stdout]   17:     0x643405b183f2 - <std[70759c8f55707aa4]::thread::lifecycle::spawn_unchecked<test[9d35eded1c95d3be]::run_test::{closure#1}, ()>::{closure#1} as core[df12db4294e9bfd3]::ops::function::FnOnce<()>>::call_once::{shim:vtable#0}
[INFO] [stdout]   18:     0x643405d553e9 - <std[70759c8f55707aa4]::sys::thread::unix::Thread>::new::thread_start
[INFO] [stdout]   19:     0x7096c4a71dfa - <unknown>
[INFO] [stdout]   20:     0x7096c4b053d4 - clone
[INFO] [stdout]   21:                0x0 - <unknown>
[INFO] [stdout] 
[INFO] [stdout] 
[INFO] [stdout] failures:
[INFO] [stdout]     retrieve_results_match_ts_orchestrator
[INFO] [stdout]     search_results_match_ts_provider
[INFO] [stdout] 
[INFO] [stdout] test result: FAILED. 0 passed; 2 failed; 0 ignored; 0 measured; 0 filtered out; finished in 0.00s
[INFO] [stdout] 
[INFO] [stderr] error: test failed, to rerun pass `--test ts_parity`
[INFO] running `Command { std: "docker" "inspect" "f084f4aca48a2d2d41e08841a7e4dcc5714555d660125536d223a2c6297c9d18", kill_on_drop: false }`
[INFO] running `Command { std: "docker" "rm" "-f" "f084f4aca48a2d2d41e08841a7e4dcc5714555d660125536d223a2c6297c9d18", kill_on_drop: false }`
[INFO] [stdout] f084f4aca48a2d2d41e08841a7e4dcc5714555d660125536d223a2c6297c9d18
