[INFO] fetching crate kg 0.0.5...
[INFO] testing kg-0.0.5 against 1.100.0-beta.1+cargoflags=--release for beta-release-1.100-2
[INFO] extracting crate kg 0.0.5 into /workspace/builds/worker-0-tc2/source
[INFO] started tweaking crates.io crate kg 0.0.5
[INFO] finished tweaking crates.io crate kg 0.0.5
[INFO] tweaked toml for crates.io crate kg 0.0.5 written to /workspace/builds/worker-0-tc2/source/Cargo.toml
[INFO] validating manifest of crates.io crate kg 0.0.5 on toolchain 1.100.0-beta.1
[INFO] running `Command { std: CARGO_HOME="/workspace/cargo-home" RUSTUP_HOME="/workspace/rustup-home" "/workspace/cargo-home/bin/cargo" "+1.100.0-beta.1" "metadata" "--manifest-path" "Cargo.toml" "--no-deps", kill_on_drop: false }`
[INFO] running `Command { std: CARGO_HOME="/workspace/cargo-home" RUSTUP_HOME="/workspace/rustup-home" "/workspace/cargo-home/bin/cargo" "+1.100.0-beta.1" "generate-lockfile" "--manifest-path" "Cargo.toml", kill_on_drop: false }`
[INFO] [stderr]     Updating crates.io index
[INFO] [stderr]      Locking 76 packages to highest compatible versions
[INFO] [stderr]       Adding clap v2.34.0 (available: v4.6.7)
[INFO] [stderr]       Adding comrak v0.2.14 (available: v0.56.0)
[INFO] [stderr]       Adding config v0.9.3 (available: v0.15.27)
[INFO] [stderr]       Adding handlebars v0.32.4 (available: v6.4.4)
[INFO] [stderr]       Adding nya v0.6.0 (available: v1.0.0)
[INFO] running `Command { std: CARGO_HOME="/workspace/cargo-home" RUSTUP_HOME="/workspace/rustup-home" "/workspace/cargo-home/bin/cargo" "+1.100.0-beta.1" "fetch" "--manifest-path" "Cargo.toml", kill_on_drop: false }`
[INFO] [stderr] warning: Cargo.toml: `package.edition` is unspecified, defaulting to `2015` while the latest is `2024`
[INFO] [stderr] warning: `kg` (manifest) generated 1 warning
[INFO] running `Command { std: "docker" "create" "-v" "/var/lib/crater-agent-workspace/builds/worker-0-tc2/source:/opt/rustwide/workdir:ro,Z" "-v" "/var/lib/crater-agent-workspace/builds/worker-0-tc2/target:/opt/rustwide/target:rw,Z" "-v" "/var/lib/crater-agent-workspace/cargo-home:/opt/rustwide/cargo-home:ro,Z" "-v" "/var/lib/crater-agent-workspace/rustup-home:/opt/rustwide/rustup-home:ro,Z" "-m" "1610612736" "--network" "none" "ghcr.io/rust-lang/crates-build-env/linux@sha256:77db811e55d90add9212f6832c23229e3de5f1c1f9905e8cb07319ea15df73ac" "sleep" "infinity", kill_on_drop: false }`
[INFO] [stdout] 96256a35bccd807ee87003fafaba3694743e3ad00345e158ca86e5263d36e532
[INFO] running `Command { std: "docker" "start" "96256a35bccd807ee87003fafaba3694743e3ad00345e158ca86e5263d36e532", kill_on_drop: false }`
[INFO] running `Command { std: "docker" "inspect" "96256a35bccd807ee87003fafaba3694743e3ad00345e158ca86e5263d36e532", kill_on_drop: false }`
[INFO] running `Command { std: "docker" "exec" "-e" "SOURCE_DIR=/opt/rustwide/workdir" "-e" "CARGO_HOME=/opt/rustwide/cargo-home" "-e" "RUSTUP_HOME=/opt/rustwide/rustup-home" "-e" "CARGO_TARGET_DIR=/opt/rustwide/target" "-w" "/opt/rustwide/workdir" "--user" "0:0" "96256a35bccd807ee87003fafaba3694743e3ad00345e158ca86e5263d36e532" "/opt/rustwide/cargo-home/bin/cargo" "+1.100.0-beta.1" "metadata" "--no-deps" "--format-version=1", kill_on_drop: false }`
[INFO] running `Command { std: "docker" "inspect" "96256a35bccd807ee87003fafaba3694743e3ad00345e158ca86e5263d36e532", kill_on_drop: false }`
[INFO] running `Command { std: "docker" "exec" "-e" "SOURCE_DIR=/opt/rustwide/workdir" "-e" "CARGO_HOME=/opt/rustwide/cargo-home" "-e" "RUSTUP_HOME=/opt/rustwide/rustup-home" "-e" "CARGO_TARGET_DIR=/opt/rustwide/target" "-e" "CARGO_INCREMENTAL=0" "-e" "RUST_BACKTRACE=full" "-e" "RUSTFLAGS=--cap-lints=warn" "-e" "RUSTDOCFLAGS=--cap-lints=warn" "-w" "/opt/rustwide/workdir" "--user" "0:0" "96256a35bccd807ee87003fafaba3694743e3ad00345e158ca86e5263d36e532" "/opt/rustwide/cargo-home/bin/cargo" "+1.100.0-beta.1" "build" "--frozen" "--message-format=json" "--release", kill_on_drop: false }`
[INFO] [stderr] warning: Cargo.toml: `package.edition` is unspecified, defaulting to `2015` while the latest is `2024`
[INFO] [stderr] warning: `kg` (manifest) generated 1 warning
[INFO] [stderr]    Compiling aho-corasick v1.1.5
[INFO] [stderr]    Compiling unicode-xid v0.0.4
[INFO] [stderr]    Compiling libc v0.2.191
[INFO] [stderr]    Compiling version_check v0.1.5
[INFO] [stderr]    Compiling quote v0.3.15
[INFO] [stderr]    Compiling pest v1.0.6
[INFO] [stderr]    Compiling unicode-width v0.1.14
[INFO] [stderr]    Compiling serde_json v1.0.154
[INFO] [stderr]    Compiling serde v1.0.229
[INFO] [stderr]    Compiling bstr v1.13.1
[INFO] [stderr]    Compiling vec_map v0.8.2
[INFO] [stderr]    Compiling ansi_term v0.12.1
[INFO] [stderr]    Compiling strsim v0.8.0
[INFO] [stderr]    Compiling syn v3.0.9
[INFO] [stderr]    Compiling twoway v0.1.8
[INFO] [stderr]    Compiling synom v0.11.3
[INFO] [stderr]    Compiling entities v1.0.1
[INFO] [stderr]    Compiling linked-hash-map v0.5.6
[INFO] [stderr]    Compiling syn v0.11.11
[INFO] [stderr]    Compiling typed-arena v1.7.0
[INFO] [stderr]    Compiling quick-error v1.2.3
[INFO] [stderr]    Compiling nom v4.2.3
[INFO] [stderr]    Compiling textwrap v0.11.0
[INFO] [stderr]    Compiling yaml-rust v0.4.5
[INFO] [stderr]    Compiling toml v0.4.10
[INFO] [stderr]    Compiling pest_derive v1.0.8
[INFO] [stderr]    Compiling regex-automata v0.4.18
[INFO] [stderr]    Compiling atty v0.2.14
[INFO] [stderr]    Compiling clap v2.34.0
[INFO] [stderr]    Compiling config v0.9.3
[INFO] [stderr]    Compiling serde_derive v1.0.229
[INFO] [stderr]    Compiling regex v1.13.1
[INFO] [stderr]    Compiling globset v0.4.20
[INFO] [stderr]    Compiling handlebars v0.32.4
[INFO] [stderr]    Compiling comrak v0.2.14
[INFO] [stderr]    Compiling nya v0.6.0
[INFO] [stderr]    Compiling kg v0.0.5 (/opt/rustwide/workdir)
[INFO] [stderr] warning: unused dependency `serde_derive`
[INFO] [stderr]   --> Cargo.toml:25:15
[INFO] [stderr]    |
[INFO] [stderr] 25 | [dependencies.serde_derive]
[INFO] [stderr]    |               ^^^^^^^^^^^^^
[INFO] [stderr]    |
[INFO] [stderr]    = note: `cargo::unused_dependencies` is set to `warn` by default
[INFO] [stderr] help: consider removing the dependency on `serde_derive`
[INFO] [stderr] warning: `kg` (manifest) generated 1 warning
[INFO] [stderr]     Finished `release` profile [optimized] target(s) in 56.67s
[INFO] [stderr] warning: the following packages contain code that will be rejected by a future version of Rust: config v0.9.3, nom v4.2.3, syn v0.11.11
[INFO] [stderr] note: to see what the problems were, use the option `--future-incompat-report`, or run `cargo report future-incompatibilities --id 2`
[INFO] running `Command { std: "docker" "inspect" "96256a35bccd807ee87003fafaba3694743e3ad00345e158ca86e5263d36e532", kill_on_drop: false }`
[INFO] running `Command { std: "docker" "exec" "-e" "SOURCE_DIR=/opt/rustwide/workdir" "-e" "CARGO_HOME=/opt/rustwide/cargo-home" "-e" "RUSTUP_HOME=/opt/rustwide/rustup-home" "-e" "CARGO_TARGET_DIR=/opt/rustwide/target" "-e" "CARGO_INCREMENTAL=0" "-e" "RUST_BACKTRACE=full" "-e" "RUSTFLAGS=--cap-lints=warn" "-e" "RUSTDOCFLAGS=--cap-lints=warn" "-w" "/opt/rustwide/workdir" "--user" "0:0" "96256a35bccd807ee87003fafaba3694743e3ad00345e158ca86e5263d36e532" "/opt/rustwide/cargo-home/bin/cargo" "+1.100.0-beta.1" "test" "--frozen" "--no-run" "--message-format=json" "--release", kill_on_drop: false }`
[INFO] [stderr] warning: Cargo.toml: `package.edition` is unspecified, defaulting to `2015` while the latest is `2024`
[INFO] [stderr] warning: `kg` (manifest) generated 1 warning
[INFO] [stderr]    Compiling syn v1.0.109
[INFO] [stderr]    Compiling failure_derive v0.1.8
[INFO] [stderr]    Compiling object v0.37.3
[INFO] [stderr]    Compiling is-terminal v0.4.17
[INFO] [stderr]    Compiling environment v0.1.1
[INFO] [stderr]    Compiling difference v2.0.0
[INFO] [stderr]    Compiling colored v1.9.4
[INFO] [stderr]    Compiling synstructure v0.12.6
[INFO] [stderr]    Compiling backtrace v0.3.76
[INFO] [stderr]    Compiling failure v0.1.8
[INFO] [stderr]    Compiling assert_cli v0.6.3
[INFO] [stderr]    Compiling kg v0.0.5 (/opt/rustwide/workdir)
[INFO] [stderr]     Finished `release` profile [optimized] target(s) in 12.62s
[INFO] [stderr] warning: the following packages contain code that will be rejected by a future version of Rust: config v0.9.3, nom v4.2.3, syn v0.11.11
[INFO] [stderr] note: to see what the problems were, use the option `--future-incompat-report`, or run `cargo report future-incompatibilities --id 2`
[INFO] running `Command { std: "docker" "inspect" "96256a35bccd807ee87003fafaba3694743e3ad00345e158ca86e5263d36e532", kill_on_drop: false }`
[INFO] running `Command { std: "docker" "exec" "-e" "SOURCE_DIR=/opt/rustwide/workdir" "-e" "CARGO_HOME=/opt/rustwide/cargo-home" "-e" "RUSTUP_HOME=/opt/rustwide/rustup-home" "-e" "CARGO_TARGET_DIR=/opt/rustwide/target" "-e" "CARGO_INCREMENTAL=0" "-e" "RUST_BACKTRACE=full" "-e" "RUSTFLAGS=--cap-lints=warn" "-e" "RUSTDOCFLAGS=--cap-lints=warn" "-w" "/opt/rustwide/workdir" "--user" "0:0" "96256a35bccd807ee87003fafaba3694743e3ad00345e158ca86e5263d36e532" "/opt/rustwide/cargo-home/bin/cargo" "+1.100.0-beta.1" "test" "--frozen" "--release", kill_on_drop: false }`
[INFO] [stderr] warning: Cargo.toml: `package.edition` is unspecified, defaulting to `2015` while the latest is `2024`
[INFO] [stderr] warning: `kg` (manifest) generated 1 warning
[INFO] [stderr]     Finished `release` profile [optimized] target(s) in 0.10s
[INFO] [stderr] warning: the following packages contain code that will be rejected by a future version of Rust: config v0.9.3, nom v4.2.3, syn v0.11.11
[INFO] [stderr] note: to see what the problems were, use the option `--future-incompat-report`, or run `cargo report future-incompatibilities --id 2`
[INFO] [stderr]      Running unittests src/main.rs (/opt/rustwide/target/release/build/kg/8a5afab1c05aae5d/out/kg-8a5afab1c05aae5d)
[INFO] [stdout] 
[INFO] [stdout] running 2 tests
[INFO] [stdout] test frontmatter::serializer_test ... ok
[INFO] [stdout] test frontmatter::lexer_test ... ok
[INFO] [stdout] 
[INFO] [stdout] test result: ok. 2 passed; 0 failed; 0 ignored; 0 measured; 0 filtered out; finished in 0.00s
[INFO] [stdout] 
[INFO] [stderr]      Running tests/integration_tests.rs (/opt/rustwide/target/release/build/kg/4f3e0897199375b8/out/integration_tests-4f3e0897199375b8)
[INFO] [stdout] 
[INFO] [stdout] running 4 tests
[INFO] [stdout] test markdown ... FAILED
[INFO] [stdout] test basic ... FAILED
[INFO] [stdout] test ignore ... FAILED
[INFO] [stdout] test layouts ... FAILED
[INFO] [stdout] 
[INFO] [stdout] failures:
[INFO] [stdout] 
[INFO] [stdout] ---- markdown stdout ----
[INFO] [stdout] 
[INFO] [stdout] thread 'markdown' (1183) panicked at /opt/rustwide/cargo-home/registry/src/index.crates.io-1949cf8c6b5b557f/assert_cli-0.6.3/src/assert.rs:441:13:
[INFO] [stdout] Assertion failed for `cargo run --release --quiet -- fixtures/markdown`
[INFO] [stdout] with: Unexpected return status: failure
[INFO] [stdout] stdout=```hello!
[INFO] [stdout] []
[INFO] [stdout] ```
[INFO] [stdout] stderr=```warning: unused dependency `serde_derive`
[INFO] [stdout]   --> Cargo.toml:25:15
[INFO] [stdout]    |
[INFO] [stdout] 25 | [dependencies.serde_derive]
[INFO] [stdout]    |               ^^^^^^^^^^^^^
[INFO] [stdout]    |
[INFO] [stdout]    = note: `cargo::unused_dependencies` is set to `warn` by default
[INFO] [stdout] help: consider removing the dependency on `serde_derive`
[INFO] [stdout] 
[INFO] [stdout] thread 'main' (1184) panicked at src/main.rs:62:7:
[INFO] [stdout] called `Result::unwrap()` on an `Err` value: Os { code: 30, kind: ReadOnlyFilesystem, message: "Read-only file system" }
[INFO] [stdout] stack backtrace:
[INFO] [stdout]    0:     0x6468afc54211 - <<std[617be2ca0a6fd877]::sys::backtrace::BacktraceLock>::print::DisplayBacktrace as core[a373ad73a504971]::fmt::Display>::fmt
[INFO] [stdout]    1:     0x6468afc6a19a - core[a373ad73a504971]::fmt::write
[INFO] [stdout]    2:     0x6468afc584ac - <std[617be2ca0a6fd877]::sys::stdio::unix::Stderr as core[a373ad73a504971]::io::write::Write>::write_fmt
[INFO] [stdout]    3:     0x6468afc39036 - std[617be2ca0a6fd877]::panicking::default_hook::{closure#0}
[INFO] [stdout]    4:     0x6468afc4d7f1 - std[617be2ca0a6fd877]::panicking::default_hook
[INFO] [stdout]    5:     0x6468afc4d9ab - std[617be2ca0a6fd877]::panicking::panic_with_hook
[INFO] [stdout]    6:     0x6468afc390e2 - std[617be2ca0a6fd877]::panicking::panic_handler::{closure#0}
[INFO] [stdout]    7:     0x6468afc31e29 - std[617be2ca0a6fd877]::sys::backtrace::__rust_end_short_backtrace::<std[617be2ca0a6fd877]::panicking::panic_handler::{closure#0}, !>
[INFO] [stdout]    8:     0x6468afc39d0d - __rustc[ea4f61d10b84890b]::rust_begin_unwind
[INFO] [stdout]    9:     0x6468afc6a97c - core[a373ad73a504971]::panicking::panic_fmt
[INFO] [stdout]   10:     0x6468afc6a752 - core[a373ad73a504971]::result::unwrap_failed
[INFO] [stdout]   11:     0x6468afa3b570 - kg[805004ec5916a71a]::main
[INFO] [stdout]   12:     0x6468afa336eb - std[617be2ca0a6fd877]::sys::backtrace::__rust_begin_short_backtrace::<fn(), ()>
[INFO] [stdout]   13:     0x6468afa32479 - std[617be2ca0a6fd877]::rt::lang_start::<()>::{closure#0}
[INFO] [stdout]   14:     0x6468afc4cd08 - std[617be2ca0a6fd877]::rt::lang_start_internal
[INFO] [stdout]   15:     0x6468afa3b895 - main
[INFO] [stdout]   16:     0x77241d073601 - <unknown>
[INFO] [stdout]   17:     0x77241d073718 - __libc_start_main
[INFO] [stdout]   18:     0x6468afa1f605 - _start
[INFO] [stdout]   19:                0x0 - <unknown>
[INFO] [stdout] ```
[INFO] [stdout] stack backtrace:
[INFO] [stdout]    0:     0x5cc8536f2121 - <<std[617be2ca0a6fd877]::sys::backtrace::BacktraceLock>::print::DisplayBacktrace as core[a373ad73a504971]::fmt::Display>::fmt
[INFO] [stdout]    1:     0x5cc853706e4a - core[a373ad73a504971]::fmt::write
[INFO] [stdout]    2:     0x5cc8536f66bc - <alloc[2e1b2a31b91974c5]::vec::Vec<u8> as core[a373ad73a504971]::io::write::Write>::write_fmt
[INFO] [stdout]    3:     0x5cc8536cd266 - std[617be2ca0a6fd877]::panicking::default_hook::{closure#0}
[INFO] [stdout]    4:     0x5cc8536ea039 - std[617be2ca0a6fd877]::panicking::default_hook
[INFO] [stdout]    5:     0x5cc853643bf0 - test[aada8e7e76ba119b]::test_main_inner::{closure#0}
[INFO] [stdout]    6:     0x5cc8536ea1f2 - std[617be2ca0a6fd877]::panicking::panic_with_hook
[INFO] [stdout]    7:     0x5cc85367852d - std[617be2ca0a6fd877]::panicking::begin_panic::<alloc[2e1b2a31b91974c5]::string::String>::{closure#0}
[INFO] [stdout]    8:     0x5cc85367824e - std[617be2ca0a6fd877]::sys::backtrace::__rust_end_short_backtrace::<std[617be2ca0a6fd877]::panicking::begin_panic<alloc[2e1b2a31b91974c5]::string::String>::{closure#0}, !>
[INFO] [stdout]    9:     0x5cc853679275 - std[617be2ca0a6fd877]::panicking::begin_panic::<alloc[2e1b2a31b91974c5]::string::String>
[INFO] [stdout]   10:     0x5cc85367f87d - <assert_cli[be8bc862f07ac671]::assert::Assert>::unwrap
[INFO] [stdout]   11:     0x5cc853636f63 - <integration_tests[5708fc536997e529]::markdown::{closure#0} as core[a373ad73a504971]::ops::function::FnOnce<()>>::call_once
[INFO] [stdout]   12:     0x5cc85363703b - test[aada8e7e76ba119b]::__rust_begin_short_backtrace::<core[a373ad73a504971]::result::Result<(), alloc[2e1b2a31b91974c5]::string::String>, fn() -> core[a373ad73a504971]::result::Result<(), alloc[2e1b2a31b91974c5]::string::String>>
[INFO] [stdout]   13:     0x5cc853644215 - test[aada8e7e76ba119b]::run_test::{closure#0}
[INFO] [stdout]   14:     0x5cc85363db04 - std[617be2ca0a6fd877]::sys::backtrace::__rust_begin_short_backtrace::<test[aada8e7e76ba119b]::run_test::{closure#1}, ()>
[INFO] [stdout]   15:     0x5cc8536472a2 - <std[617be2ca0a6fd877]::thread::lifecycle::spawn_unchecked<test[aada8e7e76ba119b]::run_test::{closure#1}, ()>::{closure#1} as core[a373ad73a504971]::ops::function::FnOnce<()>>::call_once::{shim:vtable#0}
[INFO] [stdout]   16:     0x5cc8536f197f - <std[617be2ca0a6fd877]::sys::thread::unix::Thread>::new::thread_start
[INFO] [stdout]   17:     0x78217cf0ddfa - <unknown>
[INFO] [stdout]   18:     0x78217cfa13d4 - clone
[INFO] [stdout]   19:                0x0 - <unknown>
[INFO] [stderr] error: test failed, to rerun pass `--test integration_tests`
[INFO] [stdout] 
[INFO] [stdout] ---- basic stdout ----
[INFO] [stdout] 
[INFO] [stdout] thread 'basic' (1180) panicked at /opt/rustwide/cargo-home/registry/src/index.crates.io-1949cf8c6b5b557f/assert_cli-0.6.3/src/assert.rs:441:13:
[INFO] [stdout] Assertion failed for `cargo run --release --quiet -- fixtures/basic`
[INFO] [stdout] with: Unexpected return status: failure
[INFO] [stdout] stdout=```hello!
[INFO] [stdout] []
[INFO] [stdout] ```
[INFO] [stdout] stderr=```warning: unused dependency `serde_derive`
[INFO] [stdout]   --> Cargo.toml:25:15
[INFO] [stdout]    |
[INFO] [stdout] 25 | [dependencies.serde_derive]
[INFO] [stdout]    |               ^^^^^^^^^^^^^
[INFO] [stdout]    |
[INFO] [stdout]    = note: `cargo::unused_dependencies` is set to `warn` by default
[INFO] [stdout] help: consider removing the dependency on `serde_derive`
[INFO] [stdout] 
[INFO] [stdout] thread 'main' (1186) panicked at src/main.rs:62:7:
[INFO] [stdout] called `Result::unwrap()` on an `Err` value: Os { code: 30, kind: ReadOnlyFilesystem, message: "Read-only file system" }
[INFO] [stdout] stack backtrace:
[INFO] [stdout]    0:     0x609f59433211 - <<std[617be2ca0a6fd877]::sys::backtrace::BacktraceLock>::print::DisplayBacktrace as core[a373ad73a504971]::fmt::Display>::fmt
[INFO] [stdout]    1:     0x609f5944919a - core[a373ad73a504971]::fmt::write
[INFO] [stdout]    2:     0x609f594374ac - <std[617be2ca0a6fd877]::sys::stdio::unix::Stderr as core[a373ad73a504971]::io::write::Write>::write_fmt
[INFO] [stdout]    3:     0x609f59418036 - std[617be2ca0a6fd877]::panicking::default_hook::{closure#0}
[INFO] [stdout]    4:     0x609f5942c7f1 - std[617be2ca0a6fd877]::panicking::default_hook
[INFO] [stdout]    5:     0x609f5942c9ab - std[617be2ca0a6fd877]::panicking::panic_with_hook
[INFO] [stdout]    6:     0x609f594180e2 - std[617be2ca0a6fd877]::panicking::panic_handler::{closure#0}
[INFO] [stdout]    7:     0x609f59410e29 - std[617be2ca0a6fd877]::sys::backtrace::__rust_end_short_backtrace::<std[617be2ca0a6fd877]::panicking::panic_handler::{closure#0}, !>
[INFO] [stdout]    8:     0x609f59418d0d - __rustc[ea4f61d10b84890b]::rust_begin_unwind
[INFO] [stdout]    9:     0x609f5944997c - core[a373ad73a504971]::panicking::panic_fmt
[INFO] [stdout]   10:     0x609f59449752 - core[a373ad73a504971]::result::unwrap_failed
[INFO] [stdout]   11:     0x609f5921a570 - kg[805004ec5916a71a]::main
[INFO] [stdout]   12:     0x609f592126eb - std[617be2ca0a6fd877]::sys::backtrace::__rust_begin_short_backtrace::<fn(), ()>
[INFO] [stdout]   13:     0x609f59211479 - std[617be2ca0a6fd877]::rt::lang_start::<()>::{closure#0}
[INFO] [stdout]   14:     0x609f5942bd08 - std[617be2ca0a6fd877]::rt::lang_start_internal
[INFO] [stdout]   15:     0x609f5921a895 - main
[INFO] [stdout]   16:     0x7701931cf601 - <unknown>
[INFO] [stdout]   17:     0x7701931cf718 - __libc_start_main
[INFO] [stdout]   18:     0x609f591fe605 - _start
[INFO] [stdout]   19:                0x0 - <unknown>
[INFO] [stdout] ```
[INFO] [stdout] stack backtrace:
[INFO] [stdout]    0:     0x5cc8536f2121 - <<std[617be2ca0a6fd877]::sys::backtrace::BacktraceLock>::print::DisplayBacktrace as core[a373ad73a504971]::fmt::Display>::fmt
[INFO] [stdout]    1:     0x5cc853706e4a - core[a373ad73a504971]::fmt::write
[INFO] [stdout]    2:     0x5cc8536f66bc - <alloc[2e1b2a31b91974c5]::vec::Vec<u8> as core[a373ad73a504971]::io::write::Write>::write_fmt
[INFO] [stdout]    3:     0x5cc8536cd266 - std[617be2ca0a6fd877]::panicking::default_hook::{closure#0}
[INFO] [stdout]    4:     0x5cc8536ea039 - std[617be2ca0a6fd877]::panicking::default_hook
[INFO] [stdout]    5:     0x5cc853643bf0 - test[aada8e7e76ba119b]::test_main_inner::{closure#0}
[INFO] [stdout]    6:     0x5cc8536ea1f2 - std[617be2ca0a6fd877]::panicking::panic_with_hook
[INFO] [stdout]    7:     0x5cc85367852d - std[617be2ca0a6fd877]::panicking::begin_panic::<alloc[2e1b2a31b91974c5]::string::String>::{closure#0}
[INFO] [stdout]    8:     0x5cc85367824e - std[617be2ca0a6fd877]::sys::backtrace::__rust_end_short_backtrace::<std[617be2ca0a6fd877]::panicking::begin_panic<alloc[2e1b2a31b91974c5]::string::String>::{closure#0}, !>
[INFO] [stdout]    9:     0x5cc853679275 - std[617be2ca0a6fd877]::panicking::begin_panic::<alloc[2e1b2a31b91974c5]::string::String>
[INFO] [stdout]   10:     0x5cc85367f87d - <assert_cli[be8bc862f07ac671]::assert::Assert>::unwrap
[INFO] [stdout]   11:     0x5cc853636bc3 - <integration_tests[5708fc536997e529]::basic::{closure#0} as core[a373ad73a504971]::ops::function::FnOnce<()>>::call_once
[INFO] [stdout]   12:     0x5cc85363703b - test[aada8e7e76ba119b]::__rust_begin_short_backtrace::<core[a373ad73a504971]::result::Result<(), alloc[2e1b2a31b91974c5]::string::String>, fn() -> core[a373ad73a504971]::result::Result<(), alloc[2e1b2a31b91974c5]::string::String>>
[INFO] [stdout]   13:     0x5cc853644215 - test[aada8e7e76ba119b]::run_test::{closure#0}
[INFO] [stdout]   14:     0x5cc85363db04 - std[617be2ca0a6fd877]::sys::backtrace::__rust_begin_short_backtrace::<test[aada8e7e76ba119b]::run_test::{closure#1}, ()>
[INFO] [stdout]   15:     0x5cc8536472a2 - <std[617be2ca0a6fd877]::thread::lifecycle::spawn_unchecked<test[aada8e7e76ba119b]::run_test::{closure#1}, ()>::{closure#1} as core[a373ad73a504971]::ops::function::FnOnce<()>>::call_once::{shim:vtable#0}
[INFO] [stdout]   16:     0x5cc8536f197f - <std[617be2ca0a6fd877]::sys::thread::unix::Thread>::new::thread_start
[INFO] [stdout]   17:     0x78217cf0ddfa - <unknown>
[INFO] [stdout]   18:     0x78217cfa13d4 - clone
[INFO] [stdout]   19:                0x0 - <unknown>
[INFO] [stdout] 
[INFO] [stdout] ---- ignore stdout ----
[INFO] [stdout] 
[INFO] [stdout] thread 'ignore' (1181) panicked at /opt/rustwide/cargo-home/registry/src/index.crates.io-1949cf8c6b5b557f/assert_cli-0.6.3/src/assert.rs:441:13:
[INFO] [stdout] Assertion failed for `cargo run --release --quiet -- fixtures/ignore`
[INFO] [stdout] with: Unexpected return status: failure
[INFO] [stdout] stdout=```hello!
[INFO] [stdout] [
[INFO] [stdout]     "*/cool.html",
[INFO] [stdout] ]
[INFO] [stdout] ```
[INFO] [stdout] stderr=```warning: unused dependency `serde_derive`
[INFO] [stdout]   --> Cargo.toml:25:15
[INFO] [stdout]    |
[INFO] [stdout] 25 | [dependencies.serde_derive]
[INFO] [stdout]    |               ^^^^^^^^^^^^^
[INFO] [stdout]    |
[INFO] [stdout]    = note: `cargo::unused_dependencies` is set to `warn` by default
[INFO] [stdout] help: consider removing the dependency on `serde_derive`
[INFO] [stdout] 
[INFO] [stdout] thread 'main' (1185) panicked at src/main.rs:62:7:
[INFO] [stdout] called `Result::unwrap()` on an `Err` value: Os { code: 30, kind: ReadOnlyFilesystem, message: "Read-only file system" }
[INFO] [stdout] stack backtrace:
[INFO] [stdout]    0:     0x559470470211 - <<std[617be2ca0a6fd877]::sys::backtrace::BacktraceLock>::print::DisplayBacktrace as core[a373ad73a504971]::fmt::Display>::fmt
[INFO] [stdout]    1:     0x55947048619a - core[a373ad73a504971]::fmt::write
[INFO] [stdout]    2:     0x5594704744ac - <std[617be2ca0a6fd877]::sys::stdio::unix::Stderr as core[a373ad73a504971]::io::write::Write>::write_fmt
[INFO] [stdout]    3:     0x559470455036 - std[617be2ca0a6fd877]::panicking::default_hook::{closure#0}
[INFO] [stdout]    4:     0x5594704697f1 - std[617be2ca0a6fd877]::panicking::default_hook
[INFO] [stdout]    5:     0x5594704699ab - std[617be2ca0a6fd877]::panicking::panic_with_hook
[INFO] [stdout]    6:     0x5594704550e2 - std[617be2ca0a6fd877]::panicking::panic_handler::{closure#0}
[INFO] [stdout]    7:     0x55947044de29 - std[617be2ca0a6fd877]::sys::backtrace::__rust_end_short_backtrace::<std[617be2ca0a6fd877]::panicking::panic_handler::{closure#0}, !>
[INFO] [stdout]    8:     0x559470455d0d - __rustc[ea4f61d10b84890b]::rust_begin_unwind
[INFO] [stdout]    9:     0x55947048697c - core[a373ad73a504971]::panicking::panic_fmt
[INFO] [stdout]   10:     0x559470486752 - core[a373ad73a504971]::result::unwrap_failed
[INFO] [stdout]   11:     0x559470257570 - kg[805004ec5916a71a]::main
[INFO] [stdout]   12:     0x55947024f6eb - std[617be2ca0a6fd877]::sys::backtrace::__rust_begin_short_backtrace::<fn(), ()>
[INFO] [stdout]   13:     0x55947024e479 - std[617be2ca0a6fd877]::rt::lang_start::<()>::{closure#0}
[INFO] [stdout]   14:     0x559470468d08 - std[617be2ca0a6fd877]::rt::lang_start_internal
[INFO] [stdout]   15:     0x559470257895 - main
[INFO] [stdout]   16:     0x7c6da1bdf601 - <unknown>
[INFO] [stdout]   17:     0x7c6da1bdf718 - __libc_start_main
[INFO] [stdout]   18:     0x55947023b605 - _start
[INFO] [stdout]   19:                0x0 - <unknown>
[INFO] [stdout] ```
[INFO] [stdout] stack backtrace:
[INFO] [stdout]    0:     0x5cc8536f2121 - <<std[617be2ca0a6fd877]::sys::backtrace::BacktraceLock>::print::DisplayBacktrace as core[a373ad73a504971]::fmt::Display>::fmt
[INFO] [stdout]    1:     0x5cc853706e4a - core[a373ad73a504971]::fmt::write
[INFO] [stdout]    2:     0x5cc8536f66bc - <alloc[2e1b2a31b91974c5]::vec::Vec<u8> as core[a373ad73a504971]::io::write::Write>::write_fmt
[INFO] [stdout]    3:     0x5cc8536cd266 - std[617be2ca0a6fd877]::panicking::default_hook::{closure#0}
[INFO] [stdout]    4:     0x5cc8536ea039 - std[617be2ca0a6fd877]::panicking::default_hook
[INFO] [stdout]    5:     0x5cc853643bf0 - test[aada8e7e76ba119b]::test_main_inner::{closure#0}
[INFO] [stdout]    6:     0x5cc8536ea1f2 - std[617be2ca0a6fd877]::panicking::panic_with_hook
[INFO] [stdout]    7:     0x5cc85367852d - std[617be2ca0a6fd877]::panicking::begin_panic::<alloc[2e1b2a31b91974c5]::string::String>::{closure#0}
[INFO] [stdout]    8:     0x5cc85367824e - std[617be2ca0a6fd877]::sys::backtrace::__rust_end_short_backtrace::<std[617be2ca0a6fd877]::panicking::begin_panic<alloc[2e1b2a31b91974c5]::string::String>::{closure#0}, !>
[INFO] [stdout]    9:     0x5cc853679275 - std[617be2ca0a6fd877]::panicking::begin_panic::<alloc[2e1b2a31b91974c5]::string::String>
[INFO] [stdout]   10:     0x5cc85367f87d - <assert_cli[be8bc862f07ac671]::assert::Assert>::unwrap
[INFO] [stdout]   11:     0x5cc853636c63 - <integration_tests[5708fc536997e529]::ignore::{closure#0} as core[a373ad73a504971]::ops::function::FnOnce<()>>::call_once
[INFO] [stdout]   12:     0x5cc85363703b - test[aada8e7e76ba119b]::__rust_begin_short_backtrace::<core[a373ad73a504971]::result::Result<(), alloc[2e1b2a31b91974c5]::string::String>, fn() -> core[a373ad73a504971]::result::Result<(), alloc[2e1b2a31b91974c5]::string::String>>
[INFO] [stdout]   13:     0x5cc853644215 - test[aada8e7e76ba119b]::run_test::{closure#0}
[INFO] [stdout]   14:     0x5cc85363db04 - std[617be2ca0a6fd877]::sys::backtrace::__rust_begin_short_backtrace::<test[aada8e7e76ba119b]::run_test::{closure#1}, ()>
[INFO] [stdout]   15:     0x5cc8536472a2 - <std[617be2ca0a6fd877]::thread::lifecycle::spawn_unchecked<test[aada8e7e76ba119b]::run_test::{closure#1}, ()>::{closure#1} as core[a373ad73a504971]::ops::function::FnOnce<()>>::call_once::{shim:vtable#0}
[INFO] [stdout]   16:     0x5cc8536f197f - <std[617be2ca0a6fd877]::sys::thread::unix::Thread>::new::thread_start
[INFO] [stdout]   17:     0x78217cf0ddfa - <unknown>
[INFO] [stdout]   18:     0x78217cfa13d4 - clone
[INFO] [stdout]   19:                0x0 - <unknown>
[INFO] [stdout] 
[INFO] [stdout] ---- layouts stdout ----
[INFO] [stdout] 
[INFO] [stdout] thread 'layouts' (1182) panicked at /opt/rustwide/cargo-home/registry/src/index.crates.io-1949cf8c6b5b557f/assert_cli-0.6.3/src/assert.rs:441:13:
[INFO] [stdout] Assertion failed for `cargo run --release --quiet -- fixtures/layouts`
[INFO] [stdout] with: Unexpected return status: failure
[INFO] [stdout] stdout=```hello!
[INFO] [stdout] []
[INFO] [stdout] ```
[INFO] [stdout] stderr=```warning: unused dependency `serde_derive`
[INFO] [stdout]   --> Cargo.toml:25:15
[INFO] [stdout]    |
[INFO] [stdout] 25 | [dependencies.serde_derive]
[INFO] [stdout]    |               ^^^^^^^^^^^^^
[INFO] [stdout]    |
[INFO] [stdout]    = note: `cargo::unused_dependencies` is set to `warn` by default
[INFO] [stdout] help: consider removing the dependency on `serde_derive`
[INFO] [stdout] 
[INFO] [stdout] thread 'main' (1187) panicked at src/main.rs:62:7:
[INFO] [stdout] called `Result::unwrap()` on an `Err` value: Os { code: 30, kind: ReadOnlyFilesystem, message: "Read-only file system" }
[INFO] [stdout] stack backtrace:
[INFO] [stdout]    0:     0x5d4a93e4c211 - <<std[617be2ca0a6fd877]::sys::backtrace::BacktraceLock>::print::DisplayBacktrace as core[a373ad73a504971]::fmt::Display>::fmt
[INFO] [stdout]    1:     0x5d4a93e6219a - core[a373ad73a504971]::fmt::write
[INFO] [stdout]    2:     0x5d4a93e504ac - <std[617be2ca0a6fd877]::sys::stdio::unix::Stderr as core[a373ad73a504971]::io::write::Write>::write_fmt
[INFO] [stdout]    3:     0x5d4a93e31036 - std[617be2ca0a6fd877]::panicking::default_hook::{closure#0}
[INFO] [stdout]    4:     0x5d4a93e457f1 - std[617be2ca0a6fd877]::panicking::default_hook
[INFO] [stdout]    5:     0x5d4a93e459ab - std[617be2ca0a6fd877]::panicking::panic_with_hook
[INFO] [stdout]    6:     0x5d4a93e310e2 - std[617be2ca0a6fd877]::panicking::panic_handler::{closure#0}
[INFO] [stdout]    7:     0x5d4a93e29e29 - std[617be2ca0a6fd877]::sys::backtrace::__rust_end_short_backtrace::<std[617be2ca0a6fd877]::panicking::panic_handler::{closure#0}, !>
[INFO] [stdout]    8:     0x5d4a93e31d0d - __rustc[ea4f61d10b84890b]::rust_begin_unwind
[INFO] [stdout]    9:     0x5d4a93e6297c - core[a373ad73a504971]::panicking::panic_fmt
[INFO] [stdout]   10:     0x5d4a93e62752 - core[a373ad73a504971]::result::unwrap_failed
[INFO] [stdout]   11:     0x5d4a93c33570 - kg[805004ec5916a71a]::main
[INFO] [stdout]   12:     0x5d4a93c2b6eb - std[617be2ca0a6fd877]::sys::backtrace::__rust_begin_short_backtrace::<fn(), ()>
[INFO] [stdout]   13:     0x5d4a93c2a479 - std[617be2ca0a6fd877]::rt::lang_start::<()>::{closure#0}
[INFO] [stdout]   14:     0x5d4a93e44d08 - std[617be2ca0a6fd877]::rt::lang_start_internal
[INFO] [stdout]   15:     0x5d4a93c33895 - main
[INFO] [stdout]   16:     0x73e7207b2601 - <unknown>
[INFO] [stdout]   17:     0x73e7207b2718 - __libc_start_main
[INFO] [stdout]   18:     0x5d4a93c17605 - _start
[INFO] [stdout]   19:                0x0 - <unknown>
[INFO] [stdout] ```
[INFO] [stdout] stack backtrace:
[INFO] [stdout]    0:     0x5cc8536f2121 - <<std[617be2ca0a6fd877]::sys::backtrace::BacktraceLock>::print::DisplayBacktrace as core[a373ad73a504971]::fmt::Display>::fmt
[INFO] [stdout]    1:     0x5cc853706e4a - core[a373ad73a504971]::fmt::write
[INFO] [stdout]    2:     0x5cc8536f66bc - <alloc[2e1b2a31b91974c5]::vec::Vec<u8> as core[a373ad73a504971]::io::write::Write>::write_fmt
[INFO] [stdout]    3:     0x5cc8536cd266 - std[617be2ca0a6fd877]::panicking::default_hook::{closure#0}
[INFO] [stdout]    4:     0x5cc8536ea039 - std[617be2ca0a6fd877]::panicking::default_hook
[INFO] [stdout]    5:     0x5cc853643bf0 - test[aada8e7e76ba119b]::test_main_inner::{closure#0}
[INFO] [stdout]    6:     0x5cc8536ea1f2 - std[617be2ca0a6fd877]::panicking::panic_with_hook
[INFO] [stdout]    7:     0x5cc85367852d - std[617be2ca0a6fd877]::panicking::begin_panic::<alloc[2e1b2a31b91974c5]::string::String>::{closure#0}
[INFO] [stdout]    8:     0x5cc85367824e - std[617be2ca0a6fd877]::sys::backtrace::__rust_end_short_backtrace::<std[617be2ca0a6fd877]::panicking::begin_panic<alloc[2e1b2a31b91974c5]::string::String>::{closure#0}, !>
[INFO] [stdout]    9:     0x5cc853679275 - std[617be2ca0a6fd877]::panicking::begin_panic::<alloc[2e1b2a31b91974c5]::string::String>
[INFO] [stdout]   10:     0x5cc85367f87d - <assert_cli[be8bc862f07ac671]::assert::Assert>::unwrap
[INFO] [stdout]   11:     0x5cc853636d05 - <integration_tests[5708fc536997e529]::layouts::{closure#0} as core[a373ad73a504971]::ops::function::FnOnce<()>>::call_once
[INFO] [stdout]   12:     0x5cc85363703b - test[aada8e7e76ba119b]::__rust_begin_short_backtrace::<core[a373ad73a504971]::result::Result<(), alloc[2e1b2a31b91974c5]::string::String>, fn() -> core[a373ad73a504971]::result::Result<(), alloc[2e1b2a31b91974c5]::string::String>>
[INFO] [stdout]   13:     0x5cc853644215 - test[aada8e7e76ba119b]::run_test::{closure#0}
[INFO] [stdout]   14:     0x5cc85363db04 - std[617be2ca0a6fd877]::sys::backtrace::__rust_begin_short_backtrace::<test[aada8e7e76ba119b]::run_test::{closure#1}, ()>
[INFO] [stdout]   15:     0x5cc8536472a2 - <std[617be2ca0a6fd877]::thread::lifecycle::spawn_unchecked<test[aada8e7e76ba119b]::run_test::{closure#1}, ()>::{closure#1} as core[a373ad73a504971]::ops::function::FnOnce<()>>::call_once::{shim:vtable#0}
[INFO] [stdout]   16:     0x5cc8536f197f - <std[617be2ca0a6fd877]::sys::thread::unix::Thread>::new::thread_start
[INFO] [stdout]   17:     0x78217cf0ddfa - <unknown>
[INFO] [stdout]   18:     0x78217cfa13d4 - clone
[INFO] [stdout]   19:                0x0 - <unknown>
[INFO] [stdout] 
[INFO] [stdout] 
[INFO] [stdout] failures:
[INFO] [stdout]     basic
[INFO] [stdout]     ignore
[INFO] [stdout]     layouts
[INFO] [stdout]     markdown
[INFO] [stdout] 
[INFO] [stdout] test result: FAILED. 0 passed; 4 failed; 0 ignored; 0 measured; 0 filtered out; finished in 0.39s
[INFO] [stdout] 
[INFO] running `Command { std: "docker" "inspect" "96256a35bccd807ee87003fafaba3694743e3ad00345e158ca86e5263d36e532", kill_on_drop: false }`
[INFO] running `Command { std: "docker" "rm" "-f" "96256a35bccd807ee87003fafaba3694743e3ad00345e158ca86e5263d36e532", kill_on_drop: false }`
[INFO] [stdout] 96256a35bccd807ee87003fafaba3694743e3ad00345e158ca86e5263d36e532
