[INFO] fetching crate keyword-tools 1.0.0...
[INFO] testing keyword-tools-1.0.0 against 1.99.0-beta.8+cargoflags=--release for beta-release-1.100-2
[INFO] extracting crate keyword-tools 1.0.0 into /workspace/builds/worker-5-tc1/source
[INFO] started tweaking crates.io crate keyword-tools 1.0.0
[INFO] finished tweaking crates.io crate keyword-tools 1.0.0
[INFO] tweaked toml for crates.io crate keyword-tools 1.0.0 written to /workspace/builds/worker-5-tc1/source/Cargo.toml
[INFO] validating manifest of crates.io crate keyword-tools 1.0.0 on toolchain 1.99.0-beta.8
[INFO] running `Command { std: CARGO_HOME="/workspace/cargo-home" RUSTUP_HOME="/workspace/rustup-home" "/workspace/cargo-home/bin/cargo" "+1.99.0-beta.8" "metadata" "--manifest-path" "Cargo.toml" "--no-deps", kill_on_drop: false }`
[INFO] crate crates.io crate keyword-tools 1.0.0 already has a lockfile, it will not be regenerated
[INFO] running `Command { std: CARGO_HOME="/workspace/cargo-home" RUSTUP_HOME="/workspace/rustup-home" "/workspace/cargo-home/bin/cargo" "+1.99.0-beta.8" "fetch" "--manifest-path" "Cargo.toml", kill_on_drop: false }`
[INFO] [stderr]     Updating crates.io index
[INFO] [stderr]  Downloading crates ...
[INFO] [stderr]   Downloaded rucrf v0.3.3
[INFO] [stderr]   Downloaded vibrato v0.5.2
[INFO] [stderr]   Downloaded slog v2.8.2
[INFO] [stderr]   Downloaded argmin-observer-slog v0.1.0
[INFO] [stderr]   Downloaded crawdad v0.3.0
[INFO] [stderr]   Downloaded slog-term v2.9.2
[INFO] [stderr]   Downloaded slog-async v2.8.0
[INFO] [stderr]   Downloaded argmin-math v0.4.0
[INFO] [stderr]   Downloaded argmin v0.10.0
[INFO] running `Command { std: "docker" "create" "-v" "/var/lib/crater-agent-workspace/builds/worker-5-tc1/source:/opt/rustwide/workdir:ro,Z" "-v" "/var/lib/crater-agent-workspace/builds/worker-5-tc1/target:/opt/rustwide/target:rw,Z" "-v" "/var/lib/crater-agent-workspace/cargo-home:/opt/rustwide/cargo-home:ro,Z" "-v" "/var/lib/crater-agent-workspace/rustup-home:/opt/rustwide/rustup-home:ro,Z" "-m" "1610612736" "--network" "none" "ghcr.io/rust-lang/crates-build-env/linux@sha256:77db811e55d90add9212f6832c23229e3de5f1c1f9905e8cb07319ea15df73ac" "sleep" "infinity", kill_on_drop: false }`
[INFO] [stdout] 955d847290f50897daf566746b10c8a804904ac901aa8717070db9a8222d5a4b
[INFO] running `Command { std: "docker" "start" "955d847290f50897daf566746b10c8a804904ac901aa8717070db9a8222d5a4b", kill_on_drop: false }`
[INFO] running `Command { std: "docker" "inspect" "955d847290f50897daf566746b10c8a804904ac901aa8717070db9a8222d5a4b", kill_on_drop: false }`
[INFO] running `Command { std: "docker" "exec" "-e" "SOURCE_DIR=/opt/rustwide/workdir" "-e" "CARGO_HOME=/opt/rustwide/cargo-home" "-e" "RUSTUP_HOME=/opt/rustwide/rustup-home" "-e" "CARGO_TARGET_DIR=/opt/rustwide/target" "-w" "/opt/rustwide/workdir" "--user" "0:0" "955d847290f50897daf566746b10c8a804904ac901aa8717070db9a8222d5a4b" "/opt/rustwide/cargo-home/bin/cargo" "+1.99.0-beta.8" "metadata" "--no-deps" "--format-version=1", kill_on_drop: false }`
[INFO] running `Command { std: "docker" "inspect" "955d847290f50897daf566746b10c8a804904ac901aa8717070db9a8222d5a4b", kill_on_drop: false }`
[INFO] running `Command { std: "docker" "exec" "-e" "SOURCE_DIR=/opt/rustwide/workdir" "-e" "CARGO_HOME=/opt/rustwide/cargo-home" "-e" "RUSTUP_HOME=/opt/rustwide/rustup-home" "-e" "CARGO_TARGET_DIR=/opt/rustwide/target" "-e" "CARGO_INCREMENTAL=0" "-e" "RUST_BACKTRACE=full" "-e" "RUSTFLAGS=--cap-lints=warn" "-e" "RUSTDOCFLAGS=--cap-lints=warn" "-w" "/opt/rustwide/workdir" "--user" "0:0" "955d847290f50897daf566746b10c8a804904ac901aa8717070db9a8222d5a4b" "/opt/rustwide/cargo-home/bin/cargo" "+1.99.0-beta.8" "build" "--frozen" "--message-format=json" "--release", kill_on_drop: false }`
[INFO] [stderr]    Compiling parking_lot_core v0.9.12
[INFO] [stderr]    Compiling getrandom v0.2.17
[INFO] [stderr]    Compiling aws-lc-rs v1.18.0
[INFO] [stderr]    Compiling syn v3.0.3
[INFO] [stderr]    Compiling syn v2.0.119
[INFO] [stderr]    Compiling slog v2.8.2
[INFO] [stderr]    Compiling aws-lc-sys v0.44.0
[INFO] [stderr]    Compiling rustls v0.23.43
[INFO] [stderr]    Compiling futures-util v0.3.34
[INFO] [stderr]    Compiling time-macros v0.2.32
[INFO] [stderr]    Compiling num-integer v0.1.47
[INFO] [stderr]    Compiling zstd-sys v2.0.16+zstd.1.5.7
[INFO] [stderr]    Compiling slog-async v2.8.0
[INFO] [stderr]    Compiling chrono v0.4.45
[INFO] [stderr]    Compiling is-terminal v0.4.17
[INFO] [stderr]    Compiling term v1.2.1
[INFO] [stderr]    Compiling take_mut v0.2.2
[INFO] [stderr]    Compiling rustix v1.1.4
[INFO] [stderr]    Compiling lzma-sys v0.1.20
[INFO] [stderr]    Compiling portable-atomic v1.15.0
[INFO] [stderr]    Compiling rand_core v0.6.4
[INFO] [stderr]    Compiling ahash v0.7.8
[INFO] [stderr]    Compiling csv-core v0.1.13
[INFO] [stderr]    Compiling console v0.16.4
[INFO] [stderr]    Compiling hashbrown v0.12.3
[INFO] [stderr]    Compiling parking_lot v0.12.5
[INFO] [stderr]    Compiling rand_chacha v0.3.1
[INFO] [stderr]    Compiling rand_xoshiro v0.6.0
[INFO] [stderr]    Compiling rand v0.8.7
[INFO] [stderr]    Compiling filetime v0.2.29
[INFO] [stderr]    Compiling crawdad v0.3.0
[INFO] [stderr]    Compiling csv v1.4.0
[INFO] [stderr]    Compiling xz2 v0.1.7
[INFO] [stderr]    Compiling serde_json v1.0.151
[INFO] [stderr]    Compiling async-once-cell v0.5.4
[INFO] [stderr]    Compiling time v0.3.55
[INFO] [stderr]    Compiling indicatif v0.18.6
[INFO] [stderr]    Compiling synstructure v0.13.2
[INFO] [stderr]    Compiling xattr v1.6.1
[INFO] [stderr]    Compiling tar v0.4.46
[INFO] [stderr]    Compiling zerofrom-derive v0.1.7
[INFO] [stderr]    Compiling yoke-derive v0.8.2
[INFO] [stderr]    Compiling thiserror-impl v1.0.69
[INFO] [stderr]    Compiling zerofrom v0.1.8
[INFO] [stderr]    Compiling yoke v0.8.3
[INFO] [stderr]    Compiling thiserror v1.0.69
[INFO] [stderr]    Compiling argmin-math v0.4.0
[INFO] [stderr]    Compiling zerovec-derive v0.11.6
[INFO] [stderr]    Compiling displaydoc v0.2.7
[INFO] [stderr]    Compiling tokio-macros v2.7.2
[INFO] [stderr]    Compiling serde_derive v1.0.229
[INFO] [stderr]    Compiling tokio v1.53.1
[INFO] [stderr]    Compiling zerotrie v0.2.5
[INFO] [stderr]    Compiling zerovec v0.11.8
[INFO] [stderr]    Compiling tinystr v0.8.4
[INFO] [stderr]    Compiling icu_locale_core v2.3.0
[INFO] [stderr]    Compiling potential_utf v0.1.6
[INFO] [stderr]    Compiling icu_collections v2.3.0
[INFO] [stderr]    Compiling icu_provider v2.3.1
[INFO] [stderr]    Compiling argmin v0.10.0
[INFO] [stderr]    Compiling icu_normalizer v2.3.0
[INFO] [stderr]    Compiling icu_properties v2.3.0
[INFO] [stderr]    Compiling serde v1.0.229
[INFO] [stderr]    Compiling erased-serde v0.3.31
[INFO] [stderr]    Compiling idna_adapter v1.2.2
[INFO] [stderr]    Compiling idna v1.1.0
[INFO] [stderr]    Compiling url v2.5.8
[INFO] [stderr]    Compiling slog-term v2.9.2
[INFO] [stderr]    Compiling argmin-observer-slog v0.1.0
[INFO] [stderr]    Compiling tokio-util v0.7.19
[INFO] [stderr]    Compiling tower v0.5.3
[INFO] [stderr]    Compiling rucrf v0.3.3
[INFO] [stderr]    Compiling h2 v0.4.18
[INFO] [stderr]    Compiling tokio-stream v0.1.19
[INFO] [stderr]    Compiling vibrato v0.5.2
[INFO] [stderr]    Compiling tower-http v0.6.11
[INFO] [stderr]    Compiling tokio-test v0.4.5
[INFO] [stderr]    Compiling hyper v1.11.0
[INFO] [stderr]    Compiling zstd-safe v7.2.4
[INFO] [stderr]    Compiling zstd v0.13.3
[INFO] [stderr]    Compiling hyper-util v0.1.20
[INFO] [stderr]    Compiling rustls-webpki v0.103.15
[INFO] [stderr]    Compiling tokio-rustls v0.26.4
[INFO] [stderr]    Compiling rustls-platform-verifier v0.7.0
[INFO] [stderr]    Compiling hyper-rustls v0.27.9
[INFO] [stderr]    Compiling reqwest v0.13.4
[INFO] [stderr]    Compiling keyword-tools v1.0.0 (/opt/rustwide/workdir)
[INFO] [stderr]     Finished `release` profile [optimized] target(s) in 2m 31s
[INFO] running `Command { std: "docker" "inspect" "955d847290f50897daf566746b10c8a804904ac901aa8717070db9a8222d5a4b", kill_on_drop: false }`
[INFO] running `Command { std: "docker" "exec" "-e" "SOURCE_DIR=/opt/rustwide/workdir" "-e" "CARGO_HOME=/opt/rustwide/cargo-home" "-e" "RUSTUP_HOME=/opt/rustwide/rustup-home" "-e" "CARGO_TARGET_DIR=/opt/rustwide/target" "-e" "CARGO_INCREMENTAL=0" "-e" "RUST_BACKTRACE=full" "-e" "RUSTFLAGS=--cap-lints=warn" "-e" "RUSTDOCFLAGS=--cap-lints=warn" "-w" "/opt/rustwide/workdir" "--user" "0:0" "955d847290f50897daf566746b10c8a804904ac901aa8717070db9a8222d5a4b" "/opt/rustwide/cargo-home/bin/cargo" "+1.99.0-beta.8" "test" "--frozen" "--no-run" "--message-format=json" "--release", kill_on_drop: false }`
[INFO] [stderr]    Compiling keyword-tools v1.0.0 (/opt/rustwide/workdir)
[INFO] [stderr]     Finished `release` profile [optimized] target(s) in 5.28s
[INFO] running `Command { std: "docker" "inspect" "955d847290f50897daf566746b10c8a804904ac901aa8717070db9a8222d5a4b", kill_on_drop: false }`
[INFO] running `Command { std: "docker" "exec" "-e" "SOURCE_DIR=/opt/rustwide/workdir" "-e" "CARGO_HOME=/opt/rustwide/cargo-home" "-e" "RUSTUP_HOME=/opt/rustwide/rustup-home" "-e" "CARGO_TARGET_DIR=/opt/rustwide/target" "-e" "CARGO_INCREMENTAL=0" "-e" "RUST_BACKTRACE=full" "-e" "RUSTFLAGS=--cap-lints=warn" "-e" "RUSTDOCFLAGS=--cap-lints=warn" "-w" "/opt/rustwide/workdir" "--user" "0:0" "955d847290f50897daf566746b10c8a804904ac901aa8717070db9a8222d5a4b" "/opt/rustwide/cargo-home/bin/cargo" "+1.99.0-beta.8" "test" "--frozen" "--release", kill_on_drop: false }`
[INFO] [stderr]     Finished `release` profile [optimized] target(s) in 0.25s
[INFO] [stderr]      Running unittests lib.rs (/opt/rustwide/target/release/deps/keywords-37ae9bd5a47b889d)
[INFO] [stdout] 
[INFO] [stdout] running 23 tests
[INFO] [stdout] test mecab::tests::test_needs_download_treats_a_directory_as_missing ... ok
[INFO] [stdout] test mecab::tests::test_displace_existing_restores_a_complete_dictionary ... ok
[INFO] [stdout] test mecab::tests::test_displace_existing_moves_an_incomplete_directory_aside ... ok
[INFO] [stdout] test mecab::tests::test_displace_existing_tolerates_a_destination_cleared_by_someone_else ... ok
[INFO] [stdout] test mecab::tests::test_staging_names_are_unique_within_a_process ... ok
[INFO] [stdout] test mecab::tests::test_sweep_removes_stale_staging_and_spares_everything_else ... ok
[INFO] [stdout] test mecab::tests::test_sample ... ok
[INFO] [stdout] test mecab::tests::test_sweep_spares_staging_that_is_not_stale_yet ... ok
[INFO] [stdout] test mecab::tests::test_unpack_into_place_rejects_archive_without_dictionary ... ok
[INFO] [stdout] test mecab::tests::test_unpack_into_place_keeps_existing_complete_dictionary ... ok
[INFO] [stdout] test rsc::tests::test_keywords_load ... ok
[INFO] [stdout] test rsc::tests::test_keywords_load_with_rsc ... ok
[INFO] [stdout] test mecab::tests::test_unpack_into_place_installs_dictionary ... ok
[INFO] [stdout] test rsc::tests::test_keyword_get_keyword_ptn ... ok
[INFO] [stdout] test rsc::tests::test_keyword_ptn_escapes_metacharacters ... ok
[INFO] [stdout] test mecab::tests::test_unpack_into_place_rejects_corrupt_archive ... ok
[INFO] [stdout] test mecab::tests::test_unpack_into_place_replaces_directory_at_dictionary_path ... ok
[INFO] [stdout] test mecab::tests::test_unpack_into_place_replaces_incomplete_directory ... ok
[INFO] [stdout] test mecab::tests::test_mecab_tokenize ... FAILED
[INFO] [stdout] test rsc::tests::test_each_keywords ... FAILED
[INFO] [stdout] test rsc::tests::test_extract_keywords_japanese ... FAILED
[INFO] [stdout] test rsc::tests::test_sample_text ... ok
[INFO] [stdout] test rsc::tests::test_extract_keywords_english ... ok
[INFO] [stdout] 
[INFO] [stdout] failures:
[INFO] [stdout] 
[INFO] [stdout] ---- mecab::tests::test_mecab_tokenize stdout ----
[INFO] [stdout] 
[INFO] [stdout] thread '<unnamed>' (3230) panicked at mecab/mod.rs:251:13:
[INFO] [stdout] Failed to download MeCab dictionary from https://github.com/daac-tools/vibrato/releases/download/v0.5.0/unidic-cwj-3_1_1+compact-dual.tar.xz: error sending request for url (https://github.com/daac-tools/vibrato/releases/download/v0.5.0/unidic-cwj-3_1_1+compact-dual.tar.xz)
[INFO] [stdout] stack backtrace:
[INFO] [stdout]    0:     0x56c2033e4fe1 - <<std[70759c8f55707aa4]::sys::backtrace::BacktraceLock>::print::DisplayBacktrace as core[df12db4294e9bfd3]::fmt::Display>::fmt
[INFO] [stdout]    1:     0x56c2033fdc2a - core[df12db4294e9bfd3]::fmt::write
[INFO] [stdout]    2:     0x56c2033ea5cc - <alloc[2182bb758b4b3781]::vec::Vec<u8> as core[df12db4294e9bfd3]::io::write::Write>::write_fmt
[INFO] [stdout]    3:     0x56c2033bcb56 - std[70759c8f55707aa4]::panicking::default_hook::{closure#0}
[INFO] [stdout]    4:     0x56c2033dae19 - std[70759c8f55707aa4]::panicking::default_hook
[INFO] [stdout]    5:     0x56c203287640 - test[9d35eded1c95d3be]::test_main_inner::<test[9d35eded1c95d3be]::test_main_static::{closure#0}>::{closure#0}
[INFO] [stdout]    6:     0x56c2033db142 - std[70759c8f55707aa4]::panicking::panic_with_hook
[INFO] [stdout]    7:     0x56c2033bcc02 - std[70759c8f55707aa4]::panicking::panic_handler::{closure#0}
[INFO] [stdout]    8:     0x56c2033b5429 - std[70759c8f55707aa4]::sys::backtrace::__rust_end_short_backtrace::<std[70759c8f55707aa4]::panicking::panic_handler::{closure#0}, !>
[INFO] [stdout]    9:     0x56c2033bdd7d - __rustc[8fa7c3cbc660c2b3]::rust_begin_unwind
[INFO] [stdout]   10:     0x56c2033fe40c - core[df12db4294e9bfd3]::panicking::panic_fmt
[INFO] [stdout]   11:     0x56c202e106a9 - keywords[c0267a9435a96f4f]::mecab::download_dic::{closure#0}
[INFO] [stdout]   12:     0x56c202e11075 - <tokio[4702470113adec7e]::runtime::context::scoped::Scoped<tokio[4702470113adec7e]::runtime::scheduler::Context>>::set::<<tokio[4702470113adec7e]::runtime::scheduler::current_thread::CoreGuard>::enter<<tokio[4702470113adec7e]::runtime::scheduler::current_thread::CoreGuard>::block_on<core[df12db4294e9bfd3]::pin::Pin<&mut keywords[c0267a9435a96f4f]::mecab::download_dic::{closure#0}>>::{closure#0}, core[df12db4294e9bfd3]::option::Option<()>>::{closure#0}, (alloc[2182bb758b4b3781]::boxed::Box<tokio[4702470113adec7e]::runtime::scheduler::current_thread::Core>, core[df12db4294e9bfd3]::option::Option<()>)>
[INFO] [stdout]   13:     0x56c202e1132d - <tokio[4702470113adec7e]::runtime::scheduler::current_thread::CoreGuard>::block_on::<core[df12db4294e9bfd3]::pin::Pin<&mut keywords[c0267a9435a96f4f]::mecab::download_dic::{closure#0}>>
[INFO] [stdout]   14:     0x56c202e1fe06 - tokio[4702470113adec7e]::runtime::context::runtime::enter_runtime::<<tokio[4702470113adec7e]::runtime::scheduler::current_thread::CurrentThread>::block_on<keywords[c0267a9435a96f4f]::mecab::download_dic::{closure#0}>::{closure#0}, ()>
[INFO] [stdout]   15:     0x56c202e0269f - <tokio[4702470113adec7e]::runtime::runtime::Runtime>::block_on::<keywords[c0267a9435a96f4f]::mecab::download_dic::{closure#0}>
[INFO] [stdout]   16:     0x56c202e0aa2b - keywords[c0267a9435a96f4f]::mecab::download_dic
[INFO] [stdout]   17:     0x56c202dfee9e - std[70759c8f55707aa4]::sys::backtrace::__rust_begin_short_backtrace::<keywords[c0267a9435a96f4f]::mecab::download_dic, ()>
[INFO] [stdout]   18:     0x56c202e22c91 - <std[70759c8f55707aa4]::thread::lifecycle::spawn_unchecked<keywords[c0267a9435a96f4f]::mecab::download_dic, ()>::{closure#1} as core[df12db4294e9bfd3]::ops::function::FnOnce<()>>::call_once::{shim:vtable#0}
[INFO] [stdout]   19:     0x56c2033e3c89 - <std[70759c8f55707aa4]::sys::thread::unix::Thread>::new::thread_start
[INFO] [stdout]   20:     0x70835dd7edfa - <unknown>
[INFO] [stdout]   21:     0x70835de123d4 - clone
[INFO] [stdout]   22:                0x0 - <unknown>
[INFO] [stdout] 
[INFO] [stdout] ---- rsc::tests::test_each_keywords stdout ----
[INFO] [stdout] 
[INFO] [stdout] thread 'rsc::tests::test_each_keywords' (3222) panicked at /opt/rustwide/cargo-home/registry/src/index.crates.io-1949cf8c6b5b557f/once_cell-1.21.4/src/lib.rs:1321:25:
[INFO] [stdout] Lazy instance has previously been poisoned
[INFO] [stdout] stack backtrace:
[INFO] [stdout]    0:     0x56c2033e4fe1 - <<std[70759c8f55707aa4]::sys::backtrace::BacktraceLock>::print::DisplayBacktrace as core[df12db4294e9bfd3]::fmt::Display>::fmt
[INFO] [stdout]    1:     0x56c2033fdc2a - core[df12db4294e9bfd3]::fmt::write
[INFO] [stdout]    2:     0x56c2033ea5cc - <alloc[2182bb758b4b3781]::vec::Vec<u8> as core[df12db4294e9bfd3]::io::write::Write>::write_fmt
[INFO] [stdout]    3:     0x56c2033bcb56 - std[70759c8f55707aa4]::panicking::default_hook::{closure#0}
[INFO] [stdout]    4:     0x56c2033dae19 - std[70759c8f55707aa4]::panicking::default_hook
[INFO] [stdout]    5:     0x56c203287640 - test[9d35eded1c95d3be]::test_main_inner::<test[9d35eded1c95d3be]::test_main_static::{closure#0}>::{closure#0}
[INFO] [stdout]    6:     0x56c2033db142 - std[70759c8f55707aa4]::panicking::panic_with_hook
[INFO] [stdout]    7:     0x56c2033bcc34 - std[70759c8f55707aa4]::panicking::panic_handler::{closure#0}
[INFO] [stdout]    8:     0x56c2033b5429 - std[70759c8f55707aa4]::sys::backtrace::__rust_end_short_backtrace::<std[70759c8f55707aa4]::panicking::panic_handler::{closure#0}, !>
[INFO] [stdout]    9:     0x56c2033bdd7d - __rustc[8fa7c3cbc660c2b3]::rust_begin_unwind
[INFO] [stdout]   10:     0x56c2033fe40c - core[df12db4294e9bfd3]::panicking::panic_fmt
[INFO] [stdout]   11:     0x56c202e20896 - <once_cell[b4fe607934fa1ed1]::imp::OnceCell<std[70759c8f55707aa4]::sync::poison::mutex::Mutex<vibrato[b1eaf412ee384e78]::tokenizer::worker::Worker>>>::initialize::<<once_cell[b4fe607934fa1ed1]::sync::OnceCell<std[70759c8f55707aa4]::sync::poison::mutex::Mutex<vibrato[b1eaf412ee384e78]::tokenizer::worker::Worker>>>::get_or_init<<once_cell[b4fe607934fa1ed1]::sync::Lazy<std[70759c8f55707aa4]::sync::poison::mutex::Mutex<vibrato[b1eaf412ee384e78]::tokenizer::worker::Worker>>>::force::{closure#0}>::{closure#0}, <once_cell[b4fe607934fa1ed1]::sync::OnceCell<_>>::get_or_init::Void>::{closure#0}
[INFO] [stdout]   12:     0x56c203394ddf - once_cell[b4fe607934fa1ed1]::imp::initialize_or_wait
[INFO] [stdout]   13:     0x56c202e1d612 - <once_cell[b4fe607934fa1ed1]::imp::OnceCell<std[70759c8f55707aa4]::sync::poison::mutex::Mutex<vibrato[b1eaf412ee384e78]::tokenizer::worker::Worker>>>::initialize::<<once_cell[b4fe607934fa1ed1]::sync::OnceCell<std[70759c8f55707aa4]::sync::poison::mutex::Mutex<vibrato[b1eaf412ee384e78]::tokenizer::worker::Worker>>>::get_or_init<<once_cell[b4fe607934fa1ed1]::sync::Lazy<std[70759c8f55707aa4]::sync::poison::mutex::Mutex<vibrato[b1eaf412ee384e78]::tokenizer::worker::Worker>>>::force::{closure#0}>::{closure#0}, <once_cell[b4fe607934fa1ed1]::sync::OnceCell<_>>::get_or_init::Void>
[INFO] [stdout]   14:     0x56c202e0b352 - keywords[c0267a9435a96f4f]::mecab::mecab_tokenize
[INFO] [stdout]   15:     0x56c202df3bb1 - keywords[c0267a9435a96f4f]::rsc::extract_keywords
[INFO] [stdout]   16:     0x56c202e003fe - keywords[c0267a9435a96f4f]::rsc::tests::test_each_keywords
[INFO] [stdout]   17:     0x56c202e16479 - <keywords[c0267a9435a96f4f]::rsc::tests::test_each_keywords::{closure#0} as core[df12db4294e9bfd3]::ops::function::FnOnce<()>>::call_once
[INFO] [stdout]   18:     0x56c20327a92b - test[9d35eded1c95d3be]::__rust_begin_short_backtrace::<core[df12db4294e9bfd3]::result::Result<(), alloc[2182bb758b4b3781]::string::String>, fn() -> core[df12db4294e9bfd3]::result::Result<(), alloc[2182bb758b4b3781]::string::String>>
[INFO] [stdout]   19:     0x56c203287f95 - test[9d35eded1c95d3be]::run_test::{closure#0}
[INFO] [stdout]   20:     0x56c203281854 - std[70759c8f55707aa4]::sys::backtrace::__rust_begin_short_backtrace::<test[9d35eded1c95d3be]::run_test::{closure#1}, ()>
[INFO] [stdout]   21:     0x56c20328b0f2 - <std[70759c8f55707aa4]::thread::lifecycle::spawn_unchecked<test[9d35eded1c95d3be]::run_test::{closure#1}, ()>::{closure#1} as core[df12db4294e9bfd3]::ops::function::FnOnce<()>>::call_once::{shim:vtable#0}
[INFO] [stdout]   22:     0x56c2033e3c89 - <std[70759c8f55707aa4]::sys::thread::unix::Thread>::new::thread_start
[INFO] [stdout]   23:     0x70835dd7edfa - <unknown>
[INFO] [stdout]   24:     0x70835de123d4 - clone
[INFO] [stdout]   25:                0x0 - <unknown>
[INFO] [stdout] 
[INFO] [stdout] ---- rsc::tests::test_extract_keywords_japanese stdout ----
[INFO] [stdout] 
[INFO] [stdout] thread 'rsc::tests::test_extract_keywords_japanese' (3224) panicked at /opt/rustwide/cargo-home/registry/src/index.crates.io-1949cf8c6b5b557f/once_cell-1.21.4/src/lib.rs:1321:25:
[INFO] [stdout] Lazy instance has previously been poisoned
[INFO] [stdout] stack backtrace:
[INFO] [stdout]    0:     0x56c2033e4fe1 - <<std[70759c8f55707aa4]::sys::backtrace::BacktraceLock>::print::DisplayBacktrace as core[df12db4294e9bfd3]::fmt::Display>::fmt
[INFO] [stdout]    1:     0x56c2033fdc2a - core[df12db4294e9bfd3]::fmt::write
[INFO] [stdout]    2:     0x56c2033ea5cc - <alloc[2182bb758b4b3781]::vec::Vec<u8> as core[df12db4294e9bfd3]::io::write::Write>::write_fmt
[INFO] [stdout]    3:     0x56c2033bcb56 - std[70759c8f55707aa4]::panicking::default_hook::{closure#0}
[INFO] [stdout]    4:     0x56c2033dae19 - std[70759c8f55707aa4]::panicking::default_hook
[INFO] [stdout]    5:     0x56c203287640 - test[9d35eded1c95d3be]::test_main_inner::<test[9d35eded1c95d3be]::test_main_static::{closure#0}>::{closure#0}
[INFO] [stdout]    6:     0x56c2033db142 - std[70759c8f55707aa4]::panicking::panic_with_hook
[INFO] [stdout]    7:     0x56c2033bcc34 - std[70759c8f55707aa4]::panicking::panic_handler::{closure#0}
[INFO] [stdout]    8:     0x56c2033b5429 - std[70759c8f55707aa4]::sys::backtrace::__rust_end_short_backtrace::<std[70759c8f55707aa4]::panicking::panic_handler::{closure#0}, !>
[INFO] [stdout]    9:     0x56c2033bdd7d - __rustc[8fa7c3cbc660c2b3]::rust_begin_unwind
[INFO] [stdout]   10:     0x56c2033fe40c - core[df12db4294e9bfd3]::panicking::panic_fmt
[INFO] [stdout]   11:     0x56c202e20896 - <once_cell[b4fe607934fa1ed1]::imp::OnceCell<std[70759c8f55707aa4]::sync::poison::mutex::Mutex<vibrato[b1eaf412ee384e78]::tokenizer::worker::Worker>>>::initialize::<<once_cell[b4fe607934fa1ed1]::sync::OnceCell<std[70759c8f55707aa4]::sync::poison::mutex::Mutex<vibrato[b1eaf412ee384e78]::tokenizer::worker::Worker>>>::get_or_init<<once_cell[b4fe607934fa1ed1]::sync::Lazy<std[70759c8f55707aa4]::sync::poison::mutex::Mutex<vibrato[b1eaf412ee384e78]::tokenizer::worker::Worker>>>::force::{closure#0}>::{closure#0}, <once_cell[b4fe607934fa1ed1]::sync::OnceCell<_>>::get_or_init::Void>::{closure#0}
[INFO] [stdout]   12:     0x56c203394ddf - once_cell[b4fe607934fa1ed1]::imp::initialize_or_wait
[INFO] [stdout]   13:     0x56c202e1d612 - <once_cell[b4fe607934fa1ed1]::imp::OnceCell<std[70759c8f55707aa4]::sync::poison::mutex::Mutex<vibrato[b1eaf412ee384e78]::tokenizer::worker::Worker>>>::initialize::<<once_cell[b4fe607934fa1ed1]::sync::OnceCell<std[70759c8f55707aa4]::sync::poison::mutex::Mutex<vibrato[b1eaf412ee384e78]::tokenizer::worker::Worker>>>::get_or_init<<once_cell[b4fe607934fa1ed1]::sync::Lazy<std[70759c8f55707aa4]::sync::poison::mutex::Mutex<vibrato[b1eaf412ee384e78]::tokenizer::worker::Worker>>>::force::{closure#0}>::{closure#0}, <once_cell[b4fe607934fa1ed1]::sync::OnceCell<_>>::get_or_init::Void>
[INFO] [stdout]   14:     0x56c202e0b352 - keywords[c0267a9435a96f4f]::mecab::mecab_tokenize
[INFO] [stdout]   15:     0x56c202df3bb1 - keywords[c0267a9435a96f4f]::rsc::extract_keywords
[INFO] [stdout]   16:     0x56c202e01857 - keywords[c0267a9435a96f4f]::rsc::tests::test_extract_keywords_japanese
[INFO] [stdout]   17:     0x56c202e16519 - <keywords[c0267a9435a96f4f]::rsc::tests::test_extract_keywords_japanese::{closure#0} as core[df12db4294e9bfd3]::ops::function::FnOnce<()>>::call_once
[INFO] [stdout]   18:     0x56c20327a92b - test[9d35eded1c95d3be]::__rust_begin_short_backtrace::<core[df12db4294e9bfd3]::result::Result<(), alloc[2182bb758b4b3781]::string::String>, fn() -> core[df12db4294e9bfd3]::result::Result<(), alloc[2182bb758b4b3781]::string::String>>
[INFO] [stdout]   19:     0x56c203287f95 - test[9d35eded1c95d3be]::run_test::{closure#0}
[INFO] [stdout]   20:     0x56c203281854 - std[70759c8f55707aa4]::sys::backtrace::__rust_begin_short_backtrace::<test[9d35eded1c95d3be]::run_test::{closure#1}, ()>
[INFO] [stdout]   21:     0x56c20328b0f2 - <std[70759c8f55707aa4]::thread::lifecycle::spawn_unchecked<test[9d35eded1c95d3be]::run_test::{closure#1}, ()>::{closure#1} as core[df12db4294e9bfd3]::ops::function::FnOnce<()>>::call_once::{shim:vtable#0}
[INFO] [stdout]   22:     0x56c2033e3c89 - <std[70759c8f55707aa4]::sys::thread::unix::Thread>::new::thread_start
[INFO] [stdout]   23:     0x70835dd7edfa - <unknown>
[INFO] [stdout]   24:     0x70835de123d4 - clone
[INFO] [stdout]   25:                0x0 - <unknown>
[INFO] [stdout] 
[INFO] [stdout] 
[INFO] [stdout] failures:
[INFO] [stdout]     mecab::tests::test_mecab_tokenize
[INFO] [stdout]     rsc::tests::test_each_keywords
[INFO] [stdout]     rsc::tests::test_extract_keywords_japanese
[INFO] [stdout] 
[INFO] [stdout] test result: FAILED. 20 passed; 3 failed; 0 ignored; 0 measured; 0 filtered out; finished in 0.87s
[INFO] [stdout] 
[INFO] [stderr] error: test failed, to rerun pass `--lib`
[INFO] running `Command { std: "docker" "inspect" "955d847290f50897daf566746b10c8a804904ac901aa8717070db9a8222d5a4b", kill_on_drop: false }`
[INFO] running `Command { std: "docker" "rm" "-f" "955d847290f50897daf566746b10c8a804904ac901aa8717070db9a8222d5a4b", kill_on_drop: false }`
[INFO] [stdout] 955d847290f50897daf566746b10c8a804904ac901aa8717070db9a8222d5a4b
