[INFO] fetching crate keymap-term 0.1.2...
[INFO] testing keymap-term-0.1.2 against 1.100.0-beta.1+cargoflags=--release for beta-release-1.100-2
[INFO] extracting crate keymap-term 0.1.2 into /workspace/builds/worker-5-tc2/source
[INFO] started tweaking crates.io crate keymap-term 0.1.2
[INFO] removed 0 missing tests
[INFO] finished tweaking crates.io crate keymap-term 0.1.2
[INFO] tweaked toml for crates.io crate keymap-term 0.1.2 written to /workspace/builds/worker-5-tc2/source/Cargo.toml
[INFO] validating manifest of crates.io crate keymap-term 0.1.2 on toolchain 1.100.0-beta.1
[INFO] running `Command { std: CARGO_HOME="/workspace/cargo-home" RUSTUP_HOME="/workspace/rustup-home" "/workspace/cargo-home/bin/cargo" "+1.100.0-beta.1" "metadata" "--manifest-path" "Cargo.toml" "--no-deps", kill_on_drop: false }`
[INFO] crate crates.io crate keymap-term 0.1.2 already has a lockfile, it will not be regenerated
[INFO] running `Command { std: CARGO_HOME="/workspace/cargo-home" RUSTUP_HOME="/workspace/rustup-home" "/workspace/cargo-home/bin/cargo" "+1.100.0-beta.1" "fetch" "--manifest-path" "Cargo.toml", kill_on_drop: false }`
[INFO] [stderr]     Blocking waiting for file lock on package cache
[INFO] running `Command { std: "docker" "create" "-v" "/var/lib/crater-agent-workspace/builds/worker-5-tc2/source:/opt/rustwide/workdir:ro,Z" "-v" "/var/lib/crater-agent-workspace/builds/worker-5-tc2/target:/opt/rustwide/target:rw,Z" "-v" "/var/lib/crater-agent-workspace/cargo-home:/opt/rustwide/cargo-home:ro,Z" "-v" "/var/lib/crater-agent-workspace/rustup-home:/opt/rustwide/rustup-home:ro,Z" "-m" "1610612736" "--network" "none" "ghcr.io/rust-lang/crates-build-env/linux@sha256:77db811e55d90add9212f6832c23229e3de5f1c1f9905e8cb07319ea15df73ac" "sleep" "infinity", kill_on_drop: false }`
[INFO] [stdout] 02d2905e931b0002e77f72f9e264fc083a8f0b95fe4540be7d1a58634b4b9c86
[INFO] running `Command { std: "docker" "start" "02d2905e931b0002e77f72f9e264fc083a8f0b95fe4540be7d1a58634b4b9c86", kill_on_drop: false }`
[INFO] running `Command { std: "docker" "inspect" "02d2905e931b0002e77f72f9e264fc083a8f0b95fe4540be7d1a58634b4b9c86", kill_on_drop: false }`
[INFO] running `Command { std: "docker" "exec" "-e" "SOURCE_DIR=/opt/rustwide/workdir" "-e" "CARGO_HOME=/opt/rustwide/cargo-home" "-e" "RUSTUP_HOME=/opt/rustwide/rustup-home" "-e" "CARGO_TARGET_DIR=/opt/rustwide/target" "-w" "/opt/rustwide/workdir" "--user" "0:0" "02d2905e931b0002e77f72f9e264fc083a8f0b95fe4540be7d1a58634b4b9c86" "/opt/rustwide/cargo-home/bin/cargo" "+1.100.0-beta.1" "metadata" "--no-deps" "--format-version=1", kill_on_drop: false }`
[INFO] running `Command { std: "docker" "inspect" "02d2905e931b0002e77f72f9e264fc083a8f0b95fe4540be7d1a58634b4b9c86", kill_on_drop: false }`
[INFO] running `Command { std: "docker" "exec" "-e" "SOURCE_DIR=/opt/rustwide/workdir" "-e" "CARGO_HOME=/opt/rustwide/cargo-home" "-e" "RUSTUP_HOME=/opt/rustwide/rustup-home" "-e" "CARGO_TARGET_DIR=/opt/rustwide/target" "-e" "CARGO_INCREMENTAL=0" "-e" "RUST_BACKTRACE=full" "-e" "RUSTFLAGS=--cap-lints=warn" "-e" "RUSTDOCFLAGS=--cap-lints=warn" "-w" "/opt/rustwide/workdir" "--user" "0:0" "02d2905e931b0002e77f72f9e264fc083a8f0b95fe4540be7d1a58634b4b9c86" "/opt/rustwide/cargo-home/bin/cargo" "+1.100.0-beta.1" "build" "--frozen" "--message-format=json" "--release", kill_on_drop: false }`
[INFO] [stderr]    Compiling proc-macro2 v1.0.106
[INFO] [stderr]    Compiling quote v1.0.45
[INFO] [stderr]    Compiling keymap-core v0.1.2
[INFO] [stderr]    Compiling syn v2.0.117
[INFO] [stderr]    Compiling serde_derive v1.0.228
[INFO] [stderr]    Compiling serde v1.0.228
[INFO] [stderr]    Compiling serde_spanned v0.6.9
[INFO] [stderr]    Compiling toml_datetime v0.6.11
[INFO] [stderr]    Compiling toml_edit v0.22.27
[INFO] [stderr]    Compiling toml v0.8.23
[INFO] [stderr]    Compiling keymap-term v0.1.2 (/opt/rustwide/workdir)
[INFO] [stderr] warning: unused dependency `toml`
[INFO] [stderr]  --> Cargo.toml:8:15
[INFO] [stderr]   |
[INFO] [stderr] 8 | [dependencies.toml]
[INFO] [stderr]   |               ^^^^^
[INFO] [stderr]   |
[INFO] [stderr]   = note: `cargo::unused_dependencies` is set to `warn` by default
[INFO] [stderr] help: consider removing the dependency on `toml`
[INFO] [stderr] warning: `keymap-term` (manifest) generated 1 warning
[INFO] [stderr]     Finished `release` profile [optimized] target(s) in 12.60s
[INFO] running `Command { std: "docker" "inspect" "02d2905e931b0002e77f72f9e264fc083a8f0b95fe4540be7d1a58634b4b9c86", kill_on_drop: false }`
[INFO] running `Command { std: "docker" "exec" "-e" "SOURCE_DIR=/opt/rustwide/workdir" "-e" "CARGO_HOME=/opt/rustwide/cargo-home" "-e" "RUSTUP_HOME=/opt/rustwide/rustup-home" "-e" "CARGO_TARGET_DIR=/opt/rustwide/target" "-e" "CARGO_INCREMENTAL=0" "-e" "RUST_BACKTRACE=full" "-e" "RUSTFLAGS=--cap-lints=warn" "-e" "RUSTDOCFLAGS=--cap-lints=warn" "-w" "/opt/rustwide/workdir" "--user" "0:0" "02d2905e931b0002e77f72f9e264fc083a8f0b95fe4540be7d1a58634b4b9c86" "/opt/rustwide/cargo-home/bin/cargo" "+1.100.0-beta.1" "test" "--frozen" "--no-run" "--message-format=json" "--release", kill_on_drop: false }`
[INFO] [stderr]    Compiling time v0.3.45
[INFO] [stderr]    Compiling keymap-term v0.1.2 (/opt/rustwide/workdir)
[INFO] [stderr] warning: unused dependency `toml`
[INFO] [stderr]  --> Cargo.toml:8:15
[INFO] [stderr]   |
[INFO] [stderr] 8 | [dependencies.toml]
[INFO] [stderr]   |               ^^^^^
[INFO] [stderr]   |
[INFO] [stderr]   = note: `cargo::unused_dependencies` is set to `warn` by default
[INFO] [stderr] help: consider removing the dependency on `toml`
[INFO] [stderr] help: to still use for development builds, move to `dev-dependencies`
[INFO] [stderr] warning: `keymap-term` (manifest) generated 1 warning
[INFO] [stderr]     Finished `release` profile [optimized] target(s) in 9.94s
[INFO] running `Command { std: "docker" "inspect" "02d2905e931b0002e77f72f9e264fc083a8f0b95fe4540be7d1a58634b4b9c86", kill_on_drop: false }`
[INFO] running `Command { std: "docker" "exec" "-e" "SOURCE_DIR=/opt/rustwide/workdir" "-e" "CARGO_HOME=/opt/rustwide/cargo-home" "-e" "RUSTUP_HOME=/opt/rustwide/rustup-home" "-e" "CARGO_TARGET_DIR=/opt/rustwide/target" "-e" "CARGO_INCREMENTAL=0" "-e" "RUST_BACKTRACE=full" "-e" "RUSTFLAGS=--cap-lints=warn" "-e" "RUSTDOCFLAGS=--cap-lints=warn" "-w" "/opt/rustwide/workdir" "--user" "0:0" "02d2905e931b0002e77f72f9e264fc083a8f0b95fe4540be7d1a58634b4b9c86" "/opt/rustwide/cargo-home/bin/cargo" "+1.100.0-beta.1" "test" "--frozen" "--release", kill_on_drop: false }`
[INFO] [stderr] warning: unused dependency `toml`
[INFO] [stderr]  --> Cargo.toml:8:15
[INFO] [stderr]   |
[INFO] [stderr] 8 | [dependencies.toml]
[INFO] [stderr]   |               ^^^^^
[INFO] [stderr]   |
[INFO] [stderr]   = note: `cargo::unused_dependencies` is set to `warn` by default
[INFO] [stderr] help: consider removing the dependency on `toml`
[INFO] [stderr] help: to still use for development builds, move to `dev-dependencies`
[INFO] [stderr] warning: `keymap-term` (manifest) generated 1 warning
[INFO] [stderr]     Finished `release` profile [optimized] target(s) in 0.06s
[INFO] [stderr]      Running unittests src/lib.rs (/opt/rustwide/target/release/build/keymap-term/ad53f86105935a46/out/keymap_term-ad53f86105935a46)
[INFO] [stdout] 
[INFO] [stdout] running 52 tests
[INFO] [stdout] test decode::tests::csi_z_is_backtab ... ok
[INFO] [stdout] test decode::tests::enh_alt_a_diverges_by_terminal_just_like_baseline ... ok
[INFO] [stdout] test decode::tests::empty_is_incomplete ... ok
[INFO] [stdout] test decode::tests::enh_ctrl_i_is_distinct_from_tab ... ok
[INFO] [stdout] test decode::tests::enh_ctrl_letter_is_csi_u_not_c0 ... ok
[INFO] [stdout] test decode::tests::enh_csi_u_huge_digit_run_overflows_to_unrecognized_without_panic ... ok
[INFO] [stdout] test decode::tests::ctrl_i_decodes_to_tab_in_baseline ... ok
[INFO] [stdout] test decode::tests::ctrl_m_decodes_to_enter ... ok
[INFO] [stdout] test decode::tests::capture_modes_map_to_typed_decode_modes ... ok
[INFO] [stdout] test decode::tests::ctrl_letter_c0_byte ... ok
[INFO] [stdout] test decode::tests::csi_arrows ... ok
[INFO] [stdout] test decode::tests::enh_csi_u_modifier_zero_is_rejected_not_underflowed ... ok
[INFO] [stdout] test decode::tests::enh_csi_u_with_intermediate_byte_is_unrecognized ... ok
[INFO] [stdout] test decode::tests::bs_and_del_are_split_deliberately ... ok
[INFO] [stdout] test decode::tests::enh_arrows_are_still_the_baseline_csi_form ... ok
[INFO] [stdout] test decode::tests::enh_csi_u_codepoint_must_be_a_unicode_scalar ... ok
[INFO] [stdout] test decode::tests::ascii_printable ... ok
[INFO] [stdout] test decode::tests::chunk_boundaries_do_not_affect_the_concatenated_decode ... ok
[INFO] [stdout] test decode::tests::enh_esc_is_csi_u_codepoint_27_no_modifier ... ok
[INFO] [stdout] test decode::tests::option_composed_glyph_loses_the_modifier ... ok
[INFO] [stdout] test decode::tests::esc_flood_does_not_recurse_unboundedly ... ok
[INFO] [stdout] test decode::tests::ss3_function_keys ... ok
[INFO] [stdout] test decode::tests::enh_truncated_csi_u_is_incomplete ... ok
[INFO] [stdout] test decode::tests::enh_explicit_modifier_one_is_no_modifiers ... ok
[INFO] [stdout] test decode::tests::enh_malformed_csi_u_is_unrecognized ... ok
[INFO] [stdout] test decode::tests::enh_never_panics_on_pathological_csi_u ... ok
[INFO] [stdout] test decode::tests::lone_esc_is_a_complete_escape_press ... ok
[INFO] [stdout] test decode::tests::invalid_utf8_is_unrecognized ... ok
[INFO] [stdout] test decode::tests::truncated_ss3_is_incomplete ... ok
[INFO] [stdout] test decode::tests::nul_and_separator_controls_are_unrecognized ... ok
[INFO] [stdout] test decode::tests::parameterised_csi_is_unrecognized_in_baseline ... ok
[INFO] [stdout] test decode::tests::same_bytes_decode_differently_per_mode ... ok
[INFO] [stdout] test decode::tests::trailing_bytes_are_left_for_the_caller ... ok
[INFO] [stdout] test decode::tests::truncated_csi_is_incomplete ... ok
[INFO] [stdout] test decode::tests::truncated_utf8_is_incomplete ... ok
[INFO] [stdout] test decode::tests::enh_shift_tab_is_functional_codepoint_9 ... ok
[INFO] [stdout] test decode::tests::enh_unknown_high_modifier_bits_are_ignored_not_rejected ... ok
[INFO] [stdout] test decode::tests::enh_function_keys_arrive_as_csi_letters ... ok
[INFO] [stdout] test decode::tests::unknown_csi_final_is_unrecognized ... ok
[INFO] [stdout] test reachability::tests::an_unrecorded_chord_has_no_entry_not_a_reachable_verdict ... ok
[INFO] [stdout] test reachability::tests::result_is_sorted_by_canonical_chord ... ok
[INFO] [stdout] test reachability::tests::unusable_rows_are_skipped ... ok
[INFO] [stdout] test reachability::tests::bytes_decoding_to_a_different_key_are_unreachable ... ok
[INFO] [stdout] test reachability::tests::round_tripping_bytes_are_reachable ... ok
[INFO] [stdout] test reachability::tests::the_reachability_law_holds_in_both_directions ... ok
[INFO] [stdout] test tests::hex_round_trips_including_control_and_high_bytes ... ok
[INFO] [stdout] test decode::tests::truncated_utf8_with_invalid_continuation_is_unrecognized ... ok
[INFO] [stdout] test tests::capture_round_trips_through_toml ... ok
[INFO] [stdout] test decode::tests::csi_aborted_by_illegal_body_byte_is_unrecognized ... ok
[INFO] [stdout] test tests::from_hex_rejects_malformed_tokens ... ok
[INFO] [stdout] test reachability::tests::an_eaten_press_is_unreachable_with_incomplete_evidence ... ok
[INFO] [stderr]      Running tests/capture_invariants.rs (/opt/rustwide/target/release/build/keymap-term/12a985c33e1fad3d/out/capture_invariants-12a985c33e1fad3d)
[INFO] [stdout] test decode::tests::esc_prefix_is_alt ... ok
[INFO] [stdout] 
[INFO] [stdout] test result: ok. 52 passed; 0 failed; 0 ignored; 0 measured; 0 filtered out; finished in 0.05s
[INFO] [stdout] 
[INFO] [stdout] 
[INFO] [stdout] running 7 tests
[INFO] [stdout] test every_keypress_mode_is_known ... FAILED
[INFO] [stdout] test at_least_one_capture_is_committed ... FAILED
[INFO] [stdout] test captured_at_is_rfc3339 ... FAILED
[INFO] [stdout] test kitty_value_agrees_with_its_raw_response ... FAILED
[INFO] [stdout] test every_hex_token_decodes ... FAILED
[INFO] [stdout] test capability_query_responses_are_complete ... FAILED
[INFO] [stdout] test each_capture_covers_the_recorded_key_set ... FAILED
[INFO] [stdout] 
[INFO] [stdout] failures:
[INFO] [stdout] 
[INFO] [stdout] ---- every_keypress_mode_is_known stdout ----
[INFO] [stdout] 
[INFO] [stdout] thread 'every_keypress_mode_is_known' (618) panicked at tests/capture_invariants.rs:45:10:
[INFO] [stdout] captures/ directory should exist at the repo root: Os { code: 2, kind: NotFound, message: "No such file or directory" }
[INFO] [stdout] stack backtrace:
[INFO] [stdout]    0:     0x595d7bfa5bb1 - <<std[617be2ca0a6fd877]::sys::backtrace::BacktraceLock>::print::DisplayBacktrace as core[a373ad73a504971]::fmt::Display>::fmt
[INFO] [stdout]    1:     0x595d7bfba78a - core[a373ad73a504971]::fmt::write
[INFO] [stdout]    2:     0x595d7bfaa09c - <alloc[2e1b2a31b91974c5]::vec::Vec<u8> as core[a373ad73a504971]::io::write::Write>::write_fmt
[INFO] [stdout]    3:     0x595d7bf81686 - std[617be2ca0a6fd877]::panicking::default_hook::{closure#0}
[INFO] [stdout]    4:     0x595d7bf9dc39 - std[617be2ca0a6fd877]::panicking::default_hook
[INFO] [stdout]    5:     0x595d7bf37e00 - test[aada8e7e76ba119b]::test_main_inner::{closure#0}
[INFO] [stdout]    6:     0x595d7bf9ddf2 - std[617be2ca0a6fd877]::panicking::panic_with_hook
[INFO] [stdout]    7:     0x595d7bf81732 - std[617be2ca0a6fd877]::panicking::panic_handler::{closure#0}
[INFO] [stdout]    8:     0x595d7bf7a219 - std[617be2ca0a6fd877]::sys::backtrace::__rust_end_short_backtrace::<std[617be2ca0a6fd877]::panicking::panic_handler::{closure#0}, !>
[INFO] [stdout]    9:     0x595d7bf8233d - __rustc[ea4f61d10b84890b]::rust_begin_unwind
[INFO] [stdout]   10:     0x595d7bfbaebc - core[a373ad73a504971]::panicking::panic_fmt
[INFO] [stdout]   11:     0x595d7bfbac92 - core[a373ad73a504971]::result::unwrap_failed
[INFO] [stdout]   12:     0x595d7befeb89 - capture_invariants[915feaf2813a447f]::load_captures
[INFO] [stdout]   13:     0x595d7beff75e - <capture_invariants[915feaf2813a447f]::every_keypress_mode_is_known::{closure#0} as core[a373ad73a504971]::ops::function::FnOnce<()>>::call_once
[INFO] [stdout]   14:     0x595d7bf2b24b - test[aada8e7e76ba119b]::__rust_begin_short_backtrace::<core[a373ad73a504971]::result::Result<(), alloc[2e1b2a31b91974c5]::string::String>, fn() -> core[a373ad73a504971]::result::Result<(), alloc[2e1b2a31b91974c5]::string::String>>
[INFO] [stdout]   15:     0x595d7bf38425 - test[aada8e7e76ba119b]::run_test::{closure#0}
[INFO] [stdout]   16:     0x595d7bf31d14 - std[617be2ca0a6fd877]::sys::backtrace::__rust_begin_short_backtrace::<test[aada8e7e76ba119b]::run_test::{closure#1}, ()>
[INFO] [stdout]   17:     0x595d7bf3b4b2 - <std[617be2ca0a6fd877]::thread::lifecycle::spawn_unchecked<test[aada8e7e76ba119b]::run_test::{closure#1}, ()>::{closure#1} as core[a373ad73a504971]::ops::function::FnOnce<()>>::call_once::{shim:vtable#0}
[INFO] [stdout]   18:     0x595d7bfa50af - <std[617be2ca0a6fd877]::sys::thread::unix::Thread>::new::thread_start
[INFO] [stdout]   19:     0x7c71868c9dfa - <unknown>
[INFO] [stdout]   20:     0x7c718695d3d4 - clone
[INFO] [stdout]   21:                0x0 - <unknown>
[INFO] [stdout] 
[INFO] [stdout] ---- at_least_one_capture_is_committed stdout ----
[INFO] [stdout] 
[INFO] [stdout] thread 'at_least_one_capture_is_committed' (613) panicked at tests/capture_invariants.rs:45:10:
[INFO] [stdout] captures/ directory should exist at the repo root: Os { code: 2, kind: NotFound, message: "No such file or directory" }
[INFO] [stdout] stack backtrace:
[INFO] [stdout]    0:     0x595d7bfa5bb1 - <<std[617be2ca0a6fd877]::sys::backtrace::BacktraceLock>::print::DisplayBacktrace as core[a373ad73a504971]::fmt::Display>::fmt
[INFO] [stdout]    1:     0x595d7bfba78a - core[a373ad73a504971]::fmt::write
[INFO] [stdout]    2:     0x595d7bfaa09c - <alloc[2e1b2a31b91974c5]::vec::Vec<u8> as core[a373ad73a504971]::io::write::Write>::write_fmt
[INFO] [stdout]    3:     0x595d7bf81686 - std[617be2ca0a6fd877]::panicking::default_hook::{closure#0}
[INFO] [stdout]    4:     0x595d7bf9dc39 - std[617be2ca0a6fd877]::panicking::default_hook
[INFO] [stdout]    5:     0x595d7bf37e00 - test[aada8e7e76ba119b]::test_main_inner::{closure#0}
[INFO] [stdout]    6:     0x595d7bf9ddf2 - std[617be2ca0a6fd877]::panicking::panic_with_hook
[INFO] [stdout]    7:     0x595d7bf81732 - std[617be2ca0a6fd877]::panicking::panic_handler::{closure#0}
[INFO] [stdout]    8:     0x595d7bf7a219 - std[617be2ca0a6fd877]::sys::backtrace::__rust_end_short_backtrace::<std[617be2ca0a6fd877]::panicking::panic_handler::{closure#0}, !>
[INFO] [stdout]    9:     0x595d7bf8233d - __rustc[ea4f61d10b84890b]::rust_begin_unwind
[INFO] [stdout]   10:     0x595d7bfbaebc - core[a373ad73a504971]::panicking::panic_fmt
[INFO] [stdout]   11:     0x595d7bfbac92 - core[a373ad73a504971]::result::unwrap_failed
[INFO] [stdout]   12:     0x595d7befeb89 - capture_invariants[915feaf2813a447f]::load_captures
[INFO] [stdout]   13:     0x595d7beff989 - <capture_invariants[915feaf2813a447f]::at_least_one_capture_is_committed::{closure#0} as core[a373ad73a504971]::ops::function::FnOnce<()>>::call_once
[INFO] [stdout]   14:     0x595d7bf2b24b - test[aada8e7e76ba119b]::__rust_begin_short_backtrace::<core[a373ad73a504971]::result::Result<(), alloc[2e1b2a31b91974c5]::string::String>, fn() -> core[a373ad73a504971]::result::Result<(), alloc[2e1b2a31b91974c5]::string::String>>
[INFO] [stdout]   15:     0x595d7bf38425 - test[aada8e7e76ba119b]::run_test::{closure#0}
[INFO] [stdout]   16:     0x595d7bf31d14 - std[617be2ca0a6fd877]::sys::backtrace::__rust_begin_short_backtrace::<test[aada8e7e76ba119b]::run_test::{closure#1}, ()>
[INFO] [stdout]   17:     0x595d7bf3b4b2 - <std[617be2ca0a6fd877]::thread::lifecycle::spawn_unchecked<test[aada8e7e76ba119b]::run_test::{closure#1}, ()>::{closure#1} as core[a373ad73a504971]::ops::function::FnOnce<()>>::call_once::{shim:vtable#0}
[INFO] [stdout]   18:     0x595d7bfa50af - <std[617be2ca0a6fd877]::sys::thread::unix::Thread>::new::thread_start
[INFO] [stdout]   19:     0x7c71868c9dfa - <unknown>
[INFO] [stdout]   20:     0x7c718695d3d4 - clone
[INFO] [stdout]   21:                0x0 - <unknown>
[INFO] [stdout] 
[INFO] [stdout] ---- captured_at_is_rfc3339 stdout ----
[INFO] [stdout] 
[INFO] [stdout] thread 'captured_at_is_rfc3339' (615) panicked at tests/capture_invariants.rs:45:10:
[INFO] [stdout] captures/ directory should exist at the repo root: Os { code: 2, kind: NotFound, message: "No such file or directory" }
[INFO] [stdout] stack backtrace:
[INFO] [stdout]    0:     0x595d7bfa5bb1 - <<std[617be2ca0a6fd877]::sys::backtrace::BacktraceLock>::print::DisplayBacktrace as core[a373ad73a504971]::fmt::Display>::fmt
[INFO] [stdout]    1:     0x595d7bfba78a - core[a373ad73a504971]::fmt::write
[INFO] [stdout]    2:     0x595d7bfaa09c - <alloc[2e1b2a31b91974c5]::vec::Vec<u8> as core[a373ad73a504971]::io::write::Write>::write_fmt
[INFO] [stdout]    3:     0x595d7bf81686 - std[617be2ca0a6fd877]::panicking::default_hook::{closure#0}
[INFO] [stdout]    4:     0x595d7bf9dc39 - std[617be2ca0a6fd877]::panicking::default_hook
[INFO] [stdout]    5:     0x595d7bf37e00 - test[aada8e7e76ba119b]::test_main_inner::{closure#0}
[INFO] [stdout]    6:     0x595d7bf9ddf2 - std[617be2ca0a6fd877]::panicking::panic_with_hook
[INFO] [stdout]    7:     0x595d7bf81732 - std[617be2ca0a6fd877]::panicking::panic_handler::{closure#0}
[INFO] [stdout]    8:     0x595d7bf7a219 - std[617be2ca0a6fd877]::sys::backtrace::__rust_end_short_backtrace::<std[617be2ca0a6fd877]::panicking::panic_handler::{closure#0}, !>
[INFO] [stdout]    9:     0x595d7bf8233d - __rustc[ea4f61d10b84890b]::rust_begin_unwind
[INFO] [stdout]   10:     0x595d7bfbaebc - core[a373ad73a504971]::panicking::panic_fmt
[INFO] [stdout]   11:     0x595d7bfbac92 - core[a373ad73a504971]::result::unwrap_failed
[INFO] [stdout]   12:     0x595d7befeb89 - capture_invariants[915feaf2813a447f]::load_captures
[INFO] [stdout]   13:     0x595d7beff181 - <capture_invariants[915feaf2813a447f]::captured_at_is_rfc3339::{closure#0} as core[a373ad73a504971]::ops::function::FnOnce<()>>::call_once
[INFO] [stdout]   14:     0x595d7bf2b24b - test[aada8e7e76ba119b]::__rust_begin_short_backtrace::<core[a373ad73a504971]::result::Result<(), alloc[2e1b2a31b91974c5]::string::String>, fn() -> core[a373ad73a504971]::result::Result<(), alloc[2e1b2a31b91974c5]::string::String>>
[INFO] [stdout]   15:     0x595d7bf38425 - test[aada8e7e76ba119b]::run_test::{closure#0}
[INFO] [stdout]   16:     0x595d7bf31d14 - std[617be2ca0a6fd877]::sys::backtrace::__rust_begin_short_backtrace::<test[aada8e7e76ba119b]::run_test::{closure#1}, ()>
[INFO] [stdout]   17:     0x595d7bf3b4b2 - <std[617be2ca0a6fd877]::thread::lifecycle::spawn_unchecked<test[aada8e7e76ba119b]::run_test::{closure#1}, ()>::{closure#1} as core[a373ad73a504971]::ops::function::FnOnce<()>>::call_once::{shim:vtable#0}
[INFO] [stdout]   18:     0x595d7bfa50af - <std[617be2ca0a6fd877]::sys::thread::unix::Thread>::new::thread_start
[INFO] [stdout]   19:     0x7c71868c9dfa - <unknown>
[INFO] [stdout]   20:     0x7c718695d3d4 - clone
[INFO] [stdout]   21:                0x0 - <unknown>
[INFO] [stdout] 
[INFO] [stdout] ---- kitty_value_agrees_with_its_raw_response stdout ----
[INFO] [stdout] 
[INFO] [stdout] thread 'kitty_value_agrees_with_its_raw_response' (619) panicked at tests/capture_invariants.rs:45:10:
[INFO] [stdout] captures/ directory should exist at the repo root: Os { code: 2, kind: NotFound, message: "No such file or directory" }
[INFO] [stdout] stack backtrace:
[INFO] [stdout]    0:     0x595d7bfa5bb1 - <<std[617be2ca0a6fd877]::sys::backtrace::BacktraceLock>::print::DisplayBacktrace as core[a373ad73a504971]::fmt::Display>::fmt
[INFO] [stdout]    1:     0x595d7bfba78a - core[a373ad73a504971]::fmt::write
[INFO] [stdout]    2:     0x595d7bfaa09c - <alloc[2e1b2a31b91974c5]::vec::Vec<u8> as core[a373ad73a504971]::io::write::Write>::write_fmt
[INFO] [stdout]    3:     0x595d7bf81686 - std[617be2ca0a6fd877]::panicking::default_hook::{closure#0}
[INFO] [stdout]    4:     0x595d7bf9dc39 - std[617be2ca0a6fd877]::panicking::default_hook
[INFO] [stdout]    5:     0x595d7bf37e00 - test[aada8e7e76ba119b]::test_main_inner::{closure#0}
[INFO] [stdout]    6:     0x595d7bf9ddf2 - std[617be2ca0a6fd877]::panicking::panic_with_hook
[INFO] [stdout]    7:     0x595d7bf81732 - std[617be2ca0a6fd877]::panicking::panic_handler::{closure#0}
[INFO] [stdout]    8:     0x595d7bf7a219 - std[617be2ca0a6fd877]::sys::backtrace::__rust_end_short_backtrace::<std[617be2ca0a6fd877]::panicking::panic_handler::{closure#0}, !>
[INFO] [stdout]    9:     0x595d7bf8233d - __rustc[ea4f61d10b84890b]::rust_begin_unwind
[INFO] [stdout]   10:     0x595d7bfbaebc - core[a373ad73a504971]::panicking::panic_fmt
[INFO] [stdout]   11:     0x595d7bfbac92 - core[a373ad73a504971]::result::unwrap_failed
[INFO] [stdout]   12:     0x595d7befeb89 - capture_invariants[915feaf2813a447f]::load_captures
[INFO] [stdout]   13:     0x595d7bf004a1 - <capture_invariants[915feaf2813a447f]::kitty_value_agrees_with_its_raw_response::{closure#0} as core[a373ad73a504971]::ops::function::FnOnce<()>>::call_once
[INFO] [stdout]   14:     0x595d7bf2b24b - test[aada8e7e76ba119b]::__rust_begin_short_backtrace::<core[a373ad73a504971]::result::Result<(), alloc[2e1b2a31b91974c5]::string::String>, fn() -> core[a373ad73a504971]::result::Result<(), alloc[2e1b2a31b91974c5]::string::String>>
[INFO] [stdout]   15:     0x595d7bf38425 - test[aada8e7e76ba119b]::run_test::{closure#0}
[INFO] [stdout]   16:     0x595d7bf31d14 - std[617be2ca0a6fd877]::sys::backtrace::__rust_begin_short_backtrace::<test[aada8e7e76ba119b]::run_test::{closure#1}, ()>
[INFO] [stdout]   17:     0x595d7bf3b4b2 - <std[617be2ca0a6fd877]::thread::lifecycle::spawn_unchecked<test[aada8e7e76ba119b]::run_test::{closure#1}, ()>::{closure#1} as core[a373ad73a504971]::ops::function::FnOnce<()>>::call_once::{shim:vtable#0}
[INFO] [stdout]   18:     0x595d7bfa50af - <std[617be2ca0a6fd877]::sys::thread::unix::Thread>::new::thread_start
[INFO] [stdout]   19:     0x7c71868c9dfa - <unknown>
[INFO] [stdout]   20:     0x7c718695d3d4 - clone
[INFO] [stdout]   21:                0x0 - <unknown>
[INFO] [stdout] 
[INFO] [stdout] ---- every_hex_token_decodes stdout ----
[INFO] [stdout] 
[INFO] [stdout] thread 'every_hex_token_decodes' (617) panicked at tests/capture_invariants.rs:45:10:
[INFO] [stdout] captures/ directory should exist at the repo root: Os { code: 2, kind: NotFound, message: "No such file or directory" }
[INFO] [stdout] stack backtrace:
[INFO] [stdout]    0:     0x595d7bfa5bb1 - <<std[617be2ca0a6fd877]::sys::backtrace::BacktraceLock>::print::DisplayBacktrace as core[a373ad73a504971]::fmt::Display>::fmt
[INFO] [stdout]    1:     0x595d7bfba78a - core[a373ad73a504971]::fmt::write
[INFO] [stdout]    2:     0x595d7bfaa09c - <alloc[2e1b2a31b91974c5]::vec::Vec<u8> as core[a373ad73a504971]::io::write::Write>::write_fmt
[INFO] [stdout]    3:     0x595d7bf81686 - std[617be2ca0a6fd877]::panicking::default_hook::{closure#0}
[INFO] [stdout]    4:     0x595d7bf9dc39 - std[617be2ca0a6fd877]::panicking::default_hook
[INFO] [stdout]    5:     0x595d7bf37e00 - test[aada8e7e76ba119b]::test_main_inner::{closure#0}
[INFO] [stdout]    6:     0x595d7bf9ddf2 - std[617be2ca0a6fd877]::panicking::panic_with_hook
[INFO] [stdout]    7:     0x595d7bf81732 - std[617be2ca0a6fd877]::panicking::panic_handler::{closure#0}
[INFO] [stdout]    8:     0x595d7bf7a219 - std[617be2ca0a6fd877]::sys::backtrace::__rust_end_short_backtrace::<std[617be2ca0a6fd877]::panicking::panic_handler::{closure#0}, !>
[INFO] [stdout]    9:     0x595d7bf8233d - __rustc[ea4f61d10b84890b]::rust_begin_unwind
[INFO] [stdout]   10:     0x595d7bfbaebc - core[a373ad73a504971]::panicking::panic_fmt
[INFO] [stdout]   11:     0x595d7bfbac92 - core[a373ad73a504971]::result::unwrap_failed
[INFO] [stdout]   12:     0x595d7befeb89 - capture_invariants[915feaf2813a447f]::load_captures
[INFO] [stdout]   13:     0x595d7beff3d1 - <capture_invariants[915feaf2813a447f]::every_hex_token_decodes::{closure#0} as core[a373ad73a504971]::ops::function::FnOnce<()>>::call_once
[INFO] [stdout]   14:     0x595d7bf2b24b - test[aada8e7e76ba119b]::__rust_begin_short_backtrace::<core[a373ad73a504971]::result::Result<(), alloc[2e1b2a31b91974c5]::string::String>, fn() -> core[a373ad73a504971]::result::Result<(), alloc[2e1b2a31b91974c5]::string::String>>
[INFO] [stdout]   15:     0x595d7bf38425 - test[aada8e7e76ba119b]::run_test::{closure#0}
[INFO] [stdout]   16:     0x595d7bf31d14 - std[617be2ca0a6fd877]::sys::backtrace::__rust_begin_short_backtrace::<test[aada8e7e76ba119b]::run_test::{closure#1}, ()>
[INFO] [stdout]   17:     0x595d7bf3b4b2 - <std[617be2ca0a6fd877]::thread::lifecycle::spawn_unchecked<test[aada8e7e76ba119b]::run_test::{closure#1}, ()>::{closure#1} as core[a373ad73a504971]::ops::function::FnOnce<()>>::call_once::{shim:vtable#0}
[INFO] [stdout]   18:     0x595d7bfa50af - <std[617be2ca0a6fd877]::sys::thread::unix::Thread>::new::thread_start
[INFO] [stdout]   19:     0x7c71868c9dfa - <unknown>
[INFO] [stdout]   20:     0x7c718695d3d4 - clone
[INFO] [stdout]   21:                0x0 - <unknown>
[INFO] [stdout] 
[INFO] [stdout] ---- capability_query_responses_are_complete stdout ----
[INFO] [stdout] 
[INFO] [stdout] thread 'capability_query_responses_are_complete' (614) panicked at tests/capture_invariants.rs:45:10:
[INFO] [stdout] captures/ directory should exist at the repo root: Os { code: 2, kind: NotFound, message: "No such file or directory" }
[INFO] [stdout] stack backtrace:
[INFO] [stdout]    0:     0x595d7bfa5bb1 - <<std[617be2ca0a6fd877]::sys::backtrace::BacktraceLock>::print::DisplayBacktrace as core[a373ad73a504971]::fmt::Display>::fmt
[INFO] [stdout]    1:     0x595d7bfba78a - core[a373ad73a504971]::fmt::write
[INFO] [stdout]    2:     0x595d7bfaa09c - <alloc[2e1b2a31b91974c5]::vec::Vec<u8> as core[a373ad73a504971]::io::write::Write>::write_fmt
[INFO] [stdout]    3:     0x595d7bf81686 - std[617be2ca0a6fd877]::panicking::default_hook::{closure#0}
[INFO] [stdout]    4:     0x595d7bf9dc39 - std[617be2ca0a6fd877]::panicking::default_hook
[INFO] [stdout]    5:     0x595d7bf37e00 - test[aada8e7e76ba119b]::test_main_inner::{closure#0}
[INFO] [stdout]    6:     0x595d7bf9ddf2 - std[617be2ca0a6fd877]::panicking::panic_with_hook
[INFO] [stdout]    7:     0x595d7bf81732 - std[617be2ca0a6fd877]::panicking::panic_handler::{closure#0}
[INFO] [stdout]    8:     0x595d7bf7a219 - std[617be2ca0a6fd877]::sys::backtrace::__rust_end_short_backtrace::<std[617be2ca0a6fd877]::panicking::panic_handler::{closure#0}, !>
[INFO] [stdout]    9:     0x595d7bf8233d - __rustc[ea4f61d10b84890b]::rust_begin_unwind
[INFO] [stdout]   10:     0x595d7bfbaebc - core[a373ad73a504971]::panicking::panic_fmt
[INFO] [stdout]   11:     0x595d7bfbac92 - core[a373ad73a504971]::result::unwrap_failed
[INFO] [stdout]   12:     0x595d7befeb89 - capture_invariants[915feaf2813a447f]::load_captures
[INFO] [stdout]   13:     0x595d7beffad1 - <capture_invariants[915feaf2813a447f]::capability_query_responses_are_complete::{closure#0} as core[a373ad73a504971]::ops::function::FnOnce<()>>::call_once
[INFO] [stdout]   14:     0x595d7bf2b24b - test[aada8e7e76ba119b]::__rust_begin_short_backtrace::<core[a373ad73a504971]::result::Result<(), alloc[2e1b2a31b91974c5]::string::String>, fn() -> core[a373ad73a504971]::result::Result<(), alloc[2e1b2a31b91974c5]::string::String>>
[INFO] [stdout]   15:     0x595d7bf38425 - test[aada8e7e76ba119b]::run_test::{closure#0}
[INFO] [stdout]   16:     0x595d7bf31d14 - std[617be2ca0a6fd877]::sys::backtrace::__rust_begin_short_backtrace::<test[aada8e7e76ba119b]::run_test::{closure#1}, ()>
[INFO] [stdout]   17:     0x595d7bf3b4b2 - <std[617be2ca0a6fd877]::thread::lifecycle::spawn_unchecked<test[aada8e7e76ba119b]::run_test::{closure#1}, ()>::{closure#1} as core[a373ad73a504971]::ops::function::FnOnce<()>>::call_once::{shim:vtable#0}
[INFO] [stdout]   18:     0x595d7bfa50af - <std[617be2ca0a6fd877]::sys::thread::unix::Thread>::new::thread_start
[INFO] [stdout]   19:     0x7c71868c9dfa - <unknown>
[INFO] [stdout]   20:     0x7c718695d3d4 - clone
[INFO] [stdout]   21:                0x0 - <unknown>
[INFO] [stdout] 
[INFO] [stdout] ---- each_capture_covers_the_recorded_key_set stdout ----
[INFO] [stdout] 
[INFO] [stdout] thread 'each_capture_covers_the_recorded_key_set' (616) panicked at tests/capture_invariants.rs:45:10:
[INFO] [stdout] captures/ directory should exist at the repo root: Os { code: 2, kind: NotFound, message: "No such file or directory" }
[INFO] [stdout] stack backtrace:
[INFO] [stdout]    0:     0x595d7bfa5bb1 - <<std[617be2ca0a6fd877]::sys::backtrace::BacktraceLock>::print::DisplayBacktrace as core[a373ad73a504971]::fmt::Display>::fmt
[INFO] [stdout]    1:     0x595d7bfba78a - core[a373ad73a504971]::fmt::write
[INFO] [stdout]    2:     0x595d7bfaa09c - <alloc[2e1b2a31b91974c5]::vec::Vec<u8> as core[a373ad73a504971]::io::write::Write>::write_fmt
[INFO] [stdout]    3:     0x595d7bf81686 - std[617be2ca0a6fd877]::panicking::default_hook::{closure#0}
[INFO] [stdout]    4:     0x595d7bf9dc39 - std[617be2ca0a6fd877]::panicking::default_hook
[INFO] [stdout]    5:     0x595d7bf37e00 - test[aada8e7e76ba119b]::test_main_inner::{closure#0}
[INFO] [stdout]    6:     0x595d7bf9ddf2 - std[617be2ca0a6fd877]::panicking::panic_with_hook
[INFO] [stdout]    7:     0x595d7bf81732 - std[617be2ca0a6fd877]::panicking::panic_handler::{closure#0}
[INFO] [stdout]    8:     0x595d7bf7a219 - std[617be2ca0a6fd877]::sys::backtrace::__rust_end_short_backtrace::<std[617be2ca0a6fd877]::panicking::panic_handler::{closure#0}, !>
[INFO] [stdout]    9:     0x595d7bf8233d - __rustc[ea4f61d10b84890b]::rust_begin_unwind
[INFO] [stdout]   10:     0x595d7bfbaebc - core[a373ad73a504971]::panicking::panic_fmt
[INFO] [stdout]   11:     0x595d7bfbac92 - core[a373ad73a504971]::result::unwrap_failed
[INFO] [stdout]   12:     0x595d7befeb89 - capture_invariants[915feaf2813a447f]::load_captures
[INFO] [stdout]   13:     0x595d7beffe03 - <capture_invariants[915feaf2813a447f]::each_capture_covers_the_recorded_key_set::{closure#0} as core[a373ad73a504971]::ops::function::FnOnce<()>>::call_once
[INFO] [stdout]   14:     0x595d7bf2b24b - test[aada8e7e76ba119b]::__rust_begin_short_backtrace::<core[a373ad73a504971]::result::Result<(), alloc[2e1b2a31b91974c5]::string::String>, fn() -> core[a373ad73a504971]::result::Result<(), alloc[2e1b2a31b91974c5]::string::String>>
[INFO] [stdout]   15:     0x595d7bf38425 - test[aada8e7e76ba119b]::run_test::{closure#0}
[INFO] [stdout]   16:     0x595d7bf31d14 - std[617be2ca0a6fd877]::sys::backtrace::__rust_begin_short_backtrace::<test[aada8e7e76ba119b]::run_test::{closure#1}, ()>
[INFO] [stdout]   17:     0x595d7bf3b4b2 - <std[617be2ca0a6fd877]::thread::lifecycle::spawn_unchecked<test[aada8e7e76ba119b]::run_test::{closure#1}, ()>::{closure#1} as core[a373ad73a504971]::ops::function::FnOnce<()>>::call_once::{shim:vtable#0}
[INFO] [stdout]   18:     0x595d7bfa50af - <std[617be2ca0a6fd877]::sys::thread::unix::Thread>::new::thread_start
[INFO] [stdout]   19:     0x7c71868c9dfa - <unknown>
[INFO] [stdout]   20:     0x7c718695d3d4 - clone
[INFO] [stdout]   21:                0x0 - <unknown>
[INFO] [stdout] 
[INFO] [stdout] 
[INFO] [stdout] failures:
[INFO] [stdout]     at_least_one_capture_is_committed
[INFO] [stdout]     capability_query_responses_are_complete
[INFO] [stdout]     captured_at_is_rfc3339
[INFO] [stdout]     each_capture_covers_the_recorded_key_set
[INFO] [stdout]     every_hex_token_decodes
[INFO] [stdout]     every_keypress_mode_is_known
[INFO] [stdout]     kitty_value_agrees_with_its_raw_response
[INFO] [stdout] 
[INFO] [stdout] test result: FAILED. 0 passed; 7 failed; 0 ignored; 0 measured; 0 filtered out; finished in 0.01s
[INFO] [stdout] 
[INFO] [stderr] error: test failed, to rerun pass `--test capture_invariants`
[INFO] running `Command { std: "docker" "inspect" "02d2905e931b0002e77f72f9e264fc083a8f0b95fe4540be7d1a58634b4b9c86", kill_on_drop: false }`
[INFO] running `Command { std: "docker" "rm" "-f" "02d2905e931b0002e77f72f9e264fc083a8f0b95fe4540be7d1a58634b4b9c86", kill_on_drop: false }`
[INFO] [stdout] 02d2905e931b0002e77f72f9e264fc083a8f0b95fe4540be7d1a58634b4b9c86
