[INFO] fetching crate keylock 0.1.2...
[INFO] testing keylock-0.1.2 against 1.99.0-beta.8+cargoflags=--release for beta-release-1.100-2
[INFO] extracting crate keylock 0.1.2 into /workspace/builds/worker-0-tc1/source
[INFO] started tweaking crates.io crate keylock 0.1.2
[INFO] removed 0 missing tests
[INFO] finished tweaking crates.io crate keylock 0.1.2
[INFO] tweaked toml for crates.io crate keylock 0.1.2 written to /workspace/builds/worker-0-tc1/source/Cargo.toml
[INFO] validating manifest of crates.io crate keylock 0.1.2 on toolchain 1.99.0-beta.8
[INFO] running `Command { std: CARGO_HOME="/workspace/cargo-home" RUSTUP_HOME="/workspace/rustup-home" "/workspace/cargo-home/bin/cargo" "+1.99.0-beta.8" "metadata" "--manifest-path" "Cargo.toml" "--no-deps", kill_on_drop: false }`
[INFO] crate crates.io crate keylock 0.1.2 already has a lockfile, it will not be regenerated
[INFO] running `Command { std: CARGO_HOME="/workspace/cargo-home" RUSTUP_HOME="/workspace/rustup-home" "/workspace/cargo-home/bin/cargo" "+1.99.0-beta.8" "fetch" "--manifest-path" "Cargo.toml", kill_on_drop: false }`
[INFO] [stderr]  Downloading crates ...
[INFO] [stderr]   Downloaded proc-macro2 v1.0.96
[INFO] [stderr]   Downloaded copypasta v0.10.2
[INFO] [stderr]   Downloaded cc v1.2.32
[INFO] [stderr]   Downloaded clap v4.5.43
[INFO] [stderr]   Downloaded clap_builder v4.5.43
[INFO] running `Command { std: "docker" "create" "-v" "/var/lib/crater-agent-workspace/builds/worker-0-tc1/source:/opt/rustwide/workdir:ro,Z" "-v" "/var/lib/crater-agent-workspace/builds/worker-0-tc1/target:/opt/rustwide/target:rw,Z" "-v" "/var/lib/crater-agent-workspace/cargo-home:/opt/rustwide/cargo-home:ro,Z" "-v" "/var/lib/crater-agent-workspace/rustup-home:/opt/rustwide/rustup-home:ro,Z" "-m" "1610612736" "--network" "none" "ghcr.io/rust-lang/crates-build-env/linux@sha256:77db811e55d90add9212f6832c23229e3de5f1c1f9905e8cb07319ea15df73ac" "sleep" "infinity", kill_on_drop: false }`
[INFO] [stdout] 4b1196ca5d920f55e4d09956f658187b7f99d2e91c2e4dd644d57a5b6607d9ec
[INFO] running `Command { std: "docker" "start" "4b1196ca5d920f55e4d09956f658187b7f99d2e91c2e4dd644d57a5b6607d9ec", kill_on_drop: false }`
[INFO] running `Command { std: "docker" "inspect" "4b1196ca5d920f55e4d09956f658187b7f99d2e91c2e4dd644d57a5b6607d9ec", kill_on_drop: false }`
[INFO] running `Command { std: "docker" "exec" "-e" "SOURCE_DIR=/opt/rustwide/workdir" "-e" "CARGO_HOME=/opt/rustwide/cargo-home" "-e" "RUSTUP_HOME=/opt/rustwide/rustup-home" "-e" "CARGO_TARGET_DIR=/opt/rustwide/target" "-w" "/opt/rustwide/workdir" "--user" "0:0" "4b1196ca5d920f55e4d09956f658187b7f99d2e91c2e4dd644d57a5b6607d9ec" "/opt/rustwide/cargo-home/bin/cargo" "+1.99.0-beta.8" "metadata" "--no-deps" "--format-version=1", kill_on_drop: false }`
[INFO] running `Command { std: "docker" "inspect" "4b1196ca5d920f55e4d09956f658187b7f99d2e91c2e4dd644d57a5b6607d9ec", kill_on_drop: false }`
[INFO] running `Command { std: "docker" "exec" "-e" "SOURCE_DIR=/opt/rustwide/workdir" "-e" "CARGO_HOME=/opt/rustwide/cargo-home" "-e" "RUSTUP_HOME=/opt/rustwide/rustup-home" "-e" "CARGO_TARGET_DIR=/opt/rustwide/target" "-e" "CARGO_INCREMENTAL=0" "-e" "RUST_BACKTRACE=full" "-e" "RUSTFLAGS=--cap-lints=warn" "-e" "RUSTDOCFLAGS=--cap-lints=warn" "-w" "/opt/rustwide/workdir" "--user" "0:0" "4b1196ca5d920f55e4d09956f658187b7f99d2e91c2e4dd644d57a5b6607d9ec" "/opt/rustwide/cargo-home/bin/cargo" "+1.99.0-beta.8" "build" "--frozen" "--message-format=json" "--release", kill_on_drop: false }`
[INFO] [stderr]    Compiling libc v0.2.175
[INFO] [stderr]    Compiling cfg-if v1.0.1
[INFO] [stderr]    Compiling proc-macro2 v1.0.96
[INFO] [stderr]    Compiling unicode-ident v1.0.18
[INFO] [stderr]    Compiling typenum v1.18.0
[INFO] [stderr]    Compiling version_check v0.9.5
[INFO] [stderr]    Compiling bitflags v2.9.1
[INFO] [stderr]    Compiling rustix v1.0.8
[INFO] [stderr]    Compiling linux-raw-sys v0.9.4
[INFO] [stderr]    Compiling shlex v1.3.0
[INFO] [stderr]    Compiling smallvec v1.15.1
[INFO] [stderr]    Compiling pkg-config v0.3.32
[INFO] [stderr]    Compiling log v0.4.27
[INFO] [stderr]    Compiling once_cell v1.21.3
[INFO] [stderr]    Compiling scoped-tls v1.0.1
[INFO] [stderr]    Compiling memchr v2.7.5
[INFO] [stderr]    Compiling libloading v0.8.8
[INFO] [stderr]    Compiling subtle v2.6.1
[INFO] [stderr]    Compiling downcast-rs v1.2.1
[INFO] [stderr]    Compiling cc v1.2.32
[INFO] [stderr]    Compiling rustix v0.38.44
[INFO] [stderr]    Compiling wayland-client v0.31.11
[INFO] [stderr]    Compiling linux-raw-sys v0.4.15
[INFO] [stderr]    Compiling cpufeatures v0.2.17
[INFO] [stderr]    Compiling serde v1.0.219
[INFO] [stderr]    Compiling dlib v0.5.2
[INFO] [stderr]    Compiling thiserror v1.0.69
[INFO] [stderr]    Compiling opaque-debug v0.3.1
[INFO] [stderr]    Compiling zerocopy v0.8.26
[INFO] [stderr]    Compiling slab v0.4.11
[INFO] [stderr]    Compiling generic-array v0.14.7
[INFO] [stderr]    Compiling autocfg v1.5.0
[INFO] [stderr]    Compiling utf8parse v0.2.2
[INFO] [stderr]    Compiling smithay-client-toolkit v0.19.2
[INFO] [stderr]    Compiling parking_lot_core v0.9.11
[INFO] [stderr]    Compiling cursor-icon v1.2.0
[INFO] [stderr]    Compiling xcursor v0.3.10
[INFO] [stderr]    Compiling anstyle-parse v0.2.7
[INFO] [stderr]    Compiling anstyle v1.0.11
[INFO] [stderr]    Compiling regex-syntax v0.8.5
[INFO] [stderr]    Compiling wayland-sys v0.31.7
[INFO] [stderr]    Compiling quote v1.0.40
[INFO] [stderr]    Compiling xkeysym v0.2.1
[INFO] [stderr]    Compiling hashbrown v0.15.5
[INFO] [stderr]    Compiling syn v2.0.104
[INFO] [stderr]    Compiling x11rb-protocol v0.13.1
[INFO] [stderr]    Compiling getrandom v0.2.16
[INFO] [stderr]    Compiling lock_api v0.4.13
[INFO] [stderr]    Compiling quick-xml v0.37.5
[INFO] [stderr]    Compiling rand_core v0.6.4
[INFO] [stderr]    Compiling aho-corasick v1.1.3
[INFO] [stderr]    Compiling memmap2 v0.9.7
[INFO] [stderr]    Compiling is_terminal_polyfill v1.70.1
[INFO] [stderr]    Compiling equivalent v1.0.2
[INFO] [stderr]    Compiling colorchoice v1.0.4
[INFO] [stderr]    Compiling crypto-common v0.1.6
[INFO] [stderr]    Compiling inout v0.1.4
[INFO] [stderr]    Compiling block-buffer v0.10.4
[INFO] [stderr]    Compiling universal-hash v0.5.1
[INFO] [stderr]    Compiling anstyle-query v1.1.4
[INFO] [stderr]    Compiling scopeguard v1.2.0
[INFO] [stderr]    Compiling getrandom v0.3.3
[INFO] [stderr]    Compiling polyval v0.6.2
[INFO] [stderr]    Compiling digest v0.10.7
[INFO] [stderr]    Compiling anstream v0.6.20
[INFO] [stderr]    Compiling wayland-backend v0.3.11
[INFO] [stderr]    Compiling aead v0.5.2
[INFO] [stderr]    Compiling serde_json v1.0.142
[INFO] [stderr]    Compiling heck v0.5.0
[INFO] [stderr]    Compiling winnow v0.7.12
[INFO] [stderr]    Compiling base64ct v1.8.0
[INFO] [stderr]    Compiling toml_write v0.1.2
[INFO] [stderr]    Compiling anyhow v1.0.98
[INFO] [stderr]    Compiling strsim v0.11.1
[INFO] [stderr]    Compiling clap_lex v0.7.5
[INFO] [stderr]    Compiling option-ext v0.2.0
[INFO] [stderr]    Compiling indexmap v2.10.0
[INFO] [stderr]    Compiling dirs-sys v0.4.1
[INFO] [stderr]    Compiling blake2 v0.10.6
[INFO] [stderr]    Compiling parking_lot v0.12.4
[INFO] [stderr]    Compiling wayland-scanner v0.31.7
[INFO] [stderr]    Compiling password-hash v0.5.0
[INFO] [stderr]    Compiling clap_builder v4.5.43
[INFO] [stderr]    Compiling ghash v0.5.1
[INFO] [stderr]    Compiling regex-automata v0.4.9
[INFO] [stderr]    Compiling ppv-lite86 v0.2.21
[INFO] [stderr]    Compiling poly1305 v0.8.0
[INFO] [stderr]    Compiling rtoolbox v0.0.3
[INFO] [stderr]    Compiling is-terminal v0.4.16
[INFO] [stderr]    Compiling signal-hook-registry v1.4.6
[INFO] [stderr]    Compiling socket2 v0.6.0
[INFO] [stderr]    Compiling mio v1.0.4
[INFO] [stderr]    Compiling pin-project-lite v0.2.16
[INFO] [stderr]    Compiling bytes v1.10.1
[INFO] [stderr]    Compiling ryu v1.0.20
[INFO] [stderr]    Compiling fastrand v2.3.0
[INFO] [stderr]    Compiling rand_chacha v0.3.1
[INFO] [stderr]    Compiling lazy_static v1.5.0
[INFO] [stderr]    Compiling termcolor v1.4.1
[INFO] [stderr]    Compiling itoa v1.0.15
[INFO] [stderr]    Compiling humantime v2.2.0
[INFO] [stderr]    Compiling rand v0.8.5
[INFO] [stderr]    Compiling colored v2.2.0
[INFO] [stderr]    Compiling rpassword v7.4.0
[INFO] [stderr]    Compiling argon2 v0.5.3
[INFO] [stderr]    Compiling dirs v5.0.1
[INFO] [stderr]    Compiling base64 v0.22.1
[INFO] [stderr]    Compiling regex v1.11.1
[INFO] [stderr]    Compiling zeroize_derive v1.4.2
[INFO] [stderr]    Compiling thiserror-impl v1.0.69
[INFO] [stderr]    Compiling serde_derive v1.0.219
[INFO] [stderr]    Compiling clap_derive v4.5.41
[INFO] [stderr]    Compiling tokio-macros v2.5.0
[INFO] [stderr]    Compiling env_logger v0.10.2
[INFO] [stderr]    Compiling tokio v1.47.1
[INFO] [stderr]    Compiling zeroize v1.8.1
[INFO] [stderr]    Compiling cipher v0.4.4
[INFO] [stderr]    Compiling x11rb v0.13.1
[INFO] [stderr]    Compiling ctr v0.9.2
[INFO] [stderr]    Compiling aes v0.8.4
[INFO] [stderr]    Compiling chacha20 v0.9.1
[INFO] [stderr]    Compiling chacha20poly1305 v0.10.1
[INFO] [stderr]    Compiling polling v3.10.0
[INFO] [stderr]    Compiling tempfile v3.20.0
[INFO] [stderr]    Compiling calloop v0.13.0
[INFO] [stderr]    Compiling aes-gcm v0.10.3
[INFO] [stderr]    Compiling clap v4.5.43
[INFO] [stderr]    Compiling wayland-csd-frame v0.3.0
[INFO] [stderr]    Compiling x11-clipboard v0.9.3
[INFO] [stderr]    Compiling wayland-protocols v0.32.9
[INFO] [stderr]    Compiling calloop-wayland-source v0.3.0
[INFO] [stderr]    Compiling wayland-cursor v0.31.11
[INFO] [stderr]    Compiling toml_datetime v0.6.11
[INFO] [stderr]    Compiling serde_spanned v0.6.9
[INFO] [stderr]    Compiling toml_edit v0.22.27
[INFO] [stderr]    Compiling toml v0.8.23
[INFO] [stderr]    Compiling wayland-protocols-wlr v0.3.9
[INFO] [stderr]    Compiling smithay-clipboard v0.7.2
[INFO] [stderr]    Compiling copypasta v0.10.2
[INFO] [stderr]    Compiling keylock v0.1.2 (/opt/rustwide/workdir)
[INFO] [stderr]     Finished `release` profile [optimized] target(s) in 1m 21s
[INFO] running `Command { std: "docker" "inspect" "4b1196ca5d920f55e4d09956f658187b7f99d2e91c2e4dd644d57a5b6607d9ec", kill_on_drop: false }`
[INFO] running `Command { std: "docker" "exec" "-e" "SOURCE_DIR=/opt/rustwide/workdir" "-e" "CARGO_HOME=/opt/rustwide/cargo-home" "-e" "RUSTUP_HOME=/opt/rustwide/rustup-home" "-e" "CARGO_TARGET_DIR=/opt/rustwide/target" "-e" "CARGO_INCREMENTAL=0" "-e" "RUST_BACKTRACE=full" "-e" "RUSTFLAGS=--cap-lints=warn" "-e" "RUSTDOCFLAGS=--cap-lints=warn" "-w" "/opt/rustwide/workdir" "--user" "0:0" "4b1196ca5d920f55e4d09956f658187b7f99d2e91c2e4dd644d57a5b6607d9ec" "/opt/rustwide/cargo-home/bin/cargo" "+1.99.0-beta.8" "test" "--frozen" "--no-run" "--message-format=json" "--release", kill_on_drop: false }`
[INFO] [stderr]    Compiling regex-syntax v0.8.5
[INFO] [stderr]    Compiling num-traits v0.2.19
[INFO] [stderr]    Compiling doc-comment v0.3.3
[INFO] [stderr]    Compiling predicates-core v1.0.9
[INFO] [stderr]    Compiling normalize-line-endings v0.3.0
[INFO] [stderr]    Compiling difflib v0.4.0
[INFO] [stderr]    Compiling assert_cmd v2.0.17
[INFO] [stderr]    Compiling termtree v0.5.1
[INFO] [stderr]    Compiling wait-timeout v0.2.1
[INFO] [stderr]    Compiling predicates-tree v1.0.12
[INFO] [stderr]    Compiling float-cmp v0.10.0
[INFO] [stderr]    Compiling regex-automata v0.4.9
[INFO] [stderr]    Compiling regex v1.11.1
[INFO] [stderr]    Compiling bstr v1.12.0
[INFO] [stderr]    Compiling env_logger v0.10.2
[INFO] [stderr]    Compiling predicates v3.1.3
[INFO] [stderr]    Compiling keylock v0.1.2 (/opt/rustwide/workdir)
[INFO] [stderr]     Finished `release` profile [optimized] target(s) in 46.12s
[INFO] running `Command { std: "docker" "inspect" "4b1196ca5d920f55e4d09956f658187b7f99d2e91c2e4dd644d57a5b6607d9ec", kill_on_drop: false }`
[INFO] running `Command { std: "docker" "exec" "-e" "SOURCE_DIR=/opt/rustwide/workdir" "-e" "CARGO_HOME=/opt/rustwide/cargo-home" "-e" "RUSTUP_HOME=/opt/rustwide/rustup-home" "-e" "CARGO_TARGET_DIR=/opt/rustwide/target" "-e" "CARGO_INCREMENTAL=0" "-e" "RUST_BACKTRACE=full" "-e" "RUSTFLAGS=--cap-lints=warn" "-e" "RUSTDOCFLAGS=--cap-lints=warn" "-w" "/opt/rustwide/workdir" "--user" "0:0" "4b1196ca5d920f55e4d09956f658187b7f99d2e91c2e4dd644d57a5b6607d9ec" "/opt/rustwide/cargo-home/bin/cargo" "+1.99.0-beta.8" "test" "--frozen" "--release", kill_on_drop: false }`
[INFO] [stderr]     Finished `release` profile [optimized] target(s) in 0.16s
[INFO] [stderr]      Running unittests src/lib.rs (/opt/rustwide/target/release/deps/keylock-ce48213d14c4b79d)
[INFO] [stdout] 
[INFO] [stdout] running 2 tests
[INFO] [stdout] test crypto::tests::aes_roundtrip ... ok
[INFO] [stdout] test crypto::tests::chacha_roundtrip ... ok
[INFO] [stderr]      Running unittests src/main.rs (/opt/rustwide/target/release/deps/keylock-9d95432b269fd83a)
[INFO] [stdout] 
[INFO] [stdout] test result: ok. 2 passed; 0 failed; 0 ignored; 0 measured; 0 filtered out; finished in 0.10s
[INFO] [stdout] 
[INFO] [stdout] 
[INFO] [stdout] running 2 tests
[INFO] [stdout] test crypto::tests::aes_roundtrip ... ok
[INFO] [stdout] test crypto::tests::chacha_roundtrip ... ok
[INFO] [stderr]      Running tests/cli.rs (/opt/rustwide/target/release/deps/cli-03fb88d6bdd1c6ab)
[INFO] [stdout] 
[INFO] [stdout] test result: ok. 2 passed; 0 failed; 0 ignored; 0 measured; 0 filtered out; finished in 0.12s
[INFO] [stdout] 
[INFO] [stdout] 
[INFO] [stdout] running 1 test
[INFO] [stdout] test setup_add_list_view_flow ... FAILED
[INFO] [stderr] error: test failed, to rerun pass `--test cli`
[INFO] [stdout] 
[INFO] [stdout] failures:
[INFO] [stdout] 
[INFO] [stdout] ---- setup_add_list_view_flow stdout ----
[INFO] [stdout] 
[INFO] [stdout] thread 'setup_add_list_view_flow' (2234) panicked at /rustc/dfb0accb7f508ae8be965d8629557221c889dd98/library/core/src/ops/function.rs:250:5:
[INFO] [stdout] Unexpected failure.
[INFO] [stdout] code=1
[INFO] [stdout] stderr=```"Error: Operation(\"Clipboard init failed: XCB - couldn\'t establish conection: DisplayParsingError(DisplayNotSet)\")\n"```
[INFO] [stdout] command=`"/opt/rustwide/target/release/keylock" "view" "example"`
[INFO] [stdout] code=1
[INFO] [stdout] stdout=""
[INFO] [stdout] stderr="Error: Operation(\"Clipboard init failed: XCB - couldn\'t establish conection: DisplayParsingError(DisplayNotSet)\")\n"
[INFO] [stdout] 
[INFO] [stdout] stack backtrace:
[INFO] [stdout]    0:     0x556f45bf2ac5 - <unknown>
[INFO] [stdout]    1:     0x556f45bd9704 - <unknown>
[INFO] [stdout]    2:     0x556f45bf216b - <unknown>
[INFO] [stdout]    3:     0x556f45bf1d69 - <unknown>
[INFO] [stdout]    4:     0x556f45bf19ea - <unknown>
[INFO] [stdout]    5:     0x556f45bf1523 - <unknown>
[INFO] [stdout]    6:     0x556f45c17401 - <unknown>
[INFO] [stdout]    7:     0x556f45c173b9 - <unknown>
[INFO] [stdout]    8:     0x556f45c178bc - <unknown>
[INFO] [stdout]    9:     0x556f45bd959b - <unknown>
[INFO] [stdout]   10:     0x556f45bd6413 - <unknown>
[INFO] [stdout]   11:     0x556f45bd63b1 - <unknown>
[INFO] [stdout]   12:     0x556f45bd7f66 - <unknown>
[INFO] [stdout]   13:     0x556f45bd381b - <unknown>
[INFO] [stdout]   14:     0x556f45c2fffb - <unknown>
[INFO] [stdout]   15:     0x556f45c2c4e2 - <unknown>
[INFO] [stdout]   16:     0x556f45c2bd0c - <unknown>
[INFO] [stdout]   17:     0x556f45c4698c - <unknown>
[INFO] [stdout]   18:     0x556f45c18c4a - <unknown>
[INFO] [stdout]   19:     0x7a557f1f2dfa - <unknown>
[INFO] [stdout]   20:     0x7a557f2863d4 - clone
[INFO] [stdout]   21:                0x0 - <unknown>
[INFO] [stdout] 
[INFO] [stdout] 
[INFO] [stdout] failures:
[INFO] [stdout]     setup_add_list_view_flow
[INFO] [stdout] 
[INFO] [stdout] test result: FAILED. 0 passed; 1 failed; 0 ignored; 0 measured; 0 filtered out; finished in 0.27s
[INFO] [stdout] 
[INFO] running `Command { std: "docker" "inspect" "4b1196ca5d920f55e4d09956f658187b7f99d2e91c2e4dd644d57a5b6607d9ec", kill_on_drop: false }`
[INFO] running `Command { std: "docker" "rm" "-f" "4b1196ca5d920f55e4d09956f658187b7f99d2e91c2e4dd644d57a5b6607d9ec", kill_on_drop: false }`
[INFO] [stdout] 4b1196ca5d920f55e4d09956f658187b7f99d2e91c2e4dd644d57a5b6607d9ec
