[INFO] fetching crate keychainbreaker-cli 0.3.1...
[INFO] testing keychainbreaker-cli-0.3.1 against 1.99.0-beta.8+cargoflags=--release for beta-release-1.100-2
[INFO] extracting crate keychainbreaker-cli 0.3.1 into /workspace/builds/worker-1-tc1/source
[INFO] started tweaking crates.io crate keychainbreaker-cli 0.3.1
[INFO] removed 0 missing tests
[INFO] finished tweaking crates.io crate keychainbreaker-cli 0.3.1
[INFO] tweaked toml for crates.io crate keychainbreaker-cli 0.3.1 written to /workspace/builds/worker-1-tc1/source/Cargo.toml
[INFO] validating manifest of crates.io crate keychainbreaker-cli 0.3.1 on toolchain 1.99.0-beta.8
[INFO] running `Command { std: CARGO_HOME="/workspace/cargo-home" RUSTUP_HOME="/workspace/rustup-home" "/workspace/cargo-home/bin/cargo" "+1.99.0-beta.8" "metadata" "--manifest-path" "Cargo.toml" "--no-deps", kill_on_drop: false }`
[INFO] crate crates.io crate keychainbreaker-cli 0.3.1 already has a lockfile, it will not be regenerated
[INFO] running `Command { std: CARGO_HOME="/workspace/cargo-home" RUSTUP_HOME="/workspace/rustup-home" "/workspace/cargo-home/bin/cargo" "+1.99.0-beta.8" "fetch" "--manifest-path" "Cargo.toml", kill_on_drop: false }`
[INFO] [stderr]     Updating crates.io index
[INFO] [stderr]  Downloading crates ...
[INFO] [stderr]   Downloaded keychainbreaker v0.3.1
[INFO] running `Command { std: "docker" "create" "-v" "/var/lib/crater-agent-workspace/builds/worker-1-tc1/source:/opt/rustwide/workdir:ro,Z" "-v" "/var/lib/crater-agent-workspace/builds/worker-1-tc1/target:/opt/rustwide/target:rw,Z" "-v" "/var/lib/crater-agent-workspace/cargo-home:/opt/rustwide/cargo-home:ro,Z" "-v" "/var/lib/crater-agent-workspace/rustup-home:/opt/rustwide/rustup-home:ro,Z" "-m" "1610612736" "--network" "none" "ghcr.io/rust-lang/crates-build-env/linux@sha256:77db811e55d90add9212f6832c23229e3de5f1c1f9905e8cb07319ea15df73ac" "sleep" "infinity", kill_on_drop: false }`
[INFO] [stdout] 3b08784fc232fad70670c416a12e7c8a8f90b230d4c0d3b6b5a33add97bdeea8
[INFO] running `Command { std: "docker" "start" "3b08784fc232fad70670c416a12e7c8a8f90b230d4c0d3b6b5a33add97bdeea8", kill_on_drop: false }`
[INFO] running `Command { std: "docker" "inspect" "3b08784fc232fad70670c416a12e7c8a8f90b230d4c0d3b6b5a33add97bdeea8", kill_on_drop: false }`
[INFO] running `Command { std: "docker" "exec" "-e" "SOURCE_DIR=/opt/rustwide/workdir" "-e" "CARGO_HOME=/opt/rustwide/cargo-home" "-e" "RUSTUP_HOME=/opt/rustwide/rustup-home" "-e" "CARGO_TARGET_DIR=/opt/rustwide/target" "-w" "/opt/rustwide/workdir" "--user" "0:0" "3b08784fc232fad70670c416a12e7c8a8f90b230d4c0d3b6b5a33add97bdeea8" "/opt/rustwide/cargo-home/bin/cargo" "+1.99.0-beta.8" "metadata" "--no-deps" "--format-version=1", kill_on_drop: false }`
[INFO] running `Command { std: "docker" "inspect" "3b08784fc232fad70670c416a12e7c8a8f90b230d4c0d3b6b5a33add97bdeea8", kill_on_drop: false }`
[INFO] running `Command { std: "docker" "exec" "-e" "SOURCE_DIR=/opt/rustwide/workdir" "-e" "CARGO_HOME=/opt/rustwide/cargo-home" "-e" "RUSTUP_HOME=/opt/rustwide/rustup-home" "-e" "CARGO_TARGET_DIR=/opt/rustwide/target" "-e" "CARGO_INCREMENTAL=0" "-e" "RUST_BACKTRACE=full" "-e" "RUSTFLAGS=--cap-lints=warn" "-e" "RUSTDOCFLAGS=--cap-lints=warn" "-w" "/opt/rustwide/workdir" "--user" "0:0" "3b08784fc232fad70670c416a12e7c8a8f90b230d4c0d3b6b5a33add97bdeea8" "/opt/rustwide/cargo-home/bin/cargo" "+1.99.0-beta.8" "build" "--frozen" "--message-format=json" "--release", kill_on_drop: false }`
[INFO] [stderr]    Compiling hybrid-array v0.4.12
[INFO] [stderr]    Compiling cmov v0.5.3
[INFO] [stderr]    Compiling rustix v1.1.4
[INFO] [stderr]    Compiling time-macros v0.2.30
[INFO] [stderr]    Compiling deranged v0.5.8
[INFO] [stderr]    Compiling dirs-sys v0.5.0
[INFO] [stderr]    Compiling rtoolbox v0.0.5
[INFO] [stderr]    Compiling clap_derive v4.6.1
[INFO] [stderr]    Compiling thiserror v2.0.18
[INFO] [stderr]    Compiling serde v1.0.228
[INFO] [stderr]    Compiling serde_json v1.0.150
[INFO] [stderr]    Compiling ctutils v0.4.2
[INFO] [stderr]    Compiling rpassword v7.5.4
[INFO] [stderr]    Compiling dirs v6.0.0
[INFO] [stderr]    Compiling crypto-common v0.2.2
[INFO] [stderr]    Compiling block-padding v0.4.2
[INFO] [stderr]    Compiling block-buffer v0.12.0
[INFO] [stderr]    Compiling inout v0.2.2
[INFO] [stderr]    Compiling terminal_size v0.4.4
[INFO] [stderr]    Compiling clap_builder v4.6.0
[INFO] [stderr]    Compiling digest v0.11.3
[INFO] [stderr]    Compiling cipher v0.5.2
[INFO] [stderr]    Compiling time v0.3.51
[INFO] [stderr]    Compiling hmac v0.13.0
[INFO] [stderr]    Compiling sha1 v0.11.0
[INFO] [stderr]    Compiling des v0.9.0
[INFO] [stderr]    Compiling cbc v0.2.1
[INFO] [stderr]    Compiling pbkdf2 v0.13.0
[INFO] [stderr]    Compiling clap v4.6.1
[INFO] [stderr]    Compiling keychainbreaker v0.3.1
[INFO] [stderr]    Compiling keychainbreaker-cli v0.3.1 (/opt/rustwide/workdir)
[INFO] [stderr]     Finished `release` profile [optimized] target(s) in 20.47s
[INFO] running `Command { std: "docker" "inspect" "3b08784fc232fad70670c416a12e7c8a8f90b230d4c0d3b6b5a33add97bdeea8", kill_on_drop: false }`
[INFO] running `Command { std: "docker" "exec" "-e" "SOURCE_DIR=/opt/rustwide/workdir" "-e" "CARGO_HOME=/opt/rustwide/cargo-home" "-e" "RUSTUP_HOME=/opt/rustwide/rustup-home" "-e" "CARGO_TARGET_DIR=/opt/rustwide/target" "-e" "CARGO_INCREMENTAL=0" "-e" "RUST_BACKTRACE=full" "-e" "RUSTFLAGS=--cap-lints=warn" "-e" "RUSTDOCFLAGS=--cap-lints=warn" "-w" "/opt/rustwide/workdir" "--user" "0:0" "3b08784fc232fad70670c416a12e7c8a8f90b230d4c0d3b6b5a33add97bdeea8" "/opt/rustwide/cargo-home/bin/cargo" "+1.99.0-beta.8" "test" "--frozen" "--no-run" "--message-format=json" "--release", kill_on_drop: false }`
[INFO] [stderr]    Compiling rustix v1.1.4
[INFO] [stderr]    Compiling aho-corasick v1.1.4
[INFO] [stderr]    Compiling float-cmp v0.10.0
[INFO] [stderr]    Compiling getrandom v0.4.2
[INFO] [stderr]    Compiling regex-automata v0.4.14
[INFO] [stderr]    Compiling terminal_size v0.4.4
[INFO] [stderr]    Compiling tempfile v3.27.0
[INFO] [stderr]    Compiling clap_builder v4.6.0
[INFO] [stderr]    Compiling regex v1.12.3
[INFO] [stderr]    Compiling bstr v1.12.1
[INFO] [stderr]    Compiling clap v4.6.1
[INFO] [stderr]    Compiling predicates v3.1.4
[INFO] [stderr]    Compiling assert_cmd v2.2.2
[INFO] [stderr]    Compiling keychainbreaker-cli v0.3.1 (/opt/rustwide/workdir)
[INFO] [stderr]     Finished `release` profile [optimized] target(s) in 27.34s
[INFO] running `Command { std: "docker" "inspect" "3b08784fc232fad70670c416a12e7c8a8f90b230d4c0d3b6b5a33add97bdeea8", kill_on_drop: false }`
[INFO] running `Command { std: "docker" "exec" "-e" "SOURCE_DIR=/opt/rustwide/workdir" "-e" "CARGO_HOME=/opt/rustwide/cargo-home" "-e" "RUSTUP_HOME=/opt/rustwide/rustup-home" "-e" "CARGO_TARGET_DIR=/opt/rustwide/target" "-e" "CARGO_INCREMENTAL=0" "-e" "RUST_BACKTRACE=full" "-e" "RUSTFLAGS=--cap-lints=warn" "-e" "RUSTDOCFLAGS=--cap-lints=warn" "-w" "/opt/rustwide/workdir" "--user" "0:0" "3b08784fc232fad70670c416a12e7c8a8f90b230d4c0d3b6b5a33add97bdeea8" "/opt/rustwide/cargo-home/bin/cargo" "+1.99.0-beta.8" "test" "--frozen" "--release", kill_on_drop: false }`
[INFO] [stderr]     Finished `release` profile [optimized] target(s) in 0.10s
[INFO] [stderr]      Running unittests src/main.rs (/opt/rustwide/target/release/deps/keychainbreaker-a0182660046da634)
[INFO] [stdout] 
[INFO] [stdout] running 0 tests
[INFO] [stdout] 
[INFO] [stdout] test result: ok. 0 passed; 0 failed; 0 ignored; 0 measured; 0 filtered out; finished in 0.00s
[INFO] [stderr]      Running tests/cli.rs (/opt/rustwide/target/release/deps/cli-1f229e0cbf1bd2a1)
[INFO] [stdout] 
[INFO] [stdout] 
[INFO] [stdout] running 4 tests
[INFO] [stdout] test dump_with_wrong_password_warns_and_exits_zero ... FAILED
[INFO] [stdout] test dump_with_hex_key_and_0x_prefix_decrypts ... FAILED
[INFO] [stdout] test hash_matches_go_reference_byte_for_byte ... FAILED
[INFO] [stdout] test version_prints_cargo_package_version ... ok
[INFO] [stdout] 
[INFO] [stdout] failures:
[INFO] [stdout] 
[INFO] [stdout] ---- dump_with_wrong_password_warns_and_exits_zero stdout ----
[INFO] [stdout] 
[INFO] [stdout] thread 'dump_with_wrong_password_warns_and_exits_zero' (959) panicked at tests/cli.rs:98:10:
[INFO] [stdout] Unexpected failure.
[INFO] [stdout] code=1
[INFO] [stdout] stderr=``````
[INFO] [stdout] Keychain: /opt/rustwide/workdir/../keychainbreaker/tests/data/test.keychain-db
[INFO] [stdout] Error: io error: No such file or directory (os error 2)
[INFO] [stdout] 
[INFO] [stdout] Caused by:
[INFO] [stdout]     No such file or directory (os error 2)
[INFO] [stdout] 
[INFO] [stdout] Stack backtrace:
[INFO] [stdout]    0: <anyhow::Error as core::convert::From<keychainbreaker::error::Error>>::from
[INFO] [stdout]    1: keychainbreaker::commands::open_keychain
[INFO] [stdout]    2: keychainbreaker::main
[INFO] [stdout]    3: std::sys::backtrace::__rust_begin_short_backtrace::<fn() -> core::result::Result<(), anyhow::Error>, core::result::Result<(), anyhow::Error>>
[INFO] [stdout]    4: std::rt::lang_start::<core::result::Result<(), anyhow::Error>>::{closure#0}
[INFO] [stdout]    5: std::rt::lang_start_internal
[INFO] [stdout]    6: main
[INFO] [stdout]    7: <unknown>
[INFO] [stdout]    8: __libc_start_main
[INFO] [stdout]    9: _start
[INFO] [stdout] ```
[INFO] [stdout] ```
[INFO] [stdout] command=`"/opt/rustwide/target/release/keychainbreaker" "-f" "/opt/rustwide/workdir/../keychainbreaker/tests/data/test.keychain-db" "-p" "wrong-password" "-o" "/tmp/.tmpkKYrIB/dump.json" "dump"`
[INFO] [stdout] code=1
[INFO] [stdout] stdout=""
[INFO] [stdout] stderr=```
[INFO] [stdout] Keychain: /opt/rustwide/workdir/../keychainbreaker/tests/data/test.keychain-db
[INFO] [stdout] Error: io error: No such file or directory (os error 2)
[INFO] [stdout] 
[INFO] [stdout] Caused by:
[INFO] [stdout]     No such file or directory (os error 2)
[INFO] [stdout] 
[INFO] [stdout] Stack backtrace:
[INFO] [stdout]    0: <anyhow::Error as core::convert::From<keychainbreaker::error::Error>>::from
[INFO] [stdout]    1: keychainbreaker::commands::open_keychain
[INFO] [stdout]    2: keychainbreaker::main
[INFO] [stdout]    3: std::sys::backtrace::__rust_begin_short_backtrace::<fn() -> core::result::Result<(), anyhow::Error>, core::result::Result<(), anyhow::Error>>
[INFO] [stdout]    4: std::rt::lang_start::<core::result::Result<(), anyhow::Error>>::{closure#0}
[INFO] [stdout]    5: std::rt::lang_start_internal
[INFO] [stdout]    6: main
[INFO] [stdout]    7: <unknown>
[INFO] [stdout]    8: __libc_start_main
[INFO] [stdout]    9: _start
[INFO] [stdout] ```
[INFO] [stdout] 
[INFO] [stdout] 
[INFO] [stdout] stack backtrace:
[INFO] [stdout]    0:     0x6454aeeb3a21 - <<std[70759c8f55707aa4]::sys::backtrace::BacktraceLock>::print::DisplayBacktrace as core[df12db4294e9bfd3]::fmt::Display>::fmt
[INFO] [stdout]    1:     0x6454aeeca91a - core[df12db4294e9bfd3]::fmt::write
[INFO] [stdout]    2:     0x6454aeeb959c - <alloc[2182bb758b4b3781]::vec::Vec<u8> as core[df12db4294e9bfd3]::io::write::Write>::write_fmt
[INFO] [stdout]    3:     0x6454aee8e086 - std[70759c8f55707aa4]::panicking::default_hook::{closure#0}
[INFO] [stdout]    4:     0x6454aeeab5c9 - std[70759c8f55707aa4]::panicking::default_hook
[INFO] [stdout]    5:     0x6454aee2a7d0 - test[9d35eded1c95d3be]::test_main_inner::<test[9d35eded1c95d3be]::test_main_static::{closure#0}>::{closure#0}
[INFO] [stdout]    6:     0x6454aeeab782 - std[70759c8f55707aa4]::panicking::panic_with_hook
[INFO] [stdout]    7:     0x6454aee8e132 - std[70759c8f55707aa4]::panicking::panic_handler::{closure#0}
[INFO] [stdout]    8:     0x6454aee86c09 - std[70759c8f55707aa4]::sys::backtrace::__rust_end_short_backtrace::<std[70759c8f55707aa4]::panicking::panic_handler::{closure#0}, !>
[INFO] [stdout]    9:     0x6454aee8ed2d - __rustc[8fa7c3cbc660c2b3]::rust_begin_unwind
[INFO] [stdout]   10:     0x6454aeecb0cc - core[df12db4294e9bfd3]::panicking::panic_fmt
[INFO] [stdout]   11:     0x6454aee60110 - <assert_cmd[8437444ad25dc5eb]::assert::AssertError>::panic::<assert_cmd[8437444ad25dc5eb]::assert::Assert>
[INFO] [stdout]   12:     0x6454aee609e9 - <assert_cmd[8437444ad25dc5eb]::assert::Assert>::success
[INFO] [stdout]   13:     0x6454aee1b87e - <cli[79f33c7f2b6125cc]::dump_with_wrong_password_warns_and_exits_zero::{closure#0} as core[df12db4294e9bfd3]::ops::function::FnOnce<()>>::call_once
[INFO] [stdout]   14:     0x6454aee1dabb - test[9d35eded1c95d3be]::__rust_begin_short_backtrace::<core[df12db4294e9bfd3]::result::Result<(), alloc[2182bb758b4b3781]::string::String>, fn() -> core[df12db4294e9bfd3]::result::Result<(), alloc[2182bb758b4b3781]::string::String>>
[INFO] [stdout]   15:     0x6454aee2b125 - test[9d35eded1c95d3be]::run_test::{closure#0}
[INFO] [stdout]   16:     0x6454aee249e4 - std[70759c8f55707aa4]::sys::backtrace::__rust_begin_short_backtrace::<test[9d35eded1c95d3be]::run_test::{closure#1}, ()>
[INFO] [stdout]   17:     0x6454aee2e282 - <std[70759c8f55707aa4]::thread::lifecycle::spawn_unchecked<test[9d35eded1c95d3be]::run_test::{closure#1}, ()>::{closure#1} as core[df12db4294e9bfd3]::ops::function::FnOnce<()>>::call_once::{shim:vtable#0}
[INFO] [stdout]   18:     0x6454aeeb2f09 - <std[70759c8f55707aa4]::sys::thread::unix::Thread>::new::thread_start
[INFO] [stdout]   19:     0x7a57c628fdfa - <unknown>
[INFO] [stdout]   20:     0x7a57c63233d4 - clone
[INFO] [stdout]   21:                0x0 - <unknown>
[INFO] [stdout] 
[INFO] [stdout] ---- dump_with_hex_key_and_0x_prefix_decrypts stdout ----
[INFO] [stdout] 
[INFO] [stdout] thread 'dump_with_hex_key_and_0x_prefix_decrypts' (958) panicked at tests/cli.rs:76:10:
[INFO] [stdout] Unexpected failure.
[INFO] [stdout] code=1
[INFO] [stdout] stderr=``````
[INFO] [stdout] Keychain: /opt/rustwide/workdir/../keychainbreaker/tests/data/test.keychain-db
[INFO] [stdout] Error: io error: No such file or directory (os error 2)
[INFO] [stdout] 
[INFO] [stdout] Caused by:
[INFO] [stdout]     No such file or directory (os error 2)
[INFO] [stdout] 
[INFO] [stdout] Stack backtrace:
[INFO] [stdout]    0: <anyhow::Error as core::convert::From<keychainbreaker::error::Error>>::from
[INFO] [stdout]    1: keychainbreaker::commands::open_keychain
[INFO] [stdout]    2: keychainbreaker::main
[INFO] [stdout]    3: std::sys::backtrace::__rust_begin_short_backtrace::<fn() -> core::result::Result<(), anyhow::Error>, core::result::Result<(), anyhow::Error>>
[INFO] [stdout]    4: std::rt::lang_start::<core::result::Result<(), anyhow::Error>>::{closure#0}
[INFO] [stdout]    5: std::rt::lang_start_internal
[INFO] [stdout]    6: main
[INFO] [stdout]    7: <unknown>
[INFO] [stdout]    8: __libc_start_main
[INFO] [stdout]    9: _start
[INFO] [stdout] ```
[INFO] [stdout] ```
[INFO] [stdout] command=`"/opt/rustwide/target/release/keychainbreaker" "-f" "/opt/rustwide/workdir/../keychainbreaker/tests/data/test.keychain-db" "-k" "0x4557eb716bbf20200945109cf3b884af9aca72e890e47c07" "-o" "/tmp/.tmp8cw6Es/dump.json" "dump"`
[INFO] [stdout] code=1
[INFO] [stdout] stdout=""
[INFO] [stdout] stderr=```
[INFO] [stdout] Keychain: /opt/rustwide/workdir/../keychainbreaker/tests/data/test.keychain-db
[INFO] [stdout] Error: io error: No such file or directory (os error 2)
[INFO] [stdout] 
[INFO] [stdout] Caused by:
[INFO] [stdout]     No such file or directory (os error 2)
[INFO] [stdout] 
[INFO] [stdout] Stack backtrace:
[INFO] [stdout]    0: <anyhow::Error as core::convert::From<keychainbreaker::error::Error>>::from
[INFO] [stdout]    1: keychainbreaker::commands::open_keychain
[INFO] [stdout]    2: keychainbreaker::main
[INFO] [stdout]    3: std::sys::backtrace::__rust_begin_short_backtrace::<fn() -> core::result::Result<(), anyhow::Error>, core::result::Result<(), anyhow::Error>>
[INFO] [stdout]    4: std::rt::lang_start::<core::result::Result<(), anyhow::Error>>::{closure#0}
[INFO] [stdout]    5: std::rt::lang_start_internal
[INFO] [stdout]    6: main
[INFO] [stdout]    7: <unknown>
[INFO] [stdout]    8: __libc_start_main
[INFO] [stdout]    9: _start
[INFO] [stdout] ```
[INFO] [stdout] 
[INFO] [stdout] 
[INFO] [stdout] stack backtrace:
[INFO] [stdout]    0:     0x6454aeeb3a21 - <<std[70759c8f55707aa4]::sys::backtrace::BacktraceLock>::print::DisplayBacktrace as core[df12db4294e9bfd3]::fmt::Display>::fmt
[INFO] [stdout]    1:     0x6454aeeca91a - core[df12db4294e9bfd3]::fmt::write
[INFO] [stdout]    2:     0x6454aeeb959c - <alloc[2182bb758b4b3781]::vec::Vec<u8> as core[df12db4294e9bfd3]::io::write::Write>::write_fmt
[INFO] [stdout]    3:     0x6454aee8e086 - std[70759c8f55707aa4]::panicking::default_hook::{closure#0}
[INFO] [stdout]    4:     0x6454aeeab5c9 - std[70759c8f55707aa4]::panicking::default_hook
[INFO] [stdout]    5:     0x6454aee2a7d0 - test[9d35eded1c95d3be]::test_main_inner::<test[9d35eded1c95d3be]::test_main_static::{closure#0}>::{closure#0}
[INFO] [stdout]    6:     0x6454aeeab782 - std[70759c8f55707aa4]::panicking::panic_with_hook
[INFO] [stdout]    7:     0x6454aee8e132 - std[70759c8f55707aa4]::panicking::panic_handler::{closure#0}
[INFO] [stdout]    8:     0x6454aee86c09 - std[70759c8f55707aa4]::sys::backtrace::__rust_end_short_backtrace::<std[70759c8f55707aa4]::panicking::panic_handler::{closure#0}, !>
[INFO] [stdout]    9:     0x6454aee8ed2d - __rustc[8fa7c3cbc660c2b3]::rust_begin_unwind
[INFO] [stdout]   10:     0x6454aeecb0cc - core[df12db4294e9bfd3]::panicking::panic_fmt
[INFO] [stdout]   11:     0x6454aee60110 - <assert_cmd[8437444ad25dc5eb]::assert::AssertError>::panic::<assert_cmd[8437444ad25dc5eb]::assert::Assert>
[INFO] [stdout]   12:     0x6454aee609e9 - <assert_cmd[8437444ad25dc5eb]::assert::Assert>::success
[INFO] [stdout]   13:     0x6454aee1b3b7 - <cli[79f33c7f2b6125cc]::dump_with_hex_key_and_0x_prefix_decrypts::{closure#0} as core[df12db4294e9bfd3]::ops::function::FnOnce<()>>::call_once
[INFO] [stdout]   14:     0x6454aee1dabb - test[9d35eded1c95d3be]::__rust_begin_short_backtrace::<core[df12db4294e9bfd3]::result::Result<(), alloc[2182bb758b4b3781]::string::String>, fn() -> core[df12db4294e9bfd3]::result::Result<(), alloc[2182bb758b4b3781]::string::String>>
[INFO] [stdout]   15:     0x6454aee2b125 - test[9d35eded1c95d3be]::run_test::{closure#0}
[INFO] [stdout]   16:     0x6454aee249e4 - std[70759c8f55707aa4]::sys::backtrace::__rust_begin_short_backtrace::<test[9d35eded1c95d3be]::run_test::{closure#1}, ()>
[INFO] [stdout]   17:     0x6454aee2e282 - <std[70759c8f55707aa4]::thread::lifecycle::spawn_unchecked<test[9d35eded1c95d3be]::run_test::{closure#1}, ()>::{closure#1} as core[df12db4294e9bfd3]::ops::function::FnOnce<()>>::call_once::{shim:vtable#0}
[INFO] [stdout]   18:     0x6454aeeb2f09 - <std[70759c8f55707aa4]::sys::thread::unix::Thread>::new::thread_start
[INFO] [stdout]   19:     0x7a57c628fdfa - <unknown>
[INFO] [stdout]   20:     0x7a57c63233d4 - clone
[INFO] [stdout]   21:                0x0 - <unknown>
[INFO] [stdout] 
[INFO] [stdout] ---- hash_matches_go_reference_byte_for_byte stdout ----
[INFO] [stdout] 
[INFO] [stdout] thread 'hash_matches_go_reference_byte_for_byte' (960) panicked at tests/cli.rs:59:10:
[INFO] [stdout] Unexpected failure.
[INFO] [stdout] code=1
[INFO] [stdout] stderr=``````
[INFO] [stdout] Keychain: /opt/rustwide/workdir/../keychainbreaker/tests/data/test.keychain-db
[INFO] [stdout] Error: io error: No such file or directory (os error 2)
[INFO] [stdout] 
[INFO] [stdout] Caused by:
[INFO] [stdout]     No such file or directory (os error 2)
[INFO] [stdout] 
[INFO] [stdout] Stack backtrace:
[INFO] [stdout]    0: <anyhow::Error as core::convert::From<keychainbreaker::error::Error>>::from
[INFO] [stdout]    1: keychainbreaker::commands::open_keychain
[INFO] [stdout]    2: keychainbreaker::commands::hash::run
[INFO] [stdout]    3: keychainbreaker::main
[INFO] [stdout]    4: std::sys::backtrace::__rust_begin_short_backtrace::<fn() -> core::result::Result<(), anyhow::Error>, core::result::Result<(), anyhow::Error>>
[INFO] [stdout]    5: std::rt::lang_start::<core::result::Result<(), anyhow::Error>>::{closure#0}
[INFO] [stdout]    6: std::rt::lang_start_internal
[INFO] [stdout]    7: main
[INFO] [stdout]    8: <unknown>
[INFO] [stdout]    9: __libc_start_main
[INFO] [stdout]   10: _start
[INFO] [stdout] ```
[INFO] [stdout] ```
[INFO] [stdout] command=`"/opt/rustwide/target/release/keychainbreaker" "-f" "/opt/rustwide/workdir/../keychainbreaker/tests/data/test.keychain-db" "hash"`
[INFO] [stdout] code=1
[INFO] [stdout] stdout=""
[INFO] [stdout] stderr=```
[INFO] [stdout] Keychain: /opt/rustwide/workdir/../keychainbreaker/tests/data/test.keychain-db
[INFO] [stdout] Error: io error: No such file or directory (os error 2)
[INFO] [stdout] 
[INFO] [stdout] Caused by:
[INFO] [stdout]     No such file or directory (os error 2)
[INFO] [stdout] 
[INFO] [stdout] Stack backtrace:
[INFO] [stdout]    0: <anyhow::Error as core::convert::From<keychainbreaker::error::Error>>::from
[INFO] [stdout]    1: keychainbreaker::commands::open_keychain
[INFO] [stdout]    2: keychainbreaker::commands::hash::run
[INFO] [stdout]    3: keychainbreaker::main
[INFO] [stdout]    4: std::sys::backtrace::__rust_begin_short_backtrace::<fn() -> core::result::Result<(), anyhow::Error>, core::result::Result<(), anyhow::Error>>
[INFO] [stdout]    5: std::rt::lang_start::<core::result::Result<(), anyhow::Error>>::{closure#0}
[INFO] [stdout]    6: std::rt::lang_start_internal
[INFO] [stdout]    7: main
[INFO] [stdout]    8: <unknown>
[INFO] [stdout]    9: __libc_start_main
[INFO] [stdout]   10: _start
[INFO] [stdout] ```
[INFO] [stdout] 
[INFO] [stdout] 
[INFO] [stdout] stack backtrace:
[INFO] [stdout]    0:     0x6454aeeb3a21 - <<std[70759c8f55707aa4]::sys::backtrace::BacktraceLock>::print::DisplayBacktrace as core[df12db4294e9bfd3]::fmt::Display>::fmt
[INFO] [stdout]    1:     0x6454aeeca91a - core[df12db4294e9bfd3]::fmt::write
[INFO] [stdout]    2:     0x6454aeeb959c - <alloc[2182bb758b4b3781]::vec::Vec<u8> as core[df12db4294e9bfd3]::io::write::Write>::write_fmt
[INFO] [stdout]    3:     0x6454aee8e086 - std[70759c8f55707aa4]::panicking::default_hook::{closure#0}
[INFO] [stdout]    4:     0x6454aeeab5c9 - std[70759c8f55707aa4]::panicking::default_hook
[INFO] [stdout]    5:     0x6454aee2a7d0 - test[9d35eded1c95d3be]::test_main_inner::<test[9d35eded1c95d3be]::test_main_static::{closure#0}>::{closure#0}
[INFO] [stdout]    6:     0x6454aeeab782 - std[70759c8f55707aa4]::panicking::panic_with_hook
[INFO] [stdout]    7:     0x6454aee8e132 - std[70759c8f55707aa4]::panicking::panic_handler::{closure#0}
[INFO] [stdout]    8:     0x6454aee86c09 - std[70759c8f55707aa4]::sys::backtrace::__rust_end_short_backtrace::<std[70759c8f55707aa4]::panicking::panic_handler::{closure#0}, !>
[INFO] [stdout]    9:     0x6454aee8ed2d - __rustc[8fa7c3cbc660c2b3]::rust_begin_unwind
[INFO] [stdout]   10:     0x6454aeecb0cc - core[df12db4294e9bfd3]::panicking::panic_fmt
[INFO] [stdout]   11:     0x6454aee60110 - <assert_cmd[8437444ad25dc5eb]::assert::AssertError>::panic::<assert_cmd[8437444ad25dc5eb]::assert::Assert>
[INFO] [stdout]   12:     0x6454aee609e9 - <assert_cmd[8437444ad25dc5eb]::assert::Assert>::success
[INFO] [stdout]   13:     0x6454aee1af7d - <cli[79f33c7f2b6125cc]::hash_matches_go_reference_byte_for_byte::{closure#0} as core[df12db4294e9bfd3]::ops::function::FnOnce<()>>::call_once
[INFO] [stdout]   14:     0x6454aee1dabb - test[9d35eded1c95d3be]::__rust_begin_short_backtrace::<core[df12db4294e9bfd3]::result::Result<(), alloc[2182bb758b4b3781]::string::String>, fn() -> core[df12db4294e9bfd3]::result::Result<(), alloc[2182bb758b4b3781]::string::String>>
[INFO] [stdout]   15:     0x6454aee2b125 - test[9d35eded1c95d3be]::run_test::{closure#0}
[INFO] [stdout]   16:     0x6454aee249e4 - std[70759c8f55707aa4]::sys::backtrace::__rust_begin_short_backtrace::<test[9d35eded1c95d3be]::run_test::{closure#1}, ()>
[INFO] [stdout]   17:     0x6454aee2e282 - <std[70759c8f55707aa4]::thread::lifecycle::spawn_unchecked<test[9d35eded1c95d3be]::run_test::{closure#1}, ()>::{closure#1} as core[df12db4294e9bfd3]::ops::function::FnOnce<()>>::call_once::{shim:vtable#0}
[INFO] [stdout]   18:     0x6454aeeb2f09 - <std[70759c8f55707aa4]::sys::thread::unix::Thread>::new::thread_start
[INFO] [stdout]   19:     0x7a57c628fdfa - <unknown>
[INFO] [stdout]   20:     0x7a57c63233d4 - clone
[INFO] [stdout]   21:                0x0 - <unknown>
[INFO] [stdout] 
[INFO] [stdout] 
[INFO] [stdout] failures:
[INFO] [stdout]     dump_with_hex_key_and_0x_prefix_decrypts
[INFO] [stdout]     dump_with_wrong_password_warns_and_exits_zero
[INFO] [stdout]     hash_matches_go_reference_byte_for_byte
[INFO] [stdout] 
[INFO] [stdout] test result: FAILED. 1 passed; 3 failed; 0 ignored; 0 measured; 0 filtered out; finished in 0.20s
[INFO] [stdout] 
[INFO] [stderr] error: test failed, to rerun pass `--test cli`
[INFO] running `Command { std: "docker" "inspect" "3b08784fc232fad70670c416a12e7c8a8f90b230d4c0d3b6b5a33add97bdeea8", kill_on_drop: false }`
[INFO] running `Command { std: "docker" "rm" "-f" "3b08784fc232fad70670c416a12e7c8a8f90b230d4c0d3b6b5a33add97bdeea8", kill_on_drop: false }`
[INFO] [stdout] 3b08784fc232fad70670c416a12e7c8a8f90b230d4c0d3b6b5a33add97bdeea8
