[INFO] fetching crate key-derive 0.1.1...
[INFO] testing key-derive-0.1.1 against 1.99.0-beta.8+cargoflags=--release for beta-release-1.100-2
[INFO] extracting crate key-derive 0.1.1 into /workspace/builds/worker-3-tc1/source
[INFO] started tweaking crates.io crate key-derive 0.1.1
[INFO] finished tweaking crates.io crate key-derive 0.1.1
[INFO] tweaked toml for crates.io crate key-derive 0.1.1 written to /workspace/builds/worker-3-tc1/source/Cargo.toml
[INFO] validating manifest of crates.io crate key-derive 0.1.1 on toolchain 1.99.0-beta.8
[INFO] running `Command { std: CARGO_HOME="/workspace/cargo-home" RUSTUP_HOME="/workspace/rustup-home" "/workspace/cargo-home/bin/cargo" "+1.99.0-beta.8" "metadata" "--manifest-path" "Cargo.toml" "--no-deps", kill_on_drop: false }`
[INFO] running `Command { std: CARGO_HOME="/workspace/cargo-home" RUSTUP_HOME="/workspace/rustup-home" "/workspace/cargo-home/bin/cargo" "+1.99.0-beta.8" "generate-lockfile" "--manifest-path" "Cargo.toml", kill_on_drop: false }`
[INFO] [stderr]     Updating crates.io index
[INFO] [stderr]      Locking 47 packages to highest compatible versions
[INFO] [stderr]       Adding generic-array v0.14.7 (available: v0.14.9)
[INFO] [stderr]       Adding hmac v0.12.1 (available: v0.13.0)
[INFO] [stderr]       Adding secp256k1 v0.27.0 (available: v0.33.1)
[INFO] [stderr]       Adding sha2 v0.10.9 (available: v0.11.1)
[INFO] running `Command { std: CARGO_HOME="/workspace/cargo-home" RUSTUP_HOME="/workspace/rustup-home" "/workspace/cargo-home/bin/cargo" "+1.99.0-beta.8" "fetch" "--manifest-path" "Cargo.toml", kill_on_drop: false }`
[INFO] [stderr]  Downloading crates ...
[INFO] [stderr]   Downloaded automod v1.0.17
[INFO] [stderr]   Downloaded console v0.16.6
[INFO] [stderr]   Downloaded insta v1.49.0
[INFO] [stderr]   Downloaded secp256k1-sys v0.8.2
[INFO] running `Command { std: "docker" "create" "-v" "/var/lib/crater-agent-workspace/builds/worker-3-tc1/source:/opt/rustwide/workdir:ro,Z" "-v" "/var/lib/crater-agent-workspace/builds/worker-3-tc1/target:/opt/rustwide/target:rw,Z" "-v" "/var/lib/crater-agent-workspace/cargo-home:/opt/rustwide/cargo-home:ro,Z" "-v" "/var/lib/crater-agent-workspace/rustup-home:/opt/rustwide/rustup-home:ro,Z" "-m" "1610612736" "--network" "none" "ghcr.io/rust-lang/crates-build-env/linux@sha256:77db811e55d90add9212f6832c23229e3de5f1c1f9905e8cb07319ea15df73ac" "sleep" "infinity", kill_on_drop: false }`
[INFO] [stdout] 662a451847b7de3a367f2e073195d3465dca8fe51b8312b6f64b91a31beaf046
[INFO] running `Command { std: "docker" "start" "662a451847b7de3a367f2e073195d3465dca8fe51b8312b6f64b91a31beaf046", kill_on_drop: false }`
[INFO] running `Command { std: "docker" "inspect" "662a451847b7de3a367f2e073195d3465dca8fe51b8312b6f64b91a31beaf046", kill_on_drop: false }`
[INFO] running `Command { std: "docker" "exec" "-e" "SOURCE_DIR=/opt/rustwide/workdir" "-e" "CARGO_HOME=/opt/rustwide/cargo-home" "-e" "RUSTUP_HOME=/opt/rustwide/rustup-home" "-e" "CARGO_TARGET_DIR=/opt/rustwide/target" "-w" "/opt/rustwide/workdir" "--user" "0:0" "662a451847b7de3a367f2e073195d3465dca8fe51b8312b6f64b91a31beaf046" "/opt/rustwide/cargo-home/bin/cargo" "+1.99.0-beta.8" "metadata" "--no-deps" "--format-version=1", kill_on_drop: false }`
[INFO] running `Command { std: "docker" "inspect" "662a451847b7de3a367f2e073195d3465dca8fe51b8312b6f64b91a31beaf046", kill_on_drop: false }`
[INFO] running `Command { std: "docker" "exec" "-e" "SOURCE_DIR=/opt/rustwide/workdir" "-e" "CARGO_HOME=/opt/rustwide/cargo-home" "-e" "RUSTUP_HOME=/opt/rustwide/rustup-home" "-e" "CARGO_TARGET_DIR=/opt/rustwide/target" "-e" "CARGO_INCREMENTAL=0" "-e" "RUST_BACKTRACE=full" "-e" "RUSTFLAGS=--cap-lints=warn" "-e" "RUSTDOCFLAGS=--cap-lints=warn" "-w" "/opt/rustwide/workdir" "--user" "0:0" "662a451847b7de3a367f2e073195d3465dca8fe51b8312b6f64b91a31beaf046" "/opt/rustwide/cargo-home/bin/cargo" "+1.99.0-beta.8" "build" "--frozen" "--message-format=json" "--release", kill_on_drop: false }`
[INFO] [stderr]    Compiling secp256k1-sys v0.8.2
[INFO] [stderr]    Compiling syn v3.0.9
[INFO] [stderr]    Compiling serde v1.0.229
[INFO] [stderr]    Compiling syn v2.0.119
[INFO] [stderr]    Compiling eyre v0.6.14
[INFO] [stderr]    Compiling digest v0.10.7
[INFO] [stderr]    Compiling indenter v0.3.4
[INFO] [stderr]    Compiling sha2 v0.10.9
[INFO] [stderr]    Compiling hmac v0.12.1
[INFO] [stderr]    Compiling automod v1.0.17
[INFO] [stderr]    Compiling serde_derive v1.0.229
[INFO] [stderr]    Compiling envy v0.4.2
[INFO] [stderr]    Compiling secp256k1 v0.27.0
[INFO] [stderr]    Compiling key-derive v0.1.1 (/opt/rustwide/workdir)
[INFO] [stdout] warning: unused import: `automod::dir`
[INFO] [stdout]  --> src/prelude.rs:1:9
[INFO] [stdout]   |
[INFO] [stdout] 1 | pub use automod::dir;
[INFO] [stdout]   |         ^^^^^^^^^^^^
[INFO] [stdout]   |
[INFO] [stdout]   = note: `#[warn(unused_imports)]` (part of `#[warn(unused)]`) on by default
[INFO] [stdout] 
[INFO] [stdout] 
[INFO] [stdout] warning: unused import: `envy::from_env`
[INFO] [stdout]  --> src/prelude.rs:3:9
[INFO] [stdout]   |
[INFO] [stdout] 3 | pub use envy::from_env;
[INFO] [stdout]   |         ^^^^^^^^^^^^^^
[INFO] [stdout] 
[INFO] [stdout] 
[INFO] [stdout] warning: unused imports: `bail` and `eyre`
[INFO] [stdout]  --> src/prelude.rs:4:16
[INFO] [stdout]   |
[INFO] [stdout] 4 | pub use eyre::{bail, eyre, Result};
[INFO] [stdout]   |                ^^^^  ^^^^
[INFO] [stdout] 
[INFO] [stdout] 
[INFO] [stdout] warning: unused import: `Serialize`
[INFO] [stdout]   --> src/prelude.rs:10:30
[INFO] [stdout]    |
[INFO] [stdout] 10 | pub use serde::{Deserialize, Serialize};
[INFO] [stdout]    |                              ^^^^^^^^^
[INFO] [stdout] 
[INFO] [stdout] 
[INFO] [stderr]     Finished `release` profile [optimized] target(s) in 20.00s
[INFO] running `Command { std: "docker" "inspect" "662a451847b7de3a367f2e073195d3465dca8fe51b8312b6f64b91a31beaf046", kill_on_drop: false }`
[INFO] running `Command { std: "docker" "exec" "-e" "SOURCE_DIR=/opt/rustwide/workdir" "-e" "CARGO_HOME=/opt/rustwide/cargo-home" "-e" "RUSTUP_HOME=/opt/rustwide/rustup-home" "-e" "CARGO_TARGET_DIR=/opt/rustwide/target" "-e" "CARGO_INCREMENTAL=0" "-e" "RUST_BACKTRACE=full" "-e" "RUSTFLAGS=--cap-lints=warn" "-e" "RUSTDOCFLAGS=--cap-lints=warn" "-w" "/opt/rustwide/workdir" "--user" "0:0" "662a451847b7de3a367f2e073195d3465dca8fe51b8312b6f64b91a31beaf046" "/opt/rustwide/cargo-home/bin/cargo" "+1.99.0-beta.8" "test" "--frozen" "--no-run" "--message-format=json" "--release", kill_on_drop: false }`
[INFO] [stderr]    Compiling console v0.16.6
[INFO] [stderr]    Compiling tempfile v3.27.0
[INFO] [stderr]    Compiling similar v2.7.0
[INFO] [stderr]    Compiling dotenv v0.15.0
[INFO] [stdout] warning: unused import: `automod::dir`
[INFO] [stdout]  --> src/prelude.rs:1:9
[INFO] [stdout]   |
[INFO] [stdout] 1 | pub use automod::dir;
[INFO] [stdout]   |         ^^^^^^^^^^^^
[INFO] [stdout]   |
[INFO] [stdout]   = note: `#[warn(unused_imports)]` (part of `#[warn(unused)]`) on by default
[INFO] [stdout] 
[INFO] [stdout] 
[INFO] [stdout] warning: unused import: `envy::from_env`
[INFO] [stdout]  --> src/prelude.rs:3:9
[INFO] [stdout]   |
[INFO] [stdout] 3 | pub use envy::from_env;
[INFO] [stdout]   |         ^^^^^^^^^^^^^^
[INFO] [stdout] 
[INFO] [stdout] 
[INFO] [stdout] warning: unused imports: `bail` and `eyre`
[INFO] [stdout]  --> src/prelude.rs:4:16
[INFO] [stdout]   |
[INFO] [stdout] 4 | pub use eyre::{bail, eyre, Result};
[INFO] [stdout]   |                ^^^^  ^^^^
[INFO] [stdout] 
[INFO] [stdout] 
[INFO] [stdout] warning: unused import: `Serialize`
[INFO] [stdout]   --> src/prelude.rs:10:30
[INFO] [stdout]    |
[INFO] [stdout] 10 | pub use serde::{Deserialize, Serialize};
[INFO] [stdout]    |                              ^^^^^^^^^
[INFO] [stdout] 
[INFO] [stdout] 
[INFO] [stderr]    Compiling insta v1.49.0
[INFO] [stderr]    Compiling key-derive v0.1.1 (/opt/rustwide/workdir)
[INFO] [stdout] warning: unused import: `automod::dir`
[INFO] [stdout]  --> src/prelude.rs:1:9
[INFO] [stdout]   |
[INFO] [stdout] 1 | pub use automod::dir;
[INFO] [stdout]   |         ^^^^^^^^^^^^
[INFO] [stdout]   |
[INFO] [stdout]   = note: `#[warn(unused_imports)]` (part of `#[warn(unused)]`) on by default
[INFO] [stdout] 
[INFO] [stdout] 
[INFO] [stdout] warning: unused import: `envy::from_env`
[INFO] [stdout]  --> src/prelude.rs:3:9
[INFO] [stdout]   |
[INFO] [stdout] 3 | pub use envy::from_env;
[INFO] [stdout]   |         ^^^^^^^^^^^^^^
[INFO] [stdout] 
[INFO] [stdout] 
[INFO] [stdout] warning: unused imports: `bail` and `eyre`
[INFO] [stdout]  --> src/prelude.rs:4:16
[INFO] [stdout]   |
[INFO] [stdout] 4 | pub use eyre::{bail, eyre, Result};
[INFO] [stdout]   |                ^^^^  ^^^^
[INFO] [stdout] 
[INFO] [stdout] 
[INFO] [stdout] warning: unused import: `Serialize`
[INFO] [stdout]   --> src/prelude.rs:10:30
[INFO] [stdout]    |
[INFO] [stdout] 10 | pub use serde::{Deserialize, Serialize};
[INFO] [stdout]    |                              ^^^^^^^^^
[INFO] [stdout] 
[INFO] [stdout] 
[INFO] [stderr]     Finished `release` profile [optimized] target(s) in 19.87s
[INFO] running `Command { std: "docker" "inspect" "662a451847b7de3a367f2e073195d3465dca8fe51b8312b6f64b91a31beaf046", kill_on_drop: false }`
[INFO] running `Command { std: "docker" "exec" "-e" "SOURCE_DIR=/opt/rustwide/workdir" "-e" "CARGO_HOME=/opt/rustwide/cargo-home" "-e" "RUSTUP_HOME=/opt/rustwide/rustup-home" "-e" "CARGO_TARGET_DIR=/opt/rustwide/target" "-e" "CARGO_INCREMENTAL=0" "-e" "RUST_BACKTRACE=full" "-e" "RUSTFLAGS=--cap-lints=warn" "-e" "RUSTDOCFLAGS=--cap-lints=warn" "-w" "/opt/rustwide/workdir" "--user" "0:0" "662a451847b7de3a367f2e073195d3465dca8fe51b8312b6f64b91a31beaf046" "/opt/rustwide/cargo-home/bin/cargo" "+1.99.0-beta.8" "test" "--frozen" "--release", kill_on_drop: false }`
[INFO] [stderr] warning: unused import: `automod::dir`
[INFO] [stderr]  --> src/prelude.rs:1:9
[INFO] [stderr]   |
[INFO] [stderr] 1 | pub use automod::dir;
[INFO] [stderr]   |         ^^^^^^^^^^^^
[INFO] [stderr]   |
[INFO] [stderr]   = note: `#[warn(unused_imports)]` (part of `#[warn(unused)]`) on by default
[INFO] [stderr] 
[INFO] [stderr] warning: unused import: `envy::from_env`
[INFO] [stderr]  --> src/prelude.rs:3:9
[INFO] [stderr]   |
[INFO] [stderr] 3 | pub use envy::from_env;
[INFO] [stderr]   |         ^^^^^^^^^^^^^^
[INFO] [stderr] 
[INFO] [stderr] warning: unused imports: `bail` and `eyre`
[INFO] [stderr]  --> src/prelude.rs:4:16
[INFO] [stderr]   |
[INFO] [stderr] 4 | pub use eyre::{bail, eyre, Result};
[INFO] [stderr]   |                ^^^^  ^^^^
[INFO] [stderr] 
[INFO] [stderr] warning: unused import: `Serialize`
[INFO] [stderr]   --> src/prelude.rs:10:30
[INFO] [stderr]    |
[INFO] [stderr] 10 | pub use serde::{Deserialize, Serialize};
[INFO] [stderr]    |                              ^^^^^^^^^
[INFO] [stderr] 
[INFO] [stderr] warning: `key-derive` (lib) generated 4 warnings (run `cargo fix --lib -p key-derive` to apply 4 suggestions)
[INFO] [stderr] warning: `key-derive` (lib test) generated 4 warnings (4 duplicates)
[INFO] [stderr]     Finished `release` profile [optimized] target(s) in 0.06s
[INFO] [stderr]      Running unittests src/lib.rs (/opt/rustwide/target/release/deps/key_derive-1c984d4489d80e82)
[INFO] [stdout] 
[INFO] [stdout] running 4 tests
[INFO] [stdout] test config::tests::show_config_with_root_public ... FAILED
[INFO] [stdout] test derive_child::show_child_key_1 ... FAILED
[INFO] [stdout] test config::tests::ascii_to_hex ... ok
[INFO] [stdout] test tests::it_works ... ok
[INFO] [stdout] 
[INFO] [stdout] failures:
[INFO] [stdout] 
[INFO] [stdout] ---- config::tests::show_config_with_root_public stdout ----
[INFO] [stdout] 
[INFO] [stdout] thread 'config::tests::show_config_with_root_public' (525) panicked at src/config.rs:34:65:
[INFO] [stdout] some env vars missing: MissingValue("root_key_bytes")
[INFO] [stdout] stack backtrace:
[INFO] [stdout]    0:     0x6101e713b651 - <<std[70759c8f55707aa4]::sys::backtrace::BacktraceLock>::print::DisplayBacktrace as core[df12db4294e9bfd3]::fmt::Display>::fmt
[INFO] [stdout]    1:     0x6101e715266a - core[df12db4294e9bfd3]::fmt::write
[INFO] [stdout]    2:     0x6101e714022c - <alloc[2182bb758b4b3781]::vec::Vec<u8> as core[df12db4294e9bfd3]::io::write::Write>::write_fmt
[INFO] [stdout]    3:     0x6101e7114976 - std[70759c8f55707aa4]::panicking::default_hook::{closure#0}
[INFO] [stdout]    4:     0x6101e7132849 - std[70759c8f55707aa4]::panicking::default_hook
[INFO] [stdout]    5:     0x6101e70cc4f0 - test[9d35eded1c95d3be]::test_main_inner::<test[9d35eded1c95d3be]::test_main_static::{closure#0}>::{closure#0}
[INFO] [stdout]    6:     0x6101e7132a02 - std[70759c8f55707aa4]::panicking::panic_with_hook
[INFO] [stdout]    7:     0x6101e7114a22 - std[70759c8f55707aa4]::panicking::panic_handler::{closure#0}
[INFO] [stdout]    8:     0x6101e710d2c9 - std[70759c8f55707aa4]::sys::backtrace::__rust_end_short_backtrace::<std[70759c8f55707aa4]::panicking::panic_handler::{closure#0}, !>
[INFO] [stdout]    9:     0x6101e71156bd - __rustc[8fa7c3cbc660c2b3]::rust_begin_unwind
[INFO] [stdout]   10:     0x6101e7152dcc - core[df12db4294e9bfd3]::panicking::panic_fmt
[INFO] [stdout]   11:     0x6101e7152ba2 - core[df12db4294e9bfd3]::result::unwrap_failed
[INFO] [stdout]   12:     0x6101e70412ac - <key_derive[b6de5e3aa99d63d9]::config::CONFIG::{closure#0} as core[df12db4294e9bfd3]::ops::function::FnOnce<()>>::call_once
[INFO] [stdout]   13:     0x6101e70417bb - <once_cell[b4fe607934fa1ed1]::imp::OnceCell<key_derive[b6de5e3aa99d63d9]::config::Config>>::initialize::<<once_cell[b4fe607934fa1ed1]::sync::OnceCell<key_derive[b6de5e3aa99d63d9]::config::Config>>::get_or_init<<once_cell[b4fe607934fa1ed1]::sync::Lazy<key_derive[b6de5e3aa99d63d9]::config::Config>>::force::{closure#0}>::{closure#0}, <once_cell[b4fe607934fa1ed1]::sync::OnceCell<_>>::get_or_init::Void>::{closure#0}
[INFO] [stdout]   14:     0x6101e70bf66f - once_cell[b4fe607934fa1ed1]::imp::initialize_or_wait
[INFO] [stdout]   15:     0x6101e7041682 - <once_cell[b4fe607934fa1ed1]::imp::OnceCell<key_derive[b6de5e3aa99d63d9]::config::Config>>::initialize::<<once_cell[b4fe607934fa1ed1]::sync::OnceCell<key_derive[b6de5e3aa99d63d9]::config::Config>>::get_or_init<<once_cell[b4fe607934fa1ed1]::sync::Lazy<key_derive[b6de5e3aa99d63d9]::config::Config>>::force::{closure#0}>::{closure#0}, <once_cell[b4fe607934fa1ed1]::sync::OnceCell<_>>::get_or_init::Void>
[INFO] [stdout]   16:     0x6101e7041e56 - <key_derive[b6de5e3aa99d63d9]::config::tests::show_config_with_root_public::{closure#0} as core[df12db4294e9bfd3]::ops::function::FnOnce<()>>::call_once
[INFO] [stdout]   17:     0x6101e70bf7db - test[9d35eded1c95d3be]::__rust_begin_short_backtrace::<core[df12db4294e9bfd3]::result::Result<(), alloc[2182bb758b4b3781]::string::String>, fn() -> core[df12db4294e9bfd3]::result::Result<(), alloc[2182bb758b4b3781]::string::String>>
[INFO] [stdout]   18:     0x6101e70cce45 - test[9d35eded1c95d3be]::run_test::{closure#0}
[INFO] [stdout]   19:     0x6101e70c6704 - std[70759c8f55707aa4]::sys::backtrace::__rust_begin_short_backtrace::<test[9d35eded1c95d3be]::run_test::{closure#1}, ()>
[INFO] [stdout]   20:     0x6101e70cffa2 - <std[70759c8f55707aa4]::thread::lifecycle::spawn_unchecked<test[9d35eded1c95d3be]::run_test::{closure#1}, ()>::{closure#1} as core[df12db4294e9bfd3]::ops::function::FnOnce<()>>::call_once::{shim:vtable#0}
[INFO] [stdout]   21:     0x6101e713a679 - <std[70759c8f55707aa4]::sys::thread::unix::Thread>::new::thread_start
[INFO] [stdout]   22:     0x7bacabc1edfa - <unknown>
[INFO] [stdout]   23:     0x7bacabcb23d4 - clone
[INFO] [stdout]   24:                0x0 - <unknown>
[INFO] [stdout] 
[INFO] [stdout] ---- derive_child::show_child_key_1 stdout ----
[INFO] [stdout] 
[INFO] [stdout] thread 'derive_child::show_child_key_1' (526) panicked at /opt/rustwide/cargo-home/registry/src/index.crates.io-1949cf8c6b5b557f/once_cell-1.21.4/src/lib.rs:1321:25:
[INFO] [stdout] Lazy instance has previously been poisoned
[INFO] [stdout] stack backtrace:
[INFO] [stdout]    0:     0x6101e713b651 - <<std[70759c8f55707aa4]::sys::backtrace::BacktraceLock>::print::DisplayBacktrace as core[df12db4294e9bfd3]::fmt::Display>::fmt
[INFO] [stdout]    1:     0x6101e715266a - core[df12db4294e9bfd3]::fmt::write
[INFO] [stdout]    2:     0x6101e714022c - <alloc[2182bb758b4b3781]::vec::Vec<u8> as core[df12db4294e9bfd3]::io::write::Write>::write_fmt
[INFO] [stdout]    3:     0x6101e7114976 - std[70759c8f55707aa4]::panicking::default_hook::{closure#0}
[INFO] [stdout]    4:     0x6101e7132849 - std[70759c8f55707aa4]::panicking::default_hook
[INFO] [stdout]    5:     0x6101e70cc4f0 - test[9d35eded1c95d3be]::test_main_inner::<test[9d35eded1c95d3be]::test_main_static::{closure#0}>::{closure#0}
[INFO] [stdout]    6:     0x6101e7132a02 - std[70759c8f55707aa4]::panicking::panic_with_hook
[INFO] [stdout]    7:     0x6101e7114a54 - std[70759c8f55707aa4]::panicking::panic_handler::{closure#0}
[INFO] [stdout]    8:     0x6101e710d2c9 - std[70759c8f55707aa4]::sys::backtrace::__rust_end_short_backtrace::<std[70759c8f55707aa4]::panicking::panic_handler::{closure#0}, !>
[INFO] [stdout]    9:     0x6101e71156bd - __rustc[8fa7c3cbc660c2b3]::rust_begin_unwind
[INFO] [stdout]   10:     0x6101e7152dcc - core[df12db4294e9bfd3]::panicking::panic_fmt
[INFO] [stdout]   11:     0x6101e7041809 - <once_cell[b4fe607934fa1ed1]::imp::OnceCell<key_derive[b6de5e3aa99d63d9]::config::Config>>::initialize::<<once_cell[b4fe607934fa1ed1]::sync::OnceCell<key_derive[b6de5e3aa99d63d9]::config::Config>>::get_or_init<<once_cell[b4fe607934fa1ed1]::sync::Lazy<key_derive[b6de5e3aa99d63d9]::config::Config>>::force::{closure#0}>::{closure#0}, <once_cell[b4fe607934fa1ed1]::sync::OnceCell<_>>::get_or_init::Void>::{closure#0}
[INFO] [stdout]   12:     0x6101e70bf66f - once_cell[b4fe607934fa1ed1]::imp::initialize_or_wait
[INFO] [stdout]   13:     0x6101e7041682 - <once_cell[b4fe607934fa1ed1]::imp::OnceCell<key_derive[b6de5e3aa99d63d9]::config::Config>>::initialize::<<once_cell[b4fe607934fa1ed1]::sync::OnceCell<key_derive[b6de5e3aa99d63d9]::config::Config>>::get_or_init<<once_cell[b4fe607934fa1ed1]::sync::Lazy<key_derive[b6de5e3aa99d63d9]::config::Config>>::force::{closure#0}>::{closure#0}, <once_cell[b4fe607934fa1ed1]::sync::OnceCell<_>>::get_or_init::Void>
[INFO] [stdout]   14:     0x6101e7040e16 - key_derive[b6de5e3aa99d63d9]::derive_child::show_child_key_1
[INFO] [stdout]   15:     0x6101e7041ad9 - <key_derive[b6de5e3aa99d63d9]::derive_child::show_child_key_1::{closure#0} as core[df12db4294e9bfd3]::ops::function::FnOnce<()>>::call_once
[INFO] [stdout]   16:     0x6101e70bf7db - test[9d35eded1c95d3be]::__rust_begin_short_backtrace::<core[df12db4294e9bfd3]::result::Result<(), alloc[2182bb758b4b3781]::string::String>, fn() -> core[df12db4294e9bfd3]::result::Result<(), alloc[2182bb758b4b3781]::string::String>>
[INFO] [stdout]   17:     0x6101e70cce45 - test[9d35eded1c95d3be]::run_test::{closure#0}
[INFO] [stdout]   18:     0x6101e70c6704 - std[70759c8f55707aa4]::sys::backtrace::__rust_begin_short_backtrace::<test[9d35eded1c95d3be]::run_test::{closure#1}, ()>
[INFO] [stdout]   19:     0x6101e70cffa2 - <std[70759c8f55707aa4]::thread::lifecycle::spawn_unchecked<test[9d35eded1c95d3be]::run_test::{closure#1}, ()>::{closure#1} as core[df12db4294e9bfd3]::ops::function::FnOnce<()>>::call_once::{shim:vtable#0}
[INFO] [stdout]   20:     0x6101e713a679 - <std[70759c8f55707aa4]::sys::thread::unix::Thread>::new::thread_start
[INFO] [stdout]   21:     0x7bacabc1edfa - <unknown>
[INFO] [stdout]   22:     0x7bacabcb23d4 - clone
[INFO] [stdout]   23:                0x0 - <unknown>
[INFO] [stdout] 
[INFO] [stdout] 
[INFO] [stdout] failures:
[INFO] [stdout]     config::tests::show_config_with_root_public
[INFO] [stdout]     derive_child::show_child_key_1
[INFO] [stdout] 
[INFO] [stdout] test result: FAILED. 2 passed; 2 failed; 0 ignored; 0 measured; 0 filtered out; finished in 0.00s
[INFO] [stdout] 
[INFO] [stderr] error: test failed, to rerun pass `--lib`
[INFO] running `Command { std: "docker" "inspect" "662a451847b7de3a367f2e073195d3465dca8fe51b8312b6f64b91a31beaf046", kill_on_drop: false }`
[INFO] running `Command { std: "docker" "rm" "-f" "662a451847b7de3a367f2e073195d3465dca8fe51b8312b6f64b91a31beaf046", kill_on_drop: false }`
[INFO] [stdout] 662a451847b7de3a367f2e073195d3465dca8fe51b8312b6f64b91a31beaf046
