[INFO] fetching crate kevy-elect 7.0.0...
[INFO] testing kevy-elect-7.0.0 against 1.99.0-beta.8+cargoflags=--release for beta-release-1.100-2
[INFO] extracting crate kevy-elect 7.0.0 into /workspace/builds/worker-3-tc1/source
[INFO] started tweaking crates.io crate kevy-elect 7.0.0
[INFO] finished tweaking crates.io crate kevy-elect 7.0.0
[INFO] tweaked toml for crates.io crate kevy-elect 7.0.0 written to /workspace/builds/worker-3-tc1/source/Cargo.toml
[INFO] validating manifest of crates.io crate kevy-elect 7.0.0 on toolchain 1.99.0-beta.8
[INFO] running `Command { std: CARGO_HOME="/workspace/cargo-home" RUSTUP_HOME="/workspace/rustup-home" "/workspace/cargo-home/bin/cargo" "+1.99.0-beta.8" "metadata" "--manifest-path" "Cargo.toml" "--no-deps", kill_on_drop: false }`
[INFO] crate crates.io crate kevy-elect 7.0.0 already has a lockfile, it will not be regenerated
[INFO] running `Command { std: CARGO_HOME="/workspace/cargo-home" RUSTUP_HOME="/workspace/rustup-home" "/workspace/cargo-home/bin/cargo" "+1.99.0-beta.8" "fetch" "--manifest-path" "Cargo.toml", kill_on_drop: false }`
[INFO] [stderr]     Updating crates.io index
[INFO] [stderr]  Downloading crates ...
[INFO] [stderr]   Downloaded kevy-hash v7.0.0
[INFO] [stderr]   Downloaded kevy-noise v7.0.0
[INFO] [stderr]   Downloaded kevy-sys v7.0.0
[INFO] [stderr]   Downloaded kevy-bytes v7.0.0
[INFO] [stderr]   Downloaded kevy-resp v7.0.0
[INFO] [stderr]   Downloaded kevy-crypto v7.0.0
[INFO] running `Command { std: "docker" "create" "-v" "/var/lib/crater-agent-workspace/builds/worker-3-tc1/source:/opt/rustwide/workdir:ro,Z" "-v" "/var/lib/crater-agent-workspace/builds/worker-3-tc1/target:/opt/rustwide/target:rw,Z" "-v" "/var/lib/crater-agent-workspace/cargo-home:/opt/rustwide/cargo-home:ro,Z" "-v" "/var/lib/crater-agent-workspace/rustup-home:/opt/rustwide/rustup-home:ro,Z" "-m" "1610612736" "--network" "none" "ghcr.io/rust-lang/crates-build-env/linux@sha256:77db811e55d90add9212f6832c23229e3de5f1c1f9905e8cb07319ea15df73ac" "sleep" "infinity", kill_on_drop: false }`
[INFO] [stdout] 75de3f7bae57b68f6e6279fcd138cf1a280affa5b2b245646a6748ea964a98ed
[INFO] running `Command { std: "docker" "start" "75de3f7bae57b68f6e6279fcd138cf1a280affa5b2b245646a6748ea964a98ed", kill_on_drop: false }`
[INFO] running `Command { std: "docker" "inspect" "75de3f7bae57b68f6e6279fcd138cf1a280affa5b2b245646a6748ea964a98ed", kill_on_drop: false }`
[INFO] running `Command { std: "docker" "exec" "-e" "SOURCE_DIR=/opt/rustwide/workdir" "-e" "CARGO_HOME=/opt/rustwide/cargo-home" "-e" "RUSTUP_HOME=/opt/rustwide/rustup-home" "-e" "CARGO_TARGET_DIR=/opt/rustwide/target" "-w" "/opt/rustwide/workdir" "--user" "0:0" "75de3f7bae57b68f6e6279fcd138cf1a280affa5b2b245646a6748ea964a98ed" "/opt/rustwide/cargo-home/bin/cargo" "+1.99.0-beta.8" "metadata" "--no-deps" "--format-version=1", kill_on_drop: false }`
[INFO] running `Command { std: "docker" "inspect" "75de3f7bae57b68f6e6279fcd138cf1a280affa5b2b245646a6748ea964a98ed", kill_on_drop: false }`
[INFO] running `Command { std: "docker" "exec" "-e" "SOURCE_DIR=/opt/rustwide/workdir" "-e" "CARGO_HOME=/opt/rustwide/cargo-home" "-e" "RUSTUP_HOME=/opt/rustwide/rustup-home" "-e" "CARGO_TARGET_DIR=/opt/rustwide/target" "-e" "CARGO_INCREMENTAL=0" "-e" "RUST_BACKTRACE=full" "-e" "RUSTFLAGS=--cap-lints=warn" "-e" "RUSTDOCFLAGS=--cap-lints=warn" "-w" "/opt/rustwide/workdir" "--user" "0:0" "75de3f7bae57b68f6e6279fcd138cf1a280affa5b2b245646a6748ea964a98ed" "/opt/rustwide/cargo-home/bin/cargo" "+1.99.0-beta.8" "build" "--frozen" "--message-format=json" "--release", kill_on_drop: false }`
[INFO] [stderr]    Compiling kevy-hash v7.0.0
[INFO] [stderr]    Compiling kevy-crypto v7.0.0
[INFO] [stderr]    Compiling kevy-sys v7.0.0
[INFO] [stderr]    Compiling kevy-bytes v7.0.0
[INFO] [stderr]    Compiling kevy-noise v7.0.0
[INFO] [stderr]    Compiling kevy-resp v7.0.0
[INFO] [stderr]    Compiling kevy-elect v7.0.0 (/opt/rustwide/workdir)
[INFO] [stderr]     Finished `release` profile [optimized] target(s) in 4.33s
[INFO] running `Command { std: "docker" "inspect" "75de3f7bae57b68f6e6279fcd138cf1a280affa5b2b245646a6748ea964a98ed", kill_on_drop: false }`
[INFO] running `Command { std: "docker" "exec" "-e" "SOURCE_DIR=/opt/rustwide/workdir" "-e" "CARGO_HOME=/opt/rustwide/cargo-home" "-e" "RUSTUP_HOME=/opt/rustwide/rustup-home" "-e" "CARGO_TARGET_DIR=/opt/rustwide/target" "-e" "CARGO_INCREMENTAL=0" "-e" "RUST_BACKTRACE=full" "-e" "RUSTFLAGS=--cap-lints=warn" "-e" "RUSTDOCFLAGS=--cap-lints=warn" "-w" "/opt/rustwide/workdir" "--user" "0:0" "75de3f7bae57b68f6e6279fcd138cf1a280affa5b2b245646a6748ea964a98ed" "/opt/rustwide/cargo-home/bin/cargo" "+1.99.0-beta.8" "test" "--frozen" "--no-run" "--message-format=json" "--release", kill_on_drop: false }`
[INFO] [stderr]    Compiling kevy-elect v7.0.0 (/opt/rustwide/workdir)
[INFO] [stderr]     Finished `release` profile [optimized] target(s) in 2.70s
[INFO] running `Command { std: "docker" "inspect" "75de3f7bae57b68f6e6279fcd138cf1a280affa5b2b245646a6748ea964a98ed", kill_on_drop: false }`
[INFO] running `Command { std: "docker" "exec" "-e" "SOURCE_DIR=/opt/rustwide/workdir" "-e" "CARGO_HOME=/opt/rustwide/cargo-home" "-e" "RUSTUP_HOME=/opt/rustwide/rustup-home" "-e" "CARGO_TARGET_DIR=/opt/rustwide/target" "-e" "CARGO_INCREMENTAL=0" "-e" "RUST_BACKTRACE=full" "-e" "RUSTFLAGS=--cap-lints=warn" "-e" "RUSTDOCFLAGS=--cap-lints=warn" "-w" "/opt/rustwide/workdir" "--user" "0:0" "75de3f7bae57b68f6e6279fcd138cf1a280affa5b2b245646a6748ea964a98ed" "/opt/rustwide/cargo-home/bin/cargo" "+1.99.0-beta.8" "test" "--frozen" "--release", kill_on_drop: false }`
[INFO] [stderr]     Finished `release` profile [optimized] target(s) in 0.03s
[INFO] [stderr]      Running unittests src/lib.rs (/opt/rustwide/target/release/deps/kevy_elect-ce67d8aafc39f53a)
[INFO] [stdout] 
[INFO] [stdout] running 47 tests
[INFO] [stdout] test config::tests::system_jitter_stays_under_its_bound_and_differs_between_nodes ... ok
[INFO] [stdout] test elector_tests::tests::higher_epoch_follow_is_persisted ... ok
[INFO] [stdout] test elector_tests::tests::quorum_2_is_2_degenerate ... ok
[INFO] [stdout] test elector_tests::tests::candidacy_bump_is_persisted_with_self_vote ... ok
[INFO] [stdout] test elector_tests::tests::candidate_with_lower_offset_loses_to_higher ... ok
[INFO] [stdout] test elector_tests::tests::accept_only_once_per_epoch ... ok
[INFO] [stdout] test elector_tests::tests::old_primary_rejoin_demotes_on_higher_epoch_hb ... ok
[INFO] [stdout] test elector_tests::tests::replica_demotes_on_announce_for_newer_epoch ... ok
[INFO] [stdout] test elector_tests::tests::n2_degenerate_needs_both_alive ... ok
[INFO] [stdout] test elector_tests::tests::announce_for_self_keeps_primary_role ... ok
[INFO] [stdout] test elector_tests::tests::dueling_candidates_tied_offset_lower_node_id_wins ... ok
[INFO] [stdout] test elector_tests::tests::quorum_3_is_2 ... ok
[INFO] [stdout] test elector_tests::tests::election_timeout_falls_back_to_replica_with_backoff ... ok
[INFO] [stdout] test elector_tests::tests::quorum_5_is_3 ... ok
[INFO] [stdout] test elector_tests::tests::replica_with_alive_primary_does_not_elect ... ok
[INFO] [stdout] test elector_tests::tests::quorum_accept_promotes_candidate_to_primary ... ok
[INFO] [stdout] test elector_tests::tests::replica_starts_candidacy_when_primary_down_and_im_best ... ok
[INFO] [stdout] test elector_tests::tests::restart_recovers_epoch_and_elects_with_fresh_epoch ... ok
[INFO] [stdout] test elector_tests::tests::restart_with_persisted_vote_rejects_same_epoch_offer ... ok
[INFO] [stdout] test sim::tests::dueling_candidates_lowest_node_id_wins ... ok
[INFO] [stdout] test message::tests::role_parse_unknown_is_none ... ok
[INFO] [stdout] test sim::tests::five_node_kill_primary_and_one_replica_still_promotes ... ok
[INFO] [stdout] test transport_loops::tests::a_verified_link_drops_a_message_that_claims_another_sender ... ok
[INFO] [stdout] test message::tests::role_round_trip ... ok
[INFO] [stdout] test sim::tests::old_primary_rejoin_demotes_cleanly ... ok
[INFO] [stdout] test wire::tests::announce_round_trip ... ok
[INFO] [stdout] test wire::tests::accept_round_trip ... ok
[INFO] [stdout] test wire::tests::decode_hb_bad_numeric_errs ... ok
[INFO] [stdout] test wire::tests::decode_hb_wrong_arity_errs ... ok
[INFO] [stdout] test transport_loops::sender_key_tests::every_variant_reports_its_own_sender ... ok
[INFO] [stdout] test wire::tests::a_malformed_array_is_refused_and_an_empty_one_is_skipped ... ok
[INFO] [stdout] test wire::tests::decode_truncated_returns_more ... ok
[INFO] [stdout] test wire::tests::decode_unknown_verb_errs ... ok
[INFO] [stdout] test sim::tests::three_node_partition_majority_promotes_minority_stays ... ok
[INFO] [stdout] test elector_tests::tests::stale_epoch_offer_rejected ... ok
[INFO] [stdout] test elector_tests::tests::save_is_called_before_accept_leaves_the_elector ... ok
[INFO] [stdout] test message::tests::role_parse_case_insensitive ... ok
[INFO] [stdout] test elector_tests::tests::split_brain_minority_cannot_promote ... ok
[INFO] [stdout] test sim::tests::n2_degenerate_primary_kill_locks_survivor ... ok
[INFO] [stdout] test wire::tests::every_decode_error_says_what_was_wrong_with_the_frame ... ok
[INFO] [stdout] test wire::tests::decode_hb_bad_role_errs ... ok
[INFO] [stdout] test sim::tests::three_node_primary_kill_promotes_replica ... ok
[INFO] [stdout] test wire::tests::hb_round_trip ... ok
[INFO] [stderr]    Doc-tests kevy_elect
[INFO] [stdout] test elector_tests::tests::tick_emits_one_hb_per_peer_per_interval ... ok
[INFO] [stdout] test wire::tests::offer_round_trip ... ok
[INFO] [stdout] test wire::tests::verbs_are_case_insensitive_on_decode ... ok
[INFO] [stdout] test link::tests::dialing_a_peer_without_a_configured_key_fails_before_sending ... ok
[INFO] [stdout] 
[INFO] [stdout] test result: ok. 47 passed; 0 failed; 0 ignored; 0 measured; 0 filtered out; finished in 0.02s
[INFO] [stdout] 
[INFO] [stdout] 
[INFO] [stdout] running 94 tests
[INFO] [stdout] test src/config.rs - config::ElectConfig::with_election_backoff_jitter (line 189) ... ok
[INFO] [stdout] test src/config.rs - config::ElectConfig (line 8) ... ok
[INFO] [stdout] test src/config.rs - config::ElectConfig::with_election_backoff (line 176) ... ok
[INFO] [stdout] test src/config.rs - config::ElectConfig::with_election_timeout (line 163) ... ok
[INFO] [stdout] test src/config.rs - config::ElectConfig::election_backoff (line 79) ... ok
[INFO] [stdout] test src/elector.rs - elector (line 20) ... ok
[INFO] [stdout] test src/config.rs - config::ElectConfig::down_after (line 37) ... ok
[INFO] [stdout] test src/config.rs - config::ElectConfig::election_backoff_jitter (line 101) ... ok
[INFO] [stdout] test src/config.rs - config::ElectConfig::with_hb_interval (line 137) ... ok
[INFO] [stdout] test src/config.rs - config::ElectConfig::with_down_after (line 150) ... ok
[INFO] [stdout] test src/config.rs - config::ElectJitter::Fixed (line 235) ... ok
[INFO] [stdout] test src/config.rs - config::ElectConfig::hb_interval (line 21) ... ok
[INFO] [stdout] test src/config.rs - config::ElectConfig::election_timeout (line 57) ... ok
[INFO] [stdout] test src/elector.rs - elector::Elector::has_quorum (line 380) ... ok
[INFO] [stdout] test src/config.rs - config::ElectJitter (line 205) ... ok
[INFO] [stdout] test src/config.rs - config::ElectJitter::System (line 258) ... ok
[INFO] [stdout] test src/elector.rs - elector::Elector (line 50) ... ok
[INFO] [stdout] test src/elector.rs - elector::Elector::new (line 198) ... ok
[INFO] [stdout] test src/elector.rs - elector::Elector::epoch (line 343) ... ok
[INFO] [stdout] test src/elector.rs - elector::Elector::current_primary (line 360) ... ok
[INFO] [stdout] test src/elector.rs - elector::Elector::with_config (line 236) ... ok
[INFO] [stdout] test src/elector.rs - elector::Elector::set_repl_offset (line 315) ... ok
[INFO] [stdout] test src/elector.rs - elector::Outbound::msg (line 156) ... ok
[INFO] [stdout] test src/elector.rs - elector::Elector::on_message (line 434) ... ok
[INFO] [stdout] test src/elector.rs - elector::Elector::role (line 331) ... ok
[INFO] [stdout] test src/elector.rs - elector::Outbound::BROADCAST (line 171) ... ok
[INFO] [stdout] test src/link.rs - link::SecureLinks::new (line 52) ... ok
[INFO] [stdout] test src/elector.rs - elector::Elector::with_jitter (line 252) ... ok
[INFO] [stdout] test src/elector.rs - elector::Elector::tick (line 408) ... ok
[INFO] [stdout] test src/link.rs - link::SecureLinks::local (line 28) ... ok
[INFO] [stdout] test src/link.rs - link::SecureLinks (line 16) ... ok
[INFO] [stdout] test src/elector.rs - elector::Elector::with_persist (line 273) ... ok
[INFO] [stdout] test src/elector.rs - elector::Outbound::to (line 142) ... ok
[INFO] [stdout] test src/elector.rs - elector::Outbound (line 123) ... ok
[INFO] [stdout] test src/message.rs - message::Message::Accept (line 271) ... ok
[INFO] [stdout] test src/link.rs - link::SecureLinks::peer_keys (line 36) ... ok
[INFO] [stdout] test src/message.rs - message::Message::Announce::epoch (line 329) ... ok
[INFO] [stdout] test src/message.rs - message::Message::Accept::accepter_id (line 297) ... ok
[INFO] [stdout] test src/lib.rs - (line 17) ... ok
[INFO] [stdout] test src/message.rs - message::Message::Hb::node_id (line 173) ... ok
[INFO] [stdout] test src/message.rs - message (line 22) ... ok
[INFO] [stdout] test src/message.rs - message::Message::Hb::epoch (line 161) ... ok
[INFO] [stdout] test src/message.rs - message::Message::Announce::new_primary_id (line 341) ... ok
[INFO] [stdout] test src/message.rs - message::Message (line 130) ... ok
[INFO] [stdout] test src/message.rs - message::Message::Accept::epoch (line 285) ... ok
[INFO] [stdout] test src/message.rs - message::Message::Hb::repl_offset (line 196) ... ok
[INFO] [stdout] test src/message.rs - message::Message::Offer (line 213) ... ok
[INFO] [stdout] test src/message.rs - message::Role::Primary (line 45) ... ok
[INFO] [stdout] test src/message.rs - message::Message::Hb::role (line 184) ... ok
[INFO] [stdout] test src/message.rs - message::Message::Announce::new_primary_addr (line 355) ... ok
[INFO] [stdout] test src/message.rs - message::Role (line 33) ... ok
[INFO] [stdout] test src/message.rs - message::Message::Offer::repl_offset (line 254) ... ok
[INFO] [stdout] test src/message.rs - message::Message::Announce (line 317) ... ok
[INFO] [stdout] test src/message.rs - message::Message::Hb (line 147) ... ok
[INFO] [stdout] test src/message.rs - message::Message::Offer::candidate_id (line 241) ... ok
[INFO] [stdout] test src/message.rs - message::Role::Candidate (line 74) ... ok
[INFO] [stdout] test src/message.rs - message::Role::parse (line 108) ... ok
[INFO] [stdout] test src/message.rs - message::Role::as_str (line 92) ... ok
[INFO] [stdout] test src/message.rs - message::Message::Offer::new_epoch (line 229) ... ok
[INFO] [stdout] test src/persist.rs - persist::ElectorPersist (line 55) ... ok
[INFO] [stdout] test src/transport.rs - transport::PeerAddr (line 76) ... ok
[INFO] [stdout] test src/transport.rs - transport::PeerAddr::new (line 114) ... ok
[INFO] [stdout] test src/persist.rs - persist::NoPersist (line 151) ... ok
[INFO] [stdout] test src/transport.rs - transport::PeerAddr::host (line 93) ... ok
[INFO] [stdout] test src/transport.rs - transport::PeerAddr::node_id (line 86) ... ok
[INFO] [stdout] test src/transport.rs - transport (line 21) ... ok
[INFO] [stdout] test src/message.rs - message::Role::Replica (line 57) ... ok
[INFO] [stdout] test src/transport.rs - transport::PeerAddr::port (line 100) ... ok
[INFO] [stdout] test src/persist.rs - persist (line 16) ... ok
[INFO] [stdout] test src/transport.rs - transport::Transport (line 130) ... FAILED
[INFO] [stdout] test src/transport.rs - transport::Transport::shutdown (line 371) ... FAILED
[INFO] [stdout] test src/transport.rs - transport::ElectorSnapshot (line 405) ... ok
[INFO] [stdout] test src/transport.rs - transport::ElectorSnapshot::down_peers (line 472) ... ok
[INFO] [stdout] test src/transport.rs - transport::ElectorSnapshot::role (line 423) ... ok
[INFO] [stdout] test src/wire.rs - wire::DecodeError::Bad (line 50) ... ok
[INFO] [stdout] test src/persist.rs - persist::ElectorPersist::load (line 123) ... ok
[INFO] [stdout] test src/wire.rs - wire::DecodeError (line 24) ... ok
[INFO] [stdout] test src/transport.rs - transport::ElectorSnapshot::epoch (line 436) ... ok
[INFO] [stdout] test src/persist.rs - persist::ElectorPersist::save (line 93) ... ok
[INFO] [stdout] test src/transport.rs - transport::Transport::set_repl_offset (line 331) ... ok
[INFO] [stdout] test src/wire.rs - wire::DecodeError::BadNumeric (line 70) ... ok
[INFO] [stdout] test src/wire.rs - wire (line 5) ... ok
[INFO] [stdout] test src/wire.rs - wire::DecodeError::fmt (line 90) ... ok
[INFO] [stdout] test src/wire.rs - wire::DecodeError::BadRole (line 80) ... ok
[INFO] [stdout] test src/wire.rs - wire::DecodeError::WrongShape (line 60) ... ok
[INFO] [stdout] test src/transport.rs - transport::Transport::spawn_secure (line 228) ... ok
[INFO] [stdout] test src/transport.rs - transport::Transport::state_snapshot (line 292) ... ok
[INFO] [stdout] test src/wire.rs - wire::DecodeError::Truncated (line 40) ... ok
[INFO] [stdout] test src/transport.rs - transport::ElectorSnapshot::current_primary (line 451) ... ok
[INFO] [stdout] test src/transport.rs - transport::Transport::spawn (line 168) ... ok
[INFO] [stdout] test src/wire.rs - wire::Message::decode (line 163) ... ok
[INFO] [stdout] test src/transport.rs - transport::TopologyCallback (line 59) ... ok
[INFO] [stdout] test src/wire.rs - wire::Message::encode (line 114) ... ok
[INFO] [stdout] test src/transport.rs - transport::Transport::spawn_with_callback (line 194) ... ok
[INFO] [stdout] 
[INFO] [stdout] failures:
[INFO] [stdout] 
[INFO] [stdout] ---- src/transport.rs - transport::Transport (line 130) stdout ----
[INFO] [stdout] error[E0433]: cannot find module or crate `kevy_testnet` in this scope
[INFO] [stdout]    --> src/transport.rs:137:13
[INFO] [stdout]     |
[INFO] [stdout] 137 | let ports = kevy_testnet::free_ports(2);
[INFO] [stdout]     |             ^^^^^^^^^^^^ use of unresolved module or unlinked crate `kevy_testnet`
[INFO] [stdout]     |
[INFO] [stdout]     = help: if you wanted to use a crate named `kevy_testnet`, use `cargo add kevy_testnet` to add it to your `Cargo.toml`
[INFO] [stdout] 
[INFO] [stdout] error: aborting due to 1 previous error
[INFO] [stdout] 
[INFO] [stdout] For more information about this error, try `rustc --explain E0433`.
[INFO] [stdout] Couldn't compile the test.
[INFO] [stdout] ---- src/transport.rs - transport::Transport::shutdown (line 371) stdout ----
[INFO] [stdout] error[E0433]: cannot find module or crate `kevy_testnet` in this scope
[INFO] [stdout]    --> src/transport.rs:379:12
[INFO] [stdout]     |
[INFO] [stdout] 379 | let port = kevy_testnet::free_port();
[INFO] [stdout]     |            ^^^^^^^^^^^^ use of unresolved module or unlinked crate `kevy_testnet`
[INFO] [stdout]     |
[INFO] [stdout]     = help: if you wanted to use a crate named `kevy_testnet`, use `cargo add kevy_testnet` to add it to your `Cargo.toml`
[INFO] [stdout] 
[INFO] [stdout] error: aborting due to 1 previous error
[INFO] [stdout] 
[INFO] [stdout] For more information about this error, try `rustc --explain E0433`.
[INFO] [stdout] Couldn't compile the test.
[INFO] [stdout] 
[INFO] [stdout] failures:
[INFO] [stdout]     src/transport.rs - transport::Transport (line 130)
[INFO] [stdout]     src/transport.rs - transport::Transport::shutdown (line 371)
[INFO] [stdout] 
[INFO] [stdout] test result: FAILED. 92 passed; 2 failed; 0 ignored; 0 measured; 0 filtered out; finished in 6.38s
[INFO] [stdout] 
[INFO] [stdout] all doctests ran in 6.73s; merged doctests compilation took 0.34s
[INFO] [stderr] error: doctest failed, to rerun pass `--doc`
[INFO] running `Command { std: "docker" "inspect" "75de3f7bae57b68f6e6279fcd138cf1a280affa5b2b245646a6748ea964a98ed", kill_on_drop: false }`
[INFO] running `Command { std: "docker" "rm" "-f" "75de3f7bae57b68f6e6279fcd138cf1a280affa5b2b245646a6748ea964a98ed", kill_on_drop: false }`
[INFO] [stdout] 75de3f7bae57b68f6e6279fcd138cf1a280affa5b2b245646a6748ea964a98ed
