[INFO] fetching crate keshvar 0.7.0...
[INFO] testing keshvar-0.7.0 against 1.99.0-beta.8+cargoflags=--release for beta-release-1.100-2
[INFO] extracting crate keshvar 0.7.0 into /workspace/builds/worker-3-tc1/source
[INFO] started tweaking crates.io crate keshvar 0.7.0
[INFO] finished tweaking crates.io crate keshvar 0.7.0
[INFO] tweaked toml for crates.io crate keshvar 0.7.0 written to /workspace/builds/worker-3-tc1/source/Cargo.toml
[INFO] validating manifest of crates.io crate keshvar 0.7.0 on toolchain 1.99.0-beta.8
[INFO] running `Command { std: CARGO_HOME="/workspace/cargo-home" RUSTUP_HOME="/workspace/rustup-home" "/workspace/cargo-home/bin/cargo" "+1.99.0-beta.8" "metadata" "--manifest-path" "Cargo.toml" "--no-deps", kill_on_drop: false }`
[INFO] crate crates.io crate keshvar 0.7.0 already has a lockfile, it will not be regenerated
[INFO] running `Command { std: CARGO_HOME="/workspace/cargo-home" RUSTUP_HOME="/workspace/rustup-home" "/workspace/cargo-home/bin/cargo" "+1.99.0-beta.8" "fetch" "--manifest-path" "Cargo.toml", kill_on_drop: false }`
[INFO] [stderr]     Updating crates.io index
[INFO] [stderr]  Downloading crates ...
[INFO] [stderr]   Downloaded iso_country v0.1.4
[INFO] [stderr]   Downloaded iso_currency v0.4.4
[INFO] running `Command { std: "docker" "create" "-v" "/var/lib/crater-agent-workspace/builds/worker-3-tc1/source:/opt/rustwide/workdir:ro,Z" "-v" "/var/lib/crater-agent-workspace/builds/worker-3-tc1/target:/opt/rustwide/target:rw,Z" "-v" "/var/lib/crater-agent-workspace/cargo-home:/opt/rustwide/cargo-home:ro,Z" "-v" "/var/lib/crater-agent-workspace/rustup-home:/opt/rustwide/rustup-home:ro,Z" "-m" "1610612736" "--network" "none" "ghcr.io/rust-lang/crates-build-env/linux@sha256:77db811e55d90add9212f6832c23229e3de5f1c1f9905e8cb07319ea15df73ac" "sleep" "infinity", kill_on_drop: false }`
[INFO] [stdout] 66c4546a0f312a3068722339af50856324e087118e920dd566d763a7c2cfc76a
[INFO] running `Command { std: "docker" "start" "66c4546a0f312a3068722339af50856324e087118e920dd566d763a7c2cfc76a", kill_on_drop: false }`
[INFO] running `Command { std: "docker" "inspect" "66c4546a0f312a3068722339af50856324e087118e920dd566d763a7c2cfc76a", kill_on_drop: false }`
[INFO] running `Command { std: "docker" "exec" "-e" "SOURCE_DIR=/opt/rustwide/workdir" "-e" "CARGO_HOME=/opt/rustwide/cargo-home" "-e" "RUSTUP_HOME=/opt/rustwide/rustup-home" "-e" "CARGO_TARGET_DIR=/opt/rustwide/target" "-w" "/opt/rustwide/workdir" "--user" "0:0" "66c4546a0f312a3068722339af50856324e087118e920dd566d763a7c2cfc76a" "/opt/rustwide/cargo-home/bin/cargo" "+1.99.0-beta.8" "metadata" "--no-deps" "--format-version=1", kill_on_drop: false }`
[INFO] running `Command { std: "docker" "inspect" "66c4546a0f312a3068722339af50856324e087118e920dd566d763a7c2cfc76a", kill_on_drop: false }`
[INFO] running `Command { std: "docker" "exec" "-e" "SOURCE_DIR=/opt/rustwide/workdir" "-e" "CARGO_HOME=/opt/rustwide/cargo-home" "-e" "RUSTUP_HOME=/opt/rustwide/rustup-home" "-e" "CARGO_TARGET_DIR=/opt/rustwide/target" "-e" "CARGO_INCREMENTAL=0" "-e" "RUST_BACKTRACE=full" "-e" "RUSTFLAGS=--cap-lints=warn" "-e" "RUSTDOCFLAGS=--cap-lints=warn" "-w" "/opt/rustwide/workdir" "--user" "0:0" "66c4546a0f312a3068722339af50856324e087118e920dd566d763a7c2cfc76a" "/opt/rustwide/cargo-home/bin/cargo" "+1.99.0-beta.8" "build" "--frozen" "--message-format=json" "--release", kill_on_drop: false }`
[INFO] [stderr]    Compiling syn v2.0.117
[INFO] [stderr]    Compiling thiserror-impl v1.0.69
[INFO] [stderr]    Compiling thiserror v1.0.69
[INFO] [stderr]    Compiling keshvar v0.7.0 (/opt/rustwide/workdir)
[INFO] [stderr]     Finished `release` profile [optimized] target(s) in 7.67s
[INFO] running `Command { std: "docker" "inspect" "66c4546a0f312a3068722339af50856324e087118e920dd566d763a7c2cfc76a", kill_on_drop: false }`
[INFO] running `Command { std: "docker" "exec" "-e" "SOURCE_DIR=/opt/rustwide/workdir" "-e" "CARGO_HOME=/opt/rustwide/cargo-home" "-e" "RUSTUP_HOME=/opt/rustwide/rustup-home" "-e" "CARGO_TARGET_DIR=/opt/rustwide/target" "-e" "CARGO_INCREMENTAL=0" "-e" "RUST_BACKTRACE=full" "-e" "RUSTFLAGS=--cap-lints=warn" "-e" "RUSTDOCFLAGS=--cap-lints=warn" "-w" "/opt/rustwide/workdir" "--user" "0:0" "66c4546a0f312a3068722339af50856324e087118e920dd566d763a7c2cfc76a" "/opt/rustwide/cargo-home/bin/cargo" "+1.99.0-beta.8" "test" "--frozen" "--no-run" "--message-format=json" "--release", kill_on_drop: false }`
[INFO] [stderr]    Compiling keshvar v0.7.0 (/opt/rustwide/workdir)
[INFO] [stderr]     Finished `release` profile [optimized] target(s) in 2.50s
[INFO] running `Command { std: "docker" "inspect" "66c4546a0f312a3068722339af50856324e087118e920dd566d763a7c2cfc76a", kill_on_drop: false }`
[INFO] running `Command { std: "docker" "exec" "-e" "SOURCE_DIR=/opt/rustwide/workdir" "-e" "CARGO_HOME=/opt/rustwide/cargo-home" "-e" "RUSTUP_HOME=/opt/rustwide/rustup-home" "-e" "CARGO_TARGET_DIR=/opt/rustwide/target" "-e" "CARGO_INCREMENTAL=0" "-e" "RUST_BACKTRACE=full" "-e" "RUSTFLAGS=--cap-lints=warn" "-e" "RUSTDOCFLAGS=--cap-lints=warn" "-w" "/opt/rustwide/workdir" "--user" "0:0" "66c4546a0f312a3068722339af50856324e087118e920dd566d763a7c2cfc76a" "/opt/rustwide/cargo-home/bin/cargo" "+1.99.0-beta.8" "test" "--frozen" "--release", kill_on_drop: false }`
[INFO] [stderr]     Finished `release` profile [optimized] target(s) in 0.04s
[INFO] [stderr]      Running unittests src/lib.rs (/opt/rustwide/target/release/deps/keshvar-c440bce097b54248)
[INFO] [stdout] 
[INFO] [stdout] running 0 tests
[INFO] [stderr]    Doc-tests keshvar
[INFO] [stdout] 
[INFO] [stdout] test result: ok. 0 passed; 0 failed; 0 ignored; 0 measured; 0 filtered out; finished in 0.00s
[INFO] [stdout] 
[INFO] [stdout] 
[INFO] [stdout] running 28 tests
[INFO] [stdout] test src/alpha2.rs - alpha2::Alpha2 (line 13) ... FAILED
[INFO] [stdout] test src/consts.rs - consts::SUPPORTED_SUBREGION_LIST (line 1665) ... ok
[INFO] [stdout] test src/consts.rs - consts::SUPPORTED_G7_ALPHA2_LIST (line 1039) ... ok
[INFO] [stdout] test src/ioc.rs - ioc::IOC (line 11) ... ok
[INFO] [stdout] test src/consts.rs - consts::SUPPORTED_G20_ALPHA2_LIST (line 1064) ... ok
[INFO] [stdout] test src/consts.rs - consts::SUPPORTED_REGION_LIST (line 1391) ... ok
[INFO] [stdout] test src/consts.rs - consts::SUPPORTED_WORLD_REGION_LIST (line 1989) ... ok
[INFO] [stdout] test src/consts.rs - consts::SUPPORTED_CONTINENT_LIST (line 1114) ... ok
[INFO] [stdout] test src/consts.rs - consts::SUPPORTED_ALPHA2_LIST (line 530) ... ok
[INFO] [stdout] test src/iterator.rs - iterator::CountryIterator (line 122) ... ok
[INFO] [stdout] test src/gec.rs - gec::GEC (line 11) ... ok
[INFO] [stdout] test src/alpha3.rs - alpha3::Alpha3 (line 13) ... FAILED
[INFO] [stdout] test src/lib.rs - (line 205) ... FAILED
[INFO] [stdout] test src/lib.rs - (line 269) ... FAILED
[INFO] [stdout] test src/lib.rs - (line 284) ... FAILED
[INFO] [stdout] test src/lib.rs - (line 233) ... FAILED
[INFO] [stdout] test src/lib.rs - (line 130) ... ok
[INFO] [stdout] test src/iterator.rs - iterator::ContinentIterator (line 152) ... ok
[INFO] [stdout] test src/currency_code.rs - currency_code::CurrencyCode (line 13) ... ok
[INFO] [stdout] test src/iterator.rs - iterator::SubRegionIterator (line 242) ... ok
[INFO] [stdout] test src/iterator.rs - iterator::RegionIterator (line 192) ... ok
[INFO] [stdout] test src/lib.rs - (line 7) ... FAILED
[INFO] [stdout] test src/iterator.rs - iterator::WorldRegionIterator (line 285) ... ok
[INFO] [stdout] test src/region.rs - region::Continent (line 12) ... ok
[INFO] [stdout] test src/region.rs - region::WorldRegion (line 1099) ... ok
[INFO] [stdout] test src/region.rs - region::Region (line 359) ... ok
[INFO] [stdout] test src/lib.rs - (line 146) ... ok
[INFO] [stdout] test src/region.rs - region::SubRegion (line 698) ... ok
[INFO] [stdout] 
[INFO] [stdout] failures:
[INFO] [stdout] 
[INFO] [stdout] ---- src/alpha2.rs - alpha2::Alpha2 (line 13) stdout ----
[INFO] [stdout] error[E0599]: no method named `to_subdivisions` found for enum `Alpha2` in the current scope
[INFO] [stdout]   --> src/alpha2.rs:51:31
[INFO] [stdout]    |
[INFO] [stdout] 51 | let subdivisions = Alpha2::US.to_subdivisions();
[INFO] [stdout]    |                               ^^^^^^^^^^^^^^^ method not found in `Alpha2`
[INFO] [stdout] 
[INFO] [stdout] error: aborting due to 1 previous error
[INFO] [stdout] 
[INFO] [stdout] For more information about this error, try `rustc --explain E0599`.
[INFO] [stdout] Couldn't compile the test.
[INFO] [stdout] ---- src/alpha3.rs - alpha3::Alpha3 (line 13) stdout ----
[INFO] [stdout] error[E0599]: no method named `to_subdivisions` found for enum `Alpha3` in the current scope
[INFO] [stdout]   --> src/alpha3.rs:51:32
[INFO] [stdout]    |
[INFO] [stdout] 51 | let subdivisions = Alpha3::USA.to_subdivisions();
[INFO] [stdout]    |                                ^^^^^^^^^^^^^^^ method not found in `Alpha3`
[INFO] [stdout] 
[INFO] [stdout] error: aborting due to 1 previous error
[INFO] [stdout] 
[INFO] [stdout] For more information about this error, try `rustc --explain E0599`.
[INFO] [stdout] Couldn't compile the test.
[INFO] [stdout] ---- src/lib.rs - (line 205) stdout ----
[INFO] [stdout] error[E0432]: unresolved imports `keshvar::Subdivision`, `keshvar::SubdivisionType`, `keshvar::SubdivisionGeo`
[INFO] [stdout]    --> src/lib.rs:208:29
[INFO] [stdout]     |
[INFO] [stdout] 208 | use keshvar::{GEC, Country, Subdivision, SubdivisionType, SubdivisionGeo};
[INFO] [stdout]     |                             ^^^^^^^^^^^  ^^^^^^^^^^^^^^^  ^^^^^^^^^^^^^^ no `SubdivisionGeo` in the root
[INFO] [stdout]     |                             |            |
[INFO] [stdout]     |                             |            no `SubdivisionType` in the root
[INFO] [stdout]     |                             no `Subdivision` in the root
[INFO] [stdout] 
[INFO] [stdout] error[E0599]: no method named `subdivisions` found for struct `Country` in the current scope
[INFO] [stdout]    --> src/lib.rs:213:54
[INFO] [stdout]     |
[INFO] [stdout] 213 | let subdivisions: &HashMap<_, Subdivision> = country.subdivisions();
[INFO] [stdout]     |                                                      ^^^^^^^^^^^^ method not found in `Country`
[INFO] [stdout] 
[INFO] [stdout] error: aborting due to 2 previous errors
[INFO] [stdout] 
[INFO] [stdout] Some errors have detailed explanations: E0432, E0599.
[INFO] [stdout] For more information about an error, try `rustc --explain E0432`.
[INFO] [stdout] Couldn't compile the test.
[INFO] [stdout] ---- src/lib.rs - (line 269) stdout ----
[INFO] [stdout] error[E0432]: unresolved imports `keshvar::CountryGeo`, `keshvar::CountryGeoBounds`
[INFO] [stdout]    --> src/lib.rs:271:29
[INFO] [stdout]     |
[INFO] [stdout] 271 | use keshvar::{IOC, Country, CountryGeo, CountryGeoBounds};
[INFO] [stdout]     |                             ^^^^^^^^^^  ^^^^^^^^^^^^^^^^ no `CountryGeoBounds` in the root
[INFO] [stdout]     |                             |
[INFO] [stdout]     |                             no `CountryGeo` in the root
[INFO] [stdout]     |
[INFO] [stdout] help: a similar name exists in the module
[INFO] [stdout]     |
[INFO] [stdout] 271 - use keshvar::{IOC, Country, CountryGeo, CountryGeoBounds};
[INFO] [stdout] 271 + use keshvar::{IOC, Country, Country, CountryGeoBounds};
[INFO] [stdout]     |
[INFO] [stdout] 
[INFO] [stdout] error[E0599]: no method named `geo` found for struct `Country` in the current scope
[INFO] [stdout]    --> src/lib.rs:275:31
[INFO] [stdout]     |
[INFO] [stdout] 275 | let geo: CountryGeo = country.geo();
[INFO] [stdout]     |                               ^^^ method not found in `Country`
[INFO] [stdout] 
[INFO] [stdout] error: aborting due to 2 previous errors
[INFO] [stdout] 
[INFO] [stdout] Some errors have detailed explanations: E0432, E0599.
[INFO] [stdout] For more information about an error, try `rustc --explain E0432`.
[INFO] [stdout] Couldn't compile the test.
[INFO] [stdout] ---- src/lib.rs - (line 284) stdout ----
[INFO] [stdout] error[E0432]: unresolved imports `keshvar::find_by_iso_short_name`, `keshvar::find_by_iso_long_name`, `keshvar::find_by_code`
[INFO] [stdout]    --> src/lib.rs:289:5
[INFO] [stdout]     |
[INFO] [stdout] 289 |     find_by_iso_short_name, // if `search-iso-short-name` feature is enabled
[INFO] [stdout]     |     ^^^^^^^^^^^^^^^^^^^^^^ no `find_by_iso_short_name` in the root
[INFO] [stdout] 290 |     find_by_iso_long_name,  // if `search-iso-long-name` feature is enabled
[INFO] [stdout]     |     ^^^^^^^^^^^^^^^^^^^^^ no `find_by_iso_long_name` in the root
[INFO] [stdout] 291 |     find_by_code            // if `search-country-code` feature is enabled
[INFO] [stdout]     |     ^^^^^^^^^^^^ no `find_by_code` in the root
[INFO] [stdout]     |
[INFO] [stdout] note: found an item that was configured out
[INFO] [stdout]    --> src/lib.rs:60:8
[INFO] [stdout]     |
[INFO] [stdout]  38 | #[cfg(feature = "search-iso-short-name")]
[INFO] [stdout]     |       --------------------------------- the item is gated behind the `search-iso-short-name` feature
[INFO] [stdout] ...
[INFO] [stdout]  60 | pub fn find_by_iso_short_name(iso_short_name: &str) -> Result<Country, SearchError> {
[INFO] [stdout]     |        ^^^^^^^^^^^^^^^^^^^^^^
[INFO] [stdout] note: found an item that was configured out
[INFO] [stdout]    --> src/lib.rs:93:8
[INFO] [stdout]     |
[INFO] [stdout]  70 | #[cfg(feature = "search-iso-long-name")]
[INFO] [stdout]     |       -------------------------------- the item is gated behind the `search-iso-long-name` feature
[INFO] [stdout] ...
[INFO] [stdout]  93 | pub fn find_by_iso_long_name(iso_long_name: &str) -> Result<Country, SearchError> {
[INFO] [stdout]     |        ^^^^^^^^^^^^^^^^^^^^^
[INFO] [stdout] note: found an item that was configured out
[INFO] [stdout]    --> src/lib.rs:118:8
[INFO] [stdout]     |
[INFO] [stdout] 103 | #[cfg(feature = "search-country-code")]
[INFO] [stdout]     |       ------------------------------- the item is gated behind the `search-country-code` feature
[INFO] [stdout] ...
[INFO] [stdout] 118 | pub fn find_by_code(code: usize) -> Result<Country, SearchError> {
[INFO] [stdout]     |        ^^^^^^^^^^^^
[INFO] [stdout] 
[INFO] [stdout] error: aborting due to 1 previous error
[INFO] [stdout] 
[INFO] [stdout] For more information about this error, try `rustc --explain E0432`.
[INFO] [stdout] Couldn't compile the test.
[INFO] [stdout] ---- src/lib.rs - (line 233) stdout ----
[INFO] [stdout] error[E0599]: no method named `translations` found for struct `Country` in the current scope
[INFO] [stdout]    --> src/lib.rs:241:28
[INFO] [stdout]     |
[INFO] [stdout] 241 | let translations = country.translations();
[INFO] [stdout]     |                            ^^^^^^^^^^^^ method not found in `Country`
[INFO] [stdout] 
[INFO] [stdout] error[E0599]: no method named `translations` found for reference `&Country` in the current scope
[INFO] [stdout]    --> src/lib.rs:253:18
[INFO] [stdout]     |
[INFO] [stdout] 252 | /             country
[INFO] [stdout] 253 | |                 .translations()
[INFO] [stdout]     | |                 -^^^^^^^^^^^^ method not found in `&Country`
[INFO] [stdout]     | |_________________|
[INFO] [stdout]     |
[INFO] [stdout] 
[INFO] [stdout] error: aborting due to 2 previous errors
[INFO] [stdout] 
[INFO] [stdout] For more information about this error, try `rustc --explain E0599`.
[INFO] [stdout] Couldn't compile the test.
[INFO] [stdout] ---- src/lib.rs - (line 7) stdout ----
[INFO] [stdout] error[E0432]: unresolved imports `keshvar::SubdivisionType`, `keshvar::find_by_name`
[INFO] [stdout]    --> src/lib.rs:9:46
[INFO] [stdout]     |
[INFO] [stdout]   9 | use keshvar::{CurrencyCode, WeekDay, Region, SubdivisionType, find_by_name};
[INFO] [stdout]     |                                              ^^^^^^^^^^^^^^^  ^^^^^^^^^^^^ no `find_by_name` in the root
[INFO] [stdout]     |                                              |
[INFO] [stdout]     |                                              no `SubdivisionType` in the root
[INFO] [stdout]     |
[INFO] [stdout] note: found an item that was configured out
[INFO] [stdout]    --> src/lib.rs:175:8
[INFO] [stdout]     |
[INFO] [stdout] 149 | #[cfg(feature = "search-translations")]
[INFO] [stdout]     |       ------------------------------- the item is gated behind the `search-translations` feature
[INFO] [stdout] ...
[INFO] [stdout] 175 | pub fn find_by_name(name: &str) -> Result<Country, SearchError> {
[INFO] [stdout]     |        ^^^^^^^^^^^^
[INFO] [stdout] 
[INFO] [stdout] error: aborting due to 1 previous error
[INFO] [stdout] 
[INFO] [stdout] For more information about this error, try `rustc --explain E0432`.
[INFO] [stdout] Couldn't compile the test.
[INFO] [stdout] 
[INFO] [stdout] failures:
[INFO] [stdout]     src/alpha2.rs - alpha2::Alpha2 (line 13)
[INFO] [stdout]     src/alpha3.rs - alpha3::Alpha3 (line 13)
[INFO] [stdout]     src/lib.rs - (line 205)
[INFO] [stdout]     src/lib.rs - (line 233)
[INFO] [stdout]     src/lib.rs - (line 269)
[INFO] [stdout]     src/lib.rs - (line 284)
[INFO] [stdout]     src/lib.rs - (line 7)
[INFO] [stdout] 
[INFO] [stdout] test result: FAILED. 21 passed; 7 failed; 0 ignored; 0 measured; 0 filtered out; finished in 1.67s
[INFO] [stdout] 
[INFO] [stderr] error: doctest failed, to rerun pass `--doc`
[INFO] running `Command { std: "docker" "inspect" "66c4546a0f312a3068722339af50856324e087118e920dd566d763a7c2cfc76a", kill_on_drop: false }`
[INFO] running `Command { std: "docker" "rm" "-f" "66c4546a0f312a3068722339af50856324e087118e920dd566d763a7c2cfc76a", kill_on_drop: false }`
[INFO] [stdout] 66c4546a0f312a3068722339af50856324e087118e920dd566d763a7c2cfc76a
