[INFO] fetching crate kerbalobjects 4.1.1...
[INFO] testing kerbalobjects-4.1.1 against 1.99.0-beta.8+cargoflags=--release for beta-release-1.100-2
[INFO] extracting crate kerbalobjects 4.1.1 into /workspace/builds/worker-1-tc1/source
[INFO] started tweaking crates.io crate kerbalobjects 4.1.1
[INFO] removed 0 missing tests
[INFO] finished tweaking crates.io crate kerbalobjects 4.1.1
[INFO] tweaked toml for crates.io crate kerbalobjects 4.1.1 written to /workspace/builds/worker-1-tc1/source/Cargo.toml
[INFO] validating manifest of crates.io crate kerbalobjects 4.1.1 on toolchain 1.99.0-beta.8
[INFO] running `Command { std: CARGO_HOME="/workspace/cargo-home" RUSTUP_HOME="/workspace/rustup-home" "/workspace/cargo-home/bin/cargo" "+1.99.0-beta.8" "metadata" "--manifest-path" "Cargo.toml" "--no-deps", kill_on_drop: false }`
[INFO] crate crates.io crate kerbalobjects 4.1.1 already has a lockfile, it will not be regenerated
[INFO] running `Command { std: CARGO_HOME="/workspace/cargo-home" RUSTUP_HOME="/workspace/rustup-home" "/workspace/cargo-home/bin/cargo" "+1.99.0-beta.8" "fetch" "--manifest-path" "Cargo.toml", kill_on_drop: false }`
[INFO] [stderr]     Blocking waiting for file lock on package cache
[INFO] [stderr]     Blocking waiting for file lock on package cache
[INFO] [stderr]  Downloading crates ...
[INFO] [stderr]   Downloaded unicode-ident v1.0.5
[INFO] [stderr]   Downloaded thiserror-impl v1.0.37
[INFO] [stderr]   Downloaded thiserror v1.0.37
[INFO] [stderr]   Downloaded quote v1.0.21
[INFO] [stderr]   Downloaded proc-macro2 v1.0.47
[INFO] [stderr]   Downloaded flate2 v1.0.24
[INFO] [stderr]   Downloaded miniz_oxide v0.5.4
[INFO] [stderr]   Downloaded syn v1.0.103
[INFO] running `Command { std: "docker" "create" "-v" "/var/lib/crater-agent-workspace/builds/worker-1-tc1/source:/opt/rustwide/workdir:ro,Z" "-v" "/var/lib/crater-agent-workspace/builds/worker-1-tc1/target:/opt/rustwide/target:rw,Z" "-v" "/var/lib/crater-agent-workspace/cargo-home:/opt/rustwide/cargo-home:ro,Z" "-v" "/var/lib/crater-agent-workspace/rustup-home:/opt/rustwide/rustup-home:ro,Z" "-m" "1610612736" "--network" "none" "ghcr.io/rust-lang/crates-build-env/linux@sha256:77db811e55d90add9212f6832c23229e3de5f1c1f9905e8cb07319ea15df73ac" "sleep" "infinity", kill_on_drop: false }`
[INFO] [stdout] b9482673e197f4ed684473a40f76e4c619ba93a12521a2c1eaff799618945aa9
[INFO] running `Command { std: "docker" "start" "b9482673e197f4ed684473a40f76e4c619ba93a12521a2c1eaff799618945aa9", kill_on_drop: false }`
[INFO] running `Command { std: "docker" "inspect" "b9482673e197f4ed684473a40f76e4c619ba93a12521a2c1eaff799618945aa9", kill_on_drop: false }`
[INFO] running `Command { std: "docker" "exec" "-e" "SOURCE_DIR=/opt/rustwide/workdir" "-e" "CARGO_HOME=/opt/rustwide/cargo-home" "-e" "RUSTUP_HOME=/opt/rustwide/rustup-home" "-e" "CARGO_TARGET_DIR=/opt/rustwide/target" "-w" "/opt/rustwide/workdir" "--user" "0:0" "b9482673e197f4ed684473a40f76e4c619ba93a12521a2c1eaff799618945aa9" "/opt/rustwide/cargo-home/bin/cargo" "+1.99.0-beta.8" "metadata" "--no-deps" "--format-version=1", kill_on_drop: false }`
[INFO] running `Command { std: "docker" "inspect" "b9482673e197f4ed684473a40f76e4c619ba93a12521a2c1eaff799618945aa9", kill_on_drop: false }`
[INFO] running `Command { std: "docker" "exec" "-e" "SOURCE_DIR=/opt/rustwide/workdir" "-e" "CARGO_HOME=/opt/rustwide/cargo-home" "-e" "RUSTUP_HOME=/opt/rustwide/rustup-home" "-e" "CARGO_TARGET_DIR=/opt/rustwide/target" "-e" "CARGO_INCREMENTAL=0" "-e" "RUST_BACKTRACE=full" "-e" "RUSTFLAGS=--cap-lints=warn" "-e" "RUSTDOCFLAGS=--cap-lints=warn" "-w" "/opt/rustwide/workdir" "--user" "0:0" "b9482673e197f4ed684473a40f76e4c619ba93a12521a2c1eaff799618945aa9" "/opt/rustwide/cargo-home/bin/cargo" "+1.99.0-beta.8" "build" "--frozen" "--message-format=json" "--release", kill_on_drop: false }`
[INFO] [stderr]    Compiling proc-macro2 v1.0.47
[INFO] [stderr]    Compiling quote v1.0.21
[INFO] [stderr]    Compiling unicode-ident v1.0.5
[INFO] [stderr]    Compiling syn v1.0.103
[INFO] [stderr]    Compiling thiserror v1.0.37
[INFO] [stderr]    Compiling miniz_oxide v0.5.4
[INFO] [stderr]    Compiling flate2 v1.0.24
[INFO] [stderr]    Compiling thiserror-impl v1.0.37
[INFO] [stderr]    Compiling kerbalobjects v4.1.1 (/opt/rustwide/workdir)
[INFO] [stderr]     Finished `release` profile [optimized] target(s) in 6.36s
[INFO] running `Command { std: "docker" "inspect" "b9482673e197f4ed684473a40f76e4c619ba93a12521a2c1eaff799618945aa9", kill_on_drop: false }`
[INFO] running `Command { std: "docker" "exec" "-e" "SOURCE_DIR=/opt/rustwide/workdir" "-e" "CARGO_HOME=/opt/rustwide/cargo-home" "-e" "RUSTUP_HOME=/opt/rustwide/rustup-home" "-e" "CARGO_TARGET_DIR=/opt/rustwide/target" "-e" "CARGO_INCREMENTAL=0" "-e" "RUST_BACKTRACE=full" "-e" "RUSTFLAGS=--cap-lints=warn" "-e" "RUSTDOCFLAGS=--cap-lints=warn" "-w" "/opt/rustwide/workdir" "--user" "0:0" "b9482673e197f4ed684473a40f76e4c619ba93a12521a2c1eaff799618945aa9" "/opt/rustwide/cargo-home/bin/cargo" "+1.99.0-beta.8" "test" "--frozen" "--no-run" "--message-format=json" "--release", kill_on_drop: false }`
[INFO] [stderr]    Compiling kerbalobjects v4.1.1 (/opt/rustwide/workdir)
[INFO] [stderr]     Finished `release` profile [optimized] target(s) in 2.17s
[INFO] running `Command { std: "docker" "inspect" "b9482673e197f4ed684473a40f76e4c619ba93a12521a2c1eaff799618945aa9", kill_on_drop: false }`
[INFO] running `Command { std: "docker" "exec" "-e" "SOURCE_DIR=/opt/rustwide/workdir" "-e" "CARGO_HOME=/opt/rustwide/cargo-home" "-e" "RUSTUP_HOME=/opt/rustwide/rustup-home" "-e" "CARGO_TARGET_DIR=/opt/rustwide/target" "-e" "CARGO_INCREMENTAL=0" "-e" "RUST_BACKTRACE=full" "-e" "RUSTFLAGS=--cap-lints=warn" "-e" "RUSTDOCFLAGS=--cap-lints=warn" "-w" "/opt/rustwide/workdir" "--user" "0:0" "b9482673e197f4ed684473a40f76e4c619ba93a12521a2c1eaff799618945aa9" "/opt/rustwide/cargo-home/bin/cargo" "+1.99.0-beta.8" "test" "--frozen" "--release", kill_on_drop: false }`
[INFO] [stderr]     Finished `release` profile [optimized] target(s) in 0.03s
[INFO] [stderr]      Running unittests src/lib.rs (/opt/rustwide/target/release/deps/kerbalobjects-20b3af2242472f5e)
[INFO] [stdout] 
[INFO] [stdout] running 36 tests
[INFO] [stdout] test common::tests::double_to_bytes ... ok
[INFO] [stdout] test common::tests::scalardouble_to_bytes ... ok
[INFO] [stdout] test common::tests::int16_to_bytes ... ok
[INFO] [stdout] test common::tests::byte_to_bytes ... ok
[INFO] [stdout] test common::tests::null_to_bytes ... ok
[INFO] [stdout] test common::tests::boolvalue_to_bytes ... ok
[INFO] [stdout] test common::tests::float_to_bytes ... ok
[INFO] [stdout] test common::tests::string_to_bytes ... ok
[INFO] [stdout] test ko::instructions::tests::parse_push ... ok
[INFO] [stdout] test ko::instructions::tests::write_push ... ok
[INFO] [stdout] test common::tests::scalarint_to_bytes ... ok
[INFO] [stdout] test common::tests::stringvalue_to_bytes ... ok
[INFO] [stdout] test ko::sections::tests::data_insert_2 ... ok
[INFO] [stdout] test ko::sections::tests::data_insert ... ok
[INFO] [stdout] test common::tests::argmarker_to_bytes ... ok
[INFO] [stdout] test common::tests::int32_to_bytes ... ok
[INFO] [stdout] test ko::sections::tests::read_write_data ... ok
[INFO] [stdout] test ko::sections::tests::strtab_get_str ... ok
[INFO] [stdout] test ko::sections::tests::strtab_get_str_2 ... ok
[INFO] [stdout] test ko::sections::tests::strtab_insert ... ok
[INFO] [stdout] test ko::sections::tests::strtab_read_write ... ok
[INFO] [stdout] test ko::sections::tests::symtab_insert ... ok
[INFO] [stdout] test ko::sections::tests::write_header ... ok
[INFO] [stdout] test ksm::builder::tests::multiple_code_additions ... ok
[INFO] [stdout] test ksm::builder::tests::nominal ... ok
[INFO] [stdout] test ksm::sections::argument_section::tests::arg_index_read ... ok
[INFO] [stdout] test ko::sections::tests::strtab_strings ... ok
[INFO] [stdout] test ko::symbols::tests::read_write_symbol ... ok
[INFO] [stdout] test ko::sections::tests::symtab_get ... ok
[INFO] [stdout] test ksm::sections::argument_section::tests::arg_section_checked ... ok
[INFO] [stdout] test ksm::sections::debug_section::tests::size ... ok
[INFO] [stdout] test ko::sections::tests::strtab_get_null ... ok
[INFO] [stdout] test ksm::sections::argument_section::tests::size ... ok
[INFO] [stdout] test ko::sections::tests::data_get ... ok
[INFO] [stdout] test ksm::sections::argument_section::tests::arg_index_write ... ok
[INFO] [stderr]      Running tests/ko_integration.rs (/opt/rustwide/target/release/deps/ko_integration-fb269d3be1096c4d)
[INFO] [stdout] test common::tests::bool_to_bytes ... ok
[INFO] [stdout] 
[INFO] [stdout] test result: ok. 36 passed; 0 failed; 0 ignored; 0 measured; 0 filtered out; finished in 0.01s
[INFO] [stdout] 
[INFO] [stdout] 
[INFO] [stdout] running 2 tests
[INFO] [stdout] test doc_test_real ... FAILED
[INFO] [stdout] test write_and_read_ko ... FAILED
[INFO] [stdout] 
[INFO] [stdout] failures:
[INFO] [stdout] 
[INFO] [stdout] ---- doc_test_real stdout ----
[INFO] [stdout] 
[INFO] [stdout] thread 'doc_test_real' (535) panicked at tests/ko_integration.rs:97:42:
[INFO] [stdout] Output file could not be created: test.ko: Os { code: 30, kind: ReadOnlyFilesystem, message: "Read-only file system" }
[INFO] [stdout] stack backtrace:
[INFO] [stdout]    0:     0x634261822b61 - <<std[70759c8f55707aa4]::sys::backtrace::BacktraceLock>::print::DisplayBacktrace as core[df12db4294e9bfd3]::fmt::Display>::fmt
[INFO] [stdout]    1:     0x6342618386ea - core[df12db4294e9bfd3]::fmt::write
[INFO] [stdout]    2:     0x634261826ffc - <alloc[2182bb758b4b3781]::vec::Vec<u8> as core[df12db4294e9bfd3]::io::write::Write>::write_fmt
[INFO] [stdout]    3:     0x6342617fefc6 - std[70759c8f55707aa4]::panicking::default_hook::{closure#0}
[INFO] [stdout]    4:     0x63426181b2c9 - std[70759c8f55707aa4]::panicking::default_hook
[INFO] [stdout]    5:     0x6342617af8e0 - test[9d35eded1c95d3be]::test_main_inner::<test[9d35eded1c95d3be]::test_main_static::{closure#0}>::{closure#0}
[INFO] [stdout]    6:     0x63426181b482 - std[70759c8f55707aa4]::panicking::panic_with_hook
[INFO] [stdout]    7:     0x6342617ff072 - std[70759c8f55707aa4]::panicking::panic_handler::{closure#0}
[INFO] [stdout]    8:     0x6342617f7df9 - std[70759c8f55707aa4]::sys::backtrace::__rust_end_short_backtrace::<std[70759c8f55707aa4]::panicking::panic_handler::{closure#0}, !>
[INFO] [stdout]    9:     0x6342617ffc6d - __rustc[8fa7c3cbc660c2b3]::rust_begin_unwind
[INFO] [stdout]   10:     0x634261838e1c - core[df12db4294e9bfd3]::panicking::panic_fmt
[INFO] [stderr] error: test failed, to rerun pass `--test ko_integration`
[INFO] [stdout]   11:     0x634261838bf2 - core[df12db4294e9bfd3]::result::unwrap_failed
[INFO] [stdout]   12:     0x63426179f4dd - <ko_integration[603980af74f58379]::doc_test_real::{closure#0} as core[df12db4294e9bfd3]::ops::function::FnOnce<()>>::call_once
[INFO] [stdout]   13:     0x6342617a2bcb - test[9d35eded1c95d3be]::__rust_begin_short_backtrace::<core[df12db4294e9bfd3]::result::Result<(), alloc[2182bb758b4b3781]::string::String>, fn() -> core[df12db4294e9bfd3]::result::Result<(), alloc[2182bb758b4b3781]::string::String>>
[INFO] [stdout]   14:     0x6342617b0235 - test[9d35eded1c95d3be]::run_test::{closure#0}
[INFO] [stdout]   15:     0x6342617a9af4 - std[70759c8f55707aa4]::sys::backtrace::__rust_begin_short_backtrace::<test[9d35eded1c95d3be]::run_test::{closure#1}, ()>
[INFO] [stdout]   16:     0x6342617b3392 - <std[70759c8f55707aa4]::thread::lifecycle::spawn_unchecked<test[9d35eded1c95d3be]::run_test::{closure#1}, ()>::{closure#1} as core[df12db4294e9bfd3]::ops::function::FnOnce<()>>::call_once::{shim:vtable#0}
[INFO] [stdout]   17:     0x634261822439 - <std[70759c8f55707aa4]::sys::thread::unix::Thread>::new::thread_start
[INFO] [stdout]   18:     0x7174785aadfa - <unknown>
[INFO] [stdout]   19:     0x71747863e3d4 - clone
[INFO] [stdout]   20:                0x0 - <unknown>
[INFO] [stdout] 
[INFO] [stdout] ---- write_and_read_ko stdout ----
[INFO] [stdout] 
[INFO] [stdout] thread 'write_and_read_ko' (536) panicked at tests/ko_integration.rs:226:42:
[INFO] [stdout] Output file could not be created: test.ko: Os { code: 30, kind: ReadOnlyFilesystem, message: "Read-only file system" }
[INFO] [stdout] stack backtrace:
[INFO] [stdout]    0:     0x634261822b61 - <<std[70759c8f55707aa4]::sys::backtrace::BacktraceLock>::print::DisplayBacktrace as core[df12db4294e9bfd3]::fmt::Display>::fmt
[INFO] [stdout]    1:     0x6342618386ea - core[df12db4294e9bfd3]::fmt::write
[INFO] [stdout]    2:     0x634261826ffc - <alloc[2182bb758b4b3781]::vec::Vec<u8> as core[df12db4294e9bfd3]::io::write::Write>::write_fmt
[INFO] [stdout]    3:     0x6342617fefc6 - std[70759c8f55707aa4]::panicking::default_hook::{closure#0}
[INFO] [stdout]    4:     0x63426181b2c9 - std[70759c8f55707aa4]::panicking::default_hook
[INFO] [stdout]    5:     0x6342617af8e0 - test[9d35eded1c95d3be]::test_main_inner::<test[9d35eded1c95d3be]::test_main_static::{closure#0}>::{closure#0}
[INFO] [stdout]    6:     0x63426181b482 - std[70759c8f55707aa4]::panicking::panic_with_hook
[INFO] [stdout]    7:     0x6342617ff072 - std[70759c8f55707aa4]::panicking::panic_handler::{closure#0}
[INFO] [stdout]    8:     0x6342617f7df9 - std[70759c8f55707aa4]::sys::backtrace::__rust_end_short_backtrace::<std[70759c8f55707aa4]::panicking::panic_handler::{closure#0}, !>
[INFO] [stdout]    9:     0x6342617ffc6d - __rustc[8fa7c3cbc660c2b3]::rust_begin_unwind
[INFO] [stdout]   10:     0x634261838e1c - core[df12db4294e9bfd3]::panicking::panic_fmt
[INFO] [stdout]   11:     0x634261838bf2 - core[df12db4294e9bfd3]::result::unwrap_failed
[INFO] [stdout]   12:     0x6342617a0227 - <ko_integration[603980af74f58379]::write_and_read_ko::{closure#0} as core[df12db4294e9bfd3]::ops::function::FnOnce<()>>::call_once
[INFO] [stdout]   13:     0x6342617a2bcb - test[9d35eded1c95d3be]::__rust_begin_short_backtrace::<core[df12db4294e9bfd3]::result::Result<(), alloc[2182bb758b4b3781]::string::String>, fn() -> core[df12db4294e9bfd3]::result::Result<(), alloc[2182bb758b4b3781]::string::String>>
[INFO] [stdout]   14:     0x6342617b0235 - test[9d35eded1c95d3be]::run_test::{closure#0}
[INFO] [stdout]   15:     0x6342617a9af4 - std[70759c8f55707aa4]::sys::backtrace::__rust_begin_short_backtrace::<test[9d35eded1c95d3be]::run_test::{closure#1}, ()>
[INFO] [stdout]   16:     0x6342617b3392 - <std[70759c8f55707aa4]::thread::lifecycle::spawn_unchecked<test[9d35eded1c95d3be]::run_test::{closure#1}, ()>::{closure#1} as core[df12db4294e9bfd3]::ops::function::FnOnce<()>>::call_once::{shim:vtable#0}
[INFO] [stdout]   17:     0x634261822439 - <std[70759c8f55707aa4]::sys::thread::unix::Thread>::new::thread_start
[INFO] [stdout]   18:     0x7174785aadfa - <unknown>
[INFO] [stdout]   19:     0x71747863e3d4 - clone
[INFO] [stdout]   20:                0x0 - <unknown>
[INFO] [stdout] 
[INFO] [stdout] 
[INFO] [stdout] failures:
[INFO] [stdout]     doc_test_real
[INFO] [stdout]     write_and_read_ko
[INFO] [stdout] 
[INFO] [stdout] test result: FAILED. 0 passed; 2 failed; 0 ignored; 0 measured; 0 filtered out; finished in 0.00s
[INFO] [stdout] 
[INFO] running `Command { std: "docker" "inspect" "b9482673e197f4ed684473a40f76e4c619ba93a12521a2c1eaff799618945aa9", kill_on_drop: false }`
[INFO] running `Command { std: "docker" "rm" "-f" "b9482673e197f4ed684473a40f76e4c619ba93a12521a2c1eaff799618945aa9", kill_on_drop: false }`
[INFO] [stdout] b9482673e197f4ed684473a40f76e4c619ba93a12521a2c1eaff799618945aa9
