[INFO] fetching crate keeline 0.1.4...
[INFO] testing keeline-0.1.4 against 1.100.0-beta.1+cargoflags=--release for beta-release-1.100-2
[INFO] extracting crate keeline 0.1.4 into /workspace/builds/worker-3-tc2/source
[INFO] started tweaking crates.io crate keeline 0.1.4
[INFO] removed 0 missing tests
[INFO] finished tweaking crates.io crate keeline 0.1.4
[INFO] tweaked toml for crates.io crate keeline 0.1.4 written to /workspace/builds/worker-3-tc2/source/Cargo.toml
[INFO] validating manifest of crates.io crate keeline 0.1.4 on toolchain 1.100.0-beta.1
[INFO] running `Command { std: CARGO_HOME="/workspace/cargo-home" RUSTUP_HOME="/workspace/rustup-home" "/workspace/cargo-home/bin/cargo" "+1.100.0-beta.1" "metadata" "--manifest-path" "Cargo.toml" "--no-deps", kill_on_drop: false }`
[INFO] crate crates.io crate keeline 0.1.4 already has a lockfile, it will not be regenerated
[INFO] running `Command { std: CARGO_HOME="/workspace/cargo-home" RUSTUP_HOME="/workspace/rustup-home" "/workspace/cargo-home/bin/cargo" "+1.100.0-beta.1" "fetch" "--manifest-path" "Cargo.toml", kill_on_drop: false }`
[INFO] [stderr] warning: `package.homepage` is redundant with `package.repository`
[INFO] [stderr]   --> Cargo.toml:54:12
[INFO] [stderr]    |
[INFO] [stderr] 54 | homepage = "https://github.com/lvillis/keeline"
[INFO] [stderr]    |            ^^^^^^^^^^^^^^^^^^^^^^^^^^^^^^^^^^^^
[INFO] [stderr] ...
[INFO] [stderr] 60 | repository = "https://github.com/lvillis/keeline"
[INFO] [stderr]    |              ------------------------------------
[INFO] [stderr]    |
[INFO] [stderr]    = note: `cargo::redundant_homepage` is set to `warn` by default
[INFO] [stderr] help: consider removing `package.homepage`
[INFO] [stderr] warning: `keeline` (manifest) generated 1 warning
[INFO] running `Command { std: "docker" "create" "-v" "/var/lib/crater-agent-workspace/builds/worker-3-tc2/source:/opt/rustwide/workdir:ro,Z" "-v" "/var/lib/crater-agent-workspace/builds/worker-3-tc2/target:/opt/rustwide/target:rw,Z" "-v" "/var/lib/crater-agent-workspace/cargo-home:/opt/rustwide/cargo-home:ro,Z" "-v" "/var/lib/crater-agent-workspace/rustup-home:/opt/rustwide/rustup-home:ro,Z" "-m" "1610612736" "--network" "none" "ghcr.io/rust-lang/crates-build-env/linux@sha256:77db811e55d90add9212f6832c23229e3de5f1c1f9905e8cb07319ea15df73ac" "sleep" "infinity", kill_on_drop: false }`
[INFO] [stdout] ef6bcd2c5c7cbba27a40c146a1fc477d1f25fe74b7c3f6950b64b08e0934dfaf
[INFO] running `Command { std: "docker" "start" "ef6bcd2c5c7cbba27a40c146a1fc477d1f25fe74b7c3f6950b64b08e0934dfaf", kill_on_drop: false }`
[INFO] running `Command { std: "docker" "inspect" "ef6bcd2c5c7cbba27a40c146a1fc477d1f25fe74b7c3f6950b64b08e0934dfaf", kill_on_drop: false }`
[INFO] running `Command { std: "docker" "exec" "-e" "SOURCE_DIR=/opt/rustwide/workdir" "-e" "CARGO_HOME=/opt/rustwide/cargo-home" "-e" "RUSTUP_HOME=/opt/rustwide/rustup-home" "-e" "CARGO_TARGET_DIR=/opt/rustwide/target" "-w" "/opt/rustwide/workdir" "--user" "0:0" "ef6bcd2c5c7cbba27a40c146a1fc477d1f25fe74b7c3f6950b64b08e0934dfaf" "/opt/rustwide/cargo-home/bin/cargo" "+1.100.0-beta.1" "metadata" "--no-deps" "--format-version=1", kill_on_drop: false }`
[INFO] running `Command { std: "docker" "inspect" "ef6bcd2c5c7cbba27a40c146a1fc477d1f25fe74b7c3f6950b64b08e0934dfaf", kill_on_drop: false }`
[INFO] running `Command { std: "docker" "exec" "-e" "SOURCE_DIR=/opt/rustwide/workdir" "-e" "CARGO_HOME=/opt/rustwide/cargo-home" "-e" "RUSTUP_HOME=/opt/rustwide/rustup-home" "-e" "CARGO_TARGET_DIR=/opt/rustwide/target" "-e" "CARGO_INCREMENTAL=0" "-e" "RUST_BACKTRACE=full" "-e" "RUSTFLAGS=--cap-lints=warn" "-e" "RUSTDOCFLAGS=--cap-lints=warn" "-w" "/opt/rustwide/workdir" "--user" "0:0" "ef6bcd2c5c7cbba27a40c146a1fc477d1f25fe74b7c3f6950b64b08e0934dfaf" "/opt/rustwide/cargo-home/bin/cargo" "+1.100.0-beta.1" "build" "--frozen" "--message-format=json" "--release", kill_on_drop: false }`
[INFO] [stderr] warning: `package.homepage` is redundant with `package.repository`
[INFO] [stderr]   --> Cargo.toml:54:12
[INFO] [stderr]    |
[INFO] [stderr] 54 | homepage = "https://github.com/lvillis/keeline"
[INFO] [stderr]    |            ^^^^^^^^^^^^^^^^^^^^^^^^^^^^^^^^^^^^
[INFO] [stderr] ...
[INFO] [stderr] 60 | repository = "https://github.com/lvillis/keeline"
[INFO] [stderr]    |              ------------------------------------
[INFO] [stderr]    |
[INFO] [stderr]    = note: `cargo::redundant_homepage` is set to `warn` by default
[INFO] [stderr] help: consider removing `package.homepage`
[INFO] [stderr] warning: `keeline` (manifest) generated 1 warning
[INFO] [stderr]    Compiling proc-macro2 v1.0.106
[INFO] [stderr]    Compiling quote v1.0.45
[INFO] [stderr]    Compiling serde_core v1.0.228
[INFO] [stderr]    Compiling unicode-ident v1.0.24
[INFO] [stderr]    Compiling zmij v1.0.21
[INFO] [stderr]    Compiling anyhow v1.0.102
[INFO] [stderr]    Compiling serde v1.0.228
[INFO] [stderr]    Compiling serde_json v1.0.149
[INFO] [stderr]    Compiling regex-syntax v0.8.10
[INFO] [stderr]    Compiling anstyle v1.0.14
[INFO] [stderr]    Compiling clap_lex v1.1.0
[INFO] [stderr]    Compiling heck v0.5.0
[INFO] [stderr]    Compiling winnow v1.0.0
[INFO] [stderr]    Compiling itoa v1.0.18
[INFO] [stderr]    Compiling same-file v1.0.6
[INFO] [stderr]    Compiling memchr v2.8.0
[INFO] [stderr]    Compiling walkdir v2.5.0
[INFO] [stderr]    Compiling clap_builder v4.6.0
[INFO] [stderr]    Compiling toml_parser v1.1.0+spec-1.1.0
[INFO] [stderr]    Compiling syn v2.0.117
[INFO] [stderr]    Compiling regex-automata v0.4.14
[INFO] [stderr]    Compiling serde_spanned v1.1.0
[INFO] [stderr]    Compiling toml_datetime v1.1.0+spec-1.1.0
[INFO] [stderr]    Compiling serde_derive v1.0.228
[INFO] [stderr]    Compiling clap_derive v4.6.0
[INFO] [stderr]    Compiling toml v1.1.0+spec-1.1.0
[INFO] [stderr]    Compiling regex v1.12.3
[INFO] [stderr]    Compiling clap v4.6.0
[INFO] [stderr]    Compiling keeline v0.1.4 (/opt/rustwide/workdir)
[INFO] [stderr]     Finished `release` profile [optimized] target(s) in 34.04s
[INFO] running `Command { std: "docker" "inspect" "ef6bcd2c5c7cbba27a40c146a1fc477d1f25fe74b7c3f6950b64b08e0934dfaf", kill_on_drop: false }`
[INFO] running `Command { std: "docker" "exec" "-e" "SOURCE_DIR=/opt/rustwide/workdir" "-e" "CARGO_HOME=/opt/rustwide/cargo-home" "-e" "RUSTUP_HOME=/opt/rustwide/rustup-home" "-e" "CARGO_TARGET_DIR=/opt/rustwide/target" "-e" "CARGO_INCREMENTAL=0" "-e" "RUST_BACKTRACE=full" "-e" "RUSTFLAGS=--cap-lints=warn" "-e" "RUSTDOCFLAGS=--cap-lints=warn" "-w" "/opt/rustwide/workdir" "--user" "0:0" "ef6bcd2c5c7cbba27a40c146a1fc477d1f25fe74b7c3f6950b64b08e0934dfaf" "/opt/rustwide/cargo-home/bin/cargo" "+1.100.0-beta.1" "test" "--frozen" "--no-run" "--message-format=json" "--release", kill_on_drop: false }`
[INFO] [stderr] warning: `package.homepage` is redundant with `package.repository`
[INFO] [stderr]   --> Cargo.toml:54:12
[INFO] [stderr]    |
[INFO] [stderr] 54 | homepage = "https://github.com/lvillis/keeline"
[INFO] [stderr]    |            ^^^^^^^^^^^^^^^^^^^^^^^^^^^^^^^^^^^^
[INFO] [stderr] ...
[INFO] [stderr] 60 | repository = "https://github.com/lvillis/keeline"
[INFO] [stderr]    |              ------------------------------------
[INFO] [stderr]    |
[INFO] [stderr]    = note: `cargo::redundant_homepage` is set to `warn` by default
[INFO] [stderr] help: consider removing `package.homepage`
[INFO] [stderr] warning: `keeline` (manifest) generated 1 warning
[INFO] [stderr]    Compiling serde_core v1.0.228
[INFO] [stderr]    Compiling anstyle v1.0.14
[INFO] [stderr]    Compiling clap_lex v1.1.0
[INFO] [stderr]    Compiling regex-syntax v0.8.10
[INFO] [stderr]    Compiling winnow v1.0.0
[INFO] [stderr]    Compiling memchr v2.8.0
[INFO] [stderr]    Compiling itoa v1.0.18
[INFO] [stderr]    Compiling same-file v1.0.6
[INFO] [stderr]    Compiling zmij v1.0.21
[INFO] [stderr]    Compiling anyhow v1.0.102
[INFO] [stderr]    Compiling walkdir v2.5.0
[INFO] [stderr]    Compiling clap_builder v4.6.0
[INFO] [stderr]    Compiling toml_parser v1.1.0+spec-1.1.0
[INFO] [stderr]    Compiling regex-automata v0.4.14
[INFO] [stderr]    Compiling serde_spanned v1.1.0
[INFO] [stderr]    Compiling toml_datetime v1.1.0+spec-1.1.0
[INFO] [stderr]    Compiling serde_json v1.0.149
[INFO] [stderr]    Compiling serde v1.0.228
[INFO] [stderr]    Compiling toml v1.1.0+spec-1.1.0
[INFO] [stderr]    Compiling clap v4.6.0
[INFO] [stderr]    Compiling regex v1.12.3
[INFO] [stderr]    Compiling keeline v0.1.4 (/opt/rustwide/workdir)
[INFO] [stderr]     Finished `release` profile [optimized] target(s) in 37.99s
[INFO] running `Command { std: "docker" "inspect" "ef6bcd2c5c7cbba27a40c146a1fc477d1f25fe74b7c3f6950b64b08e0934dfaf", kill_on_drop: false }`
[INFO] running `Command { std: "docker" "exec" "-e" "SOURCE_DIR=/opt/rustwide/workdir" "-e" "CARGO_HOME=/opt/rustwide/cargo-home" "-e" "RUSTUP_HOME=/opt/rustwide/rustup-home" "-e" "CARGO_TARGET_DIR=/opt/rustwide/target" "-e" "CARGO_INCREMENTAL=0" "-e" "RUST_BACKTRACE=full" "-e" "RUSTFLAGS=--cap-lints=warn" "-e" "RUSTDOCFLAGS=--cap-lints=warn" "-w" "/opt/rustwide/workdir" "--user" "0:0" "ef6bcd2c5c7cbba27a40c146a1fc477d1f25fe74b7c3f6950b64b08e0934dfaf" "/opt/rustwide/cargo-home/bin/cargo" "+1.100.0-beta.1" "test" "--frozen" "--release", kill_on_drop: false }`
[INFO] [stderr] warning: `package.homepage` is redundant with `package.repository`
[INFO] [stderr]   --> Cargo.toml:54:12
[INFO] [stderr]    |
[INFO] [stderr] 54 | homepage = "https://github.com/lvillis/keeline"
[INFO] [stderr]    |            ^^^^^^^^^^^^^^^^^^^^^^^^^^^^^^^^^^^^
[INFO] [stderr] ...
[INFO] [stderr] 60 | repository = "https://github.com/lvillis/keeline"
[INFO] [stderr]    |              ------------------------------------
[INFO] [stderr]    |
[INFO] [stderr]    = note: `cargo::redundant_homepage` is set to `warn` by default
[INFO] [stderr] help: consider removing `package.homepage`
[INFO] [stderr] warning: `keeline` (manifest) generated 1 warning
[INFO] [stderr]     Finished `release` profile [optimized] target(s) in 0.09s
[INFO] [stderr]      Running unittests src/lib.rs (/opt/rustwide/target/release/build/keeline/b67c340fb75561e5/out/keeline-b67c340fb75561e5)
[INFO] [stdout] 
[INFO] [stdout] running 12 tests
[INFO] [stdout] test commands::render::tests::describes_when_everything_is_already_current ... ok
[INFO] [stdout] test commands::render::tests::describes_generated_and_unchanged_files ... ok
[INFO] [stdout] test docker::tests::display_includes_explicit_cache_options ... ok
[INFO] [stdout] test commands::list::tests::renders_hidden_status_label_for_unpublished_targets ... ok
[INFO] [stdout] test domain::model::tests::release_targets_include_only_stable_published_images ... ok
[INFO] [stdout] test commands::list::tests::computes_widths_from_headers_and_rows ... ok
[INFO] [stdout] test render::tests::normalizes_trim_paths_under_java_home ... ok
[INFO] [stdout] test domain::validate::tests::accepts_debian_tags ... ok
[INFO] [stdout] test render::tests::places_label_args_after_runtime_verification_in_jdk_images ... ok
[INFO] [stdout] test domain::validate::tests::accepts_jdk_update_tags ... ok
[INFO] [stdout] test domain::validate::tests::rejects_banned_tags ... ok
[INFO] [stdout] test render::tests::derives_slim_builder_image_from_full_debian_base ... ok
[INFO] [stdout] 
[INFO] [stdout] test result: ok. 12 passed; 0 failed; 0 ignored; 0 measured; 0 filtered out; finished in 0.01s
[INFO] [stdout] 
[INFO] [stderr]      Running unittests src/main.rs (/opt/rustwide/target/release/build/keeline/d2e1986519490e9c/out/keeline-d2e1986519490e9c)
[INFO] [stderr]      Running tests/catalog.rs (/opt/rustwide/target/release/build/keeline/3c09ea36a0f6406e/out/catalog-3c09ea36a0f6406e)
[INFO] [stdout] 
[INFO] [stdout] running 0 tests
[INFO] [stdout] 
[INFO] [stdout] test result: ok. 0 passed; 0 failed; 0 ignored; 0 measured; 0 filtered out; finished in 0.00s
[INFO] [stdout] 
[INFO] [stdout] 
[INFO] [stdout] running 7 tests
[INFO] [stdout] test rendered_images_include_tino_entrypoint ... FAILED
[INFO] [stdout] test all_repository_images_declare_tino_init ... ok
[INFO] [stdout] test jdk_slim_targets_override_runtime_packages_and_locale_defaults ... FAILED
[INFO] [stdout] test validates_repository_image_catalog ... FAILED
[INFO] [stdout] test keeps_rendered_dockerfiles_in_sync ... ok
[INFO] [stdout] test discovers_expected_image_targets ... FAILED
[INFO] [stdout] test render_recreates_missing_generated_dockerfiles ... ok
[INFO] [stdout] 
[INFO] [stdout] failures:
[INFO] [stdout] 
[INFO] [stdout] ---- rendered_images_include_tino_entrypoint stdout ----
[INFO] [stdout] 
[INFO] [stdout] thread 'rendered_images_include_tino_entrypoint' (891) panicked at tests/catalog.rs:46:46:
[INFO] [stdout] called `Option::unwrap()` on a `None` value
[INFO] [stdout] stack backtrace:
[INFO] [stdout]    0:     0x619a89256e85 - <unknown>
[INFO] [stdout]    1:     0x619a891dcce4 - <unknown>
[INFO] [stdout]    2:     0x619a8925652b - <unknown>
[INFO] [stdout]    3:     0x619a89256129 - <unknown>
[INFO] [stdout]    4:     0x619a89255daa - <unknown>
[INFO] [stdout]    5:     0x619a892558db - <unknown>
[INFO] [stdout]    6:     0x619a8927b7d2 - <unknown>
[INFO] [stdout]    7:     0x619a8927b759 - <unknown>
[INFO] [stdout]    8:     0x619a8927bc4c - <unknown>
[INFO] [stdout]    9:     0x619a891dcb7b - <unknown>
[INFO] [stdout]   10:     0x619a891de221 - <unknown>
[INFO] [stdout]   11:     0x619a891e0528 - <unknown>
[INFO] [stdout]   12:     0x619a891d86f7 - <unknown>
[INFO] [stdout]   13:     0x619a89293dfb - <unknown>
[INFO] [stdout]   14:     0x619a8928f4d2 - <unknown>
[INFO] [stdout]   15:     0x619a8928ef7c - <unknown>
[INFO] [stdout]   16:     0x619a892adcdc - <unknown>
[INFO] [stdout]   17:     0x619a8927d1b8 - <unknown>
[INFO] [stdout]   18:     0x7d1d9d390dfa - <unknown>
[INFO] [stdout]   19:     0x7d1d9d4243d4 - clone
[INFO] [stdout]   20:                0x0 - <unknown>
[INFO] [stdout] 
[INFO] [stdout] ---- jdk_slim_targets_override_runtime_packages_and_locale_defaults stdout ----
[INFO] [stdout] 
[INFO] [stdout] thread 'jdk_slim_targets_override_runtime_packages_and_locale_defaults' (888) panicked at tests/catalog.rs:73:55:
[INFO] [stdout] called `Option::unwrap()` on a `None` value
[INFO] [stdout] stack backtrace:
[INFO] [stdout]    0:     0x619a89256e85 - <unknown>
[INFO] [stdout]    1:     0x619a891dcce4 - <unknown>
[INFO] [stdout]    2:     0x619a8925652b - <unknown>
[INFO] [stdout]    3:     0x619a89256129 - <unknown>
[INFO] [stdout]    4:     0x619a89255daa - <unknown>
[INFO] [stdout]    5:     0x619a892558db - <unknown>
[INFO] [stdout]    6:     0x619a8927b7d2 - <unknown>
[INFO] [stdout]    7:     0x619a8927b759 - <unknown>
[INFO] [stdout]    8:     0x619a8927bc4c - <unknown>
[INFO] [stdout]    9:     0x619a891dcb7b - <unknown>
[INFO] [stdout]   10:     0x619a891de221 - <unknown>
[INFO] [stdout]   11:     0x619a891e0528 - <unknown>
[INFO] [stdout]   12:     0x619a891d9bc4 - <unknown>
[INFO] [stdout]   13:     0x619a89293dfb - <unknown>
[INFO] [stdout]   14:     0x619a8928f4d2 - <unknown>
[INFO] [stdout]   15:     0x619a8928ef7c - <unknown>
[INFO] [stdout]   16:     0x619a892adcdc - <unknown>
[INFO] [stdout]   17:     0x619a8927d1b8 - <unknown>
[INFO] [stdout]   18:     0x7d1d9d390dfa - <unknown>
[INFO] [stdout]   19:     0x7d1d9d4243d4 - clone
[INFO] [stdout]   20:                0x0 - <unknown>
[INFO] [stdout] 
[INFO] [stdout] ---- validates_repository_image_catalog stdout ----
[INFO] [stdout] 
[INFO] [stdout] thread 'validates_repository_image_catalog' (892) panicked at tests/catalog.rs:17:24:
[INFO] [stdout] called `Result::unwrap()` on an `Err` value: no image.toml definitions were discovered
[INFO] [stdout] 
[INFO] [stdout] Stack backtrace:
[INFO] [stdout]    0: <unknown>
[INFO] [stdout]    1: <unknown>
[INFO] [stdout]    2: <unknown>
[INFO] [stdout]    3: <unknown>
[INFO] [stdout]    4: <unknown>
[INFO] [stdout]    5: <unknown>
[INFO] [stdout]    6: <unknown>
[INFO] [stdout]    7: <unknown>
[INFO] [stdout]    8: clone
[INFO] [stdout] stack backtrace:
[INFO] [stdout]    0:     0x619a89256e85 - <unknown>
[INFO] [stdout]    1:     0x619a891dcce4 - <unknown>
[INFO] [stdout]    2:     0x619a8925652b - <unknown>
[INFO] [stdout]    3:     0x619a89256129 - <unknown>
[INFO] [stdout]    4:     0x619a89255daa - <unknown>
[INFO] [stdout]    5:     0x619a892558db - <unknown>
[INFO] [stdout]    6:     0x619a8927b7a1 - <unknown>
[INFO] [stdout]    7:     0x619a8927b759 - <unknown>
[INFO] [stdout]    8:     0x619a8927bc4c - <unknown>
[INFO] [stdout]    9:     0x619a891dcb7b - <unknown>
[INFO] [stdout]   10:     0x619a891e0db1 - <unknown>
[INFO] [stdout]   11:     0x619a891d8029 - <unknown>
[INFO] [stdout]   12:     0x619a89293dfb - <unknown>
[INFO] [stdout]   13:     0x619a8928f4d2 - <unknown>
[INFO] [stdout]   14:     0x619a8928ef7c - <unknown>
[INFO] [stdout]   15:     0x619a892adcdc - <unknown>
[INFO] [stdout]   16:     0x619a8927d1b8 - <unknown>
[INFO] [stdout]   17:     0x7d1d9d390dfa - <unknown>
[INFO] [stdout]   18:     0x7d1d9d4243d4 - clone
[INFO] [stdout]   19:                0x0 - <unknown>
[INFO] [stdout] 
[INFO] [stdout] ---- discovers_expected_image_targets stdout ----
[INFO] [stdout] 
[INFO] [stdout] thread 'discovers_expected_image_targets' (887) panicked at tests/catalog.rs:11:5:
[INFO] [stdout] assertion `left == right` failed
[INFO] [stdout]   left: 0
[INFO] [stdout]  right: 9
[INFO] [stdout] stack backtrace:
[INFO] [stdout]    0:     0x619a89256e85 - <unknown>
[INFO] [stdout]    1:     0x619a891dcce4 - <unknown>
[INFO] [stdout]    2:     0x619a8925652b - <unknown>
[INFO] [stdout]    3:     0x619a89256129 - <unknown>
[INFO] [stdout]    4:     0x619a89255daa - <unknown>
[INFO] [stdout]    5:     0x619a892558db - <unknown>
[INFO] [stdout]    6:     0x619a8927b7a1 - <unknown>
[INFO] [stdout]    7:     0x619a8927b759 - <unknown>
[INFO] [stdout]    8:     0x619a8927bc4c - <unknown>
[INFO] [stdout]    9:     0x619a891dcb7b - <unknown>
[INFO] [stdout]   10:     0x619a891dca9a - <unknown>
[INFO] [stdout]   11:     0x619a891ddd49 - <unknown>
[INFO] [stdout]   12:     0x619a891d7e48 - <unknown>
[INFO] [stdout]   13:     0x619a89293dfb - <unknown>
[INFO] [stdout]   14:     0x619a8928f4d2 - <unknown>
[INFO] [stdout]   15:     0x619a8928ef7c - <unknown>
[INFO] [stdout]   16:     0x619a892adcdc - <unknown>
[INFO] [stdout]   17:     0x619a8927d1b8 - <unknown>
[INFO] [stdout]   18:     0x7d1d9d390dfa - <unknown>
[INFO] [stdout]   19:     0x7d1d9d4243d4 - clone
[INFO] [stdout]   20:                0x0 - <unknown>
[INFO] [stdout] 
[INFO] [stdout] 
[INFO] [stdout] failures:
[INFO] [stdout]     discovers_expected_image_targets
[INFO] [stdout]     jdk_slim_targets_override_runtime_packages_and_locale_defaults
[INFO] [stdout]     rendered_images_include_tino_entrypoint
[INFO] [stdout]     validates_repository_image_catalog
[INFO] [stdout] 
[INFO] [stdout] test result: FAILED. 3 passed; 4 failed; 0 ignored; 0 measured; 0 filtered out; finished in 0.01s
[INFO] [stdout] 
[INFO] [stderr] error: test failed, to rerun pass `--test catalog`
[INFO] running `Command { std: "docker" "inspect" "ef6bcd2c5c7cbba27a40c146a1fc477d1f25fe74b7c3f6950b64b08e0934dfaf", kill_on_drop: false }`
[INFO] running `Command { std: "docker" "rm" "-f" "ef6bcd2c5c7cbba27a40c146a1fc477d1f25fe74b7c3f6950b64b08e0934dfaf", kill_on_drop: false }`
[INFO] [stdout] ef6bcd2c5c7cbba27a40c146a1fc477d1f25fe74b7c3f6950b64b08e0934dfaf
