[INFO] fetching crate kcode-k1-web-checker 0.1.1...
[INFO] testing kcode-k1-web-checker-0.1.1 against 1.99.0-beta.8+cargoflags=--release for beta-release-1.100-2
[INFO] extracting crate kcode-k1-web-checker 0.1.1 into /workspace/builds/worker-4-tc1/source
[INFO] started tweaking crates.io crate kcode-k1-web-checker 0.1.1
[INFO] finished tweaking crates.io crate kcode-k1-web-checker 0.1.1
[INFO] tweaked toml for crates.io crate kcode-k1-web-checker 0.1.1 written to /workspace/builds/worker-4-tc1/source/Cargo.toml
[INFO] validating manifest of crates.io crate kcode-k1-web-checker 0.1.1 on toolchain 1.99.0-beta.8
[INFO] running `Command { std: CARGO_HOME="/workspace/cargo-home" RUSTUP_HOME="/workspace/rustup-home" "/workspace/cargo-home/bin/cargo" "+1.99.0-beta.8" "metadata" "--manifest-path" "Cargo.toml" "--no-deps", kill_on_drop: false }`
[INFO] crate crates.io crate kcode-k1-web-checker 0.1.1 already has a lockfile, it will not be regenerated
[INFO] running `Command { std: CARGO_HOME="/workspace/cargo-home" RUSTUP_HOME="/workspace/rustup-home" "/workspace/cargo-home/bin/cargo" "+1.99.0-beta.8" "fetch" "--manifest-path" "Cargo.toml", kill_on_drop: false }`
[INFO] [stderr]     Updating crates.io index
[INFO] [stderr]  Downloading crates ...
[INFO] [stderr]   Downloaded kcode-k1-web-routing v0.2.0
[INFO] [stderr]   Downloaded kcode-k1-transaction-id v0.2.1
[INFO] [stderr]   Downloaded kcode-k1-web-checker-protocol v0.1.0
[INFO] [stderr]   Downloaded kcode-k1-web-package v0.1.0
[INFO] running `Command { std: "docker" "create" "-v" "/var/lib/crater-agent-workspace/builds/worker-4-tc1/source:/opt/rustwide/workdir:ro,Z" "-v" "/var/lib/crater-agent-workspace/builds/worker-4-tc1/target:/opt/rustwide/target:rw,Z" "-v" "/var/lib/crater-agent-workspace/cargo-home:/opt/rustwide/cargo-home:ro,Z" "-v" "/var/lib/crater-agent-workspace/rustup-home:/opt/rustwide/rustup-home:ro,Z" "-m" "1610612736" "--network" "none" "ghcr.io/rust-lang/crates-build-env/linux@sha256:77db811e55d90add9212f6832c23229e3de5f1c1f9905e8cb07319ea15df73ac" "sleep" "infinity", kill_on_drop: false }`
[INFO] [stdout] 0454ea251e2f7ac72990bca011c78cfc5404e776a1af57d391fde7f6a5dd9370
[INFO] running `Command { std: "docker" "start" "0454ea251e2f7ac72990bca011c78cfc5404e776a1af57d391fde7f6a5dd9370", kill_on_drop: false }`
[INFO] running `Command { std: "docker" "inspect" "0454ea251e2f7ac72990bca011c78cfc5404e776a1af57d391fde7f6a5dd9370", kill_on_drop: false }`
[INFO] running `Command { std: "docker" "exec" "-e" "SOURCE_DIR=/opt/rustwide/workdir" "-e" "CARGO_HOME=/opt/rustwide/cargo-home" "-e" "RUSTUP_HOME=/opt/rustwide/rustup-home" "-e" "CARGO_TARGET_DIR=/opt/rustwide/target" "-w" "/opt/rustwide/workdir" "--user" "0:0" "0454ea251e2f7ac72990bca011c78cfc5404e776a1af57d391fde7f6a5dd9370" "/opt/rustwide/cargo-home/bin/cargo" "+1.99.0-beta.8" "metadata" "--no-deps" "--format-version=1", kill_on_drop: false }`
[INFO] running `Command { std: "docker" "inspect" "0454ea251e2f7ac72990bca011c78cfc5404e776a1af57d391fde7f6a5dd9370", kill_on_drop: false }`
[INFO] running `Command { std: "docker" "exec" "-e" "SOURCE_DIR=/opt/rustwide/workdir" "-e" "CARGO_HOME=/opt/rustwide/cargo-home" "-e" "RUSTUP_HOME=/opt/rustwide/rustup-home" "-e" "CARGO_TARGET_DIR=/opt/rustwide/target" "-e" "CARGO_INCREMENTAL=0" "-e" "RUST_BACKTRACE=full" "-e" "RUSTFLAGS=--cap-lints=warn" "-e" "RUSTDOCFLAGS=--cap-lints=warn" "-w" "/opt/rustwide/workdir" "--user" "0:0" "0454ea251e2f7ac72990bca011c78cfc5404e776a1af57d391fde7f6a5dd9370" "/opt/rustwide/cargo-home/bin/cargo" "+1.99.0-beta.8" "build" "--frozen" "--message-format=json" "--release", kill_on_drop: false }`
[INFO] [stderr]    Compiling libc v0.2.189
[INFO] [stderr]    Compiling serde_core v1.0.229
[INFO] [stderr]    Compiling serde_json v1.0.151
[INFO] [stderr]    Compiling unicase v2.9.0
[INFO] [stderr]    Compiling futures-task v0.3.34
[INFO] [stderr]    Compiling tracing v0.1.44
[INFO] [stderr]    Compiling smallvec v1.16.2
[INFO] [stderr]    Compiling block-buffer v0.10.4
[INFO] [stderr]    Compiling serde_derive v1.0.229
[INFO] [stderr]    Compiling crypto-common v0.1.7
[INFO] [stderr]    Compiling nix v0.30.1
[INFO] [stderr]    Compiling futures-util v0.3.34
[INFO] [stderr]    Compiling digest v0.10.7
[INFO] [stderr]    Compiling axum-core v0.5.6
[INFO] [stderr]    Compiling mime_guess v2.0.5
[INFO] [stderr]    Compiling sha2 v0.10.9
[INFO] [stderr]    Compiling kcode-k1-transaction-id v0.2.1
[INFO] [stderr]    Compiling errno v0.3.14
[INFO] [stderr]    Compiling socket2 v0.6.5
[INFO] [stderr]    Compiling mio v1.2.3
[INFO] [stderr]    Compiling getrandom v0.4.3
[INFO] [stderr]    Compiling signal-hook-registry v1.4.8
[INFO] [stderr]    Compiling uuid v1.26.1
[INFO] [stderr]    Compiling tempfile v3.27.0
[INFO] [stderr]    Compiling serde v1.0.229
[INFO] [stderr]    Compiling serde_path_to_error v0.1.20
[INFO] [stderr]    Compiling tokio v1.53.1
[INFO] [stderr]    Compiling serde_urlencoded v0.7.1
[INFO] [stderr]    Compiling kcode-k1-web-package v0.1.0
[INFO] [stderr]    Compiling kcode-k1-web-checker-protocol v0.1.0
[INFO] [stderr]    Compiling kcode-k1-web-routing v0.2.0
[INFO] [stderr]    Compiling tokio-util v0.7.19
[INFO] [stderr]    Compiling hyper v1.11.1
[INFO] [stderr]    Compiling tower v0.5.3
[INFO] [stderr]    Compiling hyper-util v0.1.21
[INFO] [stderr]    Compiling axum v0.8.9
[INFO] [stderr]    Compiling kcode-k1-web-checker v0.1.1 (/opt/rustwide/workdir)
[INFO] [stderr]     Finished `release` profile [optimized] target(s) in 35.23s
[INFO] running `Command { std: "docker" "inspect" "0454ea251e2f7ac72990bca011c78cfc5404e776a1af57d391fde7f6a5dd9370", kill_on_drop: false }`
[INFO] running `Command { std: "docker" "exec" "-e" "SOURCE_DIR=/opt/rustwide/workdir" "-e" "CARGO_HOME=/opt/rustwide/cargo-home" "-e" "RUSTUP_HOME=/opt/rustwide/rustup-home" "-e" "CARGO_TARGET_DIR=/opt/rustwide/target" "-e" "CARGO_INCREMENTAL=0" "-e" "RUST_BACKTRACE=full" "-e" "RUSTFLAGS=--cap-lints=warn" "-e" "RUSTDOCFLAGS=--cap-lints=warn" "-w" "/opt/rustwide/workdir" "--user" "0:0" "0454ea251e2f7ac72990bca011c78cfc5404e776a1af57d391fde7f6a5dd9370" "/opt/rustwide/cargo-home/bin/cargo" "+1.99.0-beta.8" "test" "--frozen" "--no-run" "--message-format=json" "--release", kill_on_drop: false }`
[INFO] [stderr]    Compiling kcode-k1-web-checker v0.1.1 (/opt/rustwide/workdir)
[INFO] [stderr]     Finished `release` profile [optimized] target(s) in 6.99s
[INFO] running `Command { std: "docker" "inspect" "0454ea251e2f7ac72990bca011c78cfc5404e776a1af57d391fde7f6a5dd9370", kill_on_drop: false }`
[INFO] running `Command { std: "docker" "exec" "-e" "SOURCE_DIR=/opt/rustwide/workdir" "-e" "CARGO_HOME=/opt/rustwide/cargo-home" "-e" "RUSTUP_HOME=/opt/rustwide/rustup-home" "-e" "CARGO_TARGET_DIR=/opt/rustwide/target" "-e" "CARGO_INCREMENTAL=0" "-e" "RUST_BACKTRACE=full" "-e" "RUSTFLAGS=--cap-lints=warn" "-e" "RUSTDOCFLAGS=--cap-lints=warn" "-w" "/opt/rustwide/workdir" "--user" "0:0" "0454ea251e2f7ac72990bca011c78cfc5404e776a1af57d391fde7f6a5dd9370" "/opt/rustwide/cargo-home/bin/cargo" "+1.99.0-beta.8" "test" "--frozen" "--release", kill_on_drop: false }`
[INFO] [stderr]     Finished `release` profile [optimized] target(s) in 0.14s
[INFO] [stderr]      Running unittests src/lib.rs (/opt/rustwide/target/release/deps/kcode_k1_web_checker-c97a97d30062d175)
[INFO] [stdout] 
[INFO] [stdout] running 2 tests
[INFO] [stdout] test runtime::tests::paths_routes_and_callback_are_strict ... FAILED
[INFO] [stdout] test runtime::tests::real_chromium_reports_success_and_a_thrown_test ... FAILED
[INFO] [stdout] 
[INFO] [stdout] failures:
[INFO] [stdout] 
[INFO] [stdout] ---- runtime::tests::paths_routes_and_callback_are_strict stdout ----
[INFO] [stdout] 
[INFO] [stdout] thread 'runtime::tests::paths_routes_and_callback_are_strict' (892) panicked at src/runtime.rs:515:40:
[INFO] [stdout] called `Result::unwrap()` on an `Err` value: "chromium must be an absolute ordinary file"
[INFO] [stdout] stack backtrace:
[INFO] [stdout]    0:     0x602acf74a781 - <<std[70759c8f55707aa4]::sys::backtrace::BacktraceLock>::print::DisplayBacktrace as core[df12db4294e9bfd3]::fmt::Display>::fmt
[INFO] [stdout]    1:     0x602acf76107a - core[df12db4294e9bfd3]::fmt::write
[INFO] [stdout]    2:     0x602acf74f7cc - <alloc[2182bb758b4b3781]::vec::Vec<u8> as core[df12db4294e9bfd3]::io::write::Write>::write_fmt
[INFO] [stdout]    3:     0x602acf723b96 - std[70759c8f55707aa4]::panicking::default_hook::{closure#0}
[INFO] [stdout]    4:     0x602acf7417a9 - std[70759c8f55707aa4]::panicking::default_hook
[INFO] [stdout]    5:     0x602acf671230 - test[9d35eded1c95d3be]::test_main_inner::<test[9d35eded1c95d3be]::test_main_static::{closure#0}>::{closure#0}
[INFO] [stdout]    6:     0x602acf741ad2 - std[70759c8f55707aa4]::panicking::panic_with_hook
[INFO] [stdout]    7:     0x602acf723c42 - std[70759c8f55707aa4]::panicking::panic_handler::{closure#0}
[INFO] [stdout]    8:     0x602acf71c599 - std[70759c8f55707aa4]::sys::backtrace::__rust_end_short_backtrace::<std[70759c8f55707aa4]::panicking::panic_handler::{closure#0}, !>
[INFO] [stdout]    9:     0x602acf724a2d - __rustc[8fa7c3cbc660c2b3]::rust_begin_unwind
[INFO] [stdout]   10:     0x602acf7617dc - core[df12db4294e9bfd3]::panicking::panic_fmt
[INFO] [stdout]   11:     0x602acf7615b2 - core[df12db4294e9bfd3]::result::unwrap_failed
[INFO] [stdout]   12:     0x602acf6353d6 - kcode_k1_web_checker[bfcd6dda6ba2fe61]::runtime::tests::paths_routes_and_callback_are_strict
[INFO] [stdout]   13:     0x602acf6630c9 - <kcode_k1_web_checker[bfcd6dda6ba2fe61]::runtime::tests::paths_routes_and_callback_are_strict::{closure#0} as core[df12db4294e9bfd3]::ops::function::FnOnce<()>>::call_once
[INFO] [stdout]   14:     0x602acf66451b - test[9d35eded1c95d3be]::__rust_begin_short_backtrace::<core[df12db4294e9bfd3]::result::Result<(), alloc[2182bb758b4b3781]::string::String>, fn() -> core[df12db4294e9bfd3]::result::Result<(), alloc[2182bb758b4b3781]::string::String>>
[INFO] [stdout]   15:     0x602acf671b85 - test[9d35eded1c95d3be]::run_test::{closure#0}
[INFO] [stdout]   16:     0x602acf66b444 - std[70759c8f55707aa4]::sys::backtrace::__rust_begin_short_backtrace::<test[9d35eded1c95d3be]::run_test::{closure#1}, ()>
[INFO] [stdout]   17:     0x602acf674ce2 - <std[70759c8f55707aa4]::thread::lifecycle::spawn_unchecked<test[9d35eded1c95d3be]::run_test::{closure#1}, ()>::{closure#1} as core[df12db4294e9bfd3]::ops::function::FnOnce<()>>::call_once::{shim:vtable#0}
[INFO] [stdout]   18:     0x602acf749799 - <std[70759c8f55707aa4]::sys::thread::unix::Thread>::new::thread_start
[INFO] [stdout]   19:     0x78a7366e7dfa - <unknown>
[INFO] [stdout]   20:     0x78a73677b3d4 - clone
[INFO] [stdout]   21:                0x0 - <unknown>
[INFO] [stdout] 
[INFO] [stdout] ---- runtime::tests::real_chromium_reports_success_and_a_thrown_test stdout ----
[INFO] [stdout] 
[INFO] [stdout] thread 'runtime::tests::real_chromium_reports_success_and_a_thrown_test' (893) panicked at src/runtime.rs:480:14:
[INFO] [stdout] called `Option::unwrap()` on a `None` value
[INFO] [stdout] stack backtrace:
[INFO] [stdout]    0:     0x602acf74a781 - <<std[70759c8f55707aa4]::sys::backtrace::BacktraceLock>::print::DisplayBacktrace as core[df12db4294e9bfd3]::fmt::Display>::fmt
[INFO] [stdout]    1:     0x602acf76107a - core[df12db4294e9bfd3]::fmt::write
[INFO] [stdout]    2:     0x602acf74f7cc - <alloc[2182bb758b4b3781]::vec::Vec<u8> as core[df12db4294e9bfd3]::io::write::Write>::write_fmt
[INFO] [stdout]    3:     0x602acf723b96 - std[70759c8f55707aa4]::panicking::default_hook::{closure#0}
[INFO] [stdout]    4:     0x602acf7417a9 - std[70759c8f55707aa4]::panicking::default_hook
[INFO] [stdout]    5:     0x602acf671230 - test[9d35eded1c95d3be]::test_main_inner::<test[9d35eded1c95d3be]::test_main_static::{closure#0}>::{closure#0}
[INFO] [stdout]    6:     0x602acf741ad2 - std[70759c8f55707aa4]::panicking::panic_with_hook
[INFO] [stdout]    7:     0x602acf723c74 - std[70759c8f55707aa4]::panicking::panic_handler::{closure#0}
[INFO] [stdout]    8:     0x602acf71c599 - std[70759c8f55707aa4]::sys::backtrace::__rust_end_short_backtrace::<std[70759c8f55707aa4]::panicking::panic_handler::{closure#0}, !>
[INFO] [stdout]    9:     0x602acf724a2d - __rustc[8fa7c3cbc660c2b3]::rust_begin_unwind
[INFO] [stdout]   10:     0x602acf7617dc - core[df12db4294e9bfd3]::panicking::panic_fmt
[INFO] [stdout]   11:     0x602acf7617a2 - core[df12db4294e9bfd3]::panicking::panic
[INFO] [stdout]   12:     0x602acf761559 - core[df12db4294e9bfd3]::option::unwrap_failed
[INFO] [stdout]   13:     0x602acf6362a5 - kcode_k1_web_checker[bfcd6dda6ba2fe61]::runtime::tests::real_chromium_reports_success_and_a_thrown_test
[INFO] [stdout]   14:     0x602acf6630e9 - <kcode_k1_web_checker[bfcd6dda6ba2fe61]::runtime::tests::real_chromium_reports_success_and_a_thrown_test::{closure#0} as core[df12db4294e9bfd3]::ops::function::FnOnce<()>>::call_once
[INFO] [stdout]   15:     0x602acf66451b - test[9d35eded1c95d3be]::__rust_begin_short_backtrace::<core[df12db4294e9bfd3]::result::Result<(), alloc[2182bb758b4b3781]::string::String>, fn() -> core[df12db4294e9bfd3]::result::Result<(), alloc[2182bb758b4b3781]::string::String>>
[INFO] [stdout]   16:     0x602acf671b85 - test[9d35eded1c95d3be]::run_test::{closure#0}
[INFO] [stdout]   17:     0x602acf66b444 - std[70759c8f55707aa4]::sys::backtrace::__rust_begin_short_backtrace::<test[9d35eded1c95d3be]::run_test::{closure#1}, ()>
[INFO] [stdout]   18:     0x602acf674ce2 - <std[70759c8f55707aa4]::thread::lifecycle::spawn_unchecked<test[9d35eded1c95d3be]::run_test::{closure#1}, ()>::{closure#1} as core[df12db4294e9bfd3]::ops::function::FnOnce<()>>::call_once::{shim:vtable#0}
[INFO] [stdout]   19:     0x602acf749799 - <std[70759c8f55707aa4]::sys::thread::unix::Thread>::new::thread_start
[INFO] [stdout]   20:     0x78a7366e7dfa - <unknown>
[INFO] [stdout]   21:     0x78a73677b3d4 - clone
[INFO] [stdout]   22:                0x0 - <unknown>
[INFO] [stdout] 
[INFO] [stdout] 
[INFO] [stdout] failures:
[INFO] [stdout]     runtime::tests::paths_routes_and_callback_are_strict
[INFO] [stdout]     runtime::tests::real_chromium_reports_success_and_a_thrown_test
[INFO] [stdout] 
[INFO] [stdout] test result: FAILED. 0 passed; 2 failed; 0 ignored; 0 measured; 0 filtered out; finished in 0.02s
[INFO] [stdout] 
[INFO] [stderr] error: test failed, to rerun pass `--lib`
[INFO] running `Command { std: "docker" "inspect" "0454ea251e2f7ac72990bca011c78cfc5404e776a1af57d391fde7f6a5dd9370", kill_on_drop: false }`
[INFO] running `Command { std: "docker" "rm" "-f" "0454ea251e2f7ac72990bca011c78cfc5404e776a1af57d391fde7f6a5dd9370", kill_on_drop: false }`
[INFO] [stdout] 0454ea251e2f7ac72990bca011c78cfc5404e776a1af57d391fde7f6a5dd9370
