[INFO] fetching crate kcode-k1-launch-nodes 0.4.1...
[INFO] testing kcode-k1-launch-nodes-0.4.1 against 1.100.0-beta.1+cargoflags=--release for beta-release-1.100-2
[INFO] extracting crate kcode-k1-launch-nodes 0.4.1 into /workspace/builds/worker-6-tc2/source
[INFO] started tweaking crates.io crate kcode-k1-launch-nodes 0.4.1
[INFO] finished tweaking crates.io crate kcode-k1-launch-nodes 0.4.1
[INFO] tweaked toml for crates.io crate kcode-k1-launch-nodes 0.4.1 written to /workspace/builds/worker-6-tc2/source/Cargo.toml
[INFO] validating manifest of crates.io crate kcode-k1-launch-nodes 0.4.1 on toolchain 1.100.0-beta.1
[INFO] running `Command { std: CARGO_HOME="/workspace/cargo-home" RUSTUP_HOME="/workspace/rustup-home" "/workspace/cargo-home/bin/cargo" "+1.100.0-beta.1" "metadata" "--manifest-path" "Cargo.toml" "--no-deps", kill_on_drop: false }`
[INFO] crate crates.io crate kcode-k1-launch-nodes 0.4.1 already has a lockfile, it will not be regenerated
[INFO] running `Command { std: CARGO_HOME="/workspace/cargo-home" RUSTUP_HOME="/workspace/rustup-home" "/workspace/cargo-home/bin/cargo" "+1.100.0-beta.1" "fetch" "--manifest-path" "Cargo.toml", kill_on_drop: false }`
[INFO] running `Command { std: "docker" "create" "-v" "/var/lib/crater-agent-workspace/builds/worker-6-tc2/source:/opt/rustwide/workdir:ro,Z" "-v" "/var/lib/crater-agent-workspace/builds/worker-6-tc2/target:/opt/rustwide/target:rw,Z" "-v" "/var/lib/crater-agent-workspace/cargo-home:/opt/rustwide/cargo-home:ro,Z" "-v" "/var/lib/crater-agent-workspace/rustup-home:/opt/rustwide/rustup-home:ro,Z" "-m" "1610612736" "--network" "none" "ghcr.io/rust-lang/crates-build-env/linux@sha256:77db811e55d90add9212f6832c23229e3de5f1c1f9905e8cb07319ea15df73ac" "sleep" "infinity", kill_on_drop: false }`
[INFO] [stdout] 553aab213255b55d665e1bc3fe75a92cfa28cea69012ee543ff3d4b8b1eb6523
[INFO] running `Command { std: "docker" "start" "553aab213255b55d665e1bc3fe75a92cfa28cea69012ee543ff3d4b8b1eb6523", kill_on_drop: false }`
[INFO] running `Command { std: "docker" "inspect" "553aab213255b55d665e1bc3fe75a92cfa28cea69012ee543ff3d4b8b1eb6523", kill_on_drop: false }`
[INFO] running `Command { std: "docker" "exec" "-e" "SOURCE_DIR=/opt/rustwide/workdir" "-e" "CARGO_HOME=/opt/rustwide/cargo-home" "-e" "RUSTUP_HOME=/opt/rustwide/rustup-home" "-e" "CARGO_TARGET_DIR=/opt/rustwide/target" "-w" "/opt/rustwide/workdir" "--user" "0:0" "553aab213255b55d665e1bc3fe75a92cfa28cea69012ee543ff3d4b8b1eb6523" "/opt/rustwide/cargo-home/bin/cargo" "+1.100.0-beta.1" "metadata" "--no-deps" "--format-version=1", kill_on_drop: false }`
[INFO] running `Command { std: "docker" "inspect" "553aab213255b55d665e1bc3fe75a92cfa28cea69012ee543ff3d4b8b1eb6523", kill_on_drop: false }`
[INFO] running `Command { std: "docker" "exec" "-e" "SOURCE_DIR=/opt/rustwide/workdir" "-e" "CARGO_HOME=/opt/rustwide/cargo-home" "-e" "RUSTUP_HOME=/opt/rustwide/rustup-home" "-e" "CARGO_TARGET_DIR=/opt/rustwide/target" "-e" "CARGO_INCREMENTAL=0" "-e" "RUST_BACKTRACE=full" "-e" "RUSTFLAGS=--cap-lints=warn" "-e" "RUSTDOCFLAGS=--cap-lints=warn" "-w" "/opt/rustwide/workdir" "--user" "0:0" "553aab213255b55d665e1bc3fe75a92cfa28cea69012ee543ff3d4b8b1eb6523" "/opt/rustwide/cargo-home/bin/cargo" "+1.100.0-beta.1" "build" "--frozen" "--message-format=json" "--release", kill_on_drop: false }`
[INFO] [stderr]    Compiling libc v0.2.190
[INFO] [stderr]    Compiling cc v1.6.0
[INFO] [stderr]    Compiling thiserror v2.0.21
[INFO] [stderr]    Compiling heapless v0.7.17
[INFO] [stderr]    Compiling byteorder v1.5.0
[INFO] [stderr]    Compiling digest v0.10.7
[INFO] [stderr]    Compiling syn v2.0.119
[INFO] [stderr]    Compiling syn v3.0.6
[INFO] [stderr]    Compiling hash32 v0.2.1
[INFO] [stderr]    Compiling sha2 v0.10.9
[INFO] [stderr]    Compiling hmac v0.12.1
[INFO] [stderr]    Compiling kcode-k1-transaction-id v0.1.1
[INFO] [stderr]    Compiling kcode-k1-transaction-store v0.2.0
[INFO] [stderr]    Compiling kcode-k1-invite-projection-store v0.1.0
[INFO] [stderr]    Compiling kcode-k1-invite-projection v0.1.0
[INFO] [stderr]    Compiling kcode-k1-transaction v0.2.1
[INFO] [stderr]    Compiling getrandom v0.3.4
[INFO] [stderr]    Compiling kcode-k1-order-store v0.2.0
[INFO] [stderr]    Compiling libsqlite3-sys v0.38.2
[INFO] [stderr]    Compiling serde_derive v1.0.229
[INFO] [stderr]    Compiling thiserror-impl v2.0.21
[INFO] [stderr]    Compiling kcode-k1-canonical-chain v0.2.0
[INFO] [stderr]    Compiling kcode-k1-txn-ordering v0.5.1
[INFO] [stderr]    Compiling cobs v0.3.0
[INFO] [stderr]    Compiling serde v1.0.229
[INFO] [stderr]    Compiling curve25519-dalek-derive v0.1.1
[INFO] [stderr]    Compiling curve25519-dalek v4.1.3
[INFO] [stderr]    Compiling postcard v1.1.3
[INFO] [stderr]    Compiling ed25519-dalek v2.2.0
[INFO] [stderr]    Compiling kcode-k1-kmap-format v0.2.0
[INFO] [stderr]    Compiling kcode-k1-peering v0.3.1
[INFO] [stderr]    Compiling kcode-k1-invites v0.2.2
[INFO] [stderr]    Compiling kcode-k1-groups-domain v0.1.1
[INFO] [stderr]    Compiling kcode-k1-groups-semantics v0.2.0
[INFO] [stderr]    Compiling kcode-k1-groups-reverse-index v0.1.1
[INFO] [stderr]    Compiling kcode-k1-groups-wire v0.2.0
[INFO] [stderr]    Compiling rusqlite v0.40.2
[INFO] [stderr]    Compiling kcode-k1-groups-sqlite v0.2.1
[INFO] [stderr]    Compiling kcode-k1-groups-index v0.2.2
[INFO] [stderr]    Compiling kcode-k1-groups-state v0.3.0
[INFO] [stderr]    Compiling kcode-k1-groups-recovery v0.2.0
[INFO] [stderr]    Compiling kcode-k1-groups-projection v0.2.1
[INFO] [stderr]    Compiling kcode-k1-groups-driver v0.2.0
[INFO] [stderr]    Compiling kcode-k1-groups v0.3.1
[INFO] [stderr]    Compiling kcode-k1-access-types v0.4.0
[INFO] [stderr]    Compiling kcode-k1-launch-node-codec v0.1.0
[INFO] [stderr]    Compiling kcode-k1-launch-nodes v0.4.1 (/opt/rustwide/workdir)
[INFO] [stderr]     Finished `release` profile [optimized] target(s) in 1m 45s
[INFO] running `Command { std: "docker" "inspect" "553aab213255b55d665e1bc3fe75a92cfa28cea69012ee543ff3d4b8b1eb6523", kill_on_drop: false }`
[INFO] running `Command { std: "docker" "exec" "-e" "SOURCE_DIR=/opt/rustwide/workdir" "-e" "CARGO_HOME=/opt/rustwide/cargo-home" "-e" "RUSTUP_HOME=/opt/rustwide/rustup-home" "-e" "CARGO_TARGET_DIR=/opt/rustwide/target" "-e" "CARGO_INCREMENTAL=0" "-e" "RUST_BACKTRACE=full" "-e" "RUSTFLAGS=--cap-lints=warn" "-e" "RUSTDOCFLAGS=--cap-lints=warn" "-w" "/opt/rustwide/workdir" "--user" "0:0" "553aab213255b55d665e1bc3fe75a92cfa28cea69012ee543ff3d4b8b1eb6523" "/opt/rustwide/cargo-home/bin/cargo" "+1.100.0-beta.1" "test" "--frozen" "--no-run" "--message-format=json" "--release", kill_on_drop: false }`
[INFO] [stderr]    Compiling kcode-k1-launch-nodes v0.4.1 (/opt/rustwide/workdir)
[INFO] [stderr]     Finished `release` profile [optimized] target(s) in 1.40s
[INFO] running `Command { std: "docker" "inspect" "553aab213255b55d665e1bc3fe75a92cfa28cea69012ee543ff3d4b8b1eb6523", kill_on_drop: false }`
[INFO] running `Command { std: "docker" "exec" "-e" "SOURCE_DIR=/opt/rustwide/workdir" "-e" "CARGO_HOME=/opt/rustwide/cargo-home" "-e" "RUSTUP_HOME=/opt/rustwide/rustup-home" "-e" "CARGO_TARGET_DIR=/opt/rustwide/target" "-e" "CARGO_INCREMENTAL=0" "-e" "RUST_BACKTRACE=full" "-e" "RUSTFLAGS=--cap-lints=warn" "-e" "RUSTDOCFLAGS=--cap-lints=warn" "-w" "/opt/rustwide/workdir" "--user" "0:0" "553aab213255b55d665e1bc3fe75a92cfa28cea69012ee543ff3d4b8b1eb6523" "/opt/rustwide/cargo-home/bin/cargo" "+1.100.0-beta.1" "test" "--frozen" "--release", kill_on_drop: false }`
[INFO] [stderr]     Finished `release` profile [optimized] target(s) in 0.11s
[INFO] [stderr]      Running unittests src/lib.rs (/opt/rustwide/target/release/build/kcode-k1-launch-nodes/1f697ea5751a7286/out/kcode_k1_launch_nodes-1f697ea5751a7286)
[INFO] [stdout] 
[INFO] [stdout] running 6 tests
[INFO] [stdout] test tests::complete_package_stays_below_the_managed_limit ... FAILED
[INFO] [stdout] test tests::projection_repairs_rebuilds_and_replays_same_value_sets ... ok
[INFO] [stdout] test tests::malformed_callback_faults_facade ... ok
[INFO] [stdout] test tests::non_v3_projection_is_rejected_without_migration ... ok
[INFO] [stdout] test tests::callbacks_preserve_authorities_and_last_canonical_write ... ok
[INFO] [stdout] test tests::peering_error_without_callback_does_not_bind ... ok
[INFO] [stdout] 
[INFO] [stdout] failures:
[INFO] [stdout] 
[INFO] [stdout] ---- tests::complete_package_stays_below_the_managed_limit stdout ----
[INFO] [stdout] 
[INFO] [stdout] thread 'tests::complete_package_stays_below_the_managed_limit' (893) panicked at src/lib.rs:515:9:
[INFO] [stdout] complete package has 511 nonblank lines
[INFO] [stdout] stack backtrace:
[INFO] [stdout]    0:     0x5fea0da20621 - <<std[617be2ca0a6fd877]::sys::backtrace::BacktraceLock>::print::DisplayBacktrace as core[a373ad73a504971]::fmt::Display>::fmt
[INFO] [stdout]    1:     0x5fea0da34eda - core[a373ad73a504971]::fmt::write
[INFO] [stdout]    2:     0x5fea0da24b8c - <alloc[2e1b2a31b91974c5]::vec::Vec<u8> as core[a373ad73a504971]::io::write::Write>::write_fmt
[INFO] [stdout]    3:     0x5fea0d9faab6 - std[617be2ca0a6fd877]::panicking::default_hook::{closure#0}
[INFO] [stdout]    4:     0x5fea0da17e89 - std[617be2ca0a6fd877]::panicking::default_hook
[INFO] [stdout]    5:     0x5fea0d994b90 - test[aada8e7e76ba119b]::test_main_inner::{closure#0}
[INFO] [stdout]    6:     0x5fea0da18042 - std[617be2ca0a6fd877]::panicking::panic_with_hook
[INFO] [stdout]    7:     0x5fea0d9fab62 - std[617be2ca0a6fd877]::panicking::panic_handler::{closure#0}
[INFO] [stdout]    8:     0x5fea0d9f35c9 - std[617be2ca0a6fd877]::sys::backtrace::__rust_end_short_backtrace::<std[617be2ca0a6fd877]::panicking::panic_handler::{closure#0}, !>
[INFO] [stdout]    9:     0x5fea0d9fb76d - __rustc[ea4f61d10b84890b]::rust_begin_unwind
[INFO] [stdout]   10:     0x5fea0da3560c - core[a373ad73a504971]::panicking::panic_fmt
[INFO] [stdout]   11:     0x5fea0d983829 - <kcode_k1_launch_nodes[68dce014f97923a8]::tests::complete_package_stays_below_the_managed_limit::{closure#0} as core[a373ad73a504971]::ops::function::FnOnce<()>>::call_once
[INFO] [stdout]   12:     0x5fea0d987fdb - test[aada8e7e76ba119b]::__rust_begin_short_backtrace::<core[a373ad73a504971]::result::Result<(), alloc[2e1b2a31b91974c5]::string::String>, fn() -> core[a373ad73a504971]::result::Result<(), alloc[2e1b2a31b91974c5]::string::String>>
[INFO] [stdout]   13:     0x5fea0d9951b5 - test[aada8e7e76ba119b]::run_test::{closure#0}
[INFO] [stdout]   14:     0x5fea0d98eaa4 - std[617be2ca0a6fd877]::sys::backtrace::__rust_begin_short_backtrace::<test[aada8e7e76ba119b]::run_test::{closure#1}, ()>
[INFO] [stdout]   15:     0x5fea0d998242 - <std[617be2ca0a6fd877]::thread::lifecycle::spawn_unchecked<test[aada8e7e76ba119b]::run_test::{closure#1}, ()>::{closure#1} as core[a373ad73a504971]::ops::function::FnOnce<()>>::call_once::{shim:vtable#0}
[INFO] [stdout]   16:     0x5fea0da1f8af - <std[617be2ca0a6fd877]::sys::thread::unix::Thread>::new::thread_start
[INFO] [stdout]   17:     0x7047a76bbdfa - <unknown>
[INFO] [stdout]   18:     0x7047a774f3d4 - clone
[INFO] [stdout]   19:                0x0 - <unknown>
[INFO] [stdout] 
[INFO] [stdout] 
[INFO] [stdout] failures:
[INFO] [stdout]     tests::complete_package_stays_below_the_managed_limit
[INFO] [stdout] 
[INFO] [stdout] test result: FAILED. 5 passed; 1 failed; 0 ignored; 0 measured; 0 filtered out; finished in 3.36s
[INFO] [stdout] 
[INFO] [stderr] error: test failed, to rerun pass `--lib`
[INFO] running `Command { std: "docker" "inspect" "553aab213255b55d665e1bc3fe75a92cfa28cea69012ee543ff3d4b8b1eb6523", kill_on_drop: false }`
[INFO] running `Command { std: "docker" "rm" "-f" "553aab213255b55d665e1bc3fe75a92cfa28cea69012ee543ff3d4b8b1eb6523", kill_on_drop: false }`
[INFO] [stdout] 553aab213255b55d665e1bc3fe75a92cfa28cea69012ee543ff3d4b8b1eb6523
