[INFO] fetching crate kcode-k1-http-launch-nodes-representation 0.3.0...
[INFO] testing kcode-k1-http-launch-nodes-representation-0.3.0 against 1.100.0-beta.1+cargoflags=--release for beta-release-1.100-2
[INFO] extracting crate kcode-k1-http-launch-nodes-representation 0.3.0 into /workspace/builds/worker-7-tc2/source
[INFO] started tweaking crates.io crate kcode-k1-http-launch-nodes-representation 0.3.0
[INFO] finished tweaking crates.io crate kcode-k1-http-launch-nodes-representation 0.3.0
[INFO] tweaked toml for crates.io crate kcode-k1-http-launch-nodes-representation 0.3.0 written to /workspace/builds/worker-7-tc2/source/Cargo.toml
[INFO] validating manifest of crates.io crate kcode-k1-http-launch-nodes-representation 0.3.0 on toolchain 1.100.0-beta.1
[INFO] running `Command { std: CARGO_HOME="/workspace/cargo-home" RUSTUP_HOME="/workspace/rustup-home" "/workspace/cargo-home/bin/cargo" "+1.100.0-beta.1" "metadata" "--manifest-path" "Cargo.toml" "--no-deps", kill_on_drop: false }`
[INFO] crate crates.io crate kcode-k1-http-launch-nodes-representation 0.3.0 already has a lockfile, it will not be regenerated
[INFO] running `Command { std: CARGO_HOME="/workspace/cargo-home" RUSTUP_HOME="/workspace/rustup-home" "/workspace/cargo-home/bin/cargo" "+1.100.0-beta.1" "fetch" "--manifest-path" "Cargo.toml", kill_on_drop: false }`
[INFO] running `Command { std: "docker" "create" "-v" "/var/lib/crater-agent-workspace/builds/worker-7-tc2/source:/opt/rustwide/workdir:ro,Z" "-v" "/var/lib/crater-agent-workspace/builds/worker-7-tc2/target:/opt/rustwide/target:rw,Z" "-v" "/var/lib/crater-agent-workspace/cargo-home:/opt/rustwide/cargo-home:ro,Z" "-v" "/var/lib/crater-agent-workspace/rustup-home:/opt/rustwide/rustup-home:ro,Z" "-m" "1610612736" "--network" "none" "ghcr.io/rust-lang/crates-build-env/linux@sha256:77db811e55d90add9212f6832c23229e3de5f1c1f9905e8cb07319ea15df73ac" "sleep" "infinity", kill_on_drop: false }`
[INFO] [stdout] 19e2295ccce0b2be9c24dced11f480e62b5ddebd857b3392963f0fad8f3a8ad0
[INFO] running `Command { std: "docker" "start" "19e2295ccce0b2be9c24dced11f480e62b5ddebd857b3392963f0fad8f3a8ad0", kill_on_drop: false }`
[INFO] running `Command { std: "docker" "inspect" "19e2295ccce0b2be9c24dced11f480e62b5ddebd857b3392963f0fad8f3a8ad0", kill_on_drop: false }`
[INFO] running `Command { std: "docker" "exec" "-e" "SOURCE_DIR=/opt/rustwide/workdir" "-e" "CARGO_HOME=/opt/rustwide/cargo-home" "-e" "RUSTUP_HOME=/opt/rustwide/rustup-home" "-e" "CARGO_TARGET_DIR=/opt/rustwide/target" "-w" "/opt/rustwide/workdir" "--user" "0:0" "19e2295ccce0b2be9c24dced11f480e62b5ddebd857b3392963f0fad8f3a8ad0" "/opt/rustwide/cargo-home/bin/cargo" "+1.100.0-beta.1" "metadata" "--no-deps" "--format-version=1", kill_on_drop: false }`
[INFO] running `Command { std: "docker" "inspect" "19e2295ccce0b2be9c24dced11f480e62b5ddebd857b3392963f0fad8f3a8ad0", kill_on_drop: false }`
[INFO] running `Command { std: "docker" "exec" "-e" "SOURCE_DIR=/opt/rustwide/workdir" "-e" "CARGO_HOME=/opt/rustwide/cargo-home" "-e" "RUSTUP_HOME=/opt/rustwide/rustup-home" "-e" "CARGO_TARGET_DIR=/opt/rustwide/target" "-e" "CARGO_INCREMENTAL=0" "-e" "RUST_BACKTRACE=full" "-e" "RUSTFLAGS=--cap-lints=warn" "-e" "RUSTDOCFLAGS=--cap-lints=warn" "-w" "/opt/rustwide/workdir" "--user" "0:0" "19e2295ccce0b2be9c24dced11f480e62b5ddebd857b3392963f0fad8f3a8ad0" "/opt/rustwide/cargo-home/bin/cargo" "+1.100.0-beta.1" "build" "--frozen" "--message-format=json" "--release", kill_on_drop: false }`
[INFO] [stderr]    Compiling signature v2.2.0
[INFO] [stderr]    Compiling smallvec v1.16.2
[INFO] [stderr]    Compiling proc-macro2 v1.0.107
[INFO] [stderr]    Compiling cc v1.5.1
[INFO] [stderr]    Compiling pkg-config v0.3.34
[INFO] [stderr]    Compiling bitflags v2.13.2
[INFO] [stderr]    Compiling serde_core v1.0.229
[INFO] [stderr]    Compiling curve25519-dalek v4.1.3
[INFO] [stderr]    Compiling hashbrown v0.17.1
[INFO] [stderr]    Compiling thiserror v2.0.21
[INFO] [stderr]    Compiling heapless v0.7.17
[INFO] [stderr]    Compiling digest v0.10.7
[INFO] [stderr]    Compiling spin v0.9.9
[INFO] [stderr]    Compiling mio v1.2.3
[INFO] [stderr]    Compiling tracing v0.1.44
[INFO] [stderr]    Compiling futures-channel v0.3.34
[INFO] [stderr]    Compiling ed25519 v2.2.3
[INFO] [stderr]    Compiling serde_json v1.0.151
[INFO] [stderr]    Compiling futures-task v0.3.34
[INFO] [stderr]    Compiling futures-util v0.3.34
[INFO] [stderr]    Compiling axum-core v0.5.6
[INFO] [stderr]    Compiling quote v1.0.47
[INFO] [stderr]    Compiling sha2 v0.10.9
[INFO] [stderr]    Compiling hmac v0.12.1
[INFO] [stderr]    Compiling syn v2.0.119
[INFO] [stderr]    Compiling syn v3.0.6
[INFO] [stderr]    Compiling kcode-k1-transaction-id v0.1.1
[INFO] [stderr]    Compiling kcode-k1-transaction-store v0.2.0
[INFO] [stderr]    Compiling kcode-k1-invite-projection-store v0.1.0
[INFO] [stderr]    Compiling kcode-k1-transaction v0.2.1
[INFO] [stderr]    Compiling kcode-k1-invite-projection v0.1.0
[INFO] [stderr]    Compiling kcode-k1-order-store v0.2.0
[INFO] [stderr]    Compiling kcode-k1-canonical-chain v0.2.0
[INFO] [stderr]    Compiling kcode-k1-txn-ordering v0.5.1
[INFO] [stderr]    Compiling hashlink v0.12.2
[INFO] [stderr]    Compiling libsqlite3-sys v0.38.2
[INFO] [stderr]    Compiling serde_derive v1.0.229
[INFO] [stderr]    Compiling thiserror-impl v2.0.21
[INFO] [stderr]    Compiling tokio-macros v2.7.2
[INFO] [stderr]    Compiling tokio v1.53.1
[INFO] [stderr]    Compiling cobs v0.3.0
[INFO] [stderr]    Compiling curve25519-dalek-derive v0.1.1
[INFO] [stderr]    Compiling serde_path_to_error v0.1.20
[INFO] [stderr]    Compiling ed25519-dalek v2.2.0
[INFO] [stderr]    Compiling kcode-k1-peering v0.3.1
[INFO] [stderr]    Compiling kcode-k1-invites v0.2.2
[INFO] [stderr]    Compiling kcode-k1-groups-domain v0.1.1
[INFO] [stderr]    Compiling kcode-k1-groups-semantics v0.2.0
[INFO] [stderr]    Compiling kcode-k1-groups-reverse-index v0.1.1
[INFO] [stderr]    Compiling kcode-k1-groups-wire v0.2.0
[INFO] [stderr]    Compiling serde v1.0.229
[INFO] [stderr]    Compiling serde_urlencoded v0.7.1
[INFO] [stderr]    Compiling postcard v1.1.3
[INFO] [stderr]    Compiling kcode-k1-kmap-format v0.2.0
[INFO] [stderr]    Compiling hyper v1.11.1
[INFO] [stderr]    Compiling tower v0.5.3
[INFO] [stderr]    Compiling hyper-util v0.1.21
[INFO] [stderr]    Compiling axum v0.8.9
[INFO] [stderr]    Compiling rusqlite v0.40.2
[INFO] [stderr]    Compiling kcode-k1-groups-sqlite v0.2.1
[INFO] [stderr]    Compiling kcode-k1-groups-index v0.2.2
[INFO] [stderr]    Compiling kcode-k1-groups-state v0.3.0
[INFO] [stderr]    Compiling kcode-k1-groups-recovery v0.2.0
[INFO] [stderr]    Compiling kcode-k1-groups-projection v0.2.1
[INFO] [stderr]    Compiling kcode-k1-groups-driver v0.2.0
[INFO] [stderr]    Compiling kcode-k1-groups v0.3.1
[INFO] [stderr]    Compiling kcode-k1-access-types v0.4.0
[INFO] [stderr]    Compiling kcode-k1-access-types v0.2.0
[INFO] [stderr]    Compiling kcode-k1-access-store v0.4.0
[INFO] [stderr]    Compiling kcode-k1-access-policy v0.2.0
[INFO] [stderr]    Compiling kcode-k1-access-profile-types v0.7.0
[INFO] [stderr]    Compiling kcode-k1-access-format v0.5.0
[INFO] [stderr]    Compiling kcode-k1-launch-nodes v0.3.0
[INFO] [stderr]    Compiling kcode-k1-access-profile-records v0.5.1
[INFO] [stderr]    Compiling kcode-k1-access-discovery-store v0.1.0
[INFO] [stderr]    Compiling kcode-k1-access-profile-sqlite v0.5.1
[INFO] [stderr]    Compiling kcode-k1-access-profile-wire v0.6.0
[INFO] [stderr]    Compiling kcode-k1-access-state v0.2.1
[INFO] [stderr]    Compiling kcode-k1-access-discovery v0.2.0
[INFO] [stderr]    Compiling kcode-k1-access-projection v0.6.1
[INFO] [stderr]    Compiling kcode-k1-access-profile-store v0.6.1
[INFO] [stderr]    Compiling kcode-k1-access-profiles v0.6.2
[INFO] [stderr]    Compiling kcode-k1-access-driver-state v0.2.0
[INFO] [stderr]    Compiling kcode-k1-access-driver v0.4.1
[INFO] [stderr]    Compiling kcode-k1-access v0.6.1
[INFO] [stderr]    Compiling kcode-k1-access-launch-nodes v0.2.0
[INFO] [stderr]    Compiling kcode-k1-http-launch-nodes-representation v0.3.0 (/opt/rustwide/workdir)
[INFO] [stderr]     Finished `release` profile [optimized] target(s) in 2m 02s
[INFO] running `Command { std: "docker" "inspect" "19e2295ccce0b2be9c24dced11f480e62b5ddebd857b3392963f0fad8f3a8ad0", kill_on_drop: false }`
[INFO] running `Command { std: "docker" "exec" "-e" "SOURCE_DIR=/opt/rustwide/workdir" "-e" "CARGO_HOME=/opt/rustwide/cargo-home" "-e" "RUSTUP_HOME=/opt/rustwide/rustup-home" "-e" "CARGO_TARGET_DIR=/opt/rustwide/target" "-e" "CARGO_INCREMENTAL=0" "-e" "RUST_BACKTRACE=full" "-e" "RUSTFLAGS=--cap-lints=warn" "-e" "RUSTDOCFLAGS=--cap-lints=warn" "-w" "/opt/rustwide/workdir" "--user" "0:0" "19e2295ccce0b2be9c24dced11f480e62b5ddebd857b3392963f0fad8f3a8ad0" "/opt/rustwide/cargo-home/bin/cargo" "+1.100.0-beta.1" "test" "--frozen" "--no-run" "--message-format=json" "--release", kill_on_drop: false }`
[INFO] [stderr]    Compiling kcode-k1-http-launch-nodes-representation v0.3.0 (/opt/rustwide/workdir)
[INFO] [stderr]     Finished `release` profile [optimized] target(s) in 2.81s
[INFO] running `Command { std: "docker" "inspect" "19e2295ccce0b2be9c24dced11f480e62b5ddebd857b3392963f0fad8f3a8ad0", kill_on_drop: false }`
[INFO] running `Command { std: "docker" "exec" "-e" "SOURCE_DIR=/opt/rustwide/workdir" "-e" "CARGO_HOME=/opt/rustwide/cargo-home" "-e" "RUSTUP_HOME=/opt/rustwide/rustup-home" "-e" "CARGO_TARGET_DIR=/opt/rustwide/target" "-e" "CARGO_INCREMENTAL=0" "-e" "RUST_BACKTRACE=full" "-e" "RUSTFLAGS=--cap-lints=warn" "-e" "RUSTDOCFLAGS=--cap-lints=warn" "-w" "/opt/rustwide/workdir" "--user" "0:0" "19e2295ccce0b2be9c24dced11f480e62b5ddebd857b3392963f0fad8f3a8ad0" "/opt/rustwide/cargo-home/bin/cargo" "+1.100.0-beta.1" "test" "--frozen" "--release", kill_on_drop: false }`
[INFO] [stderr]     Finished `release` profile [optimized] target(s) in 0.16s
[INFO] [stderr]      Running unittests src/lib.rs (/opt/rustwide/target/release/build/kcode-k1-http-launch-nodes-representation/139f1298c8e23282/out/kcode_k1_http_launch_nodes_representation-139f1298c8e23282)
[INFO] [stdout] 
[INFO] [stdout] running 5 tests
[INFO] [stdout] test tests::ids_authorities_names_and_json_are_strict ... ok
[INFO] [stdout] test tests::media_type_is_exactly_one_json_value ... ok
[INFO] [stdout] test tests::complete_package_stays_below_the_managed_limit ... FAILED
[INFO] [stdout] test tests::successes_and_errors_are_exact_and_no_store ... ok
[INFO] [stdout] test tests::details_response_is_exact_ordered_and_safe ... ok
[INFO] [stderr] error: test failed, to rerun pass `--lib`
[INFO] [stdout] 
[INFO] [stdout] failures:
[INFO] [stdout] 
[INFO] [stdout] ---- tests::complete_package_stays_below_the_managed_limit stdout ----
[INFO] [stdout] 
[INFO] [stdout] thread 'tests::complete_package_stays_below_the_managed_limit' (1477) panicked at src/lib.rs:523:9:
[INFO] [stdout] complete package has 512 nonblank lines
[INFO] [stdout] stack backtrace:
[INFO] [stdout]    0:     0x622755e60681 - <<std[617be2ca0a6fd877]::sys::backtrace::BacktraceLock>::print::DisplayBacktrace as core[a373ad73a504971]::fmt::Display>::fmt
[INFO] [stdout]    1:     0x622755e7516a - core[a373ad73a504971]::fmt::write
[INFO] [stdout]    2:     0x622755e649bc - <alloc[2e1b2a31b91974c5]::vec::Vec<u8> as core[a373ad73a504971]::io::write::Write>::write_fmt
[INFO] [stdout]    3:     0x622755e3c726 - std[617be2ca0a6fd877]::panicking::default_hook::{closure#0}
[INFO] [stdout]    4:     0x622755e58cd9 - std[617be2ca0a6fd877]::panicking::default_hook
[INFO] [stdout]    5:     0x622755dd9d90 - test[aada8e7e76ba119b]::test_main_inner::{closure#0}
[INFO] [stdout]    6:     0x622755e58e92 - std[617be2ca0a6fd877]::panicking::panic_with_hook
[INFO] [stdout]    7:     0x622755e3c7d2 - std[617be2ca0a6fd877]::panicking::panic_handler::{closure#0}
[INFO] [stdout]    8:     0x622755e354b9 - std[617be2ca0a6fd877]::sys::backtrace::__rust_end_short_backtrace::<std[617be2ca0a6fd877]::panicking::panic_handler::{closure#0}, !>
[INFO] [stdout]    9:     0x622755e3d3dd - __rustc[ea4f61d10b84890b]::rust_begin_unwind
[INFO] [stdout]   10:     0x622755e758cc - core[a373ad73a504971]::panicking::panic_fmt
[INFO] [stdout]   11:     0x622755db7a49 - <kcode_k1_http_launch_nodes_representation[a60a87b685f8de46]::tests::complete_package_stays_below_the_managed_limit::{closure#0} as core[a373ad73a504971]::ops::function::FnOnce<()>>::call_once
[INFO] [stdout]   12:     0x622755dcd1db - test[aada8e7e76ba119b]::__rust_begin_short_backtrace::<core[a373ad73a504971]::result::Result<(), alloc[2e1b2a31b91974c5]::string::String>, fn() -> core[a373ad73a504971]::result::Result<(), alloc[2e1b2a31b91974c5]::string::String>>
[INFO] [stdout]   13:     0x622755dda3b5 - test[aada8e7e76ba119b]::run_test::{closure#0}
[INFO] [stdout]   14:     0x622755dd3ca4 - std[617be2ca0a6fd877]::sys::backtrace::__rust_begin_short_backtrace::<test[aada8e7e76ba119b]::run_test::{closure#1}, ()>
[INFO] [stdout]   15:     0x622755ddd442 - <std[617be2ca0a6fd877]::thread::lifecycle::spawn_unchecked<test[aada8e7e76ba119b]::run_test::{closure#1}, ()>::{closure#1} as core[a373ad73a504971]::ops::function::FnOnce<()>>::call_once::{shim:vtable#0}
[INFO] [stdout]   16:     0x622755e5fedf - <std[617be2ca0a6fd877]::sys::thread::unix::Thread>::new::thread_start
[INFO] [stdout]   17:     0x77e3483d5dfa - <unknown>
[INFO] [stdout]   18:     0x77e3484693d4 - clone
[INFO] [stdout]   19:                0x0 - <unknown>
[INFO] [stdout] 
[INFO] [stdout] 
[INFO] [stdout] failures:
[INFO] [stdout]     tests::complete_package_stays_below_the_managed_limit
[INFO] [stdout] 
[INFO] [stdout] test result: FAILED. 4 passed; 1 failed; 0 ignored; 0 measured; 0 filtered out; finished in 0.01s
[INFO] [stdout] 
[INFO] running `Command { std: "docker" "inspect" "19e2295ccce0b2be9c24dced11f480e62b5ddebd857b3392963f0fad8f3a8ad0", kill_on_drop: false }`
[INFO] running `Command { std: "docker" "rm" "-f" "19e2295ccce0b2be9c24dced11f480e62b5ddebd857b3392963f0fad8f3a8ad0", kill_on_drop: false }`
[INFO] [stdout] 19e2295ccce0b2be9c24dced11f480e62b5ddebd857b3392963f0fad8f3a8ad0
