[INFO] fetching crate kcode-k1-http-kmap-testkit 0.1.0...
[INFO] testing kcode-k1-http-kmap-testkit-0.1.0 against 1.99.0-beta.8+cargoflags=--release for beta-release-1.100-2
[INFO] extracting crate kcode-k1-http-kmap-testkit 0.1.0 into /workspace/builds/worker-0-tc1/source
[INFO] started tweaking crates.io crate kcode-k1-http-kmap-testkit 0.1.0
[INFO] finished tweaking crates.io crate kcode-k1-http-kmap-testkit 0.1.0
[INFO] tweaked toml for crates.io crate kcode-k1-http-kmap-testkit 0.1.0 written to /workspace/builds/worker-0-tc1/source/Cargo.toml
[INFO] validating manifest of crates.io crate kcode-k1-http-kmap-testkit 0.1.0 on toolchain 1.99.0-beta.8
[INFO] running `Command { std: CARGO_HOME="/workspace/cargo-home" RUSTUP_HOME="/workspace/rustup-home" "/workspace/cargo-home/bin/cargo" "+1.99.0-beta.8" "metadata" "--manifest-path" "Cargo.toml" "--no-deps", kill_on_drop: false }`
[INFO] crate crates.io crate kcode-k1-http-kmap-testkit 0.1.0 already has a lockfile, it will not be regenerated
[INFO] running `Command { std: CARGO_HOME="/workspace/cargo-home" RUSTUP_HOME="/workspace/rustup-home" "/workspace/cargo-home/bin/cargo" "+1.99.0-beta.8" "fetch" "--manifest-path" "Cargo.toml", kill_on_drop: false }`
[INFO] [stderr]     Updating crates.io index
[INFO] [stderr]  Downloading crates ...
[INFO] [stderr]   Downloaded kcode-k1-kmap v0.7.0
[INFO] [stderr]   Downloaded kcode-k1-kmap-loader v0.7.0
[INFO] [stderr]   Downloaded kcode-k1-kmap-projection v0.2.0
[INFO] [stderr]   Downloaded kcode-k1-kmap-format v0.2.0
[INFO] [stderr]   Downloaded kcode-k1-kmap-selection v0.2.0
[INFO] [stderr]   Downloaded kcode-k1-http-signature v0.1.0
[INFO] [stderr]   Downloaded kcode-k1-groups-index v0.2.2
[INFO] [stderr]   Downloaded kcode-k1-http-replay v0.1.0
[INFO] [stderr]   Downloaded kcode-k1-http-request v0.1.1
[INFO] [stderr]   Downloaded kcode-k1-access-policy v0.2.0
[INFO] [stderr]   Downloaded kcode-k1-access-driver-state v0.2.0
[INFO] [stderr]   Downloaded kcode-k1-groups-sqlite v0.2.1
[INFO] [stderr]   Downloaded kcode-k1-access-types v0.4.0
[INFO] [stderr]   Downloaded kcode-k1-groups-reverse-index v0.1.1
[INFO] [stderr]   Downloaded kcode-k1-access-discovery-store v0.1.0
[INFO] [stderr]   Downloaded kcode-k1-access v0.6.2
[INFO] [stderr]   Downloaded kcode-k1-groups-state v0.3.0
[INFO] [stderr]   Downloaded kcode-k1-http v0.2.2
[INFO] [stderr]   Downloaded kcode-k1-groups-projection v0.2.1
[INFO] [stderr]   Downloaded kcode-k1-access-discovery v0.2.0
[INFO] [stderr]   Downloaded kcode-k1-http-kmap v0.1.0
[INFO] [stderr]   Downloaded kcode-k1-http-kmap-representation v0.1.0
[INFO] [stderr]   Downloaded kcode-k1-access-profile-records v0.5.1
[INFO] [stderr]   Downloaded kcode-k1-access-profiles v0.6.2
[INFO] [stderr]   Downloaded kcode-k1-access-driver v0.4.2
[INFO] [stderr]   Downloaded kcode-k1-transaction v0.3.0
[INFO] [stderr]   Downloaded kcode-k1-access-profile-types v0.7.0
[INFO] [stderr]   Downloaded kcode-k1-access-profile-sqlite v0.5.1
[INFO] [stderr]   Downloaded kcode-k1-groups-semantics v0.2.0
[INFO] [stderr]   Downloaded kcode-k1-groups-domain v0.1.1
[INFO] [stderr]   Downloaded kcode-k1-groups-driver v0.2.0
[INFO] [stderr]   Downloaded kcode-k1-groups-wire v0.2.0
[INFO] [stderr]   Downloaded kcode-k1-access-kmap v0.5.0
[INFO] [stderr]   Downloaded kcode-k1-access-store v0.4.0
[INFO] [stderr]   Downloaded kcode-k1-groups v0.3.1
[INFO] [stderr]   Downloaded kcode-k1-authority-filters v0.2.0
[INFO] [stderr]   Downloaded kcode-k1-access-profile-store v0.6.1
[INFO] [stderr]   Downloaded kcode-k1-access-types v0.2.0
[INFO] [stderr]   Downloaded kcode-k1-groups-recovery v0.2.0
[INFO] [stderr]   Downloaded kcode-k1-access-state v0.2.2
[INFO] [stderr]   Downloaded kcode-k1-access-format v0.5.0
[INFO] [stderr]   Downloaded kcode-k1-http-access-context v0.2.0
[INFO] [stderr]   Downloaded kcode-k1-access-projection v0.6.2
[INFO] [stderr]   Downloaded kcode-k1-authority-filter-store v0.2.0
[INFO] [stderr]   Downloaded kcode-k1-access-profile-wire v0.6.0
[INFO] running `Command { std: "docker" "create" "-v" "/var/lib/crater-agent-workspace/builds/worker-0-tc1/source:/opt/rustwide/workdir:ro,Z" "-v" "/var/lib/crater-agent-workspace/builds/worker-0-tc1/target:/opt/rustwide/target:rw,Z" "-v" "/var/lib/crater-agent-workspace/cargo-home:/opt/rustwide/cargo-home:ro,Z" "-v" "/var/lib/crater-agent-workspace/rustup-home:/opt/rustwide/rustup-home:ro,Z" "-m" "1610612736" "--network" "none" "ghcr.io/rust-lang/crates-build-env/linux@sha256:77db811e55d90add9212f6832c23229e3de5f1c1f9905e8cb07319ea15df73ac" "sleep" "infinity", kill_on_drop: false }`
[INFO] [stdout] 0c06e176000500baf11dc4568b40676113c52a6c112def89779c1f5257b31bf4
[INFO] running `Command { std: "docker" "start" "0c06e176000500baf11dc4568b40676113c52a6c112def89779c1f5257b31bf4", kill_on_drop: false }`
[INFO] running `Command { std: "docker" "inspect" "0c06e176000500baf11dc4568b40676113c52a6c112def89779c1f5257b31bf4", kill_on_drop: false }`
[INFO] running `Command { std: "docker" "exec" "-e" "SOURCE_DIR=/opt/rustwide/workdir" "-e" "CARGO_HOME=/opt/rustwide/cargo-home" "-e" "RUSTUP_HOME=/opt/rustwide/rustup-home" "-e" "CARGO_TARGET_DIR=/opt/rustwide/target" "-w" "/opt/rustwide/workdir" "--user" "0:0" "0c06e176000500baf11dc4568b40676113c52a6c112def89779c1f5257b31bf4" "/opt/rustwide/cargo-home/bin/cargo" "+1.99.0-beta.8" "metadata" "--no-deps" "--format-version=1", kill_on_drop: false }`
[INFO] running `Command { std: "docker" "inspect" "0c06e176000500baf11dc4568b40676113c52a6c112def89779c1f5257b31bf4", kill_on_drop: false }`
[INFO] running `Command { std: "docker" "exec" "-e" "SOURCE_DIR=/opt/rustwide/workdir" "-e" "CARGO_HOME=/opt/rustwide/cargo-home" "-e" "RUSTUP_HOME=/opt/rustwide/rustup-home" "-e" "CARGO_TARGET_DIR=/opt/rustwide/target" "-e" "CARGO_INCREMENTAL=0" "-e" "RUST_BACKTRACE=full" "-e" "RUSTFLAGS=--cap-lints=warn" "-e" "RUSTDOCFLAGS=--cap-lints=warn" "-w" "/opt/rustwide/workdir" "--user" "0:0" "0c06e176000500baf11dc4568b40676113c52a6c112def89779c1f5257b31bf4" "/opt/rustwide/cargo-home/bin/cargo" "+1.99.0-beta.8" "build" "--frozen" "--message-format=json" "--release", kill_on_drop: false }`
[INFO] [stderr]    Compiling signature v2.2.0
[INFO] [stderr]    Compiling smallvec v1.16.2
[INFO] [stderr]    Compiling syn v2.0.119
[INFO] [stderr]    Compiling curve25519-dalek v4.1.3
[INFO] [stderr]    Compiling libsqlite3-sys v0.38.2
[INFO] [stderr]    Compiling syn v3.0.6
[INFO] [stderr]    Compiling generic-array v0.14.7
[INFO] [stderr]    Compiling getrandom v0.3.4
[INFO] [stderr]    Compiling hashlink v0.12.2
[INFO] [stderr]    Compiling mio v1.2.3
[INFO] [stderr]    Compiling heapless v0.7.17
[INFO] [stderr]    Compiling spin v0.9.9
[INFO] [stderr]    Compiling hash32 v0.2.1
[INFO] [stderr]    Compiling serde_json v1.0.151
[INFO] [stderr]    Compiling futures-util v0.3.34
[INFO] [stderr]    Compiling serde_path_to_error v0.1.20
[INFO] [stderr]    Compiling ed25519 v2.2.3
[INFO] [stderr]    Compiling getrandom v0.4.3
[INFO] [stderr]    Compiling kcode-k1-kmap-selection v0.2.0
[INFO] [stderr]    Compiling tower-http v0.6.11
[INFO] [stderr]    Compiling tempfile v3.27.0
[INFO] [stderr]    Compiling crypto-common v0.1.7
[INFO] [stderr]    Compiling block-buffer v0.10.4
[INFO] [stderr]    Compiling digest v0.10.7
[INFO] [stderr]    Compiling sha2 v0.10.9
[INFO] [stderr]    Compiling hmac v0.12.1
[INFO] [stderr]    Compiling kcode-k1-transaction-id v0.1.1
[INFO] [stderr]    Compiling kcode-k1-transaction-store v0.2.0
[INFO] [stderr]    Compiling kcode-k1-invite-projection-store v0.1.0
[INFO] [stderr]    Compiling kcode-k1-transaction v0.2.1
[INFO] [stderr]    Compiling kcode-k1-transaction v0.3.0
[INFO] [stderr]    Compiling kcode-k1-invite-projection v0.1.0
[INFO] [stderr]    Compiling kcode-k1-order-store v0.2.0
[INFO] [stderr]    Compiling kcode-k1-canonical-chain v0.2.0
[INFO] [stderr]    Compiling kcode-k1-txn-ordering v0.5.1
[INFO] [stderr]    Compiling serde_derive v1.0.229
[INFO] [stderr]    Compiling tokio-macros v2.7.2
[INFO] [stderr]    Compiling thiserror-impl v2.0.21
[INFO] [stderr]    Compiling async-trait v0.1.92
[INFO] [stderr]    Compiling tokio v1.53.1
[INFO] [stderr]    Compiling thiserror v2.0.21
[INFO] [stderr]    Compiling cobs v0.3.0
[INFO] [stderr]    Compiling curve25519-dalek-derive v0.1.1
[INFO] [stderr]    Compiling tracing-attributes v0.1.31
[INFO] [stderr]    Compiling tracing v0.1.44
[INFO] [stderr]    Compiling axum-core v0.5.6
[INFO] [stderr]    Compiling serde v1.0.229
[INFO] [stderr]    Compiling ed25519-dalek v2.2.0
[INFO] [stderr]    Compiling kcode-k1-peering v0.3.1
[INFO] [stderr]    Compiling kcode-k1-http-signature v0.1.0
[INFO] [stderr]    Compiling kcode-k1-invites v0.2.2
[INFO] [stderr]    Compiling serde_urlencoded v0.7.1
[INFO] [stderr]    Compiling kcode-k1-groups-domain v0.1.1
[INFO] [stderr]    Compiling kcode-k1-groups-semantics v0.2.0
[INFO] [stderr]    Compiling kcode-k1-groups-reverse-index v0.1.1
[INFO] [stderr]    Compiling kcode-k1-groups-wire v0.2.0
[INFO] [stderr]    Compiling hyper v1.11.1
[INFO] [stderr]    Compiling tower v0.5.3
[INFO] [stderr]    Compiling kcode-k1-http-replay v0.1.0
[INFO] [stderr]    Compiling postcard v1.1.3
[INFO] [stderr]    Compiling kcode-k1-kmap-format v0.2.0
[INFO] [stderr]    Compiling hyper-util v0.1.21
[INFO] [stderr]    Compiling axum v0.8.9
[INFO] [stderr]    Compiling kcode-k1-kmap-loader v0.7.0
[INFO] [stderr]    Compiling kcode-k1-http-request v0.1.1
[INFO] [stderr]    Compiling kcode-k1-http v0.2.2
[INFO] [stderr]    Compiling rusqlite v0.40.2
[INFO] [stderr]    Compiling kcode-k1-groups-sqlite v0.2.1
[INFO] [stderr]    Compiling kcode-k1-kmap-projection v0.2.0
[INFO] [stderr]    Compiling kcode-k1-kmap v0.7.0
[INFO] [stderr]    Compiling kcode-k1-groups-index v0.2.2
[INFO] [stderr]    Compiling kcode-k1-groups-state v0.3.0
[INFO] [stderr]    Compiling kcode-k1-groups-recovery v0.2.0
[INFO] [stderr]    Compiling kcode-k1-groups-projection v0.2.1
[INFO] [stderr]    Compiling kcode-k1-groups-driver v0.2.0
[INFO] [stderr]    Compiling kcode-k1-groups v0.3.1
[INFO] [stderr]    Compiling kcode-k1-access-types v0.4.0
[INFO] [stderr]    Compiling kcode-k1-access-types v0.2.0
[INFO] [stderr]    Compiling kcode-k1-access-store v0.4.0
[INFO] [stderr]    Compiling kcode-k1-access-policy v0.2.0
[INFO] [stderr]    Compiling kcode-k1-access-format v0.5.0
[INFO] [stderr]    Compiling kcode-k1-access-profile-types v0.7.0
[INFO] [stderr]    Compiling kcode-k1-authority-filter-store v0.2.0
[INFO] [stderr]    Compiling kcode-k1-http-kmap-representation v0.1.0
[INFO] [stderr]    Compiling kcode-k1-access-profile-records v0.5.1
[INFO] [stderr]    Compiling kcode-k1-access-profile-sqlite v0.5.1
[INFO] [stderr]    Compiling kcode-k1-access-profile-wire v0.6.0
[INFO] [stderr]    Compiling kcode-k1-access-discovery-store v0.1.0
[INFO] [stderr]    Compiling kcode-k1-access-state v0.2.2
[INFO] [stderr]    Compiling kcode-k1-access-discovery v0.2.0
[INFO] [stderr]    Compiling kcode-k1-authority-filters v0.2.0
[INFO] [stderr]    Compiling kcode-k1-access-projection v0.6.2
[INFO] [stderr]    Compiling kcode-k1-access-profile-store v0.6.1
[INFO] [stderr]    Compiling kcode-k1-http-access-context v0.2.0
[INFO] [stderr]    Compiling kcode-k1-access-profiles v0.6.2
[INFO] [stderr]    Compiling kcode-k1-access-driver-state v0.2.0
[INFO] [stderr]    Compiling kcode-k1-access-driver v0.4.2
[INFO] [stderr]    Compiling kcode-k1-access v0.6.2
[INFO] [stderr]    Compiling kcode-k1-access-kmap v0.5.0
[INFO] [stderr]    Compiling kcode-k1-http-kmap v0.1.0
[INFO] [stderr]    Compiling kcode-k1-http-kmap-testkit v0.1.0 (/opt/rustwide/workdir)
[INFO] [stderr]     Finished `release` profile [optimized] target(s) in 2m 10s
[INFO] running `Command { std: "docker" "inspect" "0c06e176000500baf11dc4568b40676113c52a6c112def89779c1f5257b31bf4", kill_on_drop: false }`
[INFO] running `Command { std: "docker" "exec" "-e" "SOURCE_DIR=/opt/rustwide/workdir" "-e" "CARGO_HOME=/opt/rustwide/cargo-home" "-e" "RUSTUP_HOME=/opt/rustwide/rustup-home" "-e" "CARGO_TARGET_DIR=/opt/rustwide/target" "-e" "CARGO_INCREMENTAL=0" "-e" "RUST_BACKTRACE=full" "-e" "RUSTFLAGS=--cap-lints=warn" "-e" "RUSTDOCFLAGS=--cap-lints=warn" "-w" "/opt/rustwide/workdir" "--user" "0:0" "0c06e176000500baf11dc4568b40676113c52a6c112def89779c1f5257b31bf4" "/opt/rustwide/cargo-home/bin/cargo" "+1.99.0-beta.8" "test" "--frozen" "--no-run" "--message-format=json" "--release", kill_on_drop: false }`
[INFO] [stderr]    Compiling kcode-k1-http-kmap-testkit v0.1.0 (/opt/rustwide/workdir)
[INFO] [stderr]     Finished `release` profile [optimized] target(s) in 3.47s
[INFO] running `Command { std: "docker" "inspect" "0c06e176000500baf11dc4568b40676113c52a6c112def89779c1f5257b31bf4", kill_on_drop: false }`
[INFO] running `Command { std: "docker" "exec" "-e" "SOURCE_DIR=/opt/rustwide/workdir" "-e" "CARGO_HOME=/opt/rustwide/cargo-home" "-e" "RUSTUP_HOME=/opt/rustwide/rustup-home" "-e" "CARGO_TARGET_DIR=/opt/rustwide/target" "-e" "CARGO_INCREMENTAL=0" "-e" "RUST_BACKTRACE=full" "-e" "RUSTFLAGS=--cap-lints=warn" "-e" "RUSTDOCFLAGS=--cap-lints=warn" "-w" "/opt/rustwide/workdir" "--user" "0:0" "0c06e176000500baf11dc4568b40676113c52a6c112def89779c1f5257b31bf4" "/opt/rustwide/cargo-home/bin/cargo" "+1.99.0-beta.8" "test" "--frozen" "--release", kill_on_drop: false }`
[INFO] [stderr]     Finished `release` profile [optimized] target(s) in 0.14s
[INFO] [stderr]      Running unittests src/lib.rs (/opt/rustwide/target/release/deps/kcode_k1_http_kmap_testkit-ba4e4cf05d17a3e9)
[INFO] [stdout] 
[INFO] [stdout] running 2 tests
[INFO] [stdout] test tests::complete_package_stays_below_the_managed_limit ... FAILED
[INFO] [stdout] test tests::real_stack_conformance ... ok
[INFO] [stderr] error: test failed, to rerun pass `--lib`
[INFO] [stdout] 
[INFO] [stdout] failures:
[INFO] [stdout] 
[INFO] [stdout] ---- tests::complete_package_stays_below_the_managed_limit stdout ----
[INFO] [stdout] 
[INFO] [stdout] thread 'tests::complete_package_stays_below_the_managed_limit' (1699) panicked at src/lib.rs:487:9:
[INFO] [stdout] complete package has 528 nonblank lines
[INFO] [stdout] stack backtrace:
[INFO] [stdout]    0:     0x5e169b857901 - <<std[70759c8f55707aa4]::sys::backtrace::BacktraceLock>::print::DisplayBacktrace as core[df12db4294e9bfd3]::fmt::Display>::fmt
[INFO] [stdout]    1:     0x5e169b86d68a - core[df12db4294e9bfd3]::fmt::write
[INFO] [stdout]    2:     0x5e169b85c29c - <alloc[2182bb758b4b3781]::vec::Vec<u8> as core[df12db4294e9bfd3]::io::write::Write>::write_fmt
[INFO] [stdout]    3:     0x5e169b831036 - std[70759c8f55707aa4]::panicking::default_hook::{closure#0}
[INFO] [stdout]    4:     0x5e169b84ec19 - std[70759c8f55707aa4]::panicking::default_hook
[INFO] [stdout]    5:     0x5e169b4ddf40 - test[9d35eded1c95d3be]::test_main_inner::<test[9d35eded1c95d3be]::test_main_static::{closure#0}>::{closure#0}
[INFO] [stdout]    6:     0x5e169b84edd2 - std[70759c8f55707aa4]::panicking::panic_with_hook
[INFO] [stdout]    7:     0x5e169b8310e2 - std[70759c8f55707aa4]::panicking::panic_handler::{closure#0}
[INFO] [stdout]    8:     0x5e169b829a19 - std[70759c8f55707aa4]::sys::backtrace::__rust_end_short_backtrace::<std[70759c8f55707aa4]::panicking::panic_handler::{closure#0}, !>
[INFO] [stdout]    9:     0x5e169b831ebd - __rustc[8fa7c3cbc660c2b3]::rust_begin_unwind
[INFO] [stdout]   10:     0x5e169b86ddec - core[df12db4294e9bfd3]::panicking::panic_fmt
[INFO] [stdout]   11:     0x5e169b4c7b46 - kcode_k1_http_kmap_testkit[67212ef912f40fd0]::tests::complete_package_stays_below_the_managed_limit
[INFO] [stdout]   12:     0x5e169b4b55d9 - <kcode_k1_http_kmap_testkit[67212ef912f40fd0]::tests::complete_package_stays_below_the_managed_limit::{closure#0} as core[df12db4294e9bfd3]::ops::function::FnOnce<()>>::call_once
[INFO] [stdout]   13:     0x5e169b4d122b - test[9d35eded1c95d3be]::__rust_begin_short_backtrace::<core[df12db4294e9bfd3]::result::Result<(), alloc[2182bb758b4b3781]::string::String>, fn() -> core[df12db4294e9bfd3]::result::Result<(), alloc[2182bb758b4b3781]::string::String>>
[INFO] [stdout]   14:     0x5e169b4de895 - test[9d35eded1c95d3be]::run_test::{closure#0}
[INFO] [stdout]   15:     0x5e169b4d8154 - std[70759c8f55707aa4]::sys::backtrace::__rust_begin_short_backtrace::<test[9d35eded1c95d3be]::run_test::{closure#1}, ()>
[INFO] [stdout]   16:     0x5e169b4e19f2 - <std[70759c8f55707aa4]::thread::lifecycle::spawn_unchecked<test[9d35eded1c95d3be]::run_test::{closure#1}, ()>::{closure#1} as core[df12db4294e9bfd3]::ops::function::FnOnce<()>>::call_once::{shim:vtable#0}
[INFO] [stdout]   17:     0x5e169b856da9 - <std[70759c8f55707aa4]::sys::thread::unix::Thread>::new::thread_start
[INFO] [stdout]   18:     0x79ce07706dfa - <unknown>
[INFO] [stdout]   19:     0x79ce0779a3d4 - clone
[INFO] [stdout]   20:                0x0 - <unknown>
[INFO] [stdout] 
[INFO] [stdout] 
[INFO] [stdout] failures:
[INFO] [stdout]     tests::complete_package_stays_below_the_managed_limit
[INFO] [stdout] 
[INFO] [stdout] test result: FAILED. 1 passed; 1 failed; 0 ignored; 0 measured; 0 filtered out; finished in 1.38s
[INFO] [stdout] 
[INFO] running `Command { std: "docker" "inspect" "0c06e176000500baf11dc4568b40676113c52a6c112def89779c1f5257b31bf4", kill_on_drop: false }`
[INFO] running `Command { std: "docker" "rm" "-f" "0c06e176000500baf11dc4568b40676113c52a6c112def89779c1f5257b31bf4", kill_on_drop: false }`
[INFO] [stdout] 0c06e176000500baf11dc4568b40676113c52a6c112def89779c1f5257b31bf4
