[INFO] fetching crate kcode-k1-http-kmap-representation 0.1.1...
[INFO] testing kcode-k1-http-kmap-representation-0.1.1 against 1.99.0-beta.8+cargoflags=--release for beta-release-1.100-2
[INFO] extracting crate kcode-k1-http-kmap-representation 0.1.1 into /workspace/builds/worker-0-tc1/source
[INFO] started tweaking crates.io crate kcode-k1-http-kmap-representation 0.1.1
[INFO] finished tweaking crates.io crate kcode-k1-http-kmap-representation 0.1.1
[INFO] tweaked toml for crates.io crate kcode-k1-http-kmap-representation 0.1.1 written to /workspace/builds/worker-0-tc1/source/Cargo.toml
[INFO] validating manifest of crates.io crate kcode-k1-http-kmap-representation 0.1.1 on toolchain 1.99.0-beta.8
[INFO] running `Command { std: CARGO_HOME="/workspace/cargo-home" RUSTUP_HOME="/workspace/rustup-home" "/workspace/cargo-home/bin/cargo" "+1.99.0-beta.8" "metadata" "--manifest-path" "Cargo.toml" "--no-deps", kill_on_drop: false }`
[INFO] crate crates.io crate kcode-k1-http-kmap-representation 0.1.1 already has a lockfile, it will not be regenerated
[INFO] running `Command { std: CARGO_HOME="/workspace/cargo-home" RUSTUP_HOME="/workspace/rustup-home" "/workspace/cargo-home/bin/cargo" "+1.99.0-beta.8" "fetch" "--manifest-path" "Cargo.toml", kill_on_drop: false }`
[INFO] [stderr]     Updating crates.io index
[INFO] [stderr]  Downloading crates ...
[INFO] [stderr]   Downloaded kcode-k1-groups v0.3.1
[INFO] [stderr]   Downloaded kcode-k1-transaction v0.2.1
[INFO] [stderr]   Downloaded kcode-k1-transaction-store v0.2.0
[INFO] [stderr]   Downloaded kcode-k1-access-types v0.4.0
[INFO] [stderr]   Downloaded kcode-k1-transaction-id v0.1.1
[INFO] [stderr]   Downloaded kcode-k1-order-store v0.2.0
[INFO] [stderr]   Downloaded kcode-k1-groups-recovery v0.2.0
[INFO] [stderr]   Downloaded kcode-k1-groups-domain v0.1.1
[INFO] [stderr]   Downloaded kcode-k1-groups-semantics v0.2.0
[INFO] [stderr]   Downloaded kcode-k1-invite-projection-store v0.1.0
[INFO] [stderr]   Downloaded kcode-k1-groups-index v0.2.2
[INFO] [stderr]   Downloaded kcode-k1-txn-ordering v0.5.1
[INFO] [stderr]   Downloaded kcode-k1-groups-projection v0.2.1
[INFO] [stderr]   Downloaded kcode-k1-groups-state v0.3.0
[INFO] [stderr]   Downloaded kcode-k1-canonical-chain v0.2.0
[INFO] [stderr]   Downloaded kcode-k1-groups-sqlite v0.2.1
[INFO] [stderr]   Downloaded kcode-k1-groups-reverse-index v0.1.1
[INFO] [stderr]   Downloaded kcode-k1-groups-driver v0.2.0
[INFO] [stderr]   Downloaded kcode-k1-peering v0.3.1
[INFO] [stderr]   Downloaded kcode-k1-invites v0.2.2
[INFO] [stderr]   Downloaded kcode-k1-invite-projection v0.1.0
[INFO] [stderr]   Downloaded kcode-k1-groups-wire v0.2.0
[INFO] running `Command { std: "docker" "create" "-v" "/var/lib/crater-agent-workspace/builds/worker-0-tc1/source:/opt/rustwide/workdir:ro,Z" "-v" "/var/lib/crater-agent-workspace/builds/worker-0-tc1/target:/opt/rustwide/target:rw,Z" "-v" "/var/lib/crater-agent-workspace/cargo-home:/opt/rustwide/cargo-home:ro,Z" "-v" "/var/lib/crater-agent-workspace/rustup-home:/opt/rustwide/rustup-home:ro,Z" "-m" "1610612736" "--network" "none" "ghcr.io/rust-lang/crates-build-env/linux@sha256:77db811e55d90add9212f6832c23229e3de5f1c1f9905e8cb07319ea15df73ac" "sleep" "infinity", kill_on_drop: false }`
[INFO] [stdout] 2768c5a37aae228e13feb0b4bbd0cd5dfa6dd1e6825d0e9df2e64e676f1d5221
[INFO] running `Command { std: "docker" "start" "2768c5a37aae228e13feb0b4bbd0cd5dfa6dd1e6825d0e9df2e64e676f1d5221", kill_on_drop: false }`
[INFO] running `Command { std: "docker" "inspect" "2768c5a37aae228e13feb0b4bbd0cd5dfa6dd1e6825d0e9df2e64e676f1d5221", kill_on_drop: false }`
[INFO] running `Command { std: "docker" "exec" "-e" "SOURCE_DIR=/opt/rustwide/workdir" "-e" "CARGO_HOME=/opt/rustwide/cargo-home" "-e" "RUSTUP_HOME=/opt/rustwide/rustup-home" "-e" "CARGO_TARGET_DIR=/opt/rustwide/target" "-w" "/opt/rustwide/workdir" "--user" "0:0" "2768c5a37aae228e13feb0b4bbd0cd5dfa6dd1e6825d0e9df2e64e676f1d5221" "/opt/rustwide/cargo-home/bin/cargo" "+1.99.0-beta.8" "metadata" "--no-deps" "--format-version=1", kill_on_drop: false }`
[INFO] running `Command { std: "docker" "inspect" "2768c5a37aae228e13feb0b4bbd0cd5dfa6dd1e6825d0e9df2e64e676f1d5221", kill_on_drop: false }`
[INFO] running `Command { std: "docker" "exec" "-e" "SOURCE_DIR=/opt/rustwide/workdir" "-e" "CARGO_HOME=/opt/rustwide/cargo-home" "-e" "RUSTUP_HOME=/opt/rustwide/rustup-home" "-e" "CARGO_TARGET_DIR=/opt/rustwide/target" "-e" "CARGO_INCREMENTAL=0" "-e" "RUST_BACKTRACE=full" "-e" "RUSTFLAGS=--cap-lints=warn" "-e" "RUSTDOCFLAGS=--cap-lints=warn" "-w" "/opt/rustwide/workdir" "--user" "0:0" "2768c5a37aae228e13feb0b4bbd0cd5dfa6dd1e6825d0e9df2e64e676f1d5221" "/opt/rustwide/cargo-home/bin/cargo" "+1.99.0-beta.8" "build" "--frozen" "--message-format=json" "--release", kill_on_drop: false }`
[INFO] [stderr]    Compiling digest v0.10.7
[INFO] [stderr]    Compiling libc v0.2.190
[INFO] [stderr]    Compiling syn v2.0.119
[INFO] [stderr]    Compiling signature v2.2.0
[INFO] [stderr]    Compiling curve25519-dalek v4.1.3
[INFO] [stderr]    Compiling cc v1.6.0
[INFO] [stderr]    Compiling hashlink v0.12.2
[INFO] [stderr]    Compiling syn v3.0.6
[INFO] [stderr]    Compiling ed25519 v2.2.3
[INFO] [stderr]    Compiling serde_core v1.0.229
[INFO] [stderr]    Compiling sha2 v0.10.9
[INFO] [stderr]    Compiling hmac v0.12.1
[INFO] [stderr]    Compiling tracing v0.1.44
[INFO] [stderr]    Compiling futures-task v0.3.34
[INFO] [stderr]    Compiling kcode-k1-transaction-id v0.1.1
[INFO] [stderr]    Compiling kcode-k1-transaction-store v0.2.0
[INFO] [stderr]    Compiling kcode-k1-invite-projection-store v0.1.0
[INFO] [stderr]    Compiling kcode-k1-transaction v0.2.1
[INFO] [stderr]    Compiling kcode-k1-order-store v0.2.0
[INFO] [stderr]    Compiling kcode-k1-canonical-chain v0.2.0
[INFO] [stderr]    Compiling getrandom v0.3.4
[INFO] [stderr]    Compiling kcode-k1-txn-ordering v0.5.1
[INFO] [stderr]    Compiling kcode-k1-invite-projection v0.1.0
[INFO] [stderr]    Compiling libsqlite3-sys v0.38.2
[INFO] [stderr]    Compiling socket2 v0.6.5
[INFO] [stderr]    Compiling mio v1.2.3
[INFO] [stderr]    Compiling futures-util v0.3.34
[INFO] [stderr]    Compiling axum-core v0.5.6
[INFO] [stderr]    Compiling serde_json v1.0.151
[INFO] [stderr]    Compiling serde_path_to_error v0.1.20
[INFO] [stderr]    Compiling tokio-macros v2.7.2
[INFO] [stderr]    Compiling serde_derive v1.0.229
[INFO] [stderr]    Compiling curve25519-dalek-derive v0.1.1
[INFO] [stderr]    Compiling tokio v1.53.1
[INFO] [stderr]    Compiling ed25519-dalek v2.2.0
[INFO] [stderr]    Compiling kcode-k1-peering v0.3.1
[INFO] [stderr]    Compiling kcode-k1-invites v0.2.2
[INFO] [stderr]    Compiling kcode-k1-groups-domain v0.1.1
[INFO] [stderr]    Compiling kcode-k1-groups-semantics v0.2.0
[INFO] [stderr]    Compiling kcode-k1-groups-reverse-index v0.1.1
[INFO] [stderr]    Compiling kcode-k1-groups-wire v0.2.0
[INFO] [stderr]    Compiling serde v1.0.229
[INFO] [stderr]    Compiling serde_urlencoded v0.7.1
[INFO] [stderr]    Compiling hyper v1.11.1
[INFO] [stderr]    Compiling tower v0.5.3
[INFO] [stderr]    Compiling hyper-util v0.1.21
[INFO] [stderr]    Compiling axum v0.8.9
[INFO] [stderr]    Compiling rusqlite v0.40.2
[INFO] [stderr]    Compiling kcode-k1-groups-sqlite v0.2.1
[INFO] [stderr]    Compiling kcode-k1-groups-index v0.2.2
[INFO] [stderr]    Compiling kcode-k1-groups-state v0.3.0
[INFO] [stderr]    Compiling kcode-k1-groups-recovery v0.2.0
[INFO] [stderr]    Compiling kcode-k1-groups-projection v0.2.1
[INFO] [stderr]    Compiling kcode-k1-groups-driver v0.2.0
[INFO] [stderr]    Compiling kcode-k1-groups v0.3.1
[INFO] [stderr]    Compiling kcode-k1-access-types v0.4.0
[INFO] [stderr]    Compiling kcode-k1-http-kmap-representation v0.1.1 (/opt/rustwide/workdir)
[INFO] [stderr]     Finished `release` profile [optimized] target(s) in 2m 40s
[INFO] running `Command { std: "docker" "inspect" "2768c5a37aae228e13feb0b4bbd0cd5dfa6dd1e6825d0e9df2e64e676f1d5221", kill_on_drop: false }`
[INFO] running `Command { std: "docker" "exec" "-e" "SOURCE_DIR=/opt/rustwide/workdir" "-e" "CARGO_HOME=/opt/rustwide/cargo-home" "-e" "RUSTUP_HOME=/opt/rustwide/rustup-home" "-e" "CARGO_TARGET_DIR=/opt/rustwide/target" "-e" "CARGO_INCREMENTAL=0" "-e" "RUST_BACKTRACE=full" "-e" "RUSTFLAGS=--cap-lints=warn" "-e" "RUSTDOCFLAGS=--cap-lints=warn" "-w" "/opt/rustwide/workdir" "--user" "0:0" "2768c5a37aae228e13feb0b4bbd0cd5dfa6dd1e6825d0e9df2e64e676f1d5221" "/opt/rustwide/cargo-home/bin/cargo" "+1.99.0-beta.8" "test" "--frozen" "--no-run" "--message-format=json" "--release", kill_on_drop: false }`
[INFO] [stderr]    Compiling kcode-k1-http-kmap-representation v0.1.1 (/opt/rustwide/workdir)
[INFO] [stderr]     Finished `release` profile [optimized] target(s) in 3.47s
[INFO] running `Command { std: "docker" "inspect" "2768c5a37aae228e13feb0b4bbd0cd5dfa6dd1e6825d0e9df2e64e676f1d5221", kill_on_drop: false }`
[INFO] running `Command { std: "docker" "exec" "-e" "SOURCE_DIR=/opt/rustwide/workdir" "-e" "CARGO_HOME=/opt/rustwide/cargo-home" "-e" "RUSTUP_HOME=/opt/rustwide/rustup-home" "-e" "CARGO_TARGET_DIR=/opt/rustwide/target" "-e" "CARGO_INCREMENTAL=0" "-e" "RUST_BACKTRACE=full" "-e" "RUSTFLAGS=--cap-lints=warn" "-e" "RUSTDOCFLAGS=--cap-lints=warn" "-w" "/opt/rustwide/workdir" "--user" "0:0" "2768c5a37aae228e13feb0b4bbd0cd5dfa6dd1e6825d0e9df2e64e676f1d5221" "/opt/rustwide/cargo-home/bin/cargo" "+1.99.0-beta.8" "test" "--frozen" "--release", kill_on_drop: false }`
[INFO] [stderr]     Finished `release` profile [optimized] target(s) in 0.36s
[INFO] [stderr]      Running unittests src/lib.rs (/opt/rustwide/target/release/deps/kcode_k1_http_kmap_representation-e68a5b197131603b)
[INFO] [stdout] 
[INFO] [stdout] running 7 tests
[INFO] [stdout] test tests::content_type_requires_one_json_media_type ... ok
[INFO] [stdout] test tests::concealment_matches_only_complete_child_leaves ... ok
[INFO] [stdout] test tests::json_shape_is_strict_and_text_and_connections_are_preserved ... ok
[INFO] [stdout] test tests::every_error_mapping_is_exact_and_no_store ... ok
[INFO] [stdout] test tests::profile_and_connection_ids_are_canonical ... ok
[INFO] [stdout] test tests::created_response_is_exact ... ok
[INFO] [stdout] test tests::complete_package_stays_below_the_managed_limit ... FAILED
[INFO] [stdout] 
[INFO] [stdout] failures:
[INFO] [stderr] error: test failed, to rerun pass `--lib`
[INFO] [stdout] 
[INFO] [stdout] ---- tests::complete_package_stays_below_the_managed_limit stdout ----
[INFO] [stdout] 
[INFO] [stdout] thread 'tests::complete_package_stays_below_the_managed_limit' (1011) panicked at src/lib.rs:511:9:
[INFO] [stdout] complete package has 501 nonblank lines
[INFO] [stdout] stack backtrace:
[INFO] [stdout]    0:     0x5e4368144501 - <<std[70759c8f55707aa4]::sys::backtrace::BacktraceLock>::print::DisplayBacktrace as core[df12db4294e9bfd3]::fmt::Display>::fmt
[INFO] [stdout]    1:     0x5e43681591ca - core[df12db4294e9bfd3]::fmt::write
[INFO] [stdout]    2:     0x5e4368148abc - <alloc[2182bb758b4b3781]::vec::Vec<u8> as core[df12db4294e9bfd3]::io::write::Write>::write_fmt
[INFO] [stdout]    3:     0x5e4368120686 - std[70759c8f55707aa4]::panicking::default_hook::{closure#0}
[INFO] [stdout]    4:     0x5e436813cb79 - std[70759c8f55707aa4]::panicking::default_hook
[INFO] [stdout]    5:     0x5e43680bf7f0 - test[9d35eded1c95d3be]::test_main_inner::<test[9d35eded1c95d3be]::test_main_static::{closure#0}>::{closure#0}
[INFO] [stdout]    6:     0x5e436813cd32 - std[70759c8f55707aa4]::panicking::panic_with_hook
[INFO] [stdout]    7:     0x5e4368120732 - std[70759c8f55707aa4]::panicking::panic_handler::{closure#0}
[INFO] [stdout]    8:     0x5e4368119489 - std[70759c8f55707aa4]::sys::backtrace::__rust_end_short_backtrace::<std[70759c8f55707aa4]::panicking::panic_handler::{closure#0}, !>
[INFO] [stdout]    9:     0x5e436812132d - __rustc[8fa7c3cbc660c2b3]::rust_begin_unwind
[INFO] [stdout]   10:     0x5e436815992c - core[df12db4294e9bfd3]::panicking::panic_fmt
[INFO] [stdout]   11:     0x5e43680a44f9 - <kcode_k1_http_kmap_representation[8d3f94d2e522b680]::tests::complete_package_stays_below_the_managed_limit::{closure#0} as core[df12db4294e9bfd3]::ops::function::FnOnce<()>>::call_once
[INFO] [stdout]   12:     0x5e43680b2adb - test[9d35eded1c95d3be]::__rust_begin_short_backtrace::<core[df12db4294e9bfd3]::result::Result<(), alloc[2182bb758b4b3781]::string::String>, fn() -> core[df12db4294e9bfd3]::result::Result<(), alloc[2182bb758b4b3781]::string::String>>
[INFO] [stdout]   13:     0x5e43680c0145 - test[9d35eded1c95d3be]::run_test::{closure#0}
[INFO] [stdout]   14:     0x5e43680b9a04 - std[70759c8f55707aa4]::sys::backtrace::__rust_begin_short_backtrace::<test[9d35eded1c95d3be]::run_test::{closure#1}, ()>
[INFO] [stdout]   15:     0x5e43680c32a2 - <std[70759c8f55707aa4]::thread::lifecycle::spawn_unchecked<test[9d35eded1c95d3be]::run_test::{closure#1}, ()>::{closure#1} as core[df12db4294e9bfd3]::ops::function::FnOnce<()>>::call_once::{shim:vtable#0}
[INFO] [stdout]   16:     0x5e4368143dd9 - <std[70759c8f55707aa4]::sys::thread::unix::Thread>::new::thread_start
[INFO] [stdout]   17:     0x7924b1c4ddfa - <unknown>
[INFO] [stdout]   18:     0x7924b1ce13d4 - clone
[INFO] [stdout]   19:                0x0 - <unknown>
[INFO] [stdout] 
[INFO] [stdout] 
[INFO] [stdout] failures:
[INFO] [stdout]     tests::complete_package_stays_below_the_managed_limit
[INFO] [stdout] 
[INFO] [stdout] test result: FAILED. 6 passed; 1 failed; 0 ignored; 0 measured; 0 filtered out; finished in 0.01s
[INFO] [stdout] 
[INFO] running `Command { std: "docker" "inspect" "2768c5a37aae228e13feb0b4bbd0cd5dfa6dd1e6825d0e9df2e64e676f1d5221", kill_on_drop: false }`
[INFO] running `Command { std: "docker" "rm" "-f" "2768c5a37aae228e13feb0b4bbd0cd5dfa6dd1e6825d0e9df2e64e676f1d5221", kill_on_drop: false }`
[INFO] [stdout] 2768c5a37aae228e13feb0b4bbd0cd5dfa6dd1e6825d0e9df2e64e676f1d5221
