[INFO] fetching crate kcheck 0.2.1...
[INFO] testing kcheck-0.2.1 against 1.99.0-beta.8+cargoflags=--release for beta-release-1.100-2
[INFO] extracting crate kcheck 0.2.1 into /workspace/builds/worker-0-tc1/source
[INFO] removed /workspace/builds/worker-0-tc1/source/.cargo/config.toml
[INFO] started tweaking crates.io crate kcheck 0.2.1
[INFO] removed 0 missing examples
[INFO] finished tweaking crates.io crate kcheck 0.2.1
[INFO] tweaked toml for crates.io crate kcheck 0.2.1 written to /workspace/builds/worker-0-tc1/source/Cargo.toml
[INFO] validating manifest of crates.io crate kcheck 0.2.1 on toolchain 1.99.0-beta.8
[INFO] running `Command { std: CARGO_HOME="/workspace/cargo-home" RUSTUP_HOME="/workspace/rustup-home" "/workspace/cargo-home/bin/cargo" "+1.99.0-beta.8" "metadata" "--manifest-path" "Cargo.toml" "--no-deps", kill_on_drop: false }`
[INFO] crate crates.io crate kcheck 0.2.1 already has a lockfile, it will not be regenerated
[INFO] running `Command { std: CARGO_HOME="/workspace/cargo-home" RUSTUP_HOME="/workspace/rustup-home" "/workspace/cargo-home/bin/cargo" "+1.99.0-beta.8" "fetch" "--manifest-path" "Cargo.toml", kill_on_drop: false }`
[INFO] [stderr]     Updating crates.io index
[INFO] [stderr]  Downloading crates ...
[INFO] [stderr]   Downloaded typed-builder-macro v0.20.1
[INFO] [stderr]   Downloaded proc-macro2 v1.0.81
[INFO] [stderr]   Downloaded fastrand v2.0.2
[INFO] [stderr]   Downloaded typed-builder v0.20.1
[INFO] [stderr]   Downloaded cli-table v0.4.7
[INFO] [stderr]   Downloaded getrandom v0.2.14
[INFO] [stderr]   Downloaded cli-table-derive v0.4.5
[INFO] [stderr]   Downloaded serde_derive v1.0.198
[INFO] [stderr]   Downloaded toml v0.8.12
[INFO] [stderr]   Downloaded similar v2.5.0
[INFO] [stderr]   Downloaded crc32fast v1.4.0
[INFO] [stderr]   Downloaded serde v1.0.198
[INFO] [stderr]   Downloaded toml_edit v0.22.9
[INFO] [stderr]   Downloaded insta v1.38.0
[INFO] [stderr]   Downloaded serde_json v1.0.116
[INFO] [stderr]   Downloaded winnow v0.6.6
[INFO] [stderr]   Downloaded syn v2.0.60
[INFO] [stderr]   Downloaded rustix v0.38.32
[INFO] running `Command { std: "docker" "create" "-v" "/var/lib/crater-agent-workspace/builds/worker-0-tc1/source:/opt/rustwide/workdir:ro,Z" "-v" "/var/lib/crater-agent-workspace/builds/worker-0-tc1/target:/opt/rustwide/target:rw,Z" "-v" "/var/lib/crater-agent-workspace/cargo-home:/opt/rustwide/cargo-home:ro,Z" "-v" "/var/lib/crater-agent-workspace/rustup-home:/opt/rustwide/rustup-home:ro,Z" "-m" "1610612736" "--network" "none" "ghcr.io/rust-lang/crates-build-env/linux@sha256:77db811e55d90add9212f6832c23229e3de5f1c1f9905e8cb07319ea15df73ac" "sleep" "infinity", kill_on_drop: false }`
[INFO] [stdout] 898cb1b2f0476b54eb9ca189ca325ce3761a7f218022bde2df3326c4ecefdcab
[INFO] running `Command { std: "docker" "start" "898cb1b2f0476b54eb9ca189ca325ce3761a7f218022bde2df3326c4ecefdcab", kill_on_drop: false }`
[INFO] running `Command { std: "docker" "inspect" "898cb1b2f0476b54eb9ca189ca325ce3761a7f218022bde2df3326c4ecefdcab", kill_on_drop: false }`
[INFO] running `Command { std: "docker" "exec" "-e" "SOURCE_DIR=/opt/rustwide/workdir" "-e" "CARGO_HOME=/opt/rustwide/cargo-home" "-e" "RUSTUP_HOME=/opt/rustwide/rustup-home" "-e" "CARGO_TARGET_DIR=/opt/rustwide/target" "-w" "/opt/rustwide/workdir" "--user" "0:0" "898cb1b2f0476b54eb9ca189ca325ce3761a7f218022bde2df3326c4ecefdcab" "/opt/rustwide/cargo-home/bin/cargo" "+1.99.0-beta.8" "metadata" "--no-deps" "--format-version=1", kill_on_drop: false }`
[INFO] running `Command { std: "docker" "inspect" "898cb1b2f0476b54eb9ca189ca325ce3761a7f218022bde2df3326c4ecefdcab", kill_on_drop: false }`
[INFO] running `Command { std: "docker" "exec" "-e" "SOURCE_DIR=/opt/rustwide/workdir" "-e" "CARGO_HOME=/opt/rustwide/cargo-home" "-e" "RUSTUP_HOME=/opt/rustwide/rustup-home" "-e" "CARGO_TARGET_DIR=/opt/rustwide/target" "-e" "CARGO_INCREMENTAL=0" "-e" "RUST_BACKTRACE=full" "-e" "RUSTFLAGS=--cap-lints=warn" "-e" "RUSTDOCFLAGS=--cap-lints=warn" "-w" "/opt/rustwide/workdir" "--user" "0:0" "898cb1b2f0476b54eb9ca189ca325ce3761a7f218022bde2df3326c4ecefdcab" "/opt/rustwide/cargo-home/bin/cargo" "+1.99.0-beta.8" "build" "--frozen" "--message-format=json" "--release", kill_on_drop: false }`
[INFO] [stderr]    Compiling proc-macro2 v1.0.81
[INFO] [stderr]    Compiling serde v1.0.198
[INFO] [stderr]    Compiling memchr v2.7.2
[INFO] [stderr]    Compiling libc v0.2.153
[INFO] [stderr]    Compiling crc32fast v1.4.0
[INFO] [stderr]    Compiling ryu v1.0.17
[INFO] [stderr]    Compiling thiserror v1.0.58
[INFO] [stderr]    Compiling winnow v0.6.6
[INFO] [stderr]    Compiling serde_json v1.0.116
[INFO] [stderr]    Compiling regex-syntax v0.8.3
[INFO] [stderr]    Compiling indexmap v2.2.6
[INFO] [stderr]    Compiling miniz_oxide v0.7.2
[INFO] [stderr]    Compiling bitflags v2.5.0
[INFO] [stderr]    Compiling unicode-width v0.1.11
[INFO] [stderr]    Compiling flate2 v1.0.28
[INFO] [stderr]    Compiling aho-corasick v1.1.3
[INFO] [stderr]    Compiling csv-core v0.1.11
[INFO] [stderr]    Compiling quote v1.0.36
[INFO] [stderr]    Compiling syn v2.0.60
[INFO] [stderr]    Compiling syn v1.0.109
[INFO] [stderr]    Compiling nix v0.27.1
[INFO] [stderr]    Compiling regex-automata v0.4.6
[INFO] [stderr]    Compiling cli-table-derive v0.4.5
[INFO] [stderr]    Compiling serde_derive v1.0.198
[INFO] [stderr]    Compiling thiserror-impl v1.0.58
[INFO] [stderr]    Compiling typed-builder-macro v0.20.1
[INFO] [stderr]    Compiling typed-builder v0.20.1
[INFO] [stderr]    Compiling regex v1.10.4
[INFO] [stderr]    Compiling serde_spanned v0.6.5
[INFO] [stderr]    Compiling toml_datetime v0.6.5
[INFO] [stderr]    Compiling csv v1.3.0
[INFO] [stderr]    Compiling toml_edit v0.22.9
[INFO] [stderr]    Compiling cli-table v0.4.7
[INFO] [stderr]    Compiling toml v0.8.12
[INFO] [stderr]    Compiling kcheck v0.2.1 (/opt/rustwide/workdir)
[INFO] [stderr]     Finished `release` profile [optimized] target(s) in 44.09s
[INFO] running `Command { std: "docker" "inspect" "898cb1b2f0476b54eb9ca189ca325ce3761a7f218022bde2df3326c4ecefdcab", kill_on_drop: false }`
[INFO] running `Command { std: "docker" "exec" "-e" "SOURCE_DIR=/opt/rustwide/workdir" "-e" "CARGO_HOME=/opt/rustwide/cargo-home" "-e" "RUSTUP_HOME=/opt/rustwide/rustup-home" "-e" "CARGO_TARGET_DIR=/opt/rustwide/target" "-e" "CARGO_INCREMENTAL=0" "-e" "RUST_BACKTRACE=full" "-e" "RUSTFLAGS=--cap-lints=warn" "-e" "RUSTDOCFLAGS=--cap-lints=warn" "-w" "/opt/rustwide/workdir" "--user" "0:0" "898cb1b2f0476b54eb9ca189ca325ce3761a7f218022bde2df3326c4ecefdcab" "/opt/rustwide/cargo-home/bin/cargo" "+1.99.0-beta.8" "test" "--frozen" "--no-run" "--message-format=json" "--release", kill_on_drop: false }`
[INFO] [stderr]    Compiling bitflags v2.5.0
[INFO] [stderr]    Compiling rustix v0.38.32
[INFO] [stderr]    Compiling similar v2.5.0
[INFO] [stderr]    Compiling getrandom v0.2.14
[INFO] [stderr]    Compiling console v0.15.8
[INFO] [stderr]    Compiling linked-hash-map v0.5.6
[INFO] [stderr]    Compiling fastrand v2.0.2
[INFO] [stderr]    Compiling nix v0.27.1
[INFO] [stderr]    Compiling rand_core v0.6.4
[INFO] [stderr]    Compiling kcheck v0.2.1 (/opt/rustwide/workdir)
[INFO] [stderr]    Compiling rand_chacha v0.3.1
[INFO] [stderr]    Compiling insta v1.38.0
[INFO] [stderr]    Compiling rand v0.8.5
[INFO] [stderr]    Compiling tempfile v3.10.1
[INFO] [stderr]     Finished `release` profile [optimized] target(s) in 20.27s
[INFO] running `Command { std: "docker" "inspect" "898cb1b2f0476b54eb9ca189ca325ce3761a7f218022bde2df3326c4ecefdcab", kill_on_drop: false }`
[INFO] running `Command { std: "docker" "exec" "-e" "SOURCE_DIR=/opt/rustwide/workdir" "-e" "CARGO_HOME=/opt/rustwide/cargo-home" "-e" "RUSTUP_HOME=/opt/rustwide/rustup-home" "-e" "CARGO_TARGET_DIR=/opt/rustwide/target" "-e" "CARGO_INCREMENTAL=0" "-e" "RUST_BACKTRACE=full" "-e" "RUSTFLAGS=--cap-lints=warn" "-e" "RUSTDOCFLAGS=--cap-lints=warn" "-w" "/opt/rustwide/workdir" "--user" "0:0" "898cb1b2f0476b54eb9ca189ca325ce3761a7f218022bde2df3326c4ecefdcab" "/opt/rustwide/cargo-home/bin/cargo" "+1.99.0-beta.8" "test" "--frozen" "--release", kill_on_drop: false }`
[INFO] [stderr]     Finished `release` profile [optimized] target(s) in 0.10s
[INFO] [stderr]      Running unittests src/lib.rs (/opt/rustwide/target/release/deps/kcheck-22595d8736cdd0d2)
[INFO] [stdout] 
[INFO] [stdout] running 30 tests
[INFO] [stdout] test config::test::fail_kcheck_config_builder_no_config ... ok
[INFO] [stdout] test config::test::fail_kcheck_config_try_from_file_does_not_exist ... ok
[INFO] [stdout] test config::test::fail_kcheck_config_try_from_file_missing_extension ... ok
[INFO] [stdout] test config::test::success_kcheck_config_fragment_is_empty ... ok
[INFO] [stdout] test config::test::success_kcheck_config_fragment_new ... ok
[INFO] [stdout] test config::test::success_kcheck_config_is_empty ... ok
[INFO] [stdout] test config::test::success_kcheck_config_is_not_empty ... ok
[INFO] [stdout] test kernel::test::fail_duplicate_option ... ok
[INFO] [stdout] test kernel::test::fail_kernel_config_parse ... ok
[INFO] [stdout] test config::test::success_kcheck_config_try_from_file ... ok
[INFO] [stdout] test config::test::fail_kcheck_config_try_from_file_unknown_extension ... ok
[INFO] [stdout] test kernel::test::success_option_not_found ... ok
[INFO] [stdout] test kernel::test::fail_unknown_option ... ok
[INFO] [stdout] test kernel::test::success_kernel_config_from_str ... ok
[INFO] [stdout] test kernel::test::success_option_not_set ... ok
[INFO] [stdout] test kernel::test::success_kernel_config_source_from_pathbuf ... ok
[INFO] [stdout] test kernel::test::fail_kernel_config_user_with_option ... FAILED
[INFO] [stdout] test kernel::test::fail_kernel_config_user_with_system ... FAILED
[INFO] [stdout] test kernel::test::success_option_off ... ok
[INFO] [stdout] test kernel::test::success_does_not_match_on_similar ... ok
[INFO] [stdout] test kernel::test::success_kernel_config_gz_file_info ... FAILED
[INFO] [stdout] test kernel::test::success_option_on ... ok
[INFO] [stdout] test kernel::test::success_kernel_config_user ... FAILED
[INFO] [stdout] test kernel::test::fail_wrong_option_state ... ok
[INFO] [stdout] test tests::success_kcheck_builder_toml ... ok
[INFO] [stdout] test kernel::test::fail_kernel_config_file_info ... ok
[INFO] [stdout] test tests::success_kcheck_perform_check ... ok
[INFO] [stdout] test config::test::success_kcheck_config_builder_multiple_cfg_files ... ok
[INFO] [stdout] test kernel::test::success_kernel_config_builder ... ok
[INFO] [stdout] test kconfig::test::success_new ... ok
[INFO] [stdout] 
[INFO] [stdout] failures:
[INFO] [stdout] 
[INFO] [stdout] ---- kernel::test::fail_kernel_config_user_with_option stdout ----
[INFO] [stdout] 
[INFO] [stdout] thread 'kernel::test::fail_kernel_config_user_with_option' (1293) panicked at src/kernel.rs:613:52:
[INFO] [stdout] Expected to create a tmpfile: IoError("Read-only file system (os error 30)")
[INFO] [stdout] stack backtrace:
[INFO] [stdout]    0:     0x5dc42928d401 - <<std[70759c8f55707aa4]::sys::backtrace::BacktraceLock>::print::DisplayBacktrace as core[df12db4294e9bfd3]::fmt::Display>::fmt
[INFO] [stdout]    1:     0x5dc4292a541a - core[df12db4294e9bfd3]::fmt::write
[INFO] [stdout]    2:     0x5dc429291cec - <alloc[2182bb758b4b3781]::vec::Vec<u8> as core[df12db4294e9bfd3]::io::write::Write>::write_fmt
[INFO] [stdout]    3:     0x5dc429267496 - std[70759c8f55707aa4]::panicking::default_hook::{closure#0}
[INFO] [stdout]    4:     0x5dc429284c49 - std[70759c8f55707aa4]::panicking::default_hook
[INFO] [stdout]    5:     0x5dc42914c610 - test[9d35eded1c95d3be]::test_main_inner::<test[9d35eded1c95d3be]::test_main_static::{closure#0}>::{closure#0}
[INFO] [stdout]    6:     0x5dc429284e02 - std[70759c8f55707aa4]::panicking::panic_with_hook
[INFO] [stdout]    7:     0x5dc429267542 - std[70759c8f55707aa4]::panicking::panic_handler::{closure#0}
[INFO] [stdout]    8:     0x5dc42925fe59 - std[70759c8f55707aa4]::sys::backtrace::__rust_end_short_backtrace::<std[70759c8f55707aa4]::panicking::panic_handler::{closure#0}, !>
[INFO] [stdout]    9:     0x5dc4292681dd - __rustc[8fa7c3cbc660c2b3]::rust_begin_unwind
[INFO] [stdout]   10:     0x5dc4292a5bfc - core[df12db4294e9bfd3]::panicking::panic_fmt
[INFO] [stdout]   11:     0x5dc4292a59d2 - core[df12db4294e9bfd3]::result::unwrap_failed
[INFO] [stdout]   12:     0x5dc429092d9b - kcheck[5640fc297d44f193]::kernel::test::fail_kernel_config_user_with_option
[INFO] [stdout]   13:     0x5dc429089bd9 - <kcheck[5640fc297d44f193]::kernel::test::fail_kernel_config_user_with_option::{closure#0} as core[df12db4294e9bfd3]::ops::function::FnOnce<()>>::call_once
[INFO] [stdout]   14:     0x5dc42913f8fb - test[9d35eded1c95d3be]::__rust_begin_short_backtrace::<core[df12db4294e9bfd3]::result::Result<(), alloc[2182bb758b4b3781]::string::String>, fn() -> core[df12db4294e9bfd3]::result::Result<(), alloc[2182bb758b4b3781]::string::String>>
[INFO] [stdout]   15:     0x5dc42914cf65 - test[9d35eded1c95d3be]::run_test::{closure#0}
[INFO] [stdout]   16:     0x5dc429146824 - std[70759c8f55707aa4]::sys::backtrace::__rust_begin_short_backtrace::<test[9d35eded1c95d3be]::run_test::{closure#1}, ()>
[INFO] [stdout]   17:     0x5dc4291500c2 - <std[70759c8f55707aa4]::thread::lifecycle::spawn_unchecked<test[9d35eded1c95d3be]::run_test::{closure#1}, ()>::{closure#1} as core[df12db4294e9bfd3]::ops::function::FnOnce<()>>::call_once::{shim:vtable#0}
[INFO] [stdout]   18:     0x5dc42928c779 - <std[70759c8f55707aa4]::sys::thread::unix::Thread>::new::thread_start
[INFO] [stdout]   19:     0x77a738e2bdfa - <unknown>
[INFO] [stdout]   20:     0x77a738ebf3d4 - clone
[INFO] [stdout]   21:                0x0 - <unknown>
[INFO] [stdout] 
[INFO] [stdout] ---- kernel::test::fail_kernel_config_user_with_system stdout ----
[INFO] [stdout] 
[INFO] [stdout] thread 'kernel::test::fail_kernel_config_user_with_system' (1294) panicked at src/kernel.rs:625:52:
[INFO] [stdout] Expected to create a tmpfile: IoError("Read-only file system (os error 30)")
[INFO] [stdout] stack backtrace:
[INFO] [stdout]    0:     0x5dc42928d401 - <<std[70759c8f55707aa4]::sys::backtrace::BacktraceLock>::print::DisplayBacktrace as core[df12db4294e9bfd3]::fmt::Display>::fmt
[INFO] [stdout]    1:     0x5dc4292a541a - core[df12db4294e9bfd3]::fmt::write
[INFO] [stdout]    2:     0x5dc429291cec - <alloc[2182bb758b4b3781]::vec::Vec<u8> as core[df12db4294e9bfd3]::io::write::Write>::write_fmt
[INFO] [stdout]    3:     0x5dc429267496 - std[70759c8f55707aa4]::panicking::default_hook::{closure#0}
[INFO] [stdout]    4:     0x5dc429284c49 - std[70759c8f55707aa4]::panicking::default_hook
[INFO] [stdout]    5:     0x5dc42914c610 - test[9d35eded1c95d3be]::test_main_inner::<test[9d35eded1c95d3be]::test_main_static::{closure#0}>::{closure#0}
[INFO] [stdout]    6:     0x5dc429284e02 - std[70759c8f55707aa4]::panicking::panic_with_hook
[INFO] [stdout]    7:     0x5dc429267542 - std[70759c8f55707aa4]::panicking::panic_handler::{closure#0}
[INFO] [stdout]    8:     0x5dc42925fe59 - std[70759c8f55707aa4]::sys::backtrace::__rust_end_short_backtrace::<std[70759c8f55707aa4]::panicking::panic_handler::{closure#0}, !>
[INFO] [stdout]    9:     0x5dc4292681dd - __rustc[8fa7c3cbc660c2b3]::rust_begin_unwind
[INFO] [stdout]   10:     0x5dc4292a5bfc - core[df12db4294e9bfd3]::panicking::panic_fmt
[INFO] [stdout]   11:     0x5dc4292a59d2 - core[df12db4294e9bfd3]::result::unwrap_failed
[INFO] [stdout]   12:     0x5dc429092f06 - kcheck[5640fc297d44f193]::kernel::test::fail_kernel_config_user_with_system
[INFO] [stdout]   13:     0x5dc429089bf9 - <kcheck[5640fc297d44f193]::kernel::test::fail_kernel_config_user_with_system::{closure#0} as core[df12db4294e9bfd3]::ops::function::FnOnce<()>>::call_once
[INFO] [stdout]   14:     0x5dc42913f8fb - test[9d35eded1c95d3be]::__rust_begin_short_backtrace::<core[df12db4294e9bfd3]::result::Result<(), alloc[2182bb758b4b3781]::string::String>, fn() -> core[df12db4294e9bfd3]::result::Result<(), alloc[2182bb758b4b3781]::string::String>>
[INFO] [stdout]   15:     0x5dc42914cf65 - test[9d35eded1c95d3be]::run_test::{closure#0}
[INFO] [stdout]   16:     0x5dc429146824 - std[70759c8f55707aa4]::sys::backtrace::__rust_begin_short_backtrace::<test[9d35eded1c95d3be]::run_test::{closure#1}, ()>
[INFO] [stdout]   17:     0x5dc4291500c2 - <std[70759c8f55707aa4]::thread::lifecycle::spawn_unchecked<test[9d35eded1c95d3be]::run_test::{closure#1}, ()>::{closure#1} as core[df12db4294e9bfd3]::ops::function::FnOnce<()>>::call_once::{shim:vtable#0}
[INFO] [stdout]   18:     0x5dc42928c779 - <std[70759c8f55707aa4]::sys::thread::unix::Thread>::new::thread_start
[INFO] [stdout]   19:     0x77a738e2bdfa - <unknown>
[INFO] [stdout]   20:     0x77a738ebf3d4 - clone
[INFO] [stdout]   21:                0x0 - <unknown>
[INFO] [stdout] 
[INFO] [stdout] ---- kernel::test::success_kernel_config_gz_file_info stdout ----
[INFO] [stdout] 
[INFO] [stdout] thread 'kernel::test::success_kernel_config_gz_file_info' (1300) panicked at src/kernel.rs:580:14:
[INFO] [stdout] Expected to create a tmpfile: IoError("Read-only file system (os error 30)")
[INFO] [stdout] stack backtrace:
[INFO] [stdout]    0:     0x5dc42928d401 - <<std[70759c8f55707aa4]::sys::backtrace::BacktraceLock>::print::DisplayBacktrace as core[df12db4294e9bfd3]::fmt::Display>::fmt
[INFO] [stdout]    1:     0x5dc4292a541a - core[df12db4294e9bfd3]::fmt::write
[INFO] [stdout]    2:     0x5dc429291cec - <alloc[2182bb758b4b3781]::vec::Vec<u8> as core[df12db4294e9bfd3]::io::write::Write>::write_fmt
[INFO] [stdout]    3:     0x5dc429267496 - std[70759c8f55707aa4]::panicking::default_hook::{closure#0}
[INFO] [stdout]    4:     0x5dc429284c49 - std[70759c8f55707aa4]::panicking::default_hook
[INFO] [stdout]    5:     0x5dc42914c610 - test[9d35eded1c95d3be]::test_main_inner::<test[9d35eded1c95d3be]::test_main_static::{closure#0}>::{closure#0}
[INFO] [stdout]    6:     0x5dc429284e02 - std[70759c8f55707aa4]::panicking::panic_with_hook
[INFO] [stdout]    7:     0x5dc429267542 - std[70759c8f55707aa4]::panicking::panic_handler::{closure#0}
[INFO] [stdout]    8:     0x5dc42925fe59 - std[70759c8f55707aa4]::sys::backtrace::__rust_end_short_backtrace::<std[70759c8f55707aa4]::panicking::panic_handler::{closure#0}, !>
[INFO] [stdout]    9:     0x5dc4292681dd - __rustc[8fa7c3cbc660c2b3]::rust_begin_unwind
[INFO] [stdout]   10:     0x5dc4292a5bfc - core[df12db4294e9bfd3]::panicking::panic_fmt
[INFO] [stdout]   11:     0x5dc4292a59d2 - core[df12db4294e9bfd3]::result::unwrap_failed
[INFO] [stdout]   12:     0x5dc429092ada - kcheck[5640fc297d44f193]::kernel::test::success_kernel_config_gz_file_info
[INFO] [stdout]   13:     0x5dc429089bb9 - <kcheck[5640fc297d44f193]::kernel::test::success_kernel_config_gz_file_info::{closure#0} as core[df12db4294e9bfd3]::ops::function::FnOnce<()>>::call_once
[INFO] [stdout]   14:     0x5dc42913f8fb - test[9d35eded1c95d3be]::__rust_begin_short_backtrace::<core[df12db4294e9bfd3]::result::Result<(), alloc[2182bb758b4b3781]::string::String>, fn() -> core[df12db4294e9bfd3]::result::Result<(), alloc[2182bb758b4b3781]::string::String>>
[INFO] [stdout]   15:     0x5dc42914cf65 - test[9d35eded1c95d3be]::run_test::{closure#0}
[INFO] [stdout]   16:     0x5dc429146824 - std[70759c8f55707aa4]::sys::backtrace::__rust_begin_short_backtrace::<test[9d35eded1c95d3be]::run_test::{closure#1}, ()>
[INFO] [stdout]   17:     0x5dc4291500c2 - <std[70759c8f55707aa4]::thread::lifecycle::spawn_unchecked<test[9d35eded1c95d3be]::run_test::{closure#1}, ()>::{closure#1} as core[df12db4294e9bfd3]::ops::function::FnOnce<()>>::call_once::{shim:vtable#0}
[INFO] [stdout]   18:     0x5dc42928c779 - <std[70759c8f55707aa4]::sys::thread::unix::Thread>::new::thread_start
[INFO] [stdout]   19:     0x77a738e2bdfa - <unknown>
[INFO] [stdout]   20:     0x77a738ebf3d4 - clone
[INFO] [stdout]   21:                0x0 - <unknown>
[INFO] [stdout] 
[INFO] [stdout] ---- kernel::test::success_kernel_config_user stdout ----
[INFO] [stdout] 
[INFO] [stdout] thread 'kernel::test::success_kernel_config_user' (1302) panicked at src/kernel.rs:601:52:
[INFO] [stdout] Expected to create a tmpfile: IoError("Read-only file system (os error 30)")
[INFO] [stdout] stack backtrace:
[INFO] [stdout]    0:     0x5dc42928d401 - <<std[70759c8f55707aa4]::sys::backtrace::BacktraceLock>::print::DisplayBacktrace as core[df12db4294e9bfd3]::fmt::Display>::fmt
[INFO] [stdout]    1:     0x5dc4292a541a - core[df12db4294e9bfd3]::fmt::write
[INFO] [stdout]    2:     0x5dc429291cec - <alloc[2182bb758b4b3781]::vec::Vec<u8> as core[df12db4294e9bfd3]::io::write::Write>::write_fmt
[INFO] [stdout]    3:     0x5dc429267496 - std[70759c8f55707aa4]::panicking::default_hook::{closure#0}
[INFO] [stdout]    4:     0x5dc429284c49 - std[70759c8f55707aa4]::panicking::default_hook
[INFO] [stdout]    5:     0x5dc42914c610 - test[9d35eded1c95d3be]::test_main_inner::<test[9d35eded1c95d3be]::test_main_static::{closure#0}>::{closure#0}
[INFO] [stdout]    6:     0x5dc429284e02 - std[70759c8f55707aa4]::panicking::panic_with_hook
[INFO] [stdout]    7:     0x5dc429267542 - std[70759c8f55707aa4]::panicking::panic_handler::{closure#0}
[INFO] [stdout]    8:     0x5dc42925fe59 - std[70759c8f55707aa4]::sys::backtrace::__rust_end_short_backtrace::<std[70759c8f55707aa4]::panicking::panic_handler::{closure#0}, !>
[INFO] [stdout]    9:     0x5dc4292681dd - __rustc[8fa7c3cbc660c2b3]::rust_begin_unwind
[INFO] [stdout]   10:     0x5dc4292a5bfc - core[df12db4294e9bfd3]::panicking::panic_fmt
[INFO] [stdout]   11:     0x5dc4292a59d2 - core[df12db4294e9bfd3]::result::unwrap_failed
[INFO] [stdout]   12:     0x5dc429091d89 - kcheck[5640fc297d44f193]::kernel::test::success_kernel_config_user
[INFO] [stdout]   13:     0x5dc429089ab9 - <kcheck[5640fc297d44f193]::kernel::test::success_kernel_config_user::{closure#0} as core[df12db4294e9bfd3]::ops::function::FnOnce<()>>::call_once
[INFO] [stdout]   14:     0x5dc42913f8fb - test[9d35eded1c95d3be]::__rust_begin_short_backtrace::<core[df12db4294e9bfd3]::result::Result<(), alloc[2182bb758b4b3781]::string::String>, fn() -> core[df12db4294e9bfd3]::result::Result<(), alloc[2182bb758b4b3781]::string::String>>
[INFO] [stdout]   15:     0x5dc42914cf65 - test[9d35eded1c95d3be]::run_test::{closure#0}
[INFO] [stdout]   16:     0x5dc429146824 - std[70759c8f55707aa4]::sys::backtrace::__rust_begin_short_backtrace::<test[9d35eded1c95d3be]::run_test::{closure#1}, ()>
[INFO] [stdout]   17:     0x5dc4291500c2 - <std[70759c8f55707aa4]::thread::lifecycle::spawn_unchecked<test[9d35eded1c95d3be]::run_test::{closure#1}, ()>::{closure#1} as core[df12db4294e9bfd3]::ops::function::FnOnce<()>>::call_once::{shim:vtable#0}
[INFO] [stdout]   18:     0x5dc42928c779 - <std[70759c8f55707aa4]::sys::thread::unix::Thread>::new::thread_start
[INFO] [stdout]   19:     0x77a738e2bdfa - <unknown>
[INFO] [stdout]   20:     0x77a738ebf3d4 - clone
[INFO] [stdout]   21:                0x0 - <unknown>
[INFO] [stdout] 
[INFO] [stdout] 
[INFO] [stdout] failures:
[INFO] [stdout]     kernel::test::fail_kernel_config_user_with_option
[INFO] [stdout]     kernel::test::fail_kernel_config_user_with_system
[INFO] [stdout]     kernel::test::success_kernel_config_gz_file_info
[INFO] [stdout]     kernel::test::success_kernel_config_user
[INFO] [stdout] 
[INFO] [stdout] test result: FAILED. 26 passed; 4 failed; 0 ignored; 0 measured; 0 filtered out; finished in 0.05s
[INFO] [stdout] 
[INFO] [stderr] error: test failed, to rerun pass `--lib`
[INFO] running `Command { std: "docker" "inspect" "898cb1b2f0476b54eb9ca189ca325ce3761a7f218022bde2df3326c4ecefdcab", kill_on_drop: false }`
[INFO] running `Command { std: "docker" "rm" "-f" "898cb1b2f0476b54eb9ca189ca325ce3761a7f218022bde2df3326c4ecefdcab", kill_on_drop: false }`
[INFO] [stdout] 898cb1b2f0476b54eb9ca189ca325ce3761a7f218022bde2df3326c4ecefdcab
