[INFO] fetching crate kcell_core 0.0.1...
[INFO] testing kcell_core-0.0.1 against 1.99.0-beta.8+cargoflags=--release for beta-release-1.100-2
[INFO] extracting crate kcell_core 0.0.1 into /workspace/builds/worker-6-tc1/source
[INFO] started tweaking crates.io crate kcell_core 0.0.1
[INFO] finished tweaking crates.io crate kcell_core 0.0.1
[INFO] tweaked toml for crates.io crate kcell_core 0.0.1 written to /workspace/builds/worker-6-tc1/source/Cargo.toml
[INFO] validating manifest of crates.io crate kcell_core 0.0.1 on toolchain 1.99.0-beta.8
[INFO] running `Command { std: CARGO_HOME="/workspace/cargo-home" RUSTUP_HOME="/workspace/rustup-home" "/workspace/cargo-home/bin/cargo" "+1.99.0-beta.8" "metadata" "--manifest-path" "Cargo.toml" "--no-deps", kill_on_drop: false }`
[INFO] crate crates.io crate kcell_core 0.0.1 already has a lockfile, it will not be regenerated
[INFO] running `Command { std: CARGO_HOME="/workspace/cargo-home" RUSTUP_HOME="/workspace/rustup-home" "/workspace/cargo-home/bin/cargo" "+1.99.0-beta.8" "fetch" "--manifest-path" "Cargo.toml", kill_on_drop: false }`
[INFO] [stderr]     Updating crates.io index
[INFO] [stderr]  Downloading crates ...
[INFO] [stderr]   Downloaded wiggle v34.0.2
[INFO] [stderr]   Downloaded wiggle-macro v34.0.2
[INFO] [stderr]   Downloaded wiggle-generate v34.0.2
[INFO] [stderr]   Downloaded wasmtime-winch v34.0.2
[INFO] [stderr]   Downloaded cranelift-native v0.121.2
[INFO] [stderr]   Downloaded cranelift-control v0.121.2
[INFO] [stderr]   Downloaded wasmtime-slab v34.0.2
[INFO] [stderr]   Downloaded wasmtime-jit-debug v34.0.2
[INFO] [stderr]   Downloaded cranelift-bitset v0.121.2
[INFO] [stderr]   Downloaded trait-variant v0.1.3
[INFO] [stderr]   Downloaded wasmtime-math v34.0.2
[INFO] [stderr]   Downloaded wasmtime-component-util v34.0.2
[INFO] [stderr]   Downloaded wasmtime-versioned-export-macros v34.0.2
[INFO] [stderr]   Downloaded cranelift-codegen-shared v0.121.2
[INFO] [stderr]   Downloaded cranelift-srcgen v0.121.2
[INFO] [stderr]   Downloaded wat v1.255.0
[INFO] [stderr]   Downloaded pulley-macros v34.0.2
[INFO] [stderr]   Downloaded wasmtime-jit-icache-coherence v34.0.2
[INFO] [stderr]   Downloaded wasmtime-asm-macros v34.0.2
[INFO] [stderr]   Downloaded libredox v0.1.19
[INFO] [stderr]   Downloaded wasmtime-wasi v34.0.2
[INFO] [stderr]   Downloaded wasmtime-fiber v34.0.2
[INFO] [stderr]   Downloaded wasmtime-wasi-io v34.0.2
[INFO] [stderr]   Downloaded cranelift-entity v0.121.2
[INFO] [stderr]   Downloaded cranelift-bforest v0.121.2
[INFO] [stderr]   Downloaded cranelift-assembler-x64 v0.121.2
[INFO] [stderr]   Downloaded cranelift-assembler-x64-meta v0.121.2
[INFO] [stderr]   Downloaded wasmprinter v0.233.0
[INFO] [stderr]   Downloaded wasmtime-cache v34.0.2
[INFO] [stderr]   Downloaded ipnet v2.12.1
[INFO] [stderr]   Downloaded notify-types v1.0.1
[INFO] [stderr]   Downloaded wasmtime-wit-bindgen v34.0.2
[INFO] [stderr]   Downloaded inotify v0.10.2
[INFO] [stderr]   Downloaded cranelift-isle v0.121.2
[INFO] [stderr]   Downloaded cranelift-frontend v0.121.2
[INFO] [stderr]   Downloaded notify v7.0.0
[INFO] [stderr]   Downloaded pulley-interpreter v34.0.2
[INFO] [stderr]   Downloaded cranelift-codegen-meta v0.121.2
[INFO] [stderr]   Downloaded wasm-encoder v0.255.0
[INFO] [stderr]   Downloaded wasm-encoder v0.233.0
[INFO] [stderr]   Downloaded winch-codegen v34.0.2
[INFO] [stderr]   Downloaded wit-parser v0.233.0
[INFO] [stderr]   Downloaded wast v255.0.0
[INFO] [stderr]   Downloaded wasmtime-cranelift v34.0.2
[INFO] [stderr]   Downloaded wasmtime-environ v34.0.2
[INFO] [stderr]   Downloaded wasmtime-component-macro v34.0.2
[INFO] [stderr]   Downloaded wasmparser v0.233.0
[INFO] [stderr]   Downloaded wasmparser v0.255.0
[INFO] [stderr]   Downloaded wasmtime v34.0.2
[INFO] [stderr]   Downloaded cranelift-codegen v0.121.2
[INFO] running `Command { std: "docker" "create" "-v" "/var/lib/crater-agent-workspace/builds/worker-6-tc1/source:/opt/rustwide/workdir:ro,Z" "-v" "/var/lib/crater-agent-workspace/builds/worker-6-tc1/target:/opt/rustwide/target:rw,Z" "-v" "/var/lib/crater-agent-workspace/cargo-home:/opt/rustwide/cargo-home:ro,Z" "-v" "/var/lib/crater-agent-workspace/rustup-home:/opt/rustwide/rustup-home:ro,Z" "-m" "1610612736" "--network" "none" "ghcr.io/rust-lang/crates-build-env/linux@sha256:77db811e55d90add9212f6832c23229e3de5f1c1f9905e8cb07319ea15df73ac" "sleep" "infinity", kill_on_drop: false }`
[INFO] [stdout] 8fac8ce215dbd114b8a884bfac23490fd1b759ad681228103f7ef3d049690a00
[INFO] running `Command { std: "docker" "start" "8fac8ce215dbd114b8a884bfac23490fd1b759ad681228103f7ef3d049690a00", kill_on_drop: false }`
[INFO] running `Command { std: "docker" "inspect" "8fac8ce215dbd114b8a884bfac23490fd1b759ad681228103f7ef3d049690a00", kill_on_drop: false }`
[INFO] running `Command { std: "docker" "exec" "-e" "SOURCE_DIR=/opt/rustwide/workdir" "-e" "CARGO_HOME=/opt/rustwide/cargo-home" "-e" "RUSTUP_HOME=/opt/rustwide/rustup-home" "-e" "CARGO_TARGET_DIR=/opt/rustwide/target" "-w" "/opt/rustwide/workdir" "--user" "0:0" "8fac8ce215dbd114b8a884bfac23490fd1b759ad681228103f7ef3d049690a00" "/opt/rustwide/cargo-home/bin/cargo" "+1.99.0-beta.8" "metadata" "--no-deps" "--format-version=1", kill_on_drop: false }`
[INFO] running `Command { std: "docker" "inspect" "8fac8ce215dbd114b8a884bfac23490fd1b759ad681228103f7ef3d049690a00", kill_on_drop: false }`
[INFO] running `Command { std: "docker" "exec" "-e" "SOURCE_DIR=/opt/rustwide/workdir" "-e" "CARGO_HOME=/opt/rustwide/cargo-home" "-e" "RUSTUP_HOME=/opt/rustwide/rustup-home" "-e" "CARGO_TARGET_DIR=/opt/rustwide/target" "-e" "CARGO_INCREMENTAL=0" "-e" "RUST_BACKTRACE=full" "-e" "RUSTFLAGS=--cap-lints=warn" "-e" "RUSTDOCFLAGS=--cap-lints=warn" "-w" "/opt/rustwide/workdir" "--user" "0:0" "8fac8ce215dbd114b8a884bfac23490fd1b759ad681228103f7ef3d049690a00" "/opt/rustwide/cargo-home/bin/cargo" "+1.99.0-beta.8" "build" "--frozen" "--message-format=json" "--release", kill_on_drop: false }`
[INFO] [stderr]    Compiling typenum v1.20.1
[INFO] [stderr]    Compiling unsafe-libyaml v0.2.11
[INFO] [stderr]    Compiling ryu v1.0.23
[INFO] [stderr]    Compiling serde_json v1.0.151
[INFO] [stderr]    Compiling serde_yaml v0.9.34+deprecated
[INFO] [stderr]    Compiling generic-array v0.14.7
[INFO] [stderr]    Compiling crypto-common v0.1.7
[INFO] [stderr]    Compiling block-buffer v0.10.4
[INFO] [stderr]    Compiling digest v0.10.7
[INFO] [stderr]    Compiling sha2 v0.10.9
[INFO] [stderr]    Compiling kcell_core v0.0.1 (/opt/rustwide/workdir)
[INFO] [stderr]     Finished `release` profile [optimized] target(s) in 18.24s
[INFO] running `Command { std: "docker" "inspect" "8fac8ce215dbd114b8a884bfac23490fd1b759ad681228103f7ef3d049690a00", kill_on_drop: false }`
[INFO] running `Command { std: "docker" "exec" "-e" "SOURCE_DIR=/opt/rustwide/workdir" "-e" "CARGO_HOME=/opt/rustwide/cargo-home" "-e" "RUSTUP_HOME=/opt/rustwide/rustup-home" "-e" "CARGO_TARGET_DIR=/opt/rustwide/target" "-e" "CARGO_INCREMENTAL=0" "-e" "RUST_BACKTRACE=full" "-e" "RUSTFLAGS=--cap-lints=warn" "-e" "RUSTDOCFLAGS=--cap-lints=warn" "-w" "/opt/rustwide/workdir" "--user" "0:0" "8fac8ce215dbd114b8a884bfac23490fd1b759ad681228103f7ef3d049690a00" "/opt/rustwide/cargo-home/bin/cargo" "+1.99.0-beta.8" "test" "--frozen" "--no-run" "--message-format=json" "--release", kill_on_drop: false }`
[INFO] [stderr]    Compiling kcell_core v0.0.1 (/opt/rustwide/workdir)
[INFO] [stderr]     Finished `release` profile [optimized] target(s) in 12.63s
[INFO] running `Command { std: "docker" "inspect" "8fac8ce215dbd114b8a884bfac23490fd1b759ad681228103f7ef3d049690a00", kill_on_drop: false }`
[INFO] running `Command { std: "docker" "exec" "-e" "SOURCE_DIR=/opt/rustwide/workdir" "-e" "CARGO_HOME=/opt/rustwide/cargo-home" "-e" "RUSTUP_HOME=/opt/rustwide/rustup-home" "-e" "CARGO_TARGET_DIR=/opt/rustwide/target" "-e" "CARGO_INCREMENTAL=0" "-e" "RUST_BACKTRACE=full" "-e" "RUSTFLAGS=--cap-lints=warn" "-e" "RUSTDOCFLAGS=--cap-lints=warn" "-w" "/opt/rustwide/workdir" "--user" "0:0" "8fac8ce215dbd114b8a884bfac23490fd1b759ad681228103f7ef3d049690a00" "/opt/rustwide/cargo-home/bin/cargo" "+1.99.0-beta.8" "test" "--frozen" "--release", kill_on_drop: false }`
[INFO] [stderr]     Finished `release` profile [optimized] target(s) in 0.09s
[INFO] [stderr]      Running unittests src/lib.rs (/opt/rustwide/target/release/deps/kcell_core-55c5a0572c493362)
[INFO] [stdout] 
[INFO] [stdout] running 28 tests
[INFO] [stdout] test audit::tests::ring_drops_oldest ... ok
[INFO] [stdout] test autobind::tests::fills_missing_require ... ok
[INFO] [stdout] test control::tests::handle_ping_status ... ok
[INFO] [stdout] test binding::tests::apply_binding_when_ready ... ok
[INFO] [stdout] test envelope::tests::roundtrip ... ok
[INFO] [stdout] test host::tests::wasi_activate_gated_or_needs_artifact ... ok
[INFO] [stdout] test host::tests::invoke_via_binding ... ok
[INFO] [stdout] test package::tests::digest_stable ... ok
[INFO] [stdout] test manifest::cell::tests::parses_and_validates_cell ... ok
[INFO] [stdout] test host::tests::grant_many_writes_state_when_persist_enabled ... ok
[INFO] [stdout] test lifecycle::tests::rejects_illegal_jump ... ok
[INFO] [stdout] test lifecycle::tests::drain_stop ... ok
[INFO] [stdout] test manifest::cell::tests::compat_fixture_v1_min_cell_loads ... FAILED
[INFO] [stdout] test control::tests::hot_load_cell_dir ... FAILED
[INFO] [stdout] test bus::tests::since_filters ... ok
[INFO] [stdout] test specialize::tests::parse_cap_tokens ... ok
[INFO] [stdout] test host::tests::policy_grants_persist_roundtrip ... ok
[INFO] [stdout] test specialize::tests::wasi_requires_artifact ... ok
[INFO] [stdout] test watch::tests::diff_detects_add_change_remove ... ok
[INFO] [stdout] test state::tests::compat_fixture_host_state_v1_no_policy_loads ... FAILED
[INFO] [stdout] test state::tests::default_path_beside_socket ... ok
[INFO] [stdout] test state::tests::old_state_without_policy_loads ... ok
[INFO] [stdout] test watch::tests::scan_finds_repo_cells ... FAILED
[INFO] [stdout] test host::tests::unload_clears_executor_and_bindings ... ok
[INFO] [stdout] test host::tests::state_export_restore_roundtrip ... FAILED
[INFO] [stdout] test lifecycle::tests::activates_to_active ... ok
[INFO] [stdout] test specialize::tests::specialize_overlay_and_refuse_overwrite ... ok
[INFO] [stdout] test control::tests::unix_roundtrip ... ok
[INFO] [stdout] 
[INFO] [stdout] failures:
[INFO] [stdout] 
[INFO] [stdout] ---- manifest::cell::tests::compat_fixture_v1_min_cell_loads stdout ----
[INFO] [stdout] 
[INFO] [stdout] thread 'manifest::cell::tests::compat_fixture_v1_min_cell_loads' (355) panicked at src/manifest/cell.rs:295:47:
[INFO] [stdout] compat v1 min cell must load: Io(Os { code: 2, kind: NotFound, message: "No such file or directory" })
[INFO] [stdout] stack backtrace:
[INFO] [stdout]    0:     0x63b06a76a661 - <<std[70759c8f55707aa4]::sys::backtrace::BacktraceLock>::print::DisplayBacktrace as core[df12db4294e9bfd3]::fmt::Display>::fmt
[INFO] [stdout]    1:     0x63b06a78090a - core[df12db4294e9bfd3]::fmt::write
[INFO] [stdout]    2:     0x63b06a76f1ac - <alloc[2182bb758b4b3781]::vec::Vec<u8> as core[df12db4294e9bfd3]::io::write::Write>::write_fmt
[INFO] [stdout]    3:     0x63b06a743ed6 - std[70759c8f55707aa4]::panicking::default_hook::{closure#0}
[INFO] [stdout]    4:     0x63b06a7618f9 - std[70759c8f55707aa4]::panicking::default_hook
[INFO] [stdout]    5:     0x63b06a6f0650 - test[9d35eded1c95d3be]::test_main_inner::<test[9d35eded1c95d3be]::test_main_static::{closure#0}>::{closure#0}
[INFO] [stdout]    6:     0x63b06a761ab2 - std[70759c8f55707aa4]::panicking::panic_with_hook
[INFO] [stdout]    7:     0x63b06a743f82 - std[70759c8f55707aa4]::panicking::panic_handler::{closure#0}
[INFO] [stdout]    8:     0x63b06a73c9b9 - std[70759c8f55707aa4]::sys::backtrace::__rust_end_short_backtrace::<std[70759c8f55707aa4]::panicking::panic_handler::{closure#0}, !>
[INFO] [stdout]    9:     0x63b06a744b7d - __rustc[8fa7c3cbc660c2b3]::rust_begin_unwind
[INFO] [stdout]   10:     0x63b06a78103c - core[df12db4294e9bfd3]::panicking::panic_fmt
[INFO] [stdout]   11:     0x63b06a780e12 - core[df12db4294e9bfd3]::result::unwrap_failed
[INFO] [stdout]   12:     0x63b06a69c219 - kcell_core[d5f72a6b391ea1a2]::manifest::cell::tests::compat_fixture_v1_min_cell_loads
[INFO] [stdout]   13:     0x63b06a6bfc19 - <kcell_core[d5f72a6b391ea1a2]::manifest::cell::tests::compat_fixture_v1_min_cell_loads::{closure#0} as core[df12db4294e9bfd3]::ops::function::FnOnce<()>>::call_once
[INFO] [stdout]   14:     0x63b06a6e393b - test[9d35eded1c95d3be]::__rust_begin_short_backtrace::<core[df12db4294e9bfd3]::result::Result<(), alloc[2182bb758b4b3781]::string::String>, fn() -> core[df12db4294e9bfd3]::result::Result<(), alloc[2182bb758b4b3781]::string::String>>
[INFO] [stdout]   15:     0x63b06a6f0fa5 - test[9d35eded1c95d3be]::run_test::{closure#0}
[INFO] [stdout]   16:     0x63b06a6ea864 - std[70759c8f55707aa4]::sys::backtrace::__rust_begin_short_backtrace::<test[9d35eded1c95d3be]::run_test::{closure#1}, ()>
[INFO] [stdout]   17:     0x63b06a6f4102 - <std[70759c8f55707aa4]::thread::lifecycle::spawn_unchecked<test[9d35eded1c95d3be]::run_test::{closure#1}, ()>::{closure#1} as core[df12db4294e9bfd3]::ops::function::FnOnce<()>>::call_once::{shim:vtable#0}
[INFO] [stdout]   18:     0x63b06a7696b9 - <std[70759c8f55707aa4]::sys::thread::unix::Thread>::new::thread_start
[INFO] [stdout]   19:     0x7ff65cfa5dfa - <unknown>
[INFO] [stdout]   20:     0x7ff65d0393d4 - clone
[INFO] [stdout]   21:                0x0 - <unknown>
[INFO] [stdout] 
[INFO] [stdout] ---- control::tests::hot_load_cell_dir stdout ----
[INFO] [stdout] 
[INFO] [stdout] thread 'control::tests::hot_load_cell_dir' (343) panicked at src/control.rs:493:14:
[INFO] [stdout] called `Result::unwrap()` on an `Err` value: Io(Os { code: 2, kind: NotFound, message: "No such file or directory" })
[INFO] [stdout] stack backtrace:
[INFO] [stdout]    0:     0x63b06a76a661 - <<std[70759c8f55707aa4]::sys::backtrace::BacktraceLock>::print::DisplayBacktrace as core[df12db4294e9bfd3]::fmt::Display>::fmt
[INFO] [stdout]    1:     0x63b06a78090a - core[df12db4294e9bfd3]::fmt::write
[INFO] [stdout]    2:     0x63b06a76f1ac - <alloc[2182bb758b4b3781]::vec::Vec<u8> as core[df12db4294e9bfd3]::io::write::Write>::write_fmt
[INFO] [stdout]    3:     0x63b06a743ed6 - std[70759c8f55707aa4]::panicking::default_hook::{closure#0}
[INFO] [stdout]    4:     0x63b06a7618f9 - std[70759c8f55707aa4]::panicking::default_hook
[INFO] [stdout]    5:     0x63b06a6f0650 - test[9d35eded1c95d3be]::test_main_inner::<test[9d35eded1c95d3be]::test_main_static::{closure#0}>::{closure#0}
[INFO] [stdout]    6:     0x63b06a761ab2 - std[70759c8f55707aa4]::panicking::panic_with_hook
[INFO] [stdout]    7:     0x63b06a743f82 - std[70759c8f55707aa4]::panicking::panic_handler::{closure#0}
[INFO] [stdout]    8:     0x63b06a73c9b9 - std[70759c8f55707aa4]::sys::backtrace::__rust_end_short_backtrace::<std[70759c8f55707aa4]::panicking::panic_handler::{closure#0}, !>
[INFO] [stdout]    9:     0x63b06a744b7d - __rustc[8fa7c3cbc660c2b3]::rust_begin_unwind
[INFO] [stdout]   10:     0x63b06a78103c - core[df12db4294e9bfd3]::panicking::panic_fmt
[INFO] [stdout]   11:     0x63b06a780e12 - core[df12db4294e9bfd3]::result::unwrap_failed
[INFO] [stdout]   12:     0x63b06a685f44 - kcell_core[d5f72a6b391ea1a2]::control::tests::hot_load_cell_dir
[INFO] [stdout]   13:     0x63b06a6bfaf9 - <kcell_core[d5f72a6b391ea1a2]::control::tests::hot_load_cell_dir::{closure#0} as core[df12db4294e9bfd3]::ops::function::FnOnce<()>>::call_once
[INFO] [stdout]   14:     0x63b06a6e393b - test[9d35eded1c95d3be]::__rust_begin_short_backtrace::<core[df12db4294e9bfd3]::result::Result<(), alloc[2182bb758b4b3781]::string::String>, fn() -> core[df12db4294e9bfd3]::result::Result<(), alloc[2182bb758b4b3781]::string::String>>
[INFO] [stdout]   15:     0x63b06a6f0fa5 - test[9d35eded1c95d3be]::run_test::{closure#0}
[INFO] [stdout]   16:     0x63b06a6ea864 - std[70759c8f55707aa4]::sys::backtrace::__rust_begin_short_backtrace::<test[9d35eded1c95d3be]::run_test::{closure#1}, ()>
[INFO] [stdout]   17:     0x63b06a6f4102 - <std[70759c8f55707aa4]::thread::lifecycle::spawn_unchecked<test[9d35eded1c95d3be]::run_test::{closure#1}, ()>::{closure#1} as core[df12db4294e9bfd3]::ops::function::FnOnce<()>>::call_once::{shim:vtable#0}
[INFO] [stdout]   18:     0x63b06a7696b9 - <std[70759c8f55707aa4]::sys::thread::unix::Thread>::new::thread_start
[INFO] [stdout]   19:     0x7ff65cfa5dfa - <unknown>
[INFO] [stdout]   20:     0x7ff65d0393d4 - clone
[INFO] [stdout]   21:                0x0 - <unknown>
[INFO] [stdout] 
[INFO] [stdout] ---- state::tests::compat_fixture_host_state_v1_no_policy_loads stdout ----
[INFO] [stdout] 
[INFO] [stdout] thread 'state::tests::compat_fixture_host_state_v1_no_policy_loads' (361) panicked at src/state.rs:111:44:
[INFO] [stdout] compat host-state without policy must load: Io(Custom { kind: NotFound, error: "read host state /opt/rustwide/workdir/../../tests/fixtures/compat/host-state.v1.no-policy.json: No such file or directory (os error 2)" })
[INFO] [stdout] stack backtrace:
[INFO] [stdout]    0:     0x63b06a76a661 - <<std[70759c8f55707aa4]::sys::backtrace::BacktraceLock>::print::DisplayBacktrace as core[df12db4294e9bfd3]::fmt::Display>::fmt
[INFO] [stdout]    1:     0x63b06a78090a - core[df12db4294e9bfd3]::fmt::write
[INFO] [stdout]    2:     0x63b06a76f1ac - <alloc[2182bb758b4b3781]::vec::Vec<u8> as core[df12db4294e9bfd3]::io::write::Write>::write_fmt
[INFO] [stdout]    3:     0x63b06a743ed6 - std[70759c8f55707aa4]::panicking::default_hook::{closure#0}
[INFO] [stdout]    4:     0x63b06a7618f9 - std[70759c8f55707aa4]::panicking::default_hook
[INFO] [stdout]    5:     0x63b06a6f0650 - test[9d35eded1c95d3be]::test_main_inner::<test[9d35eded1c95d3be]::test_main_static::{closure#0}>::{closure#0}
[INFO] [stdout]    6:     0x63b06a761ab2 - std[70759c8f55707aa4]::panicking::panic_with_hook
[INFO] [stdout]    7:     0x63b06a743f82 - std[70759c8f55707aa4]::panicking::panic_handler::{closure#0}
[INFO] [stdout]    8:     0x63b06a73c9b9 - std[70759c8f55707aa4]::sys::backtrace::__rust_end_short_backtrace::<std[70759c8f55707aa4]::panicking::panic_handler::{closure#0}, !>
[INFO] [stdout]    9:     0x63b06a744b7d - __rustc[8fa7c3cbc660c2b3]::rust_begin_unwind
[INFO] [stdout]   10:     0x63b06a78103c - core[df12db4294e9bfd3]::panicking::panic_fmt
[INFO] [stdout]   11:     0x63b06a780e12 - core[df12db4294e9bfd3]::result::unwrap_failed
[INFO] [stdout]   12:     0x63b06a693f91 - kcell_core[d5f72a6b391ea1a2]::state::tests::compat_fixture_host_state_v1_no_policy_loads
[INFO] [stdout]   13:     0x63b06a6bfa59 - <kcell_core[d5f72a6b391ea1a2]::state::tests::compat_fixture_host_state_v1_no_policy_loads::{closure#0} as core[df12db4294e9bfd3]::ops::function::FnOnce<()>>::call_once
[INFO] [stdout]   14:     0x63b06a6e393b - test[9d35eded1c95d3be]::__rust_begin_short_backtrace::<core[df12db4294e9bfd3]::result::Result<(), alloc[2182bb758b4b3781]::string::String>, fn() -> core[df12db4294e9bfd3]::result::Result<(), alloc[2182bb758b4b3781]::string::String>>
[INFO] [stdout]   15:     0x63b06a6f0fa5 - test[9d35eded1c95d3be]::run_test::{closure#0}
[INFO] [stdout]   16:     0x63b06a6ea864 - std[70759c8f55707aa4]::sys::backtrace::__rust_begin_short_backtrace::<test[9d35eded1c95d3be]::run_test::{closure#1}, ()>
[INFO] [stdout]   17:     0x63b06a6f4102 - <std[70759c8f55707aa4]::thread::lifecycle::spawn_unchecked<test[9d35eded1c95d3be]::run_test::{closure#1}, ()>::{closure#1} as core[df12db4294e9bfd3]::ops::function::FnOnce<()>>::call_once::{shim:vtable#0}
[INFO] [stdout]   18:     0x63b06a7696b9 - <std[70759c8f55707aa4]::sys::thread::unix::Thread>::new::thread_start
[INFO] [stdout]   19:     0x7ff65cfa5dfa - <unknown>
[INFO] [stdout]   20:     0x7ff65d0393d4 - clone
[INFO] [stdout]   21:                0x0 - <unknown>
[INFO] [stdout] 
[INFO] [stdout] ---- watch::tests::scan_finds_repo_cells stdout ----
[INFO] [stdout] 
[INFO] [stdout] thread 'watch::tests::scan_finds_repo_cells' (365) panicked at src/watch.rs:329:9:
[INFO] [stdout] assertion failed: found.values().any(|c| c.name == "echo-cell")
[INFO] [stdout] stack backtrace:
[INFO] [stdout]    0:     0x63b06a76a661 - <<std[70759c8f55707aa4]::sys::backtrace::BacktraceLock>::print::DisplayBacktrace as core[df12db4294e9bfd3]::fmt::Display>::fmt
[INFO] [stdout]    1:     0x63b06a78090a - core[df12db4294e9bfd3]::fmt::write
[INFO] [stdout]    2:     0x63b06a76f1ac - <alloc[2182bb758b4b3781]::vec::Vec<u8> as core[df12db4294e9bfd3]::io::write::Write>::write_fmt
[INFO] [stdout]    3:     0x63b06a743ed6 - std[70759c8f55707aa4]::panicking::default_hook::{closure#0}
[INFO] [stdout]    4:     0x63b06a7618f9 - std[70759c8f55707aa4]::panicking::default_hook
[INFO] [stdout]    5:     0x63b06a6f0650 - test[9d35eded1c95d3be]::test_main_inner::<test[9d35eded1c95d3be]::test_main_static::{closure#0}>::{closure#0}
[INFO] [stdout]    6:     0x63b06a761ab2 - std[70759c8f55707aa4]::panicking::panic_with_hook
[INFO] [stdout]    7:     0x63b06a743fb4 - std[70759c8f55707aa4]::panicking::panic_handler::{closure#0}
[INFO] [stdout]    8:     0x63b06a73c9b9 - std[70759c8f55707aa4]::sys::backtrace::__rust_end_short_backtrace::<std[70759c8f55707aa4]::panicking::panic_handler::{closure#0}, !>
[INFO] [stdout]    9:     0x63b06a744b7d - __rustc[8fa7c3cbc660c2b3]::rust_begin_unwind
[INFO] [stdout]   10:     0x63b06a78103c - core[df12db4294e9bfd3]::panicking::panic_fmt
[INFO] [stdout]   11:     0x63b06a781002 - core[df12db4294e9bfd3]::panicking::panic
[INFO] [stdout]   12:     0x63b06a66a9b9 - kcell_core[d5f72a6b391ea1a2]::watch::tests::scan_finds_repo_cells
[INFO] [stdout]   13:     0x63b06a6bfa79 - <kcell_core[d5f72a6b391ea1a2]::watch::tests::scan_finds_repo_cells::{closure#0} as core[df12db4294e9bfd3]::ops::function::FnOnce<()>>::call_once
[INFO] [stdout]   14:     0x63b06a6e393b - test[9d35eded1c95d3be]::__rust_begin_short_backtrace::<core[df12db4294e9bfd3]::result::Result<(), alloc[2182bb758b4b3781]::string::String>, fn() -> core[df12db4294e9bfd3]::result::Result<(), alloc[2182bb758b4b3781]::string::String>>
[INFO] [stdout]   15:     0x63b06a6f0fa5 - test[9d35eded1c95d3be]::run_test::{closure#0}
[INFO] [stdout]   16:     0x63b06a6ea864 - std[70759c8f55707aa4]::sys::backtrace::__rust_begin_short_backtrace::<test[9d35eded1c95d3be]::run_test::{closure#1}, ()>
[INFO] [stdout]   17:     0x63b06a6f4102 - <std[70759c8f55707aa4]::thread::lifecycle::spawn_unchecked<test[9d35eded1c95d3be]::run_test::{closure#1}, ()>::{closure#1} as core[df12db4294e9bfd3]::ops::function::FnOnce<()>>::call_once::{shim:vtable#0}
[INFO] [stdout]   18:     0x63b06a7696b9 - <std[70759c8f55707aa4]::sys::thread::unix::Thread>::new::thread_start
[INFO] [stdout]   19:     0x7ff65cfa5dfa - <unknown>
[INFO] [stdout]   20:     0x7ff65d0393d4 - clone
[INFO] [stdout]   21:                0x0 - <unknown>
[INFO] [stdout] 
[INFO] [stdout] ---- host::tests::state_export_restore_roundtrip stdout ----
[INFO] [stdout] 
[INFO] [stdout] thread 'host::tests::state_export_restore_roundtrip' (349) panicked at src/host.rs:1074:46:
[INFO] [stdout] called `Result::unwrap()` on an `Err` value: Io(Os { code: 2, kind: NotFound, message: "No such file or directory" })
[INFO] [stdout] stack backtrace:
[INFO] [stdout]    0:     0x63b06a76a661 - <<std[70759c8f55707aa4]::sys::backtrace::BacktraceLock>::print::DisplayBacktrace as core[df12db4294e9bfd3]::fmt::Display>::fmt
[INFO] [stdout]    1:     0x63b06a78090a - core[df12db4294e9bfd3]::fmt::write
[INFO] [stdout]    2:     0x63b06a76f1ac - <alloc[2182bb758b4b3781]::vec::Vec<u8> as core[df12db4294e9bfd3]::io::write::Write>::write_fmt
[INFO] [stdout]    3:     0x63b06a743ed6 - std[70759c8f55707aa4]::panicking::default_hook::{closure#0}
[INFO] [stdout]    4:     0x63b06a7618f9 - std[70759c8f55707aa4]::panicking::default_hook
[INFO] [stdout]    5:     0x63b06a6f0650 - test[9d35eded1c95d3be]::test_main_inner::<test[9d35eded1c95d3be]::test_main_static::{closure#0}>::{closure#0}
[INFO] [stdout]    6:     0x63b06a761ab2 - std[70759c8f55707aa4]::panicking::panic_with_hook
[INFO] [stdout]    7:     0x63b06a743f82 - std[70759c8f55707aa4]::panicking::panic_handler::{closure#0}
[INFO] [stdout]    8:     0x63b06a73c9b9 - std[70759c8f55707aa4]::sys::backtrace::__rust_end_short_backtrace::<std[70759c8f55707aa4]::panicking::panic_handler::{closure#0}, !>
[INFO] [stdout]    9:     0x63b06a744b7d - __rustc[8fa7c3cbc660c2b3]::rust_begin_unwind
[INFO] [stdout]   10:     0x63b06a78103c - core[df12db4294e9bfd3]::panicking::panic_fmt
[INFO] [stdout]   11:     0x63b06a780e12 - core[df12db4294e9bfd3]::result::unwrap_failed
[INFO] [stdout]   12:     0x63b06a6ac195 - kcell_core[d5f72a6b391ea1a2]::host::tests::state_export_restore_roundtrip
[INFO] [stdout]   13:     0x63b06a6bf959 - <kcell_core[d5f72a6b391ea1a2]::host::tests::state_export_restore_roundtrip::{closure#0} as core[df12db4294e9bfd3]::ops::function::FnOnce<()>>::call_once
[INFO] [stdout]   14:     0x63b06a6e393b - test[9d35eded1c95d3be]::__rust_begin_short_backtrace::<core[df12db4294e9bfd3]::result::Result<(), alloc[2182bb758b4b3781]::string::String>, fn() -> core[df12db4294e9bfd3]::result::Result<(), alloc[2182bb758b4b3781]::string::String>>
[INFO] [stdout]   15:     0x63b06a6f0fa5 - test[9d35eded1c95d3be]::run_test::{closure#0}
[INFO] [stdout]   16:     0x63b06a6ea864 - std[70759c8f55707aa4]::sys::backtrace::__rust_begin_short_backtrace::<test[9d35eded1c95d3be]::run_test::{closure#1}, ()>
[INFO] [stdout]   17:     0x63b06a6f4102 - <std[70759c8f55707aa4]::thread::lifecycle::spawn_unchecked<test[9d35eded1c95d3be]::run_test::{closure#1}, ()>::{closure#1} as core[df12db4294e9bfd3]::ops::function::FnOnce<()>>::call_once::{shim:vtable#0}
[INFO] [stdout]   18:     0x63b06a7696b9 - <std[70759c8f55707aa4]::sys::thread::unix::Thread>::new::thread_start
[INFO] [stdout]   19:     0x7ff65cfa5dfa - <unknown>
[INFO] [stdout]   20:     0x7ff65d0393d4 - clone
[INFO] [stdout]   21:                0x0 - <unknown>
[INFO] [stdout] 
[INFO] [stdout] 
[INFO] [stdout] failures:
[INFO] [stdout]     control::tests::hot_load_cell_dir
[INFO] [stdout]     host::tests::state_export_restore_roundtrip
[INFO] [stdout]     manifest::cell::tests::compat_fixture_v1_min_cell_loads
[INFO] [stdout]     state::tests::compat_fixture_host_state_v1_no_policy_loads
[INFO] [stdout]     watch::tests::scan_finds_repo_cells
[INFO] [stdout] 
[INFO] [stdout] test result: FAILED. 23 passed; 5 failed; 0 ignored; 0 measured; 0 filtered out; finished in 0.03s
[INFO] [stdout] 
[INFO] [stderr] error: test failed, to rerun pass `--lib`
[INFO] running `Command { std: "docker" "inspect" "8fac8ce215dbd114b8a884bfac23490fd1b759ad681228103f7ef3d049690a00", kill_on_drop: false }`
[INFO] running `Command { std: "docker" "rm" "-f" "8fac8ce215dbd114b8a884bfac23490fd1b759ad681228103f7ef3d049690a00", kill_on_drop: false }`
[INFO] [stdout] 8fac8ce215dbd114b8a884bfac23490fd1b759ad681228103f7ef3d049690a00
