[INFO] fetching crate kayrx 0.18.0...
[INFO] testing kayrx-0.18.0 against 1.100.0-beta.1+cargoflags=--release for beta-release-1.100-2
[INFO] extracting crate kayrx 0.18.0 into /workspace/builds/worker-5-tc2/source
[INFO] started tweaking crates.io crate kayrx 0.18.0
[INFO] finished tweaking crates.io crate kayrx 0.18.0
[INFO] tweaked toml for crates.io crate kayrx 0.18.0 written to /workspace/builds/worker-5-tc2/source/Cargo.toml
[INFO] validating manifest of crates.io crate kayrx 0.18.0 on toolchain 1.100.0-beta.1
[INFO] running `Command { std: CARGO_HOME="/workspace/cargo-home" RUSTUP_HOME="/workspace/rustup-home" "/workspace/cargo-home/bin/cargo" "+1.100.0-beta.1" "metadata" "--manifest-path" "Cargo.toml" "--no-deps", kill_on_drop: false }`
[INFO] running `Command { std: CARGO_HOME="/workspace/cargo-home" RUSTUP_HOME="/workspace/rustup-home" "/workspace/cargo-home/bin/cargo" "+1.100.0-beta.1" "generate-lockfile" "--manifest-path" "Cargo.toml", kill_on_drop: false }`
[INFO] [stderr]     Updating crates.io index
[INFO] [stderr]      Locking 74 packages to highest compatible versions
[INFO] [stderr]       Adding bytes v0.4.12 (available: v1.12.1)
[INFO] [stderr]       Adding crossbeam-channel v0.4.4 (available: v0.5.17)
[INFO] [stderr]       Adding crossbeam-deque v0.7.4 (available: v0.8.8)
[INFO] [stderr]       Adding crossbeam-utils v0.7.2 (available: v0.8.23)
[INFO] [stderr]       Adding env_logger v0.6.2 (available: v0.11.11)
[INFO] [stderr]       Adding parking_lot v0.9.0 (available: v0.12.5)
[INFO] [stderr]       Adding pin-project-lite v0.1.12 (available: v0.2.17)
[INFO] [stderr]       Adding rand v0.7.3 (available: v0.10.3)
[INFO] running `Command { std: CARGO_HOME="/workspace/cargo-home" RUSTUP_HOME="/workspace/rustup-home" "/workspace/cargo-home/bin/cargo" "+1.100.0-beta.1" "fetch" "--manifest-path" "Cargo.toml", kill_on_drop: false }`
[INFO] running `Command { std: "docker" "create" "-v" "/var/lib/crater-agent-workspace/builds/worker-5-tc2/source:/opt/rustwide/workdir:ro,Z" "-v" "/var/lib/crater-agent-workspace/builds/worker-5-tc2/target:/opt/rustwide/target:rw,Z" "-v" "/var/lib/crater-agent-workspace/cargo-home:/opt/rustwide/cargo-home:ro,Z" "-v" "/var/lib/crater-agent-workspace/rustup-home:/opt/rustwide/rustup-home:ro,Z" "-m" "1610612736" "--network" "none" "ghcr.io/rust-lang/crates-build-env/linux@sha256:77db811e55d90add9212f6832c23229e3de5f1c1f9905e8cb07319ea15df73ac" "sleep" "infinity", kill_on_drop: false }`
[INFO] [stdout] 0491f23d8f3f55f8a6257aebe3243947ce290f7e88926e2b80dbc7eb95da5267
[INFO] running `Command { std: "docker" "start" "0491f23d8f3f55f8a6257aebe3243947ce290f7e88926e2b80dbc7eb95da5267", kill_on_drop: false }`
[INFO] running `Command { std: "docker" "inspect" "0491f23d8f3f55f8a6257aebe3243947ce290f7e88926e2b80dbc7eb95da5267", kill_on_drop: false }`
[INFO] running `Command { std: "docker" "exec" "-e" "SOURCE_DIR=/opt/rustwide/workdir" "-e" "CARGO_HOME=/opt/rustwide/cargo-home" "-e" "RUSTUP_HOME=/opt/rustwide/rustup-home" "-e" "CARGO_TARGET_DIR=/opt/rustwide/target" "-w" "/opt/rustwide/workdir" "--user" "0:0" "0491f23d8f3f55f8a6257aebe3243947ce290f7e88926e2b80dbc7eb95da5267" "/opt/rustwide/cargo-home/bin/cargo" "+1.100.0-beta.1" "metadata" "--no-deps" "--format-version=1", kill_on_drop: false }`
[INFO] running `Command { std: "docker" "inspect" "0491f23d8f3f55f8a6257aebe3243947ce290f7e88926e2b80dbc7eb95da5267", kill_on_drop: false }`
[INFO] running `Command { std: "docker" "exec" "-e" "SOURCE_DIR=/opt/rustwide/workdir" "-e" "CARGO_HOME=/opt/rustwide/cargo-home" "-e" "RUSTUP_HOME=/opt/rustwide/rustup-home" "-e" "CARGO_TARGET_DIR=/opt/rustwide/target" "-e" "CARGO_INCREMENTAL=0" "-e" "RUST_BACKTRACE=full" "-e" "RUSTFLAGS=--cap-lints=warn" "-e" "RUSTDOCFLAGS=--cap-lints=warn" "-w" "/opt/rustwide/workdir" "--user" "0:0" "0491f23d8f3f55f8a6257aebe3243947ce290f7e88926e2b80dbc7eb95da5267" "/opt/rustwide/cargo-home/bin/cargo" "+1.100.0-beta.1" "build" "--frozen" "--message-format=json" "--release", kill_on_drop: false }`
[INFO] [stderr]    Compiling semver-parser v0.7.0
[INFO] [stderr]    Compiling maybe-uninit v2.0.0
[INFO] [stderr]    Compiling libc v0.2.191
[INFO] [stderr]    Compiling cfg-if v0.1.10
[INFO] [stderr]    Compiling crossbeam-utils v0.7.2
[INFO] [stderr]    Compiling memoffset v0.5.6
[INFO] [stderr]    Compiling scopeguard v1.2.0
[INFO] [stderr]    Compiling lazy_static v1.5.1
[INFO] [stderr]    Compiling crossbeam-epoch v0.8.2
[INFO] [stderr]    Compiling futures-sink v0.3.34
[INFO] [stderr]    Compiling futures-core v0.3.34
[INFO] [stderr]    Compiling syn v1.0.109
[INFO] [stderr]    Compiling pin-project-lite v0.2.17
[INFO] [stderr]    Compiling futures-task v0.3.34
[INFO] [stderr]    Compiling futures-io v0.3.34
[INFO] [stderr]    Compiling syn v3.0.9
[INFO] [stderr]    Compiling memchr v2.8.3
[INFO] [stderr]    Compiling anyhow v1.0.104
[INFO] [stderr]    Compiling slab v0.4.12
[INFO] [stderr]    Compiling lock_api v0.3.4
[INFO] [stderr]    Compiling log v0.4.34
[INFO] [stderr]    Compiling futures-channel v0.3.34
[INFO] [stderr]    Compiling pin-utils v0.1.1
[INFO] [stderr]    Compiling async-datagram v3.0.0
[INFO] [stderr]    Compiling once_cell v1.21.4
[INFO] [stderr]    Compiling async-ready v3.0.0
[INFO] [stderr]    Compiling pin-project-lite v0.1.12
[INFO] [stderr]    Compiling semver v0.9.0
[INFO] [stderr]    Compiling smallvec v0.6.14
[INFO] [stderr]    Compiling rustc_version v0.2.3
[INFO] [stderr]    Compiling parking_lot_core v0.6.3
[INFO] [stderr]    Compiling parking_lot v0.9.0
[INFO] [stderr]    Compiling crossbeam-channel v0.4.4
[INFO] [stderr]    Compiling crossbeam-deque v0.7.4
[INFO] [stderr]    Compiling net2 v0.2.39
[INFO] [stderr]    Compiling iovec v0.1.4
[INFO] [stderr]    Compiling num_cpus v1.17.0
[INFO] [stderr]    Compiling kayrx-macro v1.1.0
[INFO] [stderr]    Compiling futures-macro v0.3.34
[INFO] [stderr]    Compiling futures-util v0.3.34
[INFO] [stderr]    Compiling futures-executor v0.3.34
[INFO] [stderr]    Compiling kayrx v0.18.0 (/opt/rustwide/workdir)
[INFO] [stderr] warning: unused dependency `pin-project-lite`
[INFO] [stderr]   --> Cargo.toml:62:15
[INFO] [stderr]    |
[INFO] [stderr] 62 | [dependencies.pin-project-lite]
[INFO] [stderr]    |               ^^^^^^^^^^^^^^^^^
[INFO] [stderr]    |
[INFO] [stderr]    = note: `cargo::unused_dependencies` is set to `warn` by default
[INFO] [stderr] help: consider removing the dependency on `pin-project-lite`
[INFO] [stderr] warning: `kayrx` (manifest) generated 1 warning
[INFO] [stderr]     Finished `release` profile [optimized] target(s) in 17.42s
[INFO] running `Command { std: "docker" "inspect" "0491f23d8f3f55f8a6257aebe3243947ce290f7e88926e2b80dbc7eb95da5267", kill_on_drop: false }`
[INFO] running `Command { std: "docker" "exec" "-e" "SOURCE_DIR=/opt/rustwide/workdir" "-e" "CARGO_HOME=/opt/rustwide/cargo-home" "-e" "RUSTUP_HOME=/opt/rustwide/rustup-home" "-e" "CARGO_TARGET_DIR=/opt/rustwide/target" "-e" "CARGO_INCREMENTAL=0" "-e" "RUST_BACKTRACE=full" "-e" "RUSTFLAGS=--cap-lints=warn" "-e" "RUSTDOCFLAGS=--cap-lints=warn" "-w" "/opt/rustwide/workdir" "--user" "0:0" "0491f23d8f3f55f8a6257aebe3243947ce290f7e88926e2b80dbc7eb95da5267" "/opt/rustwide/cargo-home/bin/cargo" "+1.100.0-beta.1" "test" "--frozen" "--no-run" "--message-format=json" "--release", kill_on_drop: false }`
[INFO] [stderr]    Compiling getrandom v0.1.16
[INFO] [stderr]    Compiling cfg-if v1.0.5
[INFO] [stderr]    Compiling zerocopy v0.8.63
[INFO] [stderr]    Compiling rand v0.4.6
[INFO] [stderr]    Compiling byteorder v1.5.0
[INFO] [stderr]    Compiling remove_dir_all v0.5.3
[INFO] [stderr]    Compiling env_logger v0.6.2
[INFO] [stderr]    Compiling futures v0.3.34
[INFO] [stderr]    Compiling bytes v0.4.12
[INFO] [stderr]    Compiling rand_core v0.5.1
[INFO] [stderr]    Compiling tempdir v0.3.7
[INFO] [stderr]    Compiling ppv-lite86 v0.2.21
[INFO] [stderr]    Compiling rand_chacha v0.2.2
[INFO] [stderr]    Compiling rand v0.7.3
[INFO] [stderr]    Compiling kayrx v0.18.0 (/opt/rustwide/workdir)
[INFO] [stderr] warning: unused dependency `pin-project-lite`
[INFO] [stderr]   --> Cargo.toml:62:15
[INFO] [stderr]    |
[INFO] [stderr] 62 | [dependencies.pin-project-lite]
[INFO] [stderr]    |               ^^^^^^^^^^^^^^^^^
[INFO] [stderr]    |
[INFO] [stderr]    = note: `cargo::unused_dependencies` is set to `warn` by default
[INFO] [stderr] help: consider removing the dependency on `pin-project-lite`
[INFO] [stderr] warning: `kayrx` (manifest) generated 1 warning
[INFO] [stderr]     Finished `release` profile [optimized] target(s) in 25.16s
[INFO] running `Command { std: "docker" "inspect" "0491f23d8f3f55f8a6257aebe3243947ce290f7e88926e2b80dbc7eb95da5267", kill_on_drop: false }`
[INFO] running `Command { std: "docker" "exec" "-e" "SOURCE_DIR=/opt/rustwide/workdir" "-e" "CARGO_HOME=/opt/rustwide/cargo-home" "-e" "RUSTUP_HOME=/opt/rustwide/rustup-home" "-e" "CARGO_TARGET_DIR=/opt/rustwide/target" "-e" "CARGO_INCREMENTAL=0" "-e" "RUST_BACKTRACE=full" "-e" "RUSTFLAGS=--cap-lints=warn" "-e" "RUSTDOCFLAGS=--cap-lints=warn" "-w" "/opt/rustwide/workdir" "--user" "0:0" "0491f23d8f3f55f8a6257aebe3243947ce290f7e88926e2b80dbc7eb95da5267" "/opt/rustwide/cargo-home/bin/cargo" "+1.100.0-beta.1" "test" "--frozen" "--release", kill_on_drop: false }`
[INFO] [stderr] warning: unused dependency `pin-project-lite`
[INFO] [stderr]   --> Cargo.toml:62:15
[INFO] [stderr]    |
[INFO] [stderr] 62 | [dependencies.pin-project-lite]
[INFO] [stderr]    |               ^^^^^^^^^^^^^^^^^
[INFO] [stderr]    |
[INFO] [stderr]    = note: `cargo::unused_dependencies` is set to `warn` by default
[INFO] [stderr] help: consider removing the dependency on `pin-project-lite`
[INFO] [stderr] warning: `kayrx` (manifest) generated 1 warning
[INFO] [stderr]     Finished `release` profile [optimized] target(s) in 0.10s
[INFO] [stderr]      Running unittests src/lib.rs (/opt/rustwide/target/release/build/kayrx/5597826394611d2b/out/kayrx-5597826394611d2b)
[INFO] [stdout] 
[INFO] [stdout] running 7 tests
[INFO] [stdout] test lxar::event::test_debug_pollopt ... ok
[INFO] [stdout] test lxar::poll::as_raw_fd ... ok
[INFO] [stdout] test karx::utils::spinlock ... ok
[INFO] [stdout] test lxar::event::test_debug_ready ... ok
[INFO] [stdout] test lxar::sys::ready::test_ready_all ... ok
[INFO] [stdout] test net::reactor::test_handle_size ... ok
[INFO] [stdout] test timer::wheel::test::test_level_for ... ok
[INFO] [stdout] 
[INFO] [stdout] test result: ok. 7 passed; 0 failed; 0 ignored; 0 measured; 0 filtered out; finished in 0.00s
[INFO] [stdout] 
[INFO] [stderr]      Running tests/tcp.rs (/opt/rustwide/target/release/build/kayrx/f5719845c8458e2f/out/tcp-f5719845c8458e2f)
[INFO] [stdout] 
[INFO] [stdout] running 3 tests
[INFO] [stdout] test both_sides_async_using_threadpool ... ok
[INFO] [stdout] test listener_writes ... ok
[INFO] [stdout] test listener_reads ... ok
[INFO] [stdout] 
[INFO] [stderr]      Running tests/uds.rs (/opt/rustwide/target/release/build/kayrx/d4da950979e22e9a/out/uds-d4da950979e22e9a)
[INFO] [stdout] test result: ok. 3 passed; 0 failed; 0 ignored; 0 measured; 0 filtered out; finished in 0.00s
[INFO] [stdout] 
[INFO] [stdout] 
[INFO] [stdout] running 5 tests
[INFO] [stdout] test pair ... ok
[INFO] [stdout] test both_sides_async_using_threadpool ... ok
[INFO] [stdout] test listener_writes ... ok
[INFO] [stdout] test listener_reads ... ok
[INFO] [stdout] test reads_bytes ... ok
[INFO] [stdout] 
[INFO] [stdout] test result: ok. 5 passed; 0 failed; 0 ignored; 0 measured; 0 filtered out; finished in 0.02s
[INFO] [stdout] 
[INFO] [stderr]    Doc-tests kayrx
[INFO] [stdout] 
[INFO] [stdout] running 153 tests
[INFO] [stdout] test src/karx/karx/exec.rs - karx::karx::exec::exec (line 26) - compile ... ok
[INFO] [stdout] test src/karx/karx/local.rs - karx::karx::local::LocalKey<T>::try_with (line 77) ... FAILED
[INFO] [stdout] test src/karx/karx/kernel/task.rs - karx::karx::kernel::task::spawn (line 35) ... FAILED
[INFO] [stdout] test src/karx/karx/kernel/task.rs - karx::karx::kernel::task::spawn_local (line 100) ... FAILED
[INFO] [stdout] test src/karx/karx/join_karx.rs - karx::karx::join_karx::JoinKarx<T>::task (line 28) ... FAILED
[INFO] [stdout] test src/karx/karx/local.rs - karx::karx::local::LocalKey<T>::with (line 39) ... FAILED
[INFO] [stdout] test src/lxar/event/mod.rs - lxar::event::Evented (line 73) ... FAILED
[INFO] [stdout] test src/lxar/event/mod.rs - lxar::event::Event::new (line 1192) ... FAILED
[INFO] [stdout] test src/karx/karx/block.rs - karx::karx::block::block (line 26) ... FAILED
[INFO] [stdout] test src/lxar/event/mod.rs - lxar::event::EventedFd (line 275) ... FAILED
[INFO] [stdout] test src/karx/karx/current.rs - karx::karx::current::current (line 16) ... FAILED
[INFO] [stdout] test src/lxar/event/mod.rs - lxar::event::Event::token (line 1228) ... FAILED
[INFO] [stdout] test src/karx/karx/spawn.rs - karx::karx::spawn::spawn (line 14) ... FAILED
[INFO] [stdout] test src/lxar/event/mod.rs - lxar::event::PollOpt::contains (line 573) ... FAILED
[INFO] [stdout] test src/lxar/event/mod.rs - lxar::event::PollOpt::edge (line 415) ... FAILED
[INFO] [stdout] test src/lxar/event/mod.rs - lxar::event::Event::readiness (line 1212) ... FAILED
[INFO] [stdout] test src/lxar/event/mod.rs - lxar::event::Event (line 1167) ... FAILED
[INFO] [stdout] test src/lxar/event/mod.rs - lxar::event::Evented (line 37) ... FAILED
[INFO] [stdout] test src/karx/karx/karx.rs - karx::karx::karx::KarxId (line 183) ... FAILED
[INFO] [stdout] test src/lxar/event/mod.rs - lxar::event::PollOpt::contains (line 564) ... FAILED
[INFO] [stdout] test src/lxar/event/mod.rs - lxar::event::PollOpt (line 374) ... FAILED
[INFO] [stdout] test src/karx/karx/yield_now.rs - karx::karx::yield_now::yield_now (line 19) ... FAILED
[INFO] [stdout] test src/lxar/event/mod.rs - lxar::event::PollOpt::insert (line 604) ... FAILED
[INFO] [stdout] test src/lxar/event/mod.rs - lxar::event::EventedFd (line 303) ... FAILED
[INFO] [stdout] test src/lxar/event/mod.rs - lxar::event::PollOpt::contains (line 582) ... FAILED
[INFO] [stdout] test src/lxar/event/mod.rs - lxar::event::PollOpt::oneshot (line 455) ... FAILED
[INFO] [stdout] test src/lxar/event/mod.rs - lxar::event::PollOpt::empty (line 395) ... FAILED
[INFO] [stdout] test src/lxar/event/mod.rs - lxar::event::PollOpt::is_edge (line 487) ... FAILED
[INFO] [stdout] test src/lxar/event/mod.rs - lxar::event::Ready (line 738) ... FAILED
[INFO] [stdout] test src/lxar/event/mod.rs - lxar::event::PollOpt::is_level (line 507) ... FAILED
[INFO] [stdout] test src/lxar/event/mod.rs - lxar::event::PollOpt::level (line 435) ... FAILED
[INFO] [stdout] test src/lxar/event/mod.rs - lxar::event::PollOpt::is_oneshot (line 527) ... FAILED
[INFO] [stdout] test src/lxar/event/mod.rs - lxar::event::Ready::contains (line 960) ... FAILED
[INFO] [stdout] test src/lxar/event/mod.rs - lxar::event::Ready::insert (line 910) ... FAILED
[INFO] [stdout] test src/lxar/event/mod.rs - lxar::event::Ready::all (line 830) ... FAILED
[INFO] [stdout] test src/lxar/event/mod.rs - lxar::event::PollOpt::remove (line 623) ... FAILED
[INFO] [stdout] test src/lxar/event/mod.rs - lxar::event::Ready::empty (line 768) ... FAILED
[INFO] [stdout] test src/lxar/event/mod.rs - lxar::event::Ready::is_empty (line 851) ... FAILED
[INFO] [stdout] test src/lxar/event/mod.rs - lxar::event::Ready::as_usize (line 1034) ... FAILED
[INFO] [stdout] test src/lxar/net/udp.rs - lxar::net::udp::UdpSocket::recv_from (line 244) - compile ... ok
[INFO] [stdout] test src/lxar/net/udp.rs - lxar::net::udp::UdpSocket::send_to (line 215) - compile ... ok
[INFO] [stdout] test src/lxar/event/mod.rs - lxar::event::Ready::contains (line 969) ... FAILED
[INFO] [stdout] test src/lxar/net/tcp.rs - lxar::net::tcp::TcpStream (line 35) ... FAILED
[INFO] [stdout] test src/lxar/event/mod.rs - lxar::event::Ready::contains (line 978) ... FAILED
[INFO] [stdout] test src/lxar/event/mod.rs - lxar::event::Ready::from_usize (line 1009) ... FAILED
[INFO] [stdout] test src/lxar/event/mod.rs - lxar::event::Ready::is_readable (line 870) ... FAILED
[INFO] [stdout] test src/lxar/event/mod.rs - lxar::event::Ready::is_writable (line 890) ... FAILED
[INFO] [stdout] test src/lxar/event/mod.rs - lxar::event::Ready::remove (line 930) ... FAILED
[INFO] [stdout] test src/lxar/event/mod.rs - lxar::event::Ready::writable (line 807) ... FAILED
[INFO] [stdout] test src/lxar/event/mod.rs - lxar::event::Ready::readable (line 787) ... FAILED
[INFO] [stdout] test src/lxar/net/udp.rs - lxar::net::udp::UdpSocket::set_broadcast (line 296) ... FAILED
[INFO] [stdout] test src/lxar/net/udp.rs - lxar::net::udp::UdpSocket (line 26) ... FAILED
[INFO] [stdout] test src/lxar/poll.rs - lxar::poll::Poll (line 265) ... FAILED
[INFO] [stdout] test src/lxar/net/tcp.rs - lxar::net::tcp::TcpListener (line 449) ... FAILED
[INFO] [stdout] test src/lxar/poll.rs - lxar::poll::Poll (line 87) ... FAILED
[INFO] [stdout] test src/lxar/net/udp.rs - lxar::net::udp::UdpSocket::try_clone (line 181) ... FAILED
[INFO] [stdout] test src/lxar/net/udp.rs - lxar::net::udp::UdpSocket::local_addr (line 151) ... FAILED
[INFO] [stdout] test src/lxar/net/udp.rs - lxar::net::udp::UdpSocket::set_ttl (line 413) ... FAILED
[INFO] [stdout] test src/lxar/net/udp.rs - lxar::net::udp::UdpSocket::bind (line 102) ... FAILED
[INFO] [stdout] test src/lxar/net/udp.rs - lxar::net::udp::UdpSocket::broadcast (line 329) ... FAILED
[INFO] [stdout] test src/lxar/poll.rs - lxar::poll::Registration (line 372) ... FAILED
[INFO] [stdout] test src/lxar/poll.rs - lxar::poll::Events (line 1274) ... FAILED
[INFO] [stdout] test src/lxar/net/udp.rs - lxar::net::udp::UdpSocket::ttl (line 445) ... FAILED
[INFO] [stdout] test src/lxar/poll.rs - lxar::poll::Events::with_capacity (line 1388) ... FAILED
[INFO] [stdout] test src/lxar/poll.rs - lxar::poll::Events::capacity (line 1421) ... FAILED
[INFO] [stdout] test src/lxar/poll.rs - lxar::poll::IntoIter (line 1352) ... FAILED
[INFO] [stdout] test src/lxar/poll.rs - lxar::poll::Events::clear (line 1486) ... FAILED
[INFO] [stdout] test src/lxar/poll.rs - lxar::poll::Events::iter (line 1451) ... FAILED
[INFO] [stdout] test src/lxar/poll.rs - lxar::poll::Events::is_empty (line 1436) ... FAILED
[INFO] [stdout] test src/lxar/poll.rs - lxar::poll::SetReadiness::readiness (line 1760) ... FAILED
[INFO] [stdout] test src/lxar/poll.rs - lxar::poll::Poll::poll (line 979) ... FAILED
[INFO] [stdout] test src/lxar/poll.rs - lxar::poll::Poll::deregister (line 896) ... FAILED
[INFO] [stdout] test src/lxar/poll.rs - lxar::poll::SetReadiness::set_readiness (line 1801) ... FAILED
[INFO] [stdout] test src/lxar/poll.rs - lxar::poll::Poll::new (line 624) ... FAILED
[INFO] [stdout] test src/lxar/poll.rs - lxar::poll::Iter (line 1313) ... FAILED
[INFO] [stdout] test src/lxar/poll.rs - lxar::poll::Poll::register (line 738) ... FAILED
[INFO] [stdout] test src/net/mod.rs - net (line 29) - compile ... ok
[INFO] [stdout] test src/lxar/sys/ready.rs - lxar::sys::ready::UnixReady (line 28) ... FAILED
[INFO] [stdout] test src/net/reactor/poll_evented.rs - net::reactor::poll_evented::PollEvented (line 60) ... ignored
[INFO] [stdout] test src/lxar/poll.rs - lxar::poll::Registration::new2 (line 1598) ... FAILED
[INFO] [stdout] test src/lxar/poll.rs - lxar::poll::Poll::reregister (line 831) ... FAILED
[INFO] [stdout] test src/net/tcp/stream.rs - net::tcp::stream::TcpStream::connect (line 64) - compile ... FAILED
[INFO] [stdout] test src/net/tcp/mod.rs - net::tcp (line 21) - compile ... ok
[INFO] [stdout] test src/net/tcp/stream.rs - net::tcp::stream::TcpStream::linger (line 395) ... FAILED
[INFO] [stdout] test src/net/tcp/stream.rs - net::tcp::stream::TcpStream::keepalive (line 296) ... FAILED
[INFO] [stdout] test src/net/tcp/stream.rs - net::tcp::stream::TcpStream::local_addr (line 93) ... FAILED
[INFO] [stdout] test src/net/tcp/stream.rs - net::tcp::stream::TcpStream::nodelay (line 160) ... FAILED
[INFO] [stdout] test src/net/tcp/stream.rs - net::tcp::stream::TcpStream::peer_addr (line 113) ... FAILED
[INFO] [stdout] test src/net/tcp/stream.rs - net::tcp::stream::TcpStream::recv_buffer_size (line 207) ... FAILED
[INFO] [stdout] test src/net/tcp/stream.rs - net::tcp::stream::TcpStream::set_keepalive (line 327) ... FAILED
[INFO] [stdout] test src/net/tcp/stream.rs - net::tcp::stream::TcpStream::set_linger (line 425) ... FAILED
[INFO] [stdout] test src/net/tcp/stream.rs - net::tcp::stream::TcpStream::send_buffer_size (line 251) ... FAILED
[INFO] [stdout] test src/net/tcp/stream.rs - net::tcp::stream::TcpStream::set_send_buffer_size (line 273) ... FAILED
[INFO] [stdout] test src/net/tcp/stream.rs - net::tcp::stream::TcpStream::set_nodelay (line 185) ... FAILED
[INFO] [stdout] test src/net/tcp/stream.rs - net::tcp::stream::TcpStream::set_recv_buffer_size (line 229) ... FAILED
[INFO] [stdout] test src/net/tcp/stream.rs - net::tcp::stream::TcpStream::set_ttl (line 372) ... FAILED
[INFO] [stdout] test src/net/tcp/stream.rs - net::tcp::stream::TcpStream::shutdown (line 137) ... FAILED
[INFO] [stdout] test src/net/tcp/stream.rs - net::tcp::stream::TcpStream::ttl (line 350) ... FAILED
[INFO] [stdout] test src/net/udp/mod.rs - net::udp::UdpSocket::bind (line 43) - compile ... FAILED
[INFO] [stdout] test src/net/udp/mod.rs - net::udp::UdpSocket::join_multicast_v4 (line 243) - compile ... FAILED
[INFO] [stdout] test src/net/udp/mod.rs - net::udp::UdpSocket::recv_from (line 120) - compile ... FAILED
[INFO] [stdout] test src/net/udp/mod.rs - net::udp::UdpSocket::local_addr (line 68) ... FAILED
[INFO] [stdout] test src/net/uds/datagram.rs - net::uds::datagram::UnixDatagram::bind (line 66) - compile ... FAILED
[INFO] [stdout] test src/net/udp/mod.rs - net::udp::UdpSocket::join_multicast_v6 (line 268) - compile ... FAILED
[INFO] [stdout] test src/net/udp/mod.rs - net::udp::UdpSocket::send_to (line 87) - compile ... FAILED
[INFO] [stdout] test src/net/uds/datagram.rs - net::uds::datagram::UnixDatagram::pair (line 86) - compile ... FAILED
[INFO] [stdout] test src/net/uds/datagram.rs - net::uds::datagram::UnixDatagram::local_addr (line 125) - compile ... FAILED
[INFO] [stdout] test src/net/uds/datagram.rs - net::uds::datagram::UnixDatagram::peer_addr (line 143) - compile ... FAILED
[INFO] [stdout] test src/net/uds/datagram.rs - net::uds::datagram::UnixDatagram::recv_from (line 214) - compile ... FAILED
[INFO] [stdout] test src/net/uds/datagram.rs - net::uds::datagram::UnixDatagram::take_error (line 307) - compile ... FAILED
[INFO] [stdout] test src/net/uds/datagram.rs - net::uds::datagram::UnixDatagram::unbound (line 110) - compile ... FAILED
[INFO] [stdout] test src/net/uds/datagram.rs - net::uds::datagram::UnixDatagram::shutdown (line 163) ... FAILED
[INFO] [stdout] test src/net/uds/datagram.rs - net::uds::datagram::UnixDatagram::send_to (line 181) - compile ... FAILED
[INFO] [stdout] test src/net/uds/stream.rs - net::uds::stream::UnixStream::local_addr (line 104) - compile ... ok
[INFO] [stdout] test src/net/uds/mod.rs - net::uds (line 5) - compile ... ok
[INFO] [stdout] test src/net/uds/stream.rs - net::uds::stream::UnixStream::connect (line 54) - compile ... ok
[INFO] [stdout] test src/net/uds/stream.rs - net::uds::stream::UnixStream::pair (line 80) - compile ... ok
[INFO] [stdout] test src/net/uds/stream.rs - net::uds::stream::UnixStream::peer_addr (line 120) - compile ... ok
[INFO] [stdout] test src/net/uds/stream.rs - net::uds::stream::UnixStream::peer_cred (line 136) - compile ... ok
[INFO] [stdout] test src/lxar/sys/ready.rs - lxar::sys::ready::UnixReady::error (line 154) ... FAILED
[INFO] [stdout] test src/timer/clock.rs - timer::clock::now (line 70) ... FAILED
[INFO] [stdout] test src/lxar/poll.rs - lxar::poll::SetReadiness::set_readiness (line 1840) ... FAILED
[INFO] [stdout] test src/lxar/sys/ready.rs - lxar::sys::ready::UnixReady (line 40) ... FAILED
[INFO] [stdout] test src/net/uds/stream.rs - net::uds::stream::UnixStream::take_error (line 230) - compile ... FAILED
[INFO] [stdout] test src/timer/delay_queue.rs - timer::delay_queue::DelayQueue (line 72) - compile ... ok
[INFO] [stdout] test src/lxar/sys/ready.rs - lxar::sys::ready::UnixReady::aio (line 128) ... FAILED
[INFO] [stdout] test src/lxar/sys/ready.rs - lxar::sys::ready::UnixReady::is_aio (line 224) ... FAILED
[INFO] [stdout] test src/lxar/sys/ready.rs - lxar::sys::ready::UnixReady (line 66) ... FAILED
[INFO] [stdout] test src/lxar/sys/ready.rs - lxar::sys::ready::UnixReady::is_error (line 249) ... FAILED
[INFO] [stdout] test src/lxar/sys/ready.rs - lxar::sys::ready::UnixReady::hup (line 184) ... FAILED
[INFO] [stdout] test src/lxar/token.rs - lxar::token::Token (line 13) ... FAILED
[INFO] [stdout] test src/lxar/sys/ready.rs - lxar::sys::ready::UnixReady::is_hup (line 278) ... FAILED
[INFO] [stdout] test src/lxar/sys/ready.rs - lxar::sys::ready::UnixReady::is_priority (line 299) ... FAILED
[INFO] [stdout] test src/timer/delay_queue.rs - timer::delay_queue::DelayQueue<T>::with_capacity_and_handle (line 233) - compile ... FAILED
[INFO] [stdout] test src/lxar/sys/ready.rs - lxar::sys::ready::UnixReady::priority (line 205) ... FAILED
[INFO] [stdout] test src/net/mod.rs - net (line 8) ... FAILED
[INFO] [stdout] test src/timer/delay_queue.rs - timer::delay_queue::DelayQueue<T>::capacity (line 609) ... FAILED
[INFO] [stdout] test src/timer/delay_queue.rs - timer::delay_queue::DelayQueue<T>::remove (line 455) ... FAILED
[INFO] [stdout] test src/timer/delay_queue.rs - timer::delay_queue::DelayQueue<T>::insert (line 405) ... FAILED
[INFO] [stdout] test src/net/uds/stream.rs - net::uds::stream::UnixStream::shutdown (line 154) ... FAILED
[INFO] [stdout] test src/timer/delay_queue.rs - timer::delay_queue::DelayQueue<T>::clear (line 584) ... FAILED
[INFO] [stdout] test src/timer/delay_queue.rs - timer::delay_queue::DelayQueue<T>::with_capacity (line 260) ... FAILED
[INFO] [stdout] test src/timer/delay_queue.rs - timer::delay_queue::DelayQueue<T>::reset (line 557) ... FAILED
[INFO] [stdout] test src/timer/delay_queue.rs - timer::delay_queue::DelayQueue<T>::insert_at (line 304) ... FAILED
[INFO] [stdout] test src/timer/delay_queue.rs - timer::delay_queue::DelayQueue<T>::is_empty (line 660) ... FAILED
[INFO] [stdout] test src/timer/delay_queue.rs - timer::delay_queue::DelayQueue<T>::new (line 219) ... FAILED
[INFO] [stdout] test src/timer/utils.rs - timer::utils::CachePadded (line 33) ... ok
[INFO] [stdout] test src/timer/delay_queue.rs - timer::delay_queue::DelayQueue<T>::reset_at (line 503) ... ok
[INFO] [stdout] test src/timer/utils.rs - timer::utils::CachePadded (line 49) ... ok
[INFO] [stdout] test src/timer/utils.rs - timer::utils::CachePadded<T>::into_inner (line 93) ... ok
[INFO] [stdout] test src/timer/delay_queue.rs - timer::delay_queue::DelayQueue<T>::reserve (line 638) ... ok
[INFO] [stdout] test src/timer/utils.rs - timer::utils::CachePadded<T>::new (line 80) ... ok
[INFO] [stdout] test src/timer/interval.rs - timer::interval::Interval::next (line 79) ... FAILED
[INFO] [stdout] 
[INFO] [stdout] failures:
[INFO] [stdout] 
[INFO] [stdout] ---- src/karx/karx/local.rs - karx::karx::local::LocalKey<T>::try_with (line 77) stdout ----
[INFO] [stdout] error: cannot find macro `task_local` in this scope
[INFO] [stdout]   --> src/karx/karx/local.rs:83:1
[INFO] [stdout]    |
[INFO] [stdout] 83 | task_local! {
[INFO] [stdout]    | ^^^^^^^^^^
[INFO] [stdout] 
[INFO] [stdout] error[E0425]: cannot find value `VAL` in this scope
[INFO] [stdout]   --> src/karx/karx/local.rs:88:13
[INFO] [stdout]    |
[INFO] [stdout] 88 |     let v = VAL.try_with(|c| c.get());
[INFO] [stdout]    |             ^^^ not found in this scope
[INFO] [stdout] 
[INFO] [stdout] error[E0425]: cannot find value `VAL` in this scope
[INFO] [stdout]   --> src/karx/karx/local.rs:93:9
[INFO] [stdout]    |
[INFO] [stdout] 93 | assert!(VAL.try_with(|c| c.get()).is_err());
[INFO] [stdout]    |         ^^^ not found in this scope
[INFO] [stdout] 
[INFO] [stdout] error: aborting due to 3 previous errors
[INFO] [stdout] 
[INFO] [stdout] For more information about this error, try `rustc --explain E0425`.
[INFO] [stdout] Couldn't compile the test.
[INFO] [stdout] ---- src/karx/karx/kernel/task.rs - karx::karx::kernel::task::spawn (line 35) stdout ----
[INFO] [stdout] error[E0432]: unresolved import `crossbeam`
[INFO] [stdout]   --> src/karx/karx/kernel/task.rs:37:5
[INFO] [stdout]    |
[INFO] [stdout] 37 | use crossbeam::channel;
[INFO] [stdout]    |     ^^^^^^^^^ use of unresolved module or unlinked crate `crossbeam`
[INFO] [stdout]    |
[INFO] [stdout]    = help: if you wanted to use a crate named `crossbeam`, use `cargo add crossbeam` to add it to your `Cargo.toml`
[INFO] [stdout] 
[INFO] [stdout] error[E0061]: this function takes 1 argument but 3 arguments were supplied
[INFO] [stdout]   --> src/karx/karx/kernel/task.rs:49:22
[INFO] [stdout]    |
[INFO] [stdout] 49 | let (task, handle) = kayrx::karx::spawn(future, schedule, ());
[INFO] [stdout]    |                      ^^^^^^^^^^^^^^^^^^         --------  -- unexpected argument #3 of type `()`
[INFO] [stdout]    |                                                 |
[INFO] [stdout]    |                                                 unexpected argument #2
[INFO] [stdout]    |
[INFO] [stdout] note: function defined here
[INFO] [stdout]   --> src/karx/karx/spawn.rs:27:8
[INFO] [stdout]    |
[INFO] [stdout] 27 | pub fn spawn<F, T>(future: F) -> JoinKarx<T>
[INFO] [stdout]    |        ^^^^^
[INFO] [stdout] help: remove the extra arguments
[INFO] [stdout]    |
[INFO] [stdout] 49 - let (task, handle) = kayrx::karx::spawn(future, schedule, ());
[INFO] [stdout] 49 + let (task, handle) = kayrx::karx::spawn(future);
[INFO] [stdout]    |
[INFO] [stdout] 
[INFO] [stdout] error[E0308]: mismatched types
[INFO] [stdout]   --> src/karx/karx/kernel/task.rs:49:5
[INFO] [stdout]    |
[INFO] [stdout] 49 | let (task, handle) = kayrx::karx::spawn(future, schedule, ());
[INFO] [stdout]    |     ^^^^^^^^^^^^^^   ---------------------------------------- this expression has type `JoinKarx<()>`
[INFO] [stdout]    |     |
[INFO] [stdout]    |     expected `JoinKarx<()>`, found `(_, _)`
[INFO] [stdout]    |
[INFO] [stdout]    = note: expected struct `JoinKarx<()>`
[INFO] [stdout]                found tuple `(_, _)`
[INFO] [stdout] 
[INFO] [stdout] error: aborting due to 3 previous errors
[INFO] [stdout] 
[INFO] [stdout] Some errors have detailed explanations: E0061, E0308, E0432.
[INFO] [stdout] For more information about an error, try `rustc --explain E0061`.
[INFO] [stdout] Couldn't compile the test.
[INFO] [stdout] ---- src/karx/karx/kernel/task.rs - karx::karx::kernel::task::spawn_local (line 100) stdout ----
[INFO] [stdout] error[E0432]: unresolved import `crossbeam`
[INFO] [stdout]    --> src/karx/karx/kernel/task.rs:102:5
[INFO] [stdout]     |
[INFO] [stdout] 102 | use crossbeam::channel;
[INFO] [stdout]     |     ^^^^^^^^^ use of unresolved module or unlinked crate `crossbeam`
[INFO] [stdout]     |
[INFO] [stdout]     = help: if you wanted to use a crate named `crossbeam`, use `cargo add crossbeam` to add it to your `Cargo.toml`
[INFO] [stdout] 
[INFO] [stdout] error[E0425]: cannot find function `spawn_local` in module `kayrx::karx`
[INFO] [stdout]    --> src/karx/karx/kernel/task.rs:114:35
[INFO] [stdout]     |
[INFO] [stdout] 114 | let (task, handle) = kayrx::karx::spawn_local(future, schedule, ());
[INFO] [stdout]     |                                   ^^^^^^^^^^^ not found in `kayrx::karx`
[INFO] [stdout] 
[INFO] [stdout] error: aborting due to 2 previous errors
[INFO] [stdout] 
[INFO] [stdout] Some errors have detailed explanations: E0425, E0432.
[INFO] [stdout] For more information about an error, try `rustc --explain E0425`.
[INFO] [stdout] Couldn't compile the test.
[INFO] [stdout] ---- src/karx/karx/join_karx.rs - karx::karx::join_karx::JoinKarx<T>::task (line 28) stdout ----
[INFO] [stdout] error[E0061]: this function takes 3 arguments but 1 argument was supplied
[INFO] [stdout]   --> src/karx/karx/join_karx.rs:34:14
[INFO] [stdout]    |
[INFO] [stdout] 34 |   let handle = task::spawn(async {
[INFO] [stdout]    |  ______________^^^^^^^^^^^-
[INFO] [stdout] 35 | |     1 + 2
[INFO] [stdout] 36 | | });
[INFO] [stdout]    | |__- two arguments are missing
[INFO] [stdout]    |
[INFO] [stdout] note: function defined here
[INFO] [stdout]   --> src/karx/karx/kernel/task.rs:50:8
[INFO] [stdout]    |
[INFO] [stdout] 50 | pub fn spawn<F, R, S, T>(future: F, schedule: S, tag: T) -> (Task<T>, JoinHandle<R, T>)
[INFO] [stdout]    |        ^^^^^
[INFO] [stdout] help: provide the arguments
[INFO] [stdout]    |
[INFO] [stdout] 34 | let handle = task::spawn(async {
[INFO] [stdout] 35 |     1 + 2
[INFO] [stdout] 36 ~ }, /* schedule */, /* tag */);
[INFO] [stdout]    |
[INFO] [stdout] 
[INFO] [stdout] error[E0599]: no method named `task` found for tuple `(Task<_>, kayrx::karx::task::JoinHandle<{integer}, _>)` in the current scope
[INFO] [stdout]   --> src/karx/karx/join_karx.rs:37:28
[INFO] [stdout]    |
[INFO] [stdout] 37 | println!("id = {}", handle.task().id());
[INFO] [stdout]    |                            ^^^^ method not found in `(Task<_>, kayrx::karx::task::JoinHandle<{integer}, _>)`
[INFO] [stdout] 
[INFO] [stdout] error: aborting due to 2 previous errors
[INFO] [stdout] 
[INFO] [stdout] Some errors have detailed explanations: E0061, E0599.
[INFO] [stdout] For more information about an error, try `rustc --explain E0061`.
[INFO] [stdout] Couldn't compile the test.
[INFO] [stdout] ---- src/karx/karx/local.rs - karx::karx::local::LocalKey<T>::with (line 39) stdout ----
[INFO] [stdout] error: cannot find macro `task_local` in this scope
[INFO] [stdout]   --> src/karx/karx/local.rs:45:1
[INFO] [stdout]    |
[INFO] [stdout] 45 | task_local! {
[INFO] [stdout]    | ^^^^^^^^^^
[INFO] [stdout] 
[INFO] [stdout] error[E0425]: cannot find value `NUMBER` in this scope
[INFO] [stdout]   --> src/karx/karx/local.rs:50:13
[INFO] [stdout]    |
[INFO] [stdout] 50 |     let v = NUMBER.with(|c| c.get());
[INFO] [stdout]    |             ^^^^^^ not found in this scope
[INFO] [stdout] 
[INFO] [stdout] error: aborting due to 2 previous errors
[INFO] [stdout] 
[INFO] [stdout] For more information about this error, try `rustc --explain E0425`.
[INFO] [stdout] Couldn't compile the test.
[INFO] [stdout] ---- src/lxar/event/mod.rs - lxar::event::Evented (line 73) stdout ----
[INFO] [stdout] Couldn't compile the test.
[INFO] [stdout] ---- src/lxar/event/mod.rs - lxar::event::Event::new (line 1192) stdout ----
[INFO] [stdout] Couldn't compile the test.
[INFO] [stdout] ---- src/karx/karx/block.rs - karx::karx::block::block (line 26) stdout ----
[INFO] [stdout] Couldn't compile the test.
[INFO] [stdout] ---- src/lxar/event/mod.rs - lxar::event::EventedFd (line 275) stdout ----
[INFO] [stdout] warning: trait objects without an explicit `dyn` are deprecated
[INFO] [stdout]    --> src/lxar/event/mod.rs:278:33
[INFO] [stdout]     |
[INFO] [stdout] 278 | fn try_main() -> Result<(), Box<Error>> {
[INFO] [stdout]     |                                 ^^^^^
[INFO] [stdout]     |
[INFO] [stdout]     = warning: this is accepted in the current edition (Rust 2018) but is a hard error in Rust 2021!
[INFO] [stdout]     = note: for more information, see <https://doc.rust-lang.org/edition-guide/rust-2021/warnings-promoted-to-error.html>
[INFO] [stdout]     = note: `#[warn(bare_trait_objects)]` (part of `#[warn(rust_2021_compatibility)]`) on by default
[INFO] [stdout] help: if this is a dyn-compatible trait, use `dyn`
[INFO] [stdout]     |
[INFO] [stdout] 278 | fn try_main() -> Result<(), Box<dyn Error>> {
[INFO] [stdout]     |                                 +++
[INFO] [stdout] 
[INFO] [stdout] Couldn't compile the test.
[INFO] [stdout] ---- src/karx/karx/current.rs - karx::karx::current::current (line 16) stdout ----
[INFO] [stdout] Couldn't compile the test.
[INFO] [stdout] ---- src/lxar/event/mod.rs - lxar::event::Event::token (line 1228) stdout ----
[INFO] [stdout] Couldn't compile the test.
[INFO] [stdout] ---- src/karx/karx/spawn.rs - karx::karx::spawn::spawn (line 14) stdout ----
[INFO] [stdout] Couldn't compile the test.
[INFO] [stdout] ---- src/lxar/event/mod.rs - lxar::event::PollOpt::contains (line 573) stdout ----
[INFO] [stdout] Couldn't compile the test.
[INFO] [stdout] ---- src/lxar/event/mod.rs - lxar::event::PollOpt::edge (line 415) stdout ----
[INFO] [stdout] Couldn't compile the test.
[INFO] [stdout] ---- src/lxar/event/mod.rs - lxar::event::Event::readiness (line 1212) stdout ----
[INFO] [stdout] Couldn't compile the test.
[INFO] [stdout] ---- src/lxar/event/mod.rs - lxar::event::Event (line 1167) stdout ----
[INFO] [stdout] Couldn't compile the test.
[INFO] [stdout] ---- src/lxar/event/mod.rs - lxar::event::Evented (line 37) stdout ----
[INFO] [stdout] Couldn't compile the test.
[INFO] [stdout] ---- src/karx/karx/karx.rs - karx::karx::karx::KarxId (line 183) stdout ----
[INFO] [stdout] Couldn't compile the test.
[INFO] [stdout] ---- src/lxar/event/mod.rs - lxar::event::PollOpt::contains (line 564) stdout ----
[INFO] [stdout] Couldn't compile the test.
[INFO] [stdout] ---- src/lxar/event/mod.rs - lxar::event::PollOpt (line 374) stdout ----
[INFO] [stdout] Couldn't compile the test.
[INFO] [stdout] ---- src/karx/karx/yield_now.rs - karx::karx::yield_now::yield_now (line 19) stdout ----
[INFO] [stdout] Couldn't compile the test.
[INFO] [stdout] ---- src/lxar/event/mod.rs - lxar::event::PollOpt::insert (line 604) stdout ----
[INFO] [stdout] Couldn't compile the test.
[INFO] [stdout] ---- src/lxar/event/mod.rs - lxar::event::EventedFd (line 303) stdout ----
[INFO] [stdout] Couldn't compile the test.
[INFO] [stdout] ---- src/lxar/event/mod.rs - lxar::event::PollOpt::contains (line 582) stdout ----
[INFO] [stdout] Couldn't compile the test.
[INFO] [stdout] ---- src/lxar/event/mod.rs - lxar::event::PollOpt::oneshot (line 455) stdout ----
[INFO] [stdout] Couldn't compile the test.
[INFO] [stdout] ---- src/lxar/event/mod.rs - lxar::event::PollOpt::empty (line 395) stdout ----
[INFO] [stdout] Couldn't compile the test.
[INFO] [stdout] ---- src/lxar/event/mod.rs - lxar::event::PollOpt::is_edge (line 487) stdout ----
[INFO] [stdout] Couldn't compile the test.
[INFO] [stdout] ---- src/lxar/event/mod.rs - lxar::event::Ready (line 738) stdout ----
[INFO] [stdout] Couldn't compile the test.
[INFO] [stdout] ---- src/lxar/event/mod.rs - lxar::event::PollOpt::is_level (line 507) stdout ----
[INFO] [stdout] Couldn't compile the test.
[INFO] [stdout] ---- src/lxar/event/mod.rs - lxar::event::PollOpt::level (line 435) stdout ----
[INFO] [stdout] Couldn't compile the test.
[INFO] [stdout] ---- src/lxar/event/mod.rs - lxar::event::PollOpt::is_oneshot (line 527) stdout ----
[INFO] [stdout] Couldn't compile the test.
[INFO] [stdout] ---- src/lxar/event/mod.rs - lxar::event::Ready::contains (line 960) stdout ----
[INFO] [stdout] Couldn't compile the test.
[INFO] [stdout] ---- src/lxar/event/mod.rs - lxar::event::Ready::insert (line 910) stdout ----
[INFO] [stdout] Couldn't compile the test.
[INFO] [stdout] ---- src/lxar/event/mod.rs - lxar::event::Ready::all (line 830) stdout ----
[INFO] [stdout] Couldn't compile the test.
[INFO] [stdout] ---- src/lxar/event/mod.rs - lxar::event::PollOpt::remove (line 623) stdout ----
[INFO] [stdout] Couldn't compile the test.
[INFO] [stdout] ---- src/lxar/event/mod.rs - lxar::event::Ready::empty (line 768) stdout ----
[INFO] [stdout] Couldn't compile the test.
[INFO] [stdout] ---- src/lxar/event/mod.rs - lxar::event::Ready::is_empty (line 851) stdout ----
[INFO] [stdout] Couldn't compile the test.
[INFO] [stdout] ---- src/lxar/event/mod.rs - lxar::event::Ready::as_usize (line 1034) stdout ----
[INFO] [stdout] Couldn't compile the test.
[INFO] [stdout] ---- src/lxar/event/mod.rs - lxar::event::Ready::contains (line 969) stdout ----
[INFO] [stdout] Couldn't compile the test.
[INFO] [stdout] ---- src/lxar/net/tcp.rs - lxar::net::tcp::TcpStream (line 35) stdout ----
[INFO] [stdout] warning: trait objects without an explicit `dyn` are deprecated
[INFO] [stdout]   --> src/lxar/net/tcp.rs:40:33
[INFO] [stdout]    |
[INFO] [stdout] 40 | fn try_main() -> Result<(), Box<Error>> {
[INFO] [stdout]    |                                 ^^^^^
[INFO] [stdout]    |
[INFO] [stdout]    = warning: this is accepted in the current edition (Rust 2018) but is a hard error in Rust 2021!
[INFO] [stdout]    = note: for more information, see <https://doc.rust-lang.org/edition-guide/rust-2021/warnings-promoted-to-error.html>
[INFO] [stdout]    = note: `#[warn(bare_trait_objects)]` (part of `#[warn(rust_2021_compatibility)]`) on by default
[INFO] [stdout] help: if this is a dyn-compatible trait, use `dyn`
[INFO] [stdout]    |
[INFO] [stdout] 40 | fn try_main() -> Result<(), Box<dyn Error>> {
[INFO] [stdout]    |                                 +++
[INFO] [stdout] 
[INFO] [stdout] Couldn't compile the test.
[INFO] [stdout] ---- src/lxar/event/mod.rs - lxar::event::Ready::contains (line 978) stdout ----
[INFO] [stdout] Couldn't compile the test.
[INFO] [stdout] ---- src/lxar/event/mod.rs - lxar::event::Ready::from_usize (line 1009) stdout ----
[INFO] [stdout] Couldn't compile the test.
[INFO] [stdout] ---- src/lxar/event/mod.rs - lxar::event::Ready::is_readable (line 870) stdout ----
[INFO] [stdout] Couldn't compile the test.
[INFO] [stdout] ---- src/lxar/event/mod.rs - lxar::event::Ready::is_writable (line 890) stdout ----
[INFO] [stdout] Couldn't compile the test.
[INFO] [stdout] ---- src/lxar/event/mod.rs - lxar::event::Ready::remove (line 930) stdout ----
[INFO] [stdout] Couldn't compile the test.
[INFO] [stdout] ---- src/lxar/event/mod.rs - lxar::event::Ready::writable (line 807) stdout ----
[INFO] [stdout] Couldn't compile the test.
[INFO] [stdout] ---- src/lxar/event/mod.rs - lxar::event::Ready::readable (line 787) stdout ----
[INFO] [stdout] Couldn't compile the test.
[INFO] [stdout] ---- src/lxar/net/udp.rs - lxar::net::udp::UdpSocket::set_broadcast (line 296) stdout ----
[INFO] [stdout] warning: trait objects without an explicit `dyn` are deprecated
[INFO] [stdout]    --> src/lxar/net/udp.rs:300:33
[INFO] [stdout]     |
[INFO] [stdout] 300 | fn try_main() -> Result<(), Box<Error>> {
[INFO] [stdout]     |                                 ^^^^^
[INFO] [stdout]     |
[INFO] [stdout]     = warning: this is accepted in the current edition (Rust 2018) but is a hard error in Rust 2021!
[INFO] [stdout]     = note: for more information, see <https://doc.rust-lang.org/edition-guide/rust-2021/warnings-promoted-to-error.html>
[INFO] [stdout]     = note: `#[warn(bare_trait_objects)]` (part of `#[warn(rust_2021_compatibility)]`) on by default
[INFO] [stdout] help: if this is a dyn-compatible trait, use `dyn`
[INFO] [stdout]     |
[INFO] [stdout] 300 | fn try_main() -> Result<(), Box<dyn Error>> {
[INFO] [stdout]     |                                 +++
[INFO] [stdout] 
[INFO] [stdout] Couldn't compile the test.
[INFO] [stdout] ---- src/lxar/net/udp.rs - lxar::net::udp::UdpSocket (line 26) stdout ----
[INFO] [stdout] warning: trait objects without an explicit `dyn` are deprecated
[INFO] [stdout]   --> src/lxar/net/udp.rs:30:33
[INFO] [stdout]    |
[INFO] [stdout] 30 | fn try_main() -> Result<(), Box<Error>> {
[INFO] [stdout]    |                                 ^^^^^
[INFO] [stdout]    |
[INFO] [stdout]    = warning: this is accepted in the current edition (Rust 2018) but is a hard error in Rust 2021!
[INFO] [stdout]    = note: for more information, see <https://doc.rust-lang.org/edition-guide/rust-2021/warnings-promoted-to-error.html>
[INFO] [stdout]    = note: `#[warn(bare_trait_objects)]` (part of `#[warn(rust_2021_compatibility)]`) on by default
[INFO] [stdout] help: if this is a dyn-compatible trait, use `dyn`
[INFO] [stdout]    |
[INFO] [stdout] 30 | fn try_main() -> Result<(), Box<dyn Error>> {
[INFO] [stdout]    |                                 +++
[INFO] [stdout] 
[INFO] [stdout] Couldn't compile the test.
[INFO] [stdout] ---- src/lxar/poll.rs - lxar::poll::Poll (line 265) stdout ----
[INFO] [stdout] error[E0432]: unresolved imports `kayrx::Poll`, `kayrx::Token`
[INFO] [stdout]    --> src/lxar/poll.rs:269:13
[INFO] [stdout]     |
[INFO] [stdout] 269 | use kayrx::{Poll, Token};
[INFO] [stdout]     |             ^^^^  ^^^^^ no `Token` in the root
[INFO] [stdout]     |             |
[INFO] [stdout]     |             no `Poll` in the root
[INFO] [stdout]     |
[INFO] [stdout]     = help: consider importing this enum instead:
[INFO] [stdout]             std::task::Poll
[INFO] [stdout] 
[INFO] [stdout] warning: trait objects without an explicit `dyn` are deprecated
[INFO] [stdout]    --> src/lxar/poll.rs:268:33
[INFO] [stdout]     |
[INFO] [stdout] 268 | fn try_main() -> Result<(), Box<Error>> {
[INFO] [stdout]     |                                 ^^^^^
[INFO] [stdout]     |
[INFO] [stdout]     = warning: this is accepted in the current edition (Rust 2018) but is a hard error in Rust 2021!
[INFO] [stdout]     = note: for more information, see <https://doc.rust-lang.org/edition-guide/rust-2021/warnings-promoted-to-error.html>
[INFO] [stdout]     = note: `#[warn(bare_trait_objects)]` (part of `#[warn(rust_2021_compatibility)]`) on by default
[INFO] [stdout] help: if this is a dyn-compatible trait, use `dyn`
[INFO] [stdout]     |
[INFO] [stdout] 268 | fn try_main() -> Result<(), Box<dyn Error>> {
[INFO] [stdout]     |                                 +++
[INFO] [stdout] 
[INFO] [stdout] error: aborting due to 1 previous error; 1 warning emitted
[INFO] [stdout] 
[INFO] [stdout] For more information about this error, try `rustc --explain E0432`.
[INFO] [stdout] Couldn't compile the test.
[INFO] [stdout] ---- src/lxar/net/tcp.rs - lxar::net::tcp::TcpListener (line 449) stdout ----
[INFO] [stdout] warning: trait objects without an explicit `dyn` are deprecated
[INFO] [stdout]    --> src/lxar/net/tcp.rs:452:33
[INFO] [stdout]     |
[INFO] [stdout] 452 | fn try_main() -> Result<(), Box<Error>> {
[INFO] [stdout]     |                                 ^^^^^
[INFO] [stdout]     |
[INFO] [stdout]     = warning: this is accepted in the current edition (Rust 2018) but is a hard error in Rust 2021!
[INFO] [stdout]     = note: for more information, see <https://doc.rust-lang.org/edition-guide/rust-2021/warnings-promoted-to-error.html>
[INFO] [stdout]     = note: `#[warn(bare_trait_objects)]` (part of `#[warn(rust_2021_compatibility)]`) on by default
[INFO] [stdout] help: if this is a dyn-compatible trait, use `dyn`
[INFO] [stdout]     |
[INFO] [stdout] 452 | fn try_main() -> Result<(), Box<dyn Error>> {
[INFO] [stdout]     |                                 +++
[INFO] [stdout] 
[INFO] [stdout] Couldn't compile the test.
[INFO] [stdout] ---- src/lxar/poll.rs - lxar::poll::Poll (line 87) stdout ----
[INFO] [stdout] error[E0252]: the name `Events` is defined multiple times
[INFO] [stdout]   --> src/lxar/poll.rs:92:34
[INFO] [stdout]    |
[INFO] [stdout] 92 | use kayrx::lxar::event::{Events, Events, Ready, PollOpt};
[INFO] [stdout]    |                          ------  ^^^^^^--
[INFO] [stdout]    |                          |       |
[INFO] [stdout]    |                          |       `Events` reimported here
[INFO] [stdout]    |                          |       help: remove unnecessary import
[INFO] [stdout]    |                          previous import of the type `Events` here
[INFO] [stdout]    |
[INFO] [stdout]    = note: `Events` must be defined only once in the type namespace of this block
[INFO] [stdout] 
[INFO] [stdout] error[E0432]: unresolved imports `kayrx::Poll`, `kayrx::Token`
[INFO] [stdout]   --> src/lxar/poll.rs:91:13
[INFO] [stdout]    |
[INFO] [stdout] 91 | use kayrx::{Poll, Token};
[INFO] [stdout]    |             ^^^^  ^^^^^ no `Token` in the root
[INFO] [stdout]    |             |
[INFO] [stdout]    |             no `Poll` in the root
[INFO] [stdout]    |
[INFO] [stdout]    = help: consider importing this enum instead:
[INFO] [stdout]            std::task::Poll
[INFO] [stdout] 
[INFO] [stdout] error: aborting due to 2 previous errors
[INFO] [stdout] 
[INFO] [stdout] Some errors have detailed explanations: E0252, E0432.
[INFO] [stdout] For more information about an error, try `rustc --explain E0252`.
[INFO] [stdout] Couldn't compile the test.
[INFO] [stdout] ---- src/lxar/net/udp.rs - lxar::net::udp::UdpSocket::try_clone (line 181) stdout ----
[INFO] [stdout] warning: trait objects without an explicit `dyn` are deprecated
[INFO] [stdout]    --> src/lxar/net/udp.rs:185:33
[INFO] [stdout]     |
[INFO] [stdout] 185 | fn try_main() -> Result<(), Box<Error>> {
[INFO] [stdout]     |                                 ^^^^^
[INFO] [stdout]     |
[INFO] [stdout]     = warning: this is accepted in the current edition (Rust 2018) but is a hard error in Rust 2021!
[INFO] [stdout]     = note: for more information, see <https://doc.rust-lang.org/edition-guide/rust-2021/warnings-promoted-to-error.html>
[INFO] [stdout]     = note: `#[warn(bare_trait_objects)]` (part of `#[warn(rust_2021_compatibility)]`) on by default
[INFO] [stdout] help: if this is a dyn-compatible trait, use `dyn`
[INFO] [stdout]     |
[INFO] [stdout] 185 | fn try_main() -> Result<(), Box<dyn Error>> {
[INFO] [stdout]     |                                 +++
[INFO] [stdout] 
[INFO] [stdout] Couldn't compile the test.
[INFO] [stdout] ---- src/lxar/net/udp.rs - lxar::net::udp::UdpSocket::local_addr (line 151) stdout ----
[INFO] [stdout] warning: trait objects without an explicit `dyn` are deprecated
[INFO] [stdout]    --> src/lxar/net/udp.rs:155:33
[INFO] [stdout]     |
[INFO] [stdout] 155 | fn try_main() -> Result<(), Box<Error>> {
[INFO] [stdout]     |                                 ^^^^^
[INFO] [stdout]     |
[INFO] [stdout]     = warning: this is accepted in the current edition (Rust 2018) but is a hard error in Rust 2021!
[INFO] [stdout]     = note: for more information, see <https://doc.rust-lang.org/edition-guide/rust-2021/warnings-promoted-to-error.html>
[INFO] [stdout]     = note: `#[warn(bare_trait_objects)]` (part of `#[warn(rust_2021_compatibility)]`) on by default
[INFO] [stdout] help: if this is a dyn-compatible trait, use `dyn`
[INFO] [stdout]     |
[INFO] [stdout] 155 | fn try_main() -> Result<(), Box<dyn Error>> {
[INFO] [stdout]     |                                 +++
[INFO] [stdout] 
[INFO] [stdout] Couldn't compile the test.
[INFO] [stdout] ---- src/lxar/net/udp.rs - lxar::net::udp::UdpSocket::set_ttl (line 413) stdout ----
[INFO] [stdout] warning: trait objects without an explicit `dyn` are deprecated
[INFO] [stdout]    --> src/lxar/net/udp.rs:417:33
[INFO] [stdout]     |
[INFO] [stdout] 417 | fn try_main() -> Result<(), Box<Error>> {
[INFO] [stdout]     |                                 ^^^^^
[INFO] [stdout]     |
[INFO] [stdout]     = warning: this is accepted in the current edition (Rust 2018) but is a hard error in Rust 2021!
[INFO] [stdout]     = note: for more information, see <https://doc.rust-lang.org/edition-guide/rust-2021/warnings-promoted-to-error.html>
[INFO] [stdout]     = note: `#[warn(bare_trait_objects)]` (part of `#[warn(rust_2021_compatibility)]`) on by default
[INFO] [stdout] help: if this is a dyn-compatible trait, use `dyn`
[INFO] [stdout]     |
[INFO] [stdout] 417 | fn try_main() -> Result<(), Box<dyn Error>> {
[INFO] [stdout]     |                                 +++
[INFO] [stdout] 
[INFO] [stdout] Couldn't compile the test.
[INFO] [stdout] ---- src/lxar/net/udp.rs - lxar::net::udp::UdpSocket::bind (line 102) stdout ----
[INFO] [stdout] warning: trait objects without an explicit `dyn` are deprecated
[INFO] [stdout]    --> src/lxar/net/udp.rs:106:33
[INFO] [stdout]     |
[INFO] [stdout] 106 | fn try_main() -> Result<(), Box<Error>> {
[INFO] [stdout]     |                                 ^^^^^
[INFO] [stdout]     |
[INFO] [stdout]     = warning: this is accepted in the current edition (Rust 2018) but is a hard error in Rust 2021!
[INFO] [stdout]     = note: for more information, see <https://doc.rust-lang.org/edition-guide/rust-2021/warnings-promoted-to-error.html>
[INFO] [stdout]     = note: `#[warn(bare_trait_objects)]` (part of `#[warn(rust_2021_compatibility)]`) on by default
[INFO] [stdout] help: if this is a dyn-compatible trait, use `dyn`
[INFO] [stdout]     |
[INFO] [stdout] 106 | fn try_main() -> Result<(), Box<dyn Error>> {
[INFO] [stdout]     |                                 +++
[INFO] [stdout] 
[INFO] [stdout] Couldn't compile the test.
[INFO] [stdout] ---- src/lxar/net/udp.rs - lxar::net::udp::UdpSocket::broadcast (line 329) stdout ----
[INFO] [stdout] warning: trait objects without an explicit `dyn` are deprecated
[INFO] [stdout]    --> src/lxar/net/udp.rs:333:33
[INFO] [stdout]     |
[INFO] [stdout] 333 | fn try_main() -> Result<(), Box<Error>> {
[INFO] [stdout]     |                                 ^^^^^
[INFO] [stdout]     |
[INFO] [stdout]     = warning: this is accepted in the current edition (Rust 2018) but is a hard error in Rust 2021!
[INFO] [stdout]     = note: for more information, see <https://doc.rust-lang.org/edition-guide/rust-2021/warnings-promoted-to-error.html>
[INFO] [stdout]     = note: `#[warn(bare_trait_objects)]` (part of `#[warn(rust_2021_compatibility)]`) on by default
[INFO] [stdout] help: if this is a dyn-compatible trait, use `dyn`
[INFO] [stdout]     |
[INFO] [stdout] 333 | fn try_main() -> Result<(), Box<dyn Error>> {
[INFO] [stdout]     |                                 +++
[INFO] [stdout] 
[INFO] [stdout] Couldn't compile the test.
[INFO] [stdout] ---- src/lxar/poll.rs - lxar::poll::Registration (line 372) stdout ----
[INFO] [stdout] error: expected identifier, found `::`
[INFO] [stdout]    --> src/lxar/poll.rs:373:18
[INFO] [stdout]     |
[INFO] [stdout] 373 | use kayrx::lxar::::{Registration, Poll, Token};
[INFO] [stdout]     |                  ^^ expected identifier
[INFO] [stdout] 
[INFO] [stdout] error: aborting due to 1 previous error
[INFO] [stdout] 
[INFO] [stdout] Couldn't compile the test.
[INFO] [stdout] ---- src/lxar/poll.rs - lxar::poll::Events (line 1274) stdout ----
[INFO] [stdout] warning: trait objects without an explicit `dyn` are deprecated
[INFO] [stdout]     --> src/lxar/poll.rs:1277:33
[INFO] [stdout]      |
[INFO] [stdout] 1277 | fn try_main() -> Result<(), Box<Error>> {
[INFO] [stdout]      |                                 ^^^^^
[INFO] [stdout]      |
[INFO] [stdout]      = warning: this is accepted in the current edition (Rust 2018) but is a hard error in Rust 2021!
[INFO] [stdout]      = note: for more information, see <https://doc.rust-lang.org/edition-guide/rust-2021/warnings-promoted-to-error.html>
[INFO] [stdout]      = note: `#[warn(bare_trait_objects)]` (part of `#[warn(rust_2021_compatibility)]`) on by default
[INFO] [stdout] help: if this is a dyn-compatible trait, use `dyn`
[INFO] [stdout]      |
[INFO] [stdout] 1277 | fn try_main() -> Result<(), Box<dyn Error>> {
[INFO] [stdout]      |                                 +++
[INFO] [stdout] 
[INFO] [stdout] warning: use of deprecated method `kayrx::lxar::event::Events::len`: Index access removed in favor of iterator only API.
[INFO] [stdout]     --> src/lxar/poll.rs:1285:22
[INFO] [stdout]      |
[INFO] [stdout] 1285 | assert_eq!(0, events.len());
[INFO] [stdout]      |                      ^^^
[INFO] [stdout]      |
[INFO] [stdout]      = note: `#[warn(deprecated)]` on by default
[INFO] [stdout] 
[INFO] [stdout] Couldn't compile the test.
[INFO] [stdout] ---- src/lxar/net/udp.rs - lxar::net::udp::UdpSocket::ttl (line 445) stdout ----
[INFO] [stdout] warning: trait objects without an explicit `dyn` are deprecated
[INFO] [stdout]    --> src/lxar/net/udp.rs:449:33
[INFO] [stdout]     |
[INFO] [stdout] 449 | fn try_main() -> Result<(), Box<Error>> {
[INFO] [stdout]     |                                 ^^^^^
[INFO] [stdout]     |
[INFO] [stdout]     = warning: this is accepted in the current edition (Rust 2018) but is a hard error in Rust 2021!
[INFO] [stdout]     = note: for more information, see <https://doc.rust-lang.org/edition-guide/rust-2021/warnings-promoted-to-error.html>
[INFO] [stdout]     = note: `#[warn(bare_trait_objects)]` (part of `#[warn(rust_2021_compatibility)]`) on by default
[INFO] [stdout] help: if this is a dyn-compatible trait, use `dyn`
[INFO] [stdout]     |
[INFO] [stdout] 449 | fn try_main() -> Result<(), Box<dyn Error>> {
[INFO] [stdout]     |                                 +++
[INFO] [stdout] 
[INFO] [stdout] Couldn't compile the test.
[INFO] [stdout] ---- src/lxar/poll.rs - lxar::poll::Events::with_capacity (line 1388) stdout ----
[INFO] [stdout] Couldn't compile the test.
[INFO] [stdout] ---- src/lxar/poll.rs - lxar::poll::Events::capacity (line 1421) stdout ----
[INFO] [stdout] Couldn't compile the test.
[INFO] [stdout] ---- src/lxar/poll.rs - lxar::poll::IntoIter (line 1352) stdout ----
[INFO] [stdout] warning: trait objects without an explicit `dyn` are deprecated
[INFO] [stdout]     --> src/lxar/poll.rs:1355:33
[INFO] [stdout]      |
[INFO] [stdout] 1355 | fn try_main() -> Result<(), Box<Error>> {
[INFO] [stdout]      |                                 ^^^^^
[INFO] [stdout]      |
[INFO] [stdout]      = warning: this is accepted in the current edition (Rust 2018) but is a hard error in Rust 2021!
[INFO] [stdout]      = note: for more information, see <https://doc.rust-lang.org/edition-guide/rust-2021/warnings-promoted-to-error.html>
[INFO] [stdout]      = note: `#[warn(bare_trait_objects)]` (part of `#[warn(rust_2021_compatibility)]`) on by default
[INFO] [stdout] help: if this is a dyn-compatible trait, use `dyn`
[INFO] [stdout]      |
[INFO] [stdout] 1355 | fn try_main() -> Result<(), Box<dyn Error>> {
[INFO] [stdout]      |                                 +++
[INFO] [stdout] 
[INFO] [stdout] Couldn't compile the test.
[INFO] [stdout] ---- src/lxar/poll.rs - lxar::poll::Events::clear (line 1486) stdout ----
[INFO] [stdout] warning: trait objects without an explicit `dyn` are deprecated
[INFO] [stdout]     --> src/lxar/poll.rs:1489:33
[INFO] [stdout]      |
[INFO] [stdout] 1489 | fn try_main() -> Result<(), Box<Error>> {
[INFO] [stdout]      |                                 ^^^^^
[INFO] [stdout]      |
[INFO] [stdout]      = warning: this is accepted in the current edition (Rust 2018) but is a hard error in Rust 2021!
[INFO] [stdout]      = note: for more information, see <https://doc.rust-lang.org/edition-guide/rust-2021/warnings-promoted-to-error.html>
[INFO] [stdout]      = note: `#[warn(bare_trait_objects)]` (part of `#[warn(rust_2021_compatibility)]`) on by default
[INFO] [stdout] help: if this is a dyn-compatible trait, use `dyn`
[INFO] [stdout]      |
[INFO] [stdout] 1489 | fn try_main() -> Result<(), Box<dyn Error>> {
[INFO] [stdout]      |                                 +++
[INFO] [stdout] 
[INFO] [stdout] Couldn't compile the test.
[INFO] [stdout] ---- src/lxar/poll.rs - lxar::poll::Events::iter (line 1451) stdout ----
[INFO] [stdout] warning: trait objects without an explicit `dyn` are deprecated
[INFO] [stdout]     --> src/lxar/poll.rs:1454:33
[INFO] [stdout]      |
[INFO] [stdout] 1454 | fn try_main() -> Result<(), Box<Error>> {
[INFO] [stdout]      |                                 ^^^^^
[INFO] [stdout]      |
[INFO] [stdout]      = warning: this is accepted in the current edition (Rust 2018) but is a hard error in Rust 2021!
[INFO] [stdout]      = note: for more information, see <https://doc.rust-lang.org/edition-guide/rust-2021/warnings-promoted-to-error.html>
[INFO] [stdout]      = note: `#[warn(bare_trait_objects)]` (part of `#[warn(rust_2021_compatibility)]`) on by default
[INFO] [stdout] help: if this is a dyn-compatible trait, use `dyn`
[INFO] [stdout]      |
[INFO] [stdout] 1454 | fn try_main() -> Result<(), Box<dyn Error>> {
[INFO] [stdout]      |                                 +++
[INFO] [stdout] 
[INFO] [stdout] Couldn't compile the test.
[INFO] [stdout] ---- src/lxar/poll.rs - lxar::poll::Events::is_empty (line 1436) stdout ----
[INFO] [stdout] Couldn't compile the test.
[INFO] [stdout] ---- src/lxar/poll.rs - lxar::poll::SetReadiness::readiness (line 1760) stdout ----
[INFO] [stdout] warning: trait objects without an explicit `dyn` are deprecated
[INFO] [stdout]     --> src/lxar/poll.rs:1763:33
[INFO] [stdout]      |
[INFO] [stdout] 1763 | fn try_main() -> Result<(), Box<Error>> {
[INFO] [stdout]      |                                 ^^^^^
[INFO] [stdout]      |
[INFO] [stdout]      = warning: this is accepted in the current edition (Rust 2018) but is a hard error in Rust 2021!
[INFO] [stdout]      = note: for more information, see <https://doc.rust-lang.org/edition-guide/rust-2021/warnings-promoted-to-error.html>
[INFO] [stdout]      = note: `#[warn(bare_trait_objects)]` (part of `#[warn(rust_2021_compatibility)]`) on by default
[INFO] [stdout] help: if this is a dyn-compatible trait, use `dyn`
[INFO] [stdout]      |
[INFO] [stdout] 1763 | fn try_main() -> Result<(), Box<dyn Error>> {
[INFO] [stdout]      |                                 +++
[INFO] [stdout] 
[INFO] [stdout] Couldn't compile the test.
[INFO] [stdout] ---- src/lxar/poll.rs - lxar::poll::Poll::poll (line 979) stdout ----
[INFO] [stdout] warning: trait objects without an explicit `dyn` are deprecated
[INFO] [stdout]    --> src/lxar/poll.rs:982:33
[INFO] [stdout]     |
[INFO] [stdout] 982 | fn try_main() -> Result<(), Box<Error>> {
[INFO] [stdout]     |                                 ^^^^^
[INFO] [stdout]     |
[INFO] [stdout]     = warning: this is accepted in the current edition (Rust 2018) but is a hard error in Rust 2021!
[INFO] [stdout]     = note: for more information, see <https://doc.rust-lang.org/edition-guide/rust-2021/warnings-promoted-to-error.html>
[INFO] [stdout]     = note: `#[warn(bare_trait_objects)]` (part of `#[warn(rust_2021_compatibility)]`) on by default
[INFO] [stdout] help: if this is a dyn-compatible trait, use `dyn`
[INFO] [stdout]     |
[INFO] [stdout] 982 | fn try_main() -> Result<(), Box<dyn Error>> {
[INFO] [stdout]     |                                 +++
[INFO] [stdout] 
[INFO] [stdout] Couldn't compile the test.
[INFO] [stdout] ---- src/lxar/poll.rs - lxar::poll::Poll::deregister (line 896) stdout ----
[INFO] [stdout] warning: trait objects without an explicit `dyn` are deprecated
[INFO] [stdout]    --> src/lxar/poll.rs:899:33
[INFO] [stdout]     |
[INFO] [stdout] 899 | fn try_main() -> Result<(), Box<Error>> {
[INFO] [stdout]     |                                 ^^^^^
[INFO] [stdout]     |
[INFO] [stdout]     = warning: this is accepted in the current edition (Rust 2018) but is a hard error in Rust 2021!
[INFO] [stdout]     = note: for more information, see <https://doc.rust-lang.org/edition-guide/rust-2021/warnings-promoted-to-error.html>
[INFO] [stdout]     = note: `#[warn(bare_trait_objects)]` (part of `#[warn(rust_2021_compatibility)]`) on by default
[INFO] [stdout] help: if this is a dyn-compatible trait, use `dyn`
[INFO] [stdout]     |
[INFO] [stdout] 899 | fn try_main() -> Result<(), Box<dyn Error>> {
[INFO] [stdout]     |                                 +++
[INFO] [stdout] 
[INFO] [stdout] Couldn't compile the test.
[INFO] [stdout] ---- src/lxar/poll.rs - lxar::poll::SetReadiness::set_readiness (line 1801) stdout ----
[INFO] [stdout] warning: trait objects without an explicit `dyn` are deprecated
[INFO] [stdout]     --> src/lxar/poll.rs:1804:33
[INFO] [stdout]      |
[INFO] [stdout] 1804 | fn try_main() -> Result<(), Box<Error>> {
[INFO] [stdout]      |                                 ^^^^^
[INFO] [stdout]      |
[INFO] [stdout]      = warning: this is accepted in the current edition (Rust 2018) but is a hard error in Rust 2021!
[INFO] [stdout]      = note: for more information, see <https://doc.rust-lang.org/edition-guide/rust-2021/warnings-promoted-to-error.html>
[INFO] [stdout]      = note: `#[warn(bare_trait_objects)]` (part of `#[warn(rust_2021_compatibility)]`) on by default
[INFO] [stdout] help: if this is a dyn-compatible trait, use `dyn`
[INFO] [stdout]      |
[INFO] [stdout] 1804 | fn try_main() -> Result<(), Box<dyn Error>> {
[INFO] [stdout]      |                                 +++
[INFO] [stdout] 
[INFO] [stdout] warning: use of deprecated method `kayrx::lxar::event::Events::get`: Index access removed in favor of iterator only API.
[INFO] [stdout]     --> src/lxar/poll.rs:1825:20
[INFO] [stdout]      |
[INFO] [stdout] 1825 | let event = events.get(0).unwrap();
[INFO] [stdout]      |                    ^^^
[INFO] [stdout]      |
[INFO] [stdout]      = note: `#[warn(deprecated)]` on by default
[INFO] [stdout] 
[INFO] [stdout] Couldn't compile the test.
[INFO] [stdout] ---- src/lxar/poll.rs - lxar::poll::Poll::new (line 624) stdout ----
[INFO] [stdout] warning: trait objects without an explicit `dyn` are deprecated
[INFO] [stdout]    --> src/lxar/poll.rs:627:33
[INFO] [stdout]     |
[INFO] [stdout] 627 | fn try_main() -> Result<(), Box<Error>> {
[INFO] [stdout]     |                                 ^^^^^
[INFO] [stdout]     |
[INFO] [stdout]     = warning: this is accepted in the current edition (Rust 2018) but is a hard error in Rust 2021!
[INFO] [stdout]     = note: for more information, see <https://doc.rust-lang.org/edition-guide/rust-2021/warnings-promoted-to-error.html>
[INFO] [stdout]     = note: `#[warn(bare_trait_objects)]` (part of `#[warn(rust_2021_compatibility)]`) on by default
[INFO] [stdout] help: if this is a dyn-compatible trait, use `dyn`
[INFO] [stdout]     |
[INFO] [stdout] 627 | fn try_main() -> Result<(), Box<dyn Error>> {
[INFO] [stdout]     |                                 +++
[INFO] [stdout] 
[INFO] [stdout] Couldn't compile the test.
[INFO] [stdout] ---- src/lxar/poll.rs - lxar::poll::Iter (line 1313) stdout ----
[INFO] [stdout] warning: trait objects without an explicit `dyn` are deprecated
[INFO] [stdout]     --> src/lxar/poll.rs:1316:33
[INFO] [stdout]      |
[INFO] [stdout] 1316 | fn try_main() -> Result<(), Box<Error>> {
[INFO] [stdout]      |                                 ^^^^^
[INFO] [stdout]      |
[INFO] [stdout]      = warning: this is accepted in the current edition (Rust 2018) but is a hard error in Rust 2021!
[INFO] [stdout]      = note: for more information, see <https://doc.rust-lang.org/edition-guide/rust-2021/warnings-promoted-to-error.html>
[INFO] [stdout]      = note: `#[warn(bare_trait_objects)]` (part of `#[warn(rust_2021_compatibility)]`) on by default
[INFO] [stdout] help: if this is a dyn-compatible trait, use `dyn`
[INFO] [stdout]      |
[INFO] [stdout] 1316 | fn try_main() -> Result<(), Box<dyn Error>> {
[INFO] [stdout]      |                                 +++
[INFO] [stdout] 
[INFO] [stdout] Couldn't compile the test.
[INFO] [stdout] ---- src/lxar/poll.rs - lxar::poll::Poll::register (line 738) stdout ----
[INFO] [stdout] warning: trait objects without an explicit `dyn` are deprecated
[INFO] [stdout]    --> src/lxar/poll.rs:741:33
[INFO] [stdout]     |
[INFO] [stdout] 741 | fn try_main() -> Result<(), Box<Error>> {
[INFO] [stdout]     |                                 ^^^^^
[INFO] [stdout]     |
[INFO] [stdout]     = warning: this is accepted in the current edition (Rust 2018) but is a hard error in Rust 2021!
[INFO] [stdout]     = note: for more information, see <https://doc.rust-lang.org/edition-guide/rust-2021/warnings-promoted-to-error.html>
[INFO] [stdout]     = note: `#[warn(bare_trait_objects)]` (part of `#[warn(rust_2021_compatibility)]`) on by default
[INFO] [stdout] help: if this is a dyn-compatible trait, use `dyn`
[INFO] [stdout]     |
[INFO] [stdout] 741 | fn try_main() -> Result<(), Box<dyn Error>> {
[INFO] [stdout]     |                                 +++
[INFO] [stdout] 
[INFO] [stdout] Couldn't compile the test.
[INFO] [stdout] ---- src/lxar/sys/ready.rs - lxar::sys::ready::UnixReady (line 28) stdout ----
[INFO] [stdout] Couldn't compile the test.
[INFO] [stdout] ---- src/lxar/poll.rs - lxar::poll::Registration::new2 (line 1598) stdout ----
[INFO] [stdout] warning: trait objects without an explicit `dyn` are deprecated
[INFO] [stdout]     --> src/lxar/poll.rs:1601:33
[INFO] [stdout]      |
[INFO] [stdout] 1601 | fn try_main() -> Result<(), Box<Error>> {
[INFO] [stdout]      |                                 ^^^^^
[INFO] [stdout]      |
[INFO] [stdout]      = warning: this is accepted in the current edition (Rust 2018) but is a hard error in Rust 2021!
[INFO] [stdout]      = note: for more information, see <https://doc.rust-lang.org/edition-guide/rust-2021/warnings-promoted-to-error.html>
[INFO] [stdout]      = note: `#[warn(bare_trait_objects)]` (part of `#[warn(rust_2021_compatibility)]`) on by default
[INFO] [stdout] help: if this is a dyn-compatible trait, use `dyn`
[INFO] [stdout]      |
[INFO] [stdout] 1601 | fn try_main() -> Result<(), Box<dyn Error>> {
[INFO] [stdout]      |                                 +++
[INFO] [stdout] 
[INFO] [stdout] Couldn't compile the test.
[INFO] [stdout] ---- src/lxar/poll.rs - lxar::poll::Poll::reregister (line 831) stdout ----
[INFO] [stdout] warning: trait objects without an explicit `dyn` are deprecated
[INFO] [stdout]    --> src/lxar/poll.rs:834:33
[INFO] [stdout]     |
[INFO] [stdout] 834 | fn try_main() -> Result<(), Box<Error>> {
[INFO] [stdout]     |                                 ^^^^^
[INFO] [stdout]     |
[INFO] [stdout]     = warning: this is accepted in the current edition (Rust 2018) but is a hard error in Rust 2021!
[INFO] [stdout]     = note: for more information, see <https://doc.rust-lang.org/edition-guide/rust-2021/warnings-promoted-to-error.html>
[INFO] [stdout]     = note: `#[warn(bare_trait_objects)]` (part of `#[warn(rust_2021_compatibility)]`) on by default
[INFO] [stdout] help: if this is a dyn-compatible trait, use `dyn`
[INFO] [stdout]     |
[INFO] [stdout] 834 | fn try_main() -> Result<(), Box<dyn Error>> {
[INFO] [stdout]     |                                 +++
[INFO] [stdout] 
[INFO] [stdout] Couldn't compile the test.
[INFO] [stdout] ---- src/net/tcp/stream.rs - net::tcp::stream::TcpStream::connect (line 64) stdout ----
[INFO] [stdout] error[E0433]: cannot find module or crate `rolxar` in this scope
[INFO] [stdout]   --> src/net/tcp/stream.rs:66:5
[INFO] [stdout]    |
[INFO] [stdout] 66 | use rolxar::tcp::TcpStream;
[INFO] [stdout]    |     ^^^^^^ use of unresolved module or unlinked crate `rolxar`
[INFO] [stdout]    |
[INFO] [stdout]    = help: if you wanted to use a crate named `rolxar`, use `cargo add rolxar` to add it to your `Cargo.toml`
[INFO] [stdout] 
[INFO] [stdout] error: aborting due to 1 previous error
[INFO] [stdout] 
[INFO] [stdout] For more information about this error, try `rustc --explain E0433`.
[INFO] [stdout] Couldn't compile the test.
[INFO] [stdout] ---- src/net/tcp/stream.rs - net::tcp::stream::TcpStream::linger (line 395) stdout ----
[INFO] [stdout] error[E0433]: cannot find module or crate `rolxar` in this scope
[INFO] [stdout]    --> src/net/tcp/stream.rs:396:5
[INFO] [stdout]     |
[INFO] [stdout] 396 | use rolxar::tcp::TcpStream;
[INFO] [stdout]     |     ^^^^^^ use of unresolved module or unlinked crate `rolxar`
[INFO] [stdout]     |
[INFO] [stdout]     = help: if you wanted to use a crate named `rolxar`, use `cargo add rolxar` to add it to your `Cargo.toml`
[INFO] [stdout] 
[INFO] [stdout] warning: method call on a diverging inference variable
[INFO] [stdout]    --> src/net/tcp/stream.rs:403:8
[INFO] [stdout]     |
[INFO] [stdout] 403 | stream.set_linger(Some(Duration::from_millis(100)))?;
[INFO] [stdout]     |        ^^^^^^^^^^
[INFO] [stdout]     |
[INFO] [stdout]     = help: consider providing a type annotation
[INFO] [stdout]     = warning: this was previously accepted by the compiler but is being phased out; it will become a hard error in a future release!
[INFO] [stdout]     = note: for more information, see issue #156047 <https://github.com/rust-lang/rust/issues/156047>
[INFO] [stdout]     = note: `#[warn(method_call_on_diverging_infer_var)]` (part of `#[warn(future_incompatible)]`) on by default
[INFO] [stdout] 
[INFO] [stdout] error[E0599]: no method named `set_linger` found for type `!` in the current scope
[INFO] [stdout]    --> src/net/tcp/stream.rs:403:8
[INFO] [stdout]     |
[INFO] [stdout] 403 | stream.set_linger(Some(Duration::from_millis(100)))?;
[INFO] [stdout]     |        ^^^^^^^^^^ method not found in `!`
[INFO] [stdout] 
[INFO] [stdout] error[E0599]: no method named `linger` found for type `!` in the current scope
[INFO] [stdout]    --> src/net/tcp/stream.rs:404:19
[INFO] [stdout]     |
[INFO] [stdout] 404 | assert_eq!(stream.linger()?, Some(Duration::from_millis(100)));
[INFO] [stdout]     |                   ^^^^^^ method not found in `!`
[INFO] [stdout] 
[INFO] [stdout] error: aborting due to 3 previous errors; 1 warning emitted
[INFO] [stdout] 
[INFO] [stdout] Some errors have detailed explanations: E0433, E0599.
[INFO] [stdout] For more information about an error, try `rustc --explain E0433`.
[INFO] [stdout] Couldn't compile the test.
[INFO] [stdout] ---- src/net/tcp/stream.rs - net::tcp::stream::TcpStream::keepalive (line 296) stdout ----
[INFO] [stdout] error[E0433]: cannot find module or crate `rolxar` in this scope
[INFO] [stdout]    --> src/net/tcp/stream.rs:297:5
[INFO] [stdout]     |
[INFO] [stdout] 297 | use rolxar::tcp::TcpStream;
[INFO] [stdout]     |     ^^^^^^ use of unresolved module or unlinked crate `rolxar`
[INFO] [stdout]     |
[INFO] [stdout]     = help: if you wanted to use a crate named `rolxar`, use `cargo add rolxar` to add it to your `Cargo.toml`
[INFO] [stdout] 
[INFO] [stdout] warning: method call on a diverging inference variable
[INFO] [stdout]    --> src/net/tcp/stream.rs:304:8
[INFO] [stdout]     |
[INFO] [stdout] 304 | stream.set_keepalive(Some(Duration::from_secs(60)))?;
[INFO] [stdout]     |        ^^^^^^^^^^^^^
[INFO] [stdout]     |
[INFO] [stdout]     = help: consider providing a type annotation
[INFO] [stdout]     = warning: this was previously accepted by the compiler but is being phased out; it will become a hard error in a future release!
[INFO] [stdout]     = note: for more information, see issue #156047 <https://github.com/rust-lang/rust/issues/156047>
[INFO] [stdout]     = note: `#[warn(method_call_on_diverging_infer_var)]` (part of `#[warn(future_incompatible)]`) on by default
[INFO] [stdout] 
[INFO] [stdout] error[E0599]: no method named `set_keepalive` found for type `!` in the current scope
[INFO] [stdout]    --> src/net/tcp/stream.rs:304:8
[INFO] [stdout]     |
[INFO] [stdout] 304 | stream.set_keepalive(Some(Duration::from_secs(60)))?;
[INFO] [stdout]     |        ^^^^^^^^^^^^^ method not found in `!`
[INFO] [stdout] 
[INFO] [stdout] error[E0599]: no method named `keepalive` found for type `!` in the current scope
[INFO] [stdout]    --> src/net/tcp/stream.rs:305:19
[INFO] [stdout]     |
[INFO] [stdout] 305 | assert_eq!(stream.keepalive()?, Some(Duration::from_secs(60)));
[INFO] [stdout]     |                   ^^^^^^^^^ method not found in `!`
[INFO] [stdout] 
[INFO] [stdout] error: aborting due to 3 previous errors; 1 warning emitted
[INFO] [stdout] 
[INFO] [stdout] Some errors have detailed explanations: E0433, E0599.
[INFO] [stdout] For more information about an error, try `rustc --explain E0433`.
[INFO] [stdout] Couldn't compile the test.
[INFO] [stdout] ---- src/net/tcp/stream.rs - net::tcp::stream::TcpStream::local_addr (line 93) stdout ----
[INFO] [stdout] error[E0433]: cannot find module or crate `rolxar` in this scope
[INFO] [stdout]   --> src/net/tcp/stream.rs:94:5
[INFO] [stdout]    |
[INFO] [stdout] 94 | use rolxar::tcp::TcpStream;
[INFO] [stdout]    |     ^^^^^^ use of unresolved module or unlinked crate `rolxar`
[INFO] [stdout]    |
[INFO] [stdout]    = help: if you wanted to use a crate named `rolxar`, use `cargo add rolxar` to add it to your `Cargo.toml`
[INFO] [stdout] 
[INFO] [stdout] warning: method call on a diverging inference variable
[INFO] [stdout]    --> src/net/tcp/stream.rs:102:19
[INFO] [stdout]     |
[INFO] [stdout] 102 | assert_eq!(stream.local_addr()?.ip(), expected);
[INFO] [stdout]     |                   ^^^^^^^^^^
[INFO] [stdout]     |
[INFO] [stdout]     = help: consider providing a type annotation
[INFO] [stdout]     = warning: this was previously accepted by the compiler but is being phased out; it will become a hard error in a future release!
[INFO] [stdout]     = note: for more information, see issue #156047 <https://github.com/rust-lang/rust/issues/156047>
[INFO] [stdout]     = note: `#[warn(method_call_on_diverging_infer_var)]` (part of `#[warn(future_incompatible)]`) on by default
[INFO] [stdout] 
[INFO] [stdout] error[E0599]: no method named `local_addr` found for type `!` in the current scope
[INFO] [stdout]    --> src/net/tcp/stream.rs:102:19
[INFO] [stdout]     |
[INFO] [stdout] 102 | assert_eq!(stream.local_addr()?.ip(), expected);
[INFO] [stdout]     |                   ^^^^^^^^^^ method not found in `!`
[INFO] [stdout] 
[INFO] [stdout] error: aborting due to 2 previous errors; 1 warning emitted
[INFO] [stdout] 
[INFO] [stdout] Some errors have detailed explanations: E0433, E0599.
[INFO] [stdout] For more information about an error, try `rustc --explain E0433`.
[INFO] [stdout] Couldn't compile the test.
[INFO] [stdout] ---- src/net/tcp/stream.rs - net::tcp::stream::TcpStream::nodelay (line 160) stdout ----
[INFO] [stdout] error[E0433]: cannot find module or crate `rolxar` in this scope
[INFO] [stdout]    --> src/net/tcp/stream.rs:161:5
[INFO] [stdout]     |
[INFO] [stdout] 161 | use rolxar::tcp::TcpStream;
[INFO] [stdout]     |     ^^^^^^ use of unresolved module or unlinked crate `rolxar`
[INFO] [stdout]     |
[INFO] [stdout]     = help: if you wanted to use a crate named `rolxar`, use `cargo add rolxar` to add it to your `Cargo.toml`
[INFO] [stdout] 
[INFO] [stdout] warning: method call on a diverging inference variable
[INFO] [stdout]    --> src/net/tcp/stream.rs:167:8
[INFO] [stdout]     |
[INFO] [stdout] 167 | stream.set_nodelay(true)?;
[INFO] [stdout]     |        ^^^^^^^^^^^
[INFO] [stdout]     |
[INFO] [stdout]     = help: consider providing a type annotation
[INFO] [stdout]     = warning: this was previously accepted by the compiler but is being phased out; it will become a hard error in a future release!
[INFO] [stdout]     = note: for more information, see issue #156047 <https://github.com/rust-lang/rust/issues/156047>
[INFO] [stdout]     = note: `#[warn(method_call_on_diverging_infer_var)]` (part of `#[warn(future_incompatible)]`) on by default
[INFO] [stdout] 
[INFO] [stdout] error[E0599]: no method named `set_nodelay` found for type `!` in the current scope
[INFO] [stdout]    --> src/net/tcp/stream.rs:167:8
[INFO] [stdout]     |
[INFO] [stdout] 167 | stream.set_nodelay(true)?;
[INFO] [stdout]     |        ^^^^^^^^^^^ method not found in `!`
[INFO] [stdout] 
[INFO] [stdout] error[E0599]: no method named `nodelay` found for type `!` in the current scope
[INFO] [stdout]    --> src/net/tcp/stream.rs:168:19
[INFO] [stdout]     |
[INFO] [stdout] 168 | assert_eq!(stream.nodelay()?, true);
[INFO] [stdout]     |                   ^^^^^^^ method not found in `!`
[INFO] [stdout] 
[INFO] [stdout] error: aborting due to 3 previous errors; 1 warning emitted
[INFO] [stdout] 
[INFO] [stdout] Some errors have detailed explanations: E0433, E0599.
[INFO] [stdout] For more information about an error, try `rustc --explain E0433`.
[INFO] [stdout] Couldn't compile the test.
[INFO] [stdout] ---- src/net/tcp/stream.rs - net::tcp::stream::TcpStream::peer_addr (line 113) stdout ----
[INFO] [stdout] error[E0433]: cannot find module or crate `rolxar` in this scope
[INFO] [stdout]    --> src/net/tcp/stream.rs:114:5
[INFO] [stdout]     |
[INFO] [stdout] 114 | use rolxar::tcp::TcpStream;
[INFO] [stdout]     |     ^^^^^^ use of unresolved module or unlinked crate `rolxar`
[INFO] [stdout]     |
[INFO] [stdout]     = help: if you wanted to use a crate named `rolxar`, use `cargo add rolxar` to add it to your `Cargo.toml`
[INFO] [stdout] 
[INFO] [stdout] warning: method call on a diverging inference variable
[INFO] [stdout]    --> src/net/tcp/stream.rs:122:19
[INFO] [stdout]     |
[INFO] [stdout] 122 | assert_eq!(stream.peer_addr()?, SocketAddr::V4(expected));
[INFO] [stdout]     |                   ^^^^^^^^^
[INFO] [stdout]     |
[INFO] [stdout]     = help: consider providing a type annotation
[INFO] [stdout]     = warning: this was previously accepted by the compiler but is being phased out; it will become a hard error in a future release!
[INFO] [stdout]     = note: for more information, see issue #156047 <https://github.com/rust-lang/rust/issues/156047>
[INFO] [stdout]     = note: `#[warn(method_call_on_diverging_infer_var)]` (part of `#[warn(future_incompatible)]`) on by default
[INFO] [stdout] 
[INFO] [stdout] error[E0599]: no method named `peer_addr` found for type `!` in the current scope
[INFO] [stdout]    --> src/net/tcp/stream.rs:122:19
[INFO] [stdout]     |
[INFO] [stdout] 122 | assert_eq!(stream.peer_addr()?, SocketAddr::V4(expected));
[INFO] [stdout]     |                   ^^^^^^^^^ method not found in `!`
[INFO] [stdout] 
[INFO] [stdout] error: aborting due to 2 previous errors; 1 warning emitted
[INFO] [stdout] 
[INFO] [stdout] Some errors have detailed explanations: E0433, E0599.
[INFO] [stdout] For more information about an error, try `rustc --explain E0433`.
[INFO] [stdout] Couldn't compile the test.
[INFO] [stdout] ---- src/net/tcp/stream.rs - net::tcp::stream::TcpStream::recv_buffer_size (line 207) stdout ----
[INFO] [stdout] error[E0433]: cannot find module or crate `rolxar` in this scope
[INFO] [stdout]    --> src/net/tcp/stream.rs:208:5
[INFO] [stdout]     |
[INFO] [stdout] 208 | use rolxar::tcp::TcpStream;
[INFO] [stdout]     |     ^^^^^^ use of unresolved module or unlinked crate `rolxar`
[INFO] [stdout]     |
[INFO] [stdout]     = help: if you wanted to use a crate named `rolxar`, use `cargo add rolxar` to add it to your `Cargo.toml`
[INFO] [stdout] 
[INFO] [stdout] warning: method call on a diverging inference variable
[INFO] [stdout]    --> src/net/tcp/stream.rs:214:8
[INFO] [stdout]     |
[INFO] [stdout] 214 | stream.set_recv_buffer_size(100);
[INFO] [stdout]     |        ^^^^^^^^^^^^^^^^^^^^
[INFO] [stdout]     |
[INFO] [stdout]     = help: consider providing a type annotation
[INFO] [stdout]     = warning: this was previously accepted by the compiler but is being phased out; it will become a hard error in a future release!
[INFO] [stdout]     = note: for more information, see issue #156047 <https://github.com/rust-lang/rust/issues/156047>
[INFO] [stdout]     = note: `#[warn(method_call_on_diverging_infer_var)]` (part of `#[warn(future_incompatible)]`) on by default
[INFO] [stdout] 
[INFO] [stdout] error[E0599]: no method named `set_recv_buffer_size` found for type `!` in the current scope
[INFO] [stdout]    --> src/net/tcp/stream.rs:214:8
[INFO] [stdout]     |
[INFO] [stdout] 214 | stream.set_recv_buffer_size(100);
[INFO] [stdout]     |        ^^^^^^^^^^^^^^^^^^^^ method not found in `!`
[INFO] [stdout] 
[INFO] [stdout] error[E0599]: no method named `recv_buffer_size` found for type `!` in the current scope
[INFO] [stdout]    --> src/net/tcp/stream.rs:215:19
[INFO] [stdout]     |
[INFO] [stdout] 215 | assert_eq!(stream.recv_buffer_size()?, 100);
[INFO] [stdout]     |                   ^^^^^^^^^^^^^^^^ method not found in `!`
[INFO] [stdout] 
[INFO] [stdout] error: aborting due to 3 previous errors; 1 warning emitted
[INFO] [stdout] 
[INFO] [stdout] Some errors have detailed explanations: E0433, E0599.
[INFO] [stdout] For more information about an error, try `rustc --explain E0433`.
[INFO] [stdout] Couldn't compile the test.
[INFO] [stdout] ---- src/net/tcp/stream.rs - net::tcp::stream::TcpStream::set_keepalive (line 327) stdout ----
[INFO] [stdout] error[E0433]: cannot find module or crate `rolxar` in this scope
[INFO] [stdout]    --> src/net/tcp/stream.rs:328:5
[INFO] [stdout]     |
[INFO] [stdout] 328 | use rolxar::tcp::TcpStream;
[INFO] [stdout]     |     ^^^^^^ use of unresolved module or unlinked crate `rolxar`
[INFO] [stdout]     |
[INFO] [stdout]     = help: if you wanted to use a crate named `rolxar`, use `cargo add rolxar` to add it to your `Cargo.toml`
[INFO] [stdout] 
[INFO] [stdout] warning: method call on a diverging inference variable
[INFO] [stdout]    --> src/net/tcp/stream.rs:335:8
[INFO] [stdout]     |
[INFO] [stdout] 335 | stream.set_keepalive(Some(Duration::from_secs(60)))?;
[INFO] [stdout]     |        ^^^^^^^^^^^^^
[INFO] [stdout]     |
[INFO] [stdout]     = help: consider providing a type annotation
[INFO] [stdout]     = warning: this was previously accepted by the compiler but is being phased out; it will become a hard error in a future release!
[INFO] [stdout]     = note: for more information, see issue #156047 <https://github.com/rust-lang/rust/issues/156047>
[INFO] [stdout]     = note: `#[warn(method_call_on_diverging_infer_var)]` (part of `#[warn(future_incompatible)]`) on by default
[INFO] [stdout] 
[INFO] [stdout] error[E0599]: no method named `set_keepalive` found for type `!` in the current scope
[INFO] [stdout]    --> src/net/tcp/stream.rs:335:8
[INFO] [stdout]     |
[INFO] [stdout] 335 | stream.set_keepalive(Some(Duration::from_secs(60)))?;
[INFO] [stdout]     |        ^^^^^^^^^^^^^ method not found in `!`
[INFO] [stdout] 
[INFO] [stdout] error: aborting due to 2 previous errors; 1 warning emitted
[INFO] [stdout] 
[INFO] [stdout] Some errors have detailed explanations: E0433, E0599.
[INFO] [stdout] For more information about an error, try `rustc --explain E0433`.
[INFO] [stdout] Couldn't compile the test.
[INFO] [stdout] ---- src/net/tcp/stream.rs - net::tcp::stream::TcpStream::set_linger (line 425) stdout ----
[INFO] [stdout] error[E0433]: cannot find module or crate `rolxar` in this scope
[INFO] [stdout]    --> src/net/tcp/stream.rs:426:5
[INFO] [stdout]     |
[INFO] [stdout] 426 | use rolxar::tcp::TcpStream;
[INFO] [stdout]     |     ^^^^^^ use of unresolved module or unlinked crate `rolxar`
[INFO] [stdout]     |
[INFO] [stdout]     = help: if you wanted to use a crate named `rolxar`, use `cargo add rolxar` to add it to your `Cargo.toml`
[INFO] [stdout] 
[INFO] [stdout] warning: method call on a diverging inference variable
[INFO] [stdout]    --> src/net/tcp/stream.rs:433:8
[INFO] [stdout]     |
[INFO] [stdout] 433 | stream.set_linger(Some(Duration::from_millis(100)))?;
[INFO] [stdout]     |        ^^^^^^^^^^
[INFO] [stdout]     |
[INFO] [stdout]     = help: consider providing a type annotation
[INFO] [stdout]     = warning: this was previously accepted by the compiler but is being phased out; it will become a hard error in a future release!
[INFO] [stdout]     = note: for more information, see issue #156047 <https://github.com/rust-lang/rust/issues/156047>
[INFO] [stdout]     = note: `#[warn(method_call_on_diverging_infer_var)]` (part of `#[warn(future_incompatible)]`) on by default
[INFO] [stdout] 
[INFO] [stdout] error[E0599]: no method named `set_linger` found for type `!` in the current scope
[INFO] [stdout]    --> src/net/tcp/stream.rs:433:8
[INFO] [stdout]     |
[INFO] [stdout] 433 | stream.set_linger(Some(Duration::from_millis(100)))?;
[INFO] [stdout]     |        ^^^^^^^^^^ method not found in `!`
[INFO] [stdout] 
[INFO] [stdout] error: aborting due to 2 previous errors; 1 warning emitted
[INFO] [stdout] 
[INFO] [stdout] Some errors have detailed explanations: E0433, E0599.
[INFO] [stdout] For more information about an error, try `rustc --explain E0433`.
[INFO] [stdout] Couldn't compile the test.
[INFO] [stdout] ---- src/net/tcp/stream.rs - net::tcp::stream::TcpStream::send_buffer_size (line 251) stdout ----
[INFO] [stdout] error[E0433]: cannot find module or crate `rolxar` in this scope
[INFO] [stdout]    --> src/net/tcp/stream.rs:252:5
[INFO] [stdout]     |
[INFO] [stdout] 252 | use rolxar::tcp::TcpStream;
[INFO] [stdout]     |     ^^^^^^ use of unresolved module or unlinked crate `rolxar`
[INFO] [stdout]     |
[INFO] [stdout]     = help: if you wanted to use a crate named `rolxar`, use `cargo add rolxar` to add it to your `Cargo.toml`
[INFO] [stdout] 
[INFO] [stdout] warning: method call on a diverging inference variable
[INFO] [stdout]    --> src/net/tcp/stream.rs:258:8
[INFO] [stdout]     |
[INFO] [stdout] 258 | stream.set_send_buffer_size(100);
[INFO] [stdout]     |        ^^^^^^^^^^^^^^^^^^^^
[INFO] [stdout]     |
[INFO] [stdout]     = help: consider providing a type annotation
[INFO] [stdout]     = warning: this was previously accepted by the compiler but is being phased out; it will become a hard error in a future release!
[INFO] [stdout]     = note: for more information, see issue #156047 <https://github.com/rust-lang/rust/issues/156047>
[INFO] [stdout]     = note: `#[warn(method_call_on_diverging_infer_var)]` (part of `#[warn(future_incompatible)]`) on by default
[INFO] [stdout] 
[INFO] [stdout] error[E0599]: no method named `set_send_buffer_size` found for type `!` in the current scope
[INFO] [stdout]    --> src/net/tcp/stream.rs:258:8
[INFO] [stdout]     |
[INFO] [stdout] 258 | stream.set_send_buffer_size(100);
[INFO] [stdout]     |        ^^^^^^^^^^^^^^^^^^^^ method not found in `!`
[INFO] [stdout] 
[INFO] [stdout] error[E0599]: no method named `send_buffer_size` found for type `!` in the current scope
[INFO] [stdout]    --> src/net/tcp/stream.rs:259:19
[INFO] [stdout]     |
[INFO] [stdout] 259 | assert_eq!(stream.send_buffer_size()?, 100);
[INFO] [stdout]     |                   ^^^^^^^^^^^^^^^^ method not found in `!`
[INFO] [stdout] 
[INFO] [stdout] error: aborting due to 3 previous errors; 1 warning emitted
[INFO] [stdout] 
[INFO] [stdout] Some errors have detailed explanations: E0433, E0599.
[INFO] [stdout] For more information about an error, try `rustc --explain E0433`.
[INFO] [stdout] Couldn't compile the test.
[INFO] [stdout] ---- src/net/tcp/stream.rs - net::tcp::stream::TcpStream::set_send_buffer_size (line 273) stdout ----
[INFO] [stdout] error[E0433]: cannot find module or crate `rolxar` in this scope
[INFO] [stdout]    --> src/net/tcp/stream.rs:274:5
[INFO] [stdout]     |
[INFO] [stdout] 274 | use rolxar::tcp::TcpStream;
[INFO] [stdout]     |     ^^^^^^ use of unresolved module or unlinked crate `rolxar`
[INFO] [stdout]     |
[INFO] [stdout]     = help: if you wanted to use a crate named `rolxar`, use `cargo add rolxar` to add it to your `Cargo.toml`
[INFO] [stdout] 
[INFO] [stdout] warning: method call on a diverging inference variable
[INFO] [stdout]    --> src/net/tcp/stream.rs:280:8
[INFO] [stdout]     |
[INFO] [stdout] 280 | stream.set_send_buffer_size(100);
[INFO] [stdout]     |        ^^^^^^^^^^^^^^^^^^^^
[INFO] [stdout]     |
[INFO] [stdout]     = help: consider providing a type annotation
[INFO] [stdout]     = warning: this was previously accepted by the compiler but is being phased out; it will become a hard error in a future release!
[INFO] [stdout]     = note: for more information, see issue #156047 <https://github.com/rust-lang/rust/issues/156047>
[INFO] [stdout]     = note: `#[warn(method_call_on_diverging_infer_var)]` (part of `#[warn(future_incompatible)]`) on by default
[INFO] [stdout] 
[INFO] [stdout] error[E0599]: no method named `set_send_buffer_size` found for type `!` in the current scope
[INFO] [stdout]    --> src/net/tcp/stream.rs:280:8
[INFO] [stdout]     |
[INFO] [stdout] 280 | stream.set_send_buffer_size(100);
[INFO] [stdout]     |        ^^^^^^^^^^^^^^^^^^^^ method not found in `!`
[INFO] [stdout] 
[INFO] [stdout] error: aborting due to 2 previous errors; 1 warning emitted
[INFO] [stdout] 
[INFO] [stdout] Some errors have detailed explanations: E0433, E0599.
[INFO] [stdout] For more information about an error, try `rustc --explain E0433`.
[INFO] [stdout] Couldn't compile the test.
[INFO] [stdout] ---- src/net/tcp/stream.rs - net::tcp::stream::TcpStream::set_nodelay (line 185) stdout ----
[INFO] [stdout] error[E0433]: cannot find module or crate `rolxar` in this scope
[INFO] [stdout]    --> src/net/tcp/stream.rs:186:5
[INFO] [stdout]     |
[INFO] [stdout] 186 | use rolxar::tcp::TcpStream;
[INFO] [stdout]     |     ^^^^^^ use of unresolved module or unlinked crate `rolxar`
[INFO] [stdout]     |
[INFO] [stdout]     = help: if you wanted to use a crate named `rolxar`, use `cargo add rolxar` to add it to your `Cargo.toml`
[INFO] [stdout] 
[INFO] [stdout] warning: method call on a diverging inference variable
[INFO] [stdout]    --> src/net/tcp/stream.rs:192:8
[INFO] [stdout]     |
[INFO] [stdout] 192 | stream.set_nodelay(true)?;
[INFO] [stdout]     |        ^^^^^^^^^^^
[INFO] [stdout]     |
[INFO] [stdout]     = help: consider providing a type annotation
[INFO] [stdout]     = warning: this was previously accepted by the compiler but is being phased out; it will become a hard error in a future release!
[INFO] [stdout]     = note: for more information, see issue #156047 <https://github.com/rust-lang/rust/issues/156047>
[INFO] [stdout]     = note: `#[warn(method_call_on_diverging_infer_var)]` (part of `#[warn(future_incompatible)]`) on by default
[INFO] [stdout] 
[INFO] [stdout] error[E0599]: no method named `set_nodelay` found for type `!` in the current scope
[INFO] [stdout]    --> src/net/tcp/stream.rs:192:8
[INFO] [stdout]     |
[INFO] [stdout] 192 | stream.set_nodelay(true)?;
[INFO] [stdout]     |        ^^^^^^^^^^^ method not found in `!`
[INFO] [stdout] 
[INFO] [stdout] error: aborting due to 2 previous errors; 1 warning emitted
[INFO] [stdout] 
[INFO] [stdout] Some errors have detailed explanations: E0433, E0599.
[INFO] [stdout] For more information about an error, try `rustc --explain E0433`.
[INFO] [stdout] Couldn't compile the test.
[INFO] [stdout] ---- src/net/tcp/stream.rs - net::tcp::stream::TcpStream::set_recv_buffer_size (line 229) stdout ----
[INFO] [stdout] error[E0433]: cannot find module or crate `rolxar` in this scope
[INFO] [stdout]    --> src/net/tcp/stream.rs:230:5
[INFO] [stdout]     |
[INFO] [stdout] 230 | use rolxar::tcp::TcpStream;
[INFO] [stdout]     |     ^^^^^^ use of unresolved module or unlinked crate `rolxar`
[INFO] [stdout]     |
[INFO] [stdout]     = help: if you wanted to use a crate named `rolxar`, use `cargo add rolxar` to add it to your `Cargo.toml`
[INFO] [stdout] 
[INFO] [stdout] warning: method call on a diverging inference variable
[INFO] [stdout]    --> src/net/tcp/stream.rs:236:8
[INFO] [stdout]     |
[INFO] [stdout] 236 | stream.set_recv_buffer_size(100);
[INFO] [stdout]     |        ^^^^^^^^^^^^^^^^^^^^
[INFO] [stdout]     |
[INFO] [stdout]     = help: consider providing a type annotation
[INFO] [stdout]     = warning: this was previously accepted by the compiler but is being phased out; it will become a hard error in a future release!
[INFO] [stdout]     = note: for more information, see issue #156047 <https://github.com/rust-lang/rust/issues/156047>
[INFO] [stdout]     = note: `#[warn(method_call_on_diverging_infer_var)]` (part of `#[warn(future_incompatible)]`) on by default
[INFO] [stdout] 
[INFO] [stdout] error[E0599]: no method named `set_recv_buffer_size` found for type `!` in the current scope
[INFO] [stdout]    --> src/net/tcp/stream.rs:236:8
[INFO] [stdout]     |
[INFO] [stdout] 236 | stream.set_recv_buffer_size(100);
[INFO] [stdout]     |        ^^^^^^^^^^^^^^^^^^^^ method not found in `!`
[INFO] [stdout] 
[INFO] [stdout] error: aborting due to 2 previous errors; 1 warning emitted
[INFO] [stdout] 
[INFO] [stdout] Some errors have detailed explanations: E0433, E0599.
[INFO] [stdout] For more information about an error, try `rustc --explain E0433`.
[INFO] [stdout] Couldn't compile the test.
[INFO] [stdout] ---- src/net/tcp/stream.rs - net::tcp::stream::TcpStream::set_ttl (line 372) stdout ----
[INFO] [stdout] error[E0433]: cannot find module or crate `rolxar` in this scope
[INFO] [stdout]    --> src/net/tcp/stream.rs:373:5
[INFO] [stdout]     |
[INFO] [stdout] 373 | use rolxar::tcp::TcpStream;
[INFO] [stdout]     |     ^^^^^^ use of unresolved module or unlinked crate `rolxar`
[INFO] [stdout]     |
[INFO] [stdout]     = help: if you wanted to use a crate named `rolxar`, use `cargo add rolxar` to add it to your `Cargo.toml`
[INFO] [stdout] 
[INFO] [stdout] warning: method call on a diverging inference variable
[INFO] [stdout]    --> src/net/tcp/stream.rs:379:8
[INFO] [stdout]     |
[INFO] [stdout] 379 | stream.set_ttl(100)?;
[INFO] [stdout]     |        ^^^^^^^
[INFO] [stdout]     |
[INFO] [stdout]     = help: consider providing a type annotation
[INFO] [stdout]     = warning: this was previously accepted by the compiler but is being phased out; it will become a hard error in a future release!
[INFO] [stdout]     = note: for more information, see issue #156047 <https://github.com/rust-lang/rust/issues/156047>
[INFO] [stdout]     = note: `#[warn(method_call_on_diverging_infer_var)]` (part of `#[warn(future_incompatible)]`) on by default
[INFO] [stdout] 
[INFO] [stdout] error[E0599]: no method named `set_ttl` found for type `!` in the current scope
[INFO] [stdout]    --> src/net/tcp/stream.rs:379:8
[INFO] [stdout]     |
[INFO] [stdout] 379 | stream.set_ttl(100)?;
[INFO] [stdout]     |        ^^^^^^^ method not found in `!`
[INFO] [stdout] 
[INFO] [stdout] error: aborting due to 2 previous errors; 1 warning emitted
[INFO] [stdout] 
[INFO] [stdout] Some errors have detailed explanations: E0433, E0599.
[INFO] [stdout] For more information about an error, try `rustc --explain E0433`.
[INFO] [stdout] Couldn't compile the test.
[INFO] [stdout] ---- src/net/tcp/stream.rs - net::tcp::stream::TcpStream::shutdown (line 137) stdout ----
[INFO] [stdout] error[E0433]: cannot find module or crate `rolxar` in this scope
[INFO] [stdout]    --> src/net/tcp/stream.rs:138:5
[INFO] [stdout]     |
[INFO] [stdout] 138 | use rolxar::tcp::TcpStream;
[INFO] [stdout]     |     ^^^^^^ use of unresolved module or unlinked crate `rolxar`
[INFO] [stdout]     |
[INFO] [stdout]     = help: if you wanted to use a crate named `rolxar`, use `cargo add rolxar` to add it to your `Cargo.toml`
[INFO] [stdout] 
[INFO] [stdout] warning: method call on a diverging inference variable
[INFO] [stdout]    --> src/net/tcp/stream.rs:145:8
[INFO] [stdout]     |
[INFO] [stdout] 145 | stream.shutdown(Shutdown::Both)?;
[INFO] [stdout]     |        ^^^^^^^^
[INFO] [stdout]     |
[INFO] [stdout]     = help: consider providing a type annotation
[INFO] [stdout]     = warning: this was previously accepted by the compiler but is being phased out; it will become a hard error in a future release!
[INFO] [stdout]     = note: for more information, see issue #156047 <https://github.com/rust-lang/rust/issues/156047>
[INFO] [stdout]     = note: `#[warn(method_call_on_diverging_infer_var)]` (part of `#[warn(future_incompatible)]`) on by default
[INFO] [stdout] 
[INFO] [stdout] error[E0599]: no method named `shutdown` found for type `!` in the current scope
[INFO] [stdout]    --> src/net/tcp/stream.rs:145:8
[INFO] [stdout]     |
[INFO] [stdout] 145 | stream.shutdown(Shutdown::Both)?;
[INFO] [stdout]     |        ^^^^^^^^ method not found in `!`
[INFO] [stdout] 
[INFO] [stdout] error: aborting due to 2 previous errors; 1 warning emitted
[INFO] [stdout] 
[INFO] [stdout] Some errors have detailed explanations: E0433, E0599.
[INFO] [stdout] For more information about an error, try `rustc --explain E0433`.
[INFO] [stdout] Couldn't compile the test.
[INFO] [stdout] ---- src/net/tcp/stream.rs - net::tcp::stream::TcpStream::ttl (line 350) stdout ----
[INFO] [stdout] error[E0433]: cannot find module or crate `rolxar` in this scope
[INFO] [stdout]    --> src/net/tcp/stream.rs:351:5
[INFO] [stdout]     |
[INFO] [stdout] 351 | use rolxar::tcp::TcpStream;
[INFO] [stdout]     |     ^^^^^^ use of unresolved module or unlinked crate `rolxar`
[INFO] [stdout]     |
[INFO] [stdout]     = help: if you wanted to use a crate named `rolxar`, use `cargo add rolxar` to add it to your `Cargo.toml`
[INFO] [stdout] 
[INFO] [stdout] warning: method call on a diverging inference variable
[INFO] [stdout]    --> src/net/tcp/stream.rs:357:8
[INFO] [stdout]     |
[INFO] [stdout] 357 | stream.set_ttl(100)?;
[INFO] [stdout]     |        ^^^^^^^
[INFO] [stdout]     |
[INFO] [stdout]     = help: consider providing a type annotation
[INFO] [stdout]     = warning: this was previously accepted by the compiler but is being phased out; it will become a hard error in a future release!
[INFO] [stdout]     = note: for more information, see issue #156047 <https://github.com/rust-lang/rust/issues/156047>
[INFO] [stdout]     = note: `#[warn(method_call_on_diverging_infer_var)]` (part of `#[warn(future_incompatible)]`) on by default
[INFO] [stdout] 
[INFO] [stdout] error[E0599]: no method named `set_ttl` found for type `!` in the current scope
[INFO] [stdout]    --> src/net/tcp/stream.rs:357:8
[INFO] [stdout]     |
[INFO] [stdout] 357 | stream.set_ttl(100)?;
[INFO] [stdout]     |        ^^^^^^^ method not found in `!`
[INFO] [stdout] 
[INFO] [stdout] error[E0599]: no method named `ttl` found for type `!` in the current scope
[INFO] [stdout]    --> src/net/tcp/stream.rs:358:19
[INFO] [stdout]     |
[INFO] [stdout] 358 | assert_eq!(stream.ttl()?, 100);
[INFO] [stdout]     |                   ^^^ method not found in `!`
[INFO] [stdout] 
[INFO] [stdout] error: aborting due to 3 previous errors; 1 warning emitted
[INFO] [stdout] 
[INFO] [stdout] Some errors have detailed explanations: E0433, E0599.
[INFO] [stdout] For more information about an error, try `rustc --explain E0433`.
[INFO] [stdout] Couldn't compile the test.
[INFO] [stdout] ---- src/net/udp/mod.rs - net::udp::UdpSocket::bind (line 43) stdout ----
[INFO] [stdout] error[E0433]: cannot find module or crate `rolxar` in this scope
[INFO] [stdout]   --> src/net/udp/mod.rs:44:5
[INFO] [stdout]    |
[INFO] [stdout] 44 | use rolxar::udp::UdpSocket;
[INFO] [stdout]    |     ^^^^^^ use of unresolved module or unlinked crate `rolxar`
[INFO] [stdout]    |
[INFO] [stdout]    = help: if you wanted to use a crate named `rolxar`, use `cargo add rolxar` to add it to your `Cargo.toml`
[INFO] [stdout] 
[INFO] [stdout] error: aborting due to 1 previous error
[INFO] [stdout] 
[INFO] [stdout] For more information about this error, try `rustc --explain E0433`.
[INFO] [stdout] Couldn't compile the test.
[INFO] [stdout] ---- src/net/udp/mod.rs - net::udp::UdpSocket::join_multicast_v4 (line 243) stdout ----
[INFO] [stdout] error[E0433]: cannot find module or crate `rolxar` in this scope
[INFO] [stdout]    --> src/net/udp/mod.rs:244:5
[INFO] [stdout]     |
[INFO] [stdout] 244 | use rolxar::udp::UdpSocket;
[INFO] [stdout]     |     ^^^^^^ use of unresolved module or unlinked crate `rolxar`
[INFO] [stdout]     |
[INFO] [stdout]     = help: if you wanted to use a crate named `rolxar`, use `cargo add rolxar` to add it to your `Cargo.toml`
[INFO] [stdout] 
[INFO] [stdout] error: aborting due to 1 previous error
[INFO] [stdout] 
[INFO] [stdout] For more information about this error, try `rustc --explain E0433`.
[INFO] [stdout] Couldn't compile the test.
[INFO] [stdout] ---- src/net/udp/mod.rs - net::udp::UdpSocket::recv_from (line 120) stdout ----
[INFO] [stdout] error[E0433]: cannot find module or crate `rolxar` in this scope
[INFO] [stdout]    --> src/net/udp/mod.rs:122:5
[INFO] [stdout]     |
[INFO] [stdout] 122 | use rolxar::udp::UdpSocket;
[INFO] [stdout]     |     ^^^^^^ use of unresolved module or unlinked crate `rolxar`
[INFO] [stdout]     |
[INFO] [stdout]     = help: if you wanted to use a crate named `rolxar`, use `cargo add rolxar` to add it to your `Cargo.toml`
[INFO] [stdout] 
[INFO] [stdout] error: aborting due to 1 previous error
[INFO] [stdout] 
[INFO] [stdout] For more information about this error, try `rustc --explain E0433`.
[INFO] [stdout] Couldn't compile the test.
[INFO] [stdout] ---- src/net/udp/mod.rs - net::udp::UdpSocket::local_addr (line 68) stdout ----
[INFO] [stdout] error[E0433]: cannot find module or crate `rolxar` in this scope
[INFO] [stdout]   --> src/net/udp/mod.rs:69:5
[INFO] [stdout]    |
[INFO] [stdout] 69 | use rolxar::udp::UdpSocket;
[INFO] [stdout]    |     ^^^^^^ use of unresolved module or unlinked crate `rolxar`
[INFO] [stdout]    |
[INFO] [stdout]    = help: if you wanted to use a crate named `rolxar`, use `cargo add rolxar` to add it to your `Cargo.toml`
[INFO] [stdout] 
[INFO] [stdout] error: aborting due to 1 previous error
[INFO] [stdout] 
[INFO] [stdout] For more information about this error, try `rustc --explain E0433`.
[INFO] [stdout] Couldn't compile the test.
[INFO] [stdout] ---- src/net/uds/datagram.rs - net::uds::datagram::UnixDatagram::bind (line 66) stdout ----
[INFO] [stdout] error[E0433]: cannot find module or crate `rolxar` in this scope
[INFO] [stdout]   --> src/net/uds/datagram.rs:67:5
[INFO] [stdout]    |
[INFO] [stdout] 67 | use rolxar::uds::UnixDatagram;
[INFO] [stdout]    |     ^^^^^^ use of unresolved module or unlinked crate `rolxar`
[INFO] [stdout]    |
[INFO] [stdout]    = help: if you wanted to use a crate named `rolxar`, use `cargo add rolxar` to add it to your `Cargo.toml`
[INFO] [stdout] 
[INFO] [stdout] error: aborting due to 1 previous error
[INFO] [stdout] 
[INFO] [stdout] For more information about this error, try `rustc --explain E0433`.
[INFO] [stdout] Couldn't compile the test.
[INFO] [stdout] ---- src/net/udp/mod.rs - net::udp::UdpSocket::join_multicast_v6 (line 268) stdout ----
[INFO] [stdout] error[E0433]: cannot find module or crate `rolxar` in this scope
[INFO] [stdout]    --> src/net/udp/mod.rs:269:5
[INFO] [stdout]     |
[INFO] [stdout] 269 | use rolxar::udp::UdpSocket;
[INFO] [stdout]     |     ^^^^^^ use of unresolved module or unlinked crate `rolxar`
[INFO] [stdout]     |
[INFO] [stdout]     = help: if you wanted to use a crate named `rolxar`, use `cargo add rolxar` to add it to your `Cargo.toml`
[INFO] [stdout] 
[INFO] [stdout] error: aborting due to 1 previous error
[INFO] [stdout] 
[INFO] [stdout] For more information about this error, try `rustc --explain E0433`.
[INFO] [stdout] Couldn't compile the test.
[INFO] [stdout] ---- src/net/udp/mod.rs - net::udp::UdpSocket::send_to (line 87) stdout ----
[INFO] [stdout] error[E0433]: cannot find module or crate `rolxar` in this scope
[INFO] [stdout]   --> src/net/udp/mod.rs:89:5
[INFO] [stdout]    |
[INFO] [stdout] 89 | use rolxar::udp::UdpSocket;
[INFO] [stdout]    |     ^^^^^^ use of unresolved module or unlinked crate `rolxar`
[INFO] [stdout]    |
[INFO] [stdout]    = help: if you wanted to use a crate named `rolxar`, use `cargo add rolxar` to add it to your `Cargo.toml`
[INFO] [stdout] 
[INFO] [stdout] error: aborting due to 1 previous error
[INFO] [stdout] 
[INFO] [stdout] For more information about this error, try `rustc --explain E0433`.
[INFO] [stdout] Couldn't compile the test.
[INFO] [stdout] ---- src/net/uds/datagram.rs - net::uds::datagram::UnixDatagram::pair (line 86) stdout ----
[INFO] [stdout] error[E0433]: cannot find module or crate `rolxar` in this scope
[INFO] [stdout]   --> src/net/uds/datagram.rs:87:5
[INFO] [stdout]    |
[INFO] [stdout] 87 | use rolxar::uds::UnixDatagram;
[INFO] [stdout]    |     ^^^^^^ use of unresolved module or unlinked crate `rolxar`
[INFO] [stdout]    |
[INFO] [stdout]    = help: if you wanted to use a crate named `rolxar`, use `cargo add rolxar` to add it to your `Cargo.toml`
[INFO] [stdout] 
[INFO] [stdout] error: aborting due to 1 previous error
[INFO] [stdout] 
[INFO] [stdout] For more information about this error, try `rustc --explain E0433`.
[INFO] [stdout] Couldn't compile the test.
[INFO] [stdout] ---- src/net/uds/datagram.rs - net::uds::datagram::UnixDatagram::local_addr (line 125) stdout ----
[INFO] [stdout] error[E0433]: cannot find module or crate `rolxar` in this scope
[INFO] [stdout]    --> src/net/uds/datagram.rs:126:5
[INFO] [stdout]     |
[INFO] [stdout] 126 | use rolxar::uds::UnixDatagram;
[INFO] [stdout]     |     ^^^^^^ use of unresolved module or unlinked crate `rolxar`
[INFO] [stdout]     |
[INFO] [stdout]     = help: if you wanted to use a crate named `rolxar`, use `cargo add rolxar` to add it to your `Cargo.toml`
[INFO] [stdout] 
[INFO] [stdout] error: aborting due to 1 previous error
[INFO] [stdout] 
[INFO] [stdout] For more information about this error, try `rustc --explain E0433`.
[INFO] [stdout] Couldn't compile the test.
[INFO] [stdout] ---- src/net/uds/datagram.rs - net::uds::datagram::UnixDatagram::peer_addr (line 143) stdout ----
[INFO] [stdout] error[E0433]: cannot find module or crate `rolxar` in this scope
[INFO] [stdout]    --> src/net/uds/datagram.rs:144:5
[INFO] [stdout]     |
[INFO] [stdout] 144 | use rolxar::uds::UnixDatagram;
[INFO] [stdout]     |     ^^^^^^ use of unresolved module or unlinked crate `rolxar`
[INFO] [stdout]     |
[INFO] [stdout]     = help: if you wanted to use a crate named `rolxar`, use `cargo add rolxar` to add it to your `Cargo.toml`
[INFO] [stdout] 
[INFO] [stdout] error: aborting due to 1 previous error
[INFO] [stdout] 
[INFO] [stdout] For more information about this error, try `rustc --explain E0433`.
[INFO] [stdout] Couldn't compile the test.
[INFO] [stdout] ---- src/net/uds/datagram.rs - net::uds::datagram::UnixDatagram::recv_from (line 214) stdout ----
[INFO] [stdout] error[E0433]: cannot find module or crate `rolxar` in this scope
[INFO] [stdout]    --> src/net/uds/datagram.rs:216:5
[INFO] [stdout]     |
[INFO] [stdout] 216 | use rolxar::udp::UdpSocket;
[INFO] [stdout]     |     ^^^^^^ use of unresolved module or unlinked crate `rolxar`
[INFO] [stdout]     |
[INFO] [stdout]     = help: if you wanted to use a crate named `rolxar`, use `cargo add rolxar` to add it to your `Cargo.toml`
[INFO] [stdout] 
[INFO] [stdout] error: aborting due to 1 previous error
[INFO] [stdout] 
[INFO] [stdout] For more information about this error, try `rustc --explain E0433`.
[INFO] [stdout] Couldn't compile the test.
[INFO] [stdout] ---- src/net/uds/datagram.rs - net::uds::datagram::UnixDatagram::take_error (line 307) stdout ----
[INFO] [stdout] error[E0433]: cannot find module or crate `rolxar` in this scope
[INFO] [stdout]    --> src/net/uds/datagram.rs:308:5
[INFO] [stdout]     |
[INFO] [stdout] 308 | use rolxar::reactor::TakeError;
[INFO] [stdout]     |     ^^^^^^ use of unresolved module or unlinked crate `rolxar`
[INFO] [stdout]     |
[INFO] [stdout]     = help: if you wanted to use a crate named `rolxar`, use `cargo add rolxar` to add it to your `Cargo.toml`
[INFO] [stdout] 
[INFO] [stdout] error[E0433]: cannot find module or crate `rolxar` in this scope
[INFO] [stdout]    --> src/net/uds/datagram.rs:309:5
[INFO] [stdout]     |
[INFO] [stdout] 309 | use rolxar::uds::UnixDatagram;
[INFO] [stdout]     |     ^^^^^^ use of unresolved module or unlinked crate `rolxar`
[INFO] [stdout]     |
[INFO] [stdout]     = help: if you wanted to use a crate named `rolxar`, use `cargo add rolxar` to add it to your `Cargo.toml`
[INFO] [stdout] 
[INFO] [stdout] error: aborting due to 2 previous errors
[INFO] [stdout] 
[INFO] [stdout] For more information about this error, try `rustc --explain E0433`.
[INFO] [stdout] Couldn't compile the test.
[INFO] [stdout] ---- src/net/uds/datagram.rs - net::uds::datagram::UnixDatagram::unbound (line 110) stdout ----
[INFO] [stdout] error[E0433]: cannot find module or crate `rolxar` in this scope
[INFO] [stdout]    --> src/net/uds/datagram.rs:111:5
[INFO] [stdout]     |
[INFO] [stdout] 111 | use rolxar::uds::UnixDatagram;
[INFO] [stdout]     |     ^^^^^^ use of unresolved module or unlinked crate `rolxar`
[INFO] [stdout]     |
[INFO] [stdout]     = help: if you wanted to use a crate named `rolxar`, use `cargo add rolxar` to add it to your `Cargo.toml`
[INFO] [stdout] 
[INFO] [stdout] error: aborting due to 1 previous error
[INFO] [stdout] 
[INFO] [stdout] For more information about this error, try `rustc --explain E0433`.
[INFO] [stdout] Couldn't compile the test.
[INFO] [stdout] ---- src/net/uds/datagram.rs - net::uds::datagram::UnixDatagram::shutdown (line 163) stdout ----
[INFO] [stdout] error[E0433]: cannot find module or crate `rolxar` in this scope
[INFO] [stdout]    --> src/net/uds/datagram.rs:164:5
[INFO] [stdout]     |
[INFO] [stdout] 164 | use rolxar::uds::UnixDatagram;
[INFO] [stdout]     |     ^^^^^^ use of unresolved module or unlinked crate `rolxar`
[INFO] [stdout]     |
[INFO] [stdout]     = help: if you wanted to use a crate named `rolxar`, use `cargo add rolxar` to add it to your `Cargo.toml`
[INFO] [stdout] 
[INFO] [stdout] error: aborting due to 1 previous error
[INFO] [stdout] 
[INFO] [stdout] For more information about this error, try `rustc --explain E0433`.
[INFO] [stdout] Couldn't compile the test.
[INFO] [stdout] ---- src/net/uds/datagram.rs - net::uds::datagram::UnixDatagram::send_to (line 181) stdout ----
[INFO] [stdout] error[E0433]: cannot find module or crate `rolxar` in this scope
[INFO] [stdout]    --> src/net/uds/datagram.rs:183:5
[INFO] [stdout]     |
[INFO] [stdout] 183 | use rolxar::udp::UdpSocket;
[INFO] [stdout]     |     ^^^^^^ use of unresolved module or unlinked crate `rolxar`
[INFO] [stdout]     |
[INFO] [stdout]     = help: if you wanted to use a crate named `rolxar`, use `cargo add rolxar` to add it to your `Cargo.toml`
[INFO] [stdout] 
[INFO] [stdout] error: aborting due to 1 previous error
[INFO] [stdout] 
[INFO] [stdout] For more information about this error, try `rustc --explain E0433`.
[INFO] [stdout] Couldn't compile the test.
[INFO] [stdout] ---- src/lxar/sys/ready.rs - lxar::sys::ready::UnixReady::error (line 154) stdout ----
[INFO] [stdout] Couldn't compile the test.
[INFO] [stdout] ---- src/timer/clock.rs - timer::clock::now (line 70) stdout ----
[INFO] [stdout] error[E0603]: module `clock` is private
[INFO] [stdout]   --> src/timer/clock.rs:72:19
[INFO] [stdout]    |
[INFO] [stdout] 72 | use kayrx::timer::clock;
[INFO] [stdout]    |                   ^^^^^ private module
[INFO] [stdout]    |
[INFO] [stdout] note: the module `clock` is defined here
[INFO] [stdout]   --> src/timer/mod.rs:45:1
[INFO] [stdout]    |
[INFO] [stdout] 45 | mod clock;
[INFO] [stdout]    | ^^^^^^^^^
[INFO] [stdout] 
[INFO] [stdout] error: aborting due to 1 previous error
[INFO] [stdout] 
[INFO] [stdout] For more information about this error, try `rustc --explain E0603`.
[INFO] [stdout] Couldn't compile the test.
[INFO] [stdout] ---- src/lxar/poll.rs - lxar::poll::SetReadiness::set_readiness (line 1840) stdout ----
[INFO] [stdout] warning: trait objects without an explicit `dyn` are deprecated
[INFO] [stdout]     --> src/lxar/poll.rs:1843:33
[INFO] [stdout]      |
[INFO] [stdout] 1843 | fn try_main() -> Result<(), Box<Error>> {
[INFO] [stdout]      |                                 ^^^^^
[INFO] [stdout]      |
[INFO] [stdout]      = warning: this is accepted in the current edition (Rust 2018) but is a hard error in Rust 2021!
[INFO] [stdout]      = note: for more information, see <https://doc.rust-lang.org/edition-guide/rust-2021/warnings-promoted-to-error.html>
[INFO] [stdout]      = note: `#[warn(bare_trait_objects)]` (part of `#[warn(rust_2021_compatibility)]`) on by default
[INFO] [stdout] help: if this is a dyn-compatible trait, use `dyn`
[INFO] [stdout]      |
[INFO] [stdout] 1843 | fn try_main() -> Result<(), Box<dyn Error>> {
[INFO] [stdout]      |                                 +++
[INFO] [stdout] 
[INFO] [stdout] Couldn't compile the test.
[INFO] [stdout] ---- src/lxar/sys/ready.rs - lxar::sys::ready::UnixReady (line 40) stdout ----
[INFO] [stdout] Couldn't compile the test.
[INFO] [stdout] ---- src/net/uds/stream.rs - net::uds::stream::UnixStream::take_error (line 230) stdout ----
[INFO] [stdout] error[E0432]: unresolved import `kayrx::net::reactor::TakeError`
[INFO] [stdout]    --> src/net/uds/stream.rs:233:5
[INFO] [stdout]     |
[INFO] [stdout] 233 | use kayrx::net::reactor::TakeError;
[INFO] [stdout]     |     ^^^^^^^^^^^^^^^^^^^^^---------
[INFO] [stdout]     |                          |
[INFO] [stdout]     |                          no `TakeError` in `net::reactor`
[INFO] [stdout] 
[INFO] [stdout] error[E0603]: module `reactor` is private
[INFO] [stdout]    --> src/net/uds/stream.rs:233:17
[INFO] [stdout]     |
[INFO] [stdout] 233 | use kayrx::net::reactor::TakeError;
[INFO] [stdout]     |                 ^^^^^^^ private module
[INFO] [stdout]     |
[INFO] [stdout] note: the module `reactor` is defined here
[INFO] [stdout]    --> src/net/mod.rs:49:1
[INFO] [stdout]     |
[INFO] [stdout]  49 | pub(in crate::net) mod reactor;
[INFO] [stdout]     | ^^^^^^^^^^^^^^^^^^^^^^^^^^^^^^
[INFO] [stdout] 
[INFO] [stdout] error[E0599]: no method named `take_error` found for struct `kayrx::net::UnixStream` in the current scope
[INFO] [stdout]    --> src/net/uds/stream.rs:237:31
[INFO] [stdout]     |
[INFO] [stdout] 237 | if let Ok(Some(err)) = stream.take_error() {
[INFO] [stdout]     |                               ^^^^^^^^^^ method not found in `kayrx::net::UnixStream`
[INFO] [stdout]     |
[INFO] [stdout]    ::: /opt/rustwide/cargo-home/registry/src/index.crates.io-1949cf8c6b5b557f/async-ready-3.0.0/src/lib.rs:145:6
[INFO] [stdout]     |
[INFO] [stdout] 145 |   fn take_error(&self) -> Result<Option<Self::Ok>, Self::Err>;
[INFO] [stdout]     |      ---------- the method is available for `kayrx::net::UnixStream` here
[INFO] [stdout]     |
[INFO] [stdout]     = help: items from traits can only be used if the trait is in scope
[INFO] [stdout] help: trait `TakeError` which provides `take_error` is implemented but not in scope; perhaps you want to import it
[INFO] [stdout]     |
[INFO] [stdout] 229 + use async_ready::TakeError;
[INFO] [stdout]     |
[INFO] [stdout] 
[INFO] [stdout] error: aborting due to 3 previous errors
[INFO] [stdout] 
[INFO] [stdout] Some errors have detailed explanations: E0432, E0599, E0603.
[INFO] [stdout] For more information about an error, try `rustc --explain E0432`.
[INFO] [stdout] Couldn't compile the test.
[INFO] [stdout] ---- src/lxar/sys/ready.rs - lxar::sys::ready::UnixReady::aio (line 128) stdout ----
[INFO] [stdout] Couldn't compile the test.
[INFO] [stdout] ---- src/lxar/sys/ready.rs - lxar::sys::ready::UnixReady::is_aio (line 224) stdout ----
[INFO] [stdout] Couldn't compile the test.
[INFO] [stdout] ---- src/lxar/sys/ready.rs - lxar::sys::ready::UnixReady (line 66) stdout ----
[INFO] [stdout] warning: trait objects without an explicit `dyn` are deprecated
[INFO] [stdout]   --> src/lxar/sys/ready.rs:69:33
[INFO] [stdout]    |
[INFO] [stdout] 69 | fn try_main() -> Result<(), Box<Error>> {
[INFO] [stdout]    |                                 ^^^^^
[INFO] [stdout]    |
[INFO] [stdout]    = warning: this is accepted in the current edition (Rust 2018) but is a hard error in Rust 2021!
[INFO] [stdout]    = note: for more information, see <https://doc.rust-lang.org/edition-guide/rust-2021/warnings-promoted-to-error.html>
[INFO] [stdout]    = note: `#[warn(bare_trait_objects)]` (part of `#[warn(rust_2021_compatibility)]`) on by default
[INFO] [stdout] help: if this is a dyn-compatible trait, use `dyn`
[INFO] [stdout]    |
[INFO] [stdout] 69 | fn try_main() -> Result<(), Box<dyn Error>> {
[INFO] [stdout]    |                                 +++
[INFO] [stdout] 
[INFO] [stdout] Couldn't compile the test.
[INFO] [stdout] ---- src/lxar/sys/ready.rs - lxar::sys::ready::UnixReady::is_error (line 249) stdout ----
[INFO] [stdout] Couldn't compile the test.
[INFO] [stdout] ---- src/lxar/sys/ready.rs - lxar::sys::ready::UnixReady::hup (line 184) stdout ----
[INFO] [stdout] Couldn't compile the test.
[INFO] [stdout] ---- src/lxar/token.rs - lxar::token::Token (line 13) stdout ----
[INFO] [stdout] warning: trait objects without an explicit `dyn` are deprecated
[INFO] [stdout]   --> src/lxar/token.rs:16:33
[INFO] [stdout]    |
[INFO] [stdout] 16 | fn try_main() -> Result<(), Box<Error>> {
[INFO] [stdout]    |                                 ^^^^^
[INFO] [stdout]    |
[INFO] [stdout]    = warning: this is accepted in the current edition (Rust 2018) but is a hard error in Rust 2021!
[INFO] [stdout]    = note: for more information, see <https://doc.rust-lang.org/edition-guide/rust-2021/warnings-promoted-to-error.html>
[INFO] [stdout]    = note: `#[warn(bare_trait_objects)]` (part of `#[warn(rust_2021_compatibility)]`) on by default
[INFO] [stdout] help: if this is a dyn-compatible trait, use `dyn`
[INFO] [stdout]    |
[INFO] [stdout] 16 | fn try_main() -> Result<(), Box<dyn Error>> {
[INFO] [stdout]    |                                 +++
[INFO] [stdout] 
[INFO] [stdout] Couldn't compile the test.
[INFO] [stdout] ---- src/lxar/sys/ready.rs - lxar::sys::ready::UnixReady::is_hup (line 278) stdout ----
[INFO] [stdout] Couldn't compile the test.
[INFO] [stdout] ---- src/lxar/sys/ready.rs - lxar::sys::ready::UnixReady::is_priority (line 299) stdout ----
[INFO] [stdout] Couldn't compile the test.
[INFO] [stdout] ---- src/timer/delay_queue.rs - timer::delay_queue::DelayQueue<T>::with_capacity_and_handle (line 233) stdout ----
[INFO] [stdout] error[E0432]: unresolved import `kayrx::timer::timer`
[INFO] [stdout]    --> src/timer/delay_queue.rs:236:19
[INFO] [stdout]     |
[INFO] [stdout] 236 | use kayrx::timer::timer::Handle;
[INFO] [stdout]     |                   ^^^^^ could not find `timer` in `timer`
[INFO] [stdout] 
[INFO] [stdout] error: aborting due to 1 previous error
[INFO] [stdout] 
[INFO] [stdout] For more information about this error, try `rustc --explain E0432`.
[INFO] [stdout] Couldn't compile the test.
[INFO] [stdout] ---- src/lxar/sys/ready.rs - lxar::sys::ready::UnixReady::priority (line 205) stdout ----
[INFO] [stdout] Couldn't compile the test.
[INFO] [stdout] ---- src/net/mod.rs - net (line 8) stdout ----
[INFO] [stdout] Couldn't compile the test.
[INFO] [stdout] ---- src/timer/delay_queue.rs - timer::delay_queue::DelayQueue<T>::capacity (line 609) stdout ----
[INFO] [stdout] Couldn't compile the test.
[INFO] [stdout] ---- src/timer/delay_queue.rs - timer::delay_queue::DelayQueue<T>::remove (line 455) stdout ----
[INFO] [stdout] Couldn't compile the test.
[INFO] [stdout] ---- src/timer/delay_queue.rs - timer::delay_queue::DelayQueue<T>::insert (line 405) stdout ----
[INFO] [stdout] Couldn't compile the test.
[INFO] [stdout] ---- src/net/uds/stream.rs - net::uds::stream::UnixStream::shutdown (line 154) stdout ----
[INFO] [stdout] Couldn't compile the test.
[INFO] [stdout] ---- src/timer/delay_queue.rs - timer::delay_queue::DelayQueue<T>::clear (line 584) stdout ----
[INFO] [stdout] Couldn't compile the test.
[INFO] [stdout] ---- src/timer/delay_queue.rs - timer::delay_queue::DelayQueue<T>::with_capacity (line 260) stdout ----
[INFO] [stdout] Couldn't compile the test.
[INFO] [stdout] ---- src/timer/delay_queue.rs - timer::delay_queue::DelayQueue<T>::reset (line 557) stdout ----
[INFO] [stdout] Couldn't compile the test.
[INFO] [stdout] ---- src/timer/delay_queue.rs - timer::delay_queue::DelayQueue<T>::insert_at (line 304) stdout ----
[INFO] [stdout] Couldn't compile the test.
[INFO] [stdout] ---- src/timer/delay_queue.rs - timer::delay_queue::DelayQueue<T>::is_empty (line 660) stdout ----
[INFO] [stdout] Couldn't compile the test.
[INFO] [stdout] ---- src/timer/delay_queue.rs - timer::delay_queue::DelayQueue<T>::new (line 219) stdout ----
[INFO] [stdout] Couldn't compile the test.
[INFO] [stdout] ---- src/timer/interval.rs - timer::interval::Interval::next (line 79) stdout ----
[INFO] [stdout] Test executable failed (exit status: 101).
[INFO] [stdout] 
[INFO] [stdout] stderr:
[INFO] [stdout] 
[INFO] [stdout] thread 'main' (2068) panicked at src/timer/delay.rs:117:23:
[INFO] [stdout] timer error: timer is shutdown
[INFO] [stdout] stack backtrace:
[INFO] [stdout]    0:     0x60051108a0b2 - std[617be2ca0a6fd877]::backtrace_rs::backtrace::libunwind::trace
[INFO] [stdout]                                at /rustc/e3feeb59cd1bdd011a2bfcc0747b55125d9b8527/library/std/src/../../backtrace/src/backtrace/libunwind.rs:117:9
[INFO] [stdout]    1:     0x60051108a0b2 - std[617be2ca0a6fd877]::backtrace_rs::backtrace::trace_unsynchronized::<std[617be2ca0a6fd877]::sys::backtrace::_print_fmt::{closure#1}>
[INFO] [stdout]                                at /rustc/e3feeb59cd1bdd011a2bfcc0747b55125d9b8527/library/std/src/../../backtrace/src/backtrace/mod.rs:66:14
[INFO] [stdout]    2:     0x60051108a0b2 - std[617be2ca0a6fd877]::sys::backtrace::_print_fmt
[INFO] [stdout]                                at /rustc/e3feeb59cd1bdd011a2bfcc0747b55125d9b8527/library/std/src/sys/backtrace.rs:74:9
[INFO] [stdout]    3:     0x60051108a0b2 - <<std[617be2ca0a6fd877]::sys::backtrace::BacktraceLock>::print::DisplayBacktrace as core[a373ad73a504971]::fmt::Display>::fmt
[INFO] [stdout]                                at /rustc/e3feeb59cd1bdd011a2bfcc0747b55125d9b8527/library/std/src/sys/backtrace.rs:44:26
[INFO] [stdout]    4:     0x600511060fdc - <core[a373ad73a504971]::fmt::rt::Argument>::fmt
[INFO] [stdout]                                at /rustc/e3feeb59cd1bdd011a2bfcc0747b55125d9b8527/library/core/src/fmt/rt.rs:152:76
[INFO] [stdout]    5:     0x600511060fdc - core[a373ad73a504971]::fmt::write
[INFO] [stdout]                                at /rustc/e3feeb59cd1bdd011a2bfcc0747b55125d9b8527/library/core/src/fmt/mod.rs:1687:22
[INFO] [stdout]    6:     0x600511087ee7 - core[a373ad73a504971]::io::write::default_write_fmt::<std[617be2ca0a6fd877]::sys::stdio::unix::Stderr>
[INFO] [stdout]                                at /rustc/e3feeb59cd1bdd011a2bfcc0747b55125d9b8527/library/core/src/io/write.rs:402:11
[INFO] [stdout]    7:     0x600511087ee7 - <std[617be2ca0a6fd877]::sys::stdio::unix::Stderr as core[a373ad73a504971]::io::write::Write>::write_fmt
[INFO] [stdout]                                at /rustc/e3feeb59cd1bdd011a2bfcc0747b55125d9b8527/library/core/src/io/write.rs:335:13
[INFO] [stdout]    8:     0x60051108891c - <std[617be2ca0a6fd877]::sys::backtrace::BacktraceLock>::print
[INFO] [stdout]                                at /rustc/e3feeb59cd1bdd011a2bfcc0747b55125d9b8527/library/std/src/sys/backtrace.rs:47:9
[INFO] [stdout]    9:     0x60051108891c - std[617be2ca0a6fd877]::panicking::default_hook::{closure#0}
[INFO] [stdout]                                at /rustc/e3feeb59cd1bdd011a2bfcc0747b55125d9b8527/library/std/src/panicking.rs:289:27
[INFO] [stdout]   10:     0x600511088136 - std[617be2ca0a6fd877]::panicking::default_hook
[INFO] [stdout]                                at /rustc/e3feeb59cd1bdd011a2bfcc0747b55125d9b8527/library/std/src/panicking.rs:316:9
[INFO] [stdout]   11:     0x600511087a32 - std[617be2ca0a6fd877]::panicking::panic_with_hook
[INFO] [stdout]                                at /rustc/e3feeb59cd1bdd011a2bfcc0747b55125d9b8527/library/std/src/panicking.rs:811:13
[INFO] [stdout]   12:     0x6005110ea1fa - std[617be2ca0a6fd877]::panicking::panic_handler::{closure#0}
[INFO] [stdout]                                at /rustc/e3feeb59cd1bdd011a2bfcc0747b55125d9b8527/library/std/src/panicking.rs:685:13
[INFO] [stdout]   13:     0x6005110ea159 - std[617be2ca0a6fd877]::sys::backtrace::__rust_end_short_backtrace::<std[617be2ca0a6fd877]::panicking::panic_handler::{closure#0}, !>
[INFO] [stdout]                                at /rustc/e3feeb59cd1bdd011a2bfcc0747b55125d9b8527/library/std/src/sys/backtrace.rs:182:18
[INFO] [stdout]   14:     0x6005110eab44 - __rustc[ea4f61d10b84890b]::rust_begin_unwind
[INFO] [stdout]                                at /rustc/e3feeb59cd1bdd011a2bfcc0747b55125d9b8527/library/std/src/panicking.rs:676:5
[INFO] [stdout]   15:     0x600511060d9d - core[a373ad73a504971]::panicking::panic_fmt
[INFO] [stdout]                                at /rustc/e3feeb59cd1bdd011a2bfcc0747b55125d9b8527/library/core/src/panicking.rs:80:14
[INFO] [stdout]   16:     0x600511070153 - <kayrx[81683932d25238a1]::timer::delay::Delay as core[a373ad73a504971]::future::future::Future>::poll
[INFO] [stdout]   17:     0x60051106fc4e - <kayrx[81683932d25238a1]::timer::interval::Interval>::poll_next
[INFO] [stdout]   18:     0x60051105c11c - <kayrx[81683932d25238a1]::timer::interval::Interval>::next::{closure#0}::{closure#0}
[INFO] [stdout]   19:     0x60051105e5fe - <futures_util[3154aba438b3d4ea]::future::poll_fn::PollFn<<kayrx[81683932d25238a1]::timer::interval::Interval>::next::{closure#0}::{closure#0}> as core[a373ad73a504971]::future::future::Future>::poll
[INFO] [stdout]   20:     0x60051105c3cc - <kayrx[81683932d25238a1]::timer::interval::Interval>::next::{closure#0}
[INFO] [stdout]   21:     0x60051105c62e - rust_out[72a830746f8703f]::main::main::{closure#0}
[INFO] [stdout]   22:     0x60051105c261 - rust_out[72a830746f8703f]::main::{closure#0}
[INFO] [stdout]   23:     0x60051105bf27 - kayrx[81683932d25238a1]::karx::karx::exec::exec::<rust_out[72a830746f8703f]::main::{closure#0}, ()>::{closure#0}
[INFO] [stdout]   24:     0x60051105bd0f - kayrx[81683932d25238a1]::karx::karx::exec::run::<kayrx[81683932d25238a1]::karx::karx::exec::exec<rust_out[72a830746f8703f]::main::{closure#0}, ()>::{closure#0}, ()>::{closure#0}
[INFO] [stdout]   25:     0x60051105abc7 - <std[617be2ca0a6fd877]::thread::local::LocalKey<core[a373ad73a504971]::cell::Cell<core[a373ad73a504971]::option::Option<alloc[2e1b2a31b91974c5]::sync::Arc<crossbeam_utils[5752cb0680a2a1b3]::sync::parker::Parker>>>>>::try_with::<kayrx[81683932d25238a1]::karx::karx::exec::run<kayrx[81683932d25238a1]::karx::karx::exec::exec<rust_out[72a830746f8703f]::main::{closure#0}, ()>::{closure#0}, ()>::{closure#0}, ()>
[INFO] [stdout]   26:     0x60051105ab46 - <std[617be2ca0a6fd877]::thread::local::LocalKey<core[a373ad73a504971]::cell::Cell<core[a373ad73a504971]::option::Option<alloc[2e1b2a31b91974c5]::sync::Arc<crossbeam_utils[5752cb0680a2a1b3]::sync::parker::Parker>>>>>::with::<kayrx[81683932d25238a1]::karx::karx::exec::run<kayrx[81683932d25238a1]::karx::karx::exec::exec<rust_out[72a830746f8703f]::main::{closure#0}, ()>::{closure#0}, ()>::{closure#0}, ()>
[INFO] [stdout]   27:     0x60051105b861 - kayrx[81683932d25238a1]::karx::karx::exec::run::<kayrx[81683932d25238a1]::karx::karx::exec::exec<rust_out[72a830746f8703f]::main::{closure#0}, ()>::{closure#0}, ()>
[INFO] [stdout]   28:     0x60051105c03f - kayrx[81683932d25238a1]::karx::karx::exec::exec::<rust_out[72a830746f8703f]::main::{closure#0}, ()>::{closure#1}
[INFO] [stdout]   29:     0x60051105bb52 - <kayrx[81683932d25238a1]::karx::karx::karx::Karx>::set_current::<kayrx[81683932d25238a1]::karx::karx::exec::exec<rust_out[72a830746f8703f]::main::{closure#0}, ()>::{closure#1}, ()>::{closure#0}
[INFO] [stdout]   30:     0x60051105ad72 - <std[617be2ca0a6fd877]::thread::local::LocalKey<core[a373ad73a504971]::cell::Cell<*const kayrx[81683932d25238a1]::karx::karx::karx::Karx>>>::try_with::<<kayrx[81683932d25238a1]::karx::karx::karx::Karx>::set_current<kayrx[81683932d25238a1]::karx::karx::exec::exec<rust_out[72a830746f8703f]::main::{closure#0}, ()>::{closure#1}, ()>::{closure#0}, ()>
[INFO] [stdout]   31:     0x60051105ac06 - <std[617be2ca0a6fd877]::thread::local::LocalKey<core[a373ad73a504971]::cell::Cell<*const kayrx[81683932d25238a1]::karx::karx::karx::Karx>>>::with::<<kayrx[81683932d25238a1]::karx::karx::karx::Karx>::set_current<kayrx[81683932d25238a1]::karx::karx::exec::exec<rust_out[72a830746f8703f]::main::{closure#0}, ()>::{closure#1}, ()>::{closure#0}, ()>
[INFO] [stdout]   32:     0x60051105b9dc - kayrx[81683932d25238a1]::karx::karx::exec::exec::<rust_out[72a830746f8703f]::main::{closure#0}, ()>
[INFO] [stdout]   33:     0x60051105c931 - rust_out[72a830746f8703f]::main
[INFO] [stdout]   34:     0x60051105e8db - <fn() as core[a373ad73a504971]::ops::function::FnOnce<()>>::call_once
[INFO] [stdout]   35:     0x60051105b486 - std[617be2ca0a6fd877]::sys::backtrace::__rust_begin_short_backtrace::<fn(), ()>
[INFO] [stdout]   36:     0x60051105bba9 - std[617be2ca0a6fd877]::rt::lang_start::<()>::{closure#0}
[INFO] [stdout]   37:     0x6005110eea8b - <&dyn core[a373ad73a504971]::ops::function::Fn<(), Output = i32> + core[a373ad73a504971]::marker::Sync + core[a373ad73a504971]::panic::unwind_safe::RefUnwindSafe as core[a373ad73a504971]::ops::function::FnOnce<()>>::call_once
[INFO] [stdout]                                at /rustc/e3feeb59cd1bdd011a2bfcc0747b55125d9b8527/library/core/src/ops/function.rs:287:21
[INFO] [stdout]   38:     0x6005110eea8b - std[617be2ca0a6fd877]::panicking::catch_unwind::do_call::<&dyn core[a373ad73a504971]::ops::function::Fn<(), Output = i32> + core[a373ad73a504971]::marker::Sync + core[a373ad73a504971]::panic::unwind_safe::RefUnwindSafe, i32>
[INFO] [stdout]                                at /rustc/e3feeb59cd1bdd011a2bfcc0747b55125d9b8527/library/std/src/panicking.rs:573:43
[INFO] [stdout]   39:     0x6005110eea8b - std[617be2ca0a6fd877]::panicking::catch_unwind::<i32, &dyn core[a373ad73a504971]::ops::function::Fn<(), Output = i32> + core[a373ad73a504971]::marker::Sync + core[a373ad73a504971]::panic::unwind_safe::RefUnwindSafe>
[INFO] [stdout]                                at /rustc/e3feeb59cd1bdd011a2bfcc0747b55125d9b8527/library/std/src/panicking.rs:541:19
[INFO] [stdout]   40:     0x6005110eea8b - std[617be2ca0a6fd877]::panic::catch_unwind::<&dyn core[a373ad73a504971]::ops::function::Fn<(), Output = i32> + core[a373ad73a504971]::marker::Sync + core[a373ad73a504971]::panic::unwind_safe::RefUnwindSafe, i32>
[INFO] [stdout]                                at /rustc/e3feeb59cd1bdd011a2bfcc0747b55125d9b8527/library/std/src/panic.rs:359:14
[INFO] [stdout]   41:     0x6005110eea8b - std[617be2ca0a6fd877]::rt::lang_start_internal::{closure#0}
[INFO] [stdout]                                at /rustc/e3feeb59cd1bdd011a2bfcc0747b55125d9b8527/library/std/src/rt.rs:175:24
[INFO] [stdout]   42:     0x6005110eea8b - std[617be2ca0a6fd877]::panicking::catch_unwind::do_call::<std[617be2ca0a6fd877]::rt::lang_start_internal::{closure#0}, isize>
[INFO] [stdout]                                at /rustc/e3feeb59cd1bdd011a2bfcc0747b55125d9b8527/library/std/src/panicking.rs:573:43
[INFO] [stdout]   43:     0x6005110eea8b - std[617be2ca0a6fd877]::panicking::catch_unwind::<isize, std[617be2ca0a6fd877]::rt::lang_start_internal::{closure#0}>
[INFO] [stdout]                                at /rustc/e3feeb59cd1bdd011a2bfcc0747b55125d9b8527/library/std/src/panicking.rs:541:19
[INFO] [stdout]   44:     0x6005110eea8b - std[617be2ca0a6fd877]::panic::catch_unwind::<std[617be2ca0a6fd877]::rt::lang_start_internal::{closure#0}, isize>
[INFO] [stdout]                                at /rustc/e3feeb59cd1bdd011a2bfcc0747b55125d9b8527/library/std/src/panic.rs:359:14
[INFO] [stdout]   45:     0x6005110eea8b - std[617be2ca0a6fd877]::rt::lang_start_internal
[INFO] [stdout]                                at /rustc/e3feeb59cd1bdd011a2bfcc0747b55125d9b8527/library/std/src/rt.rs:171:5
[INFO] [stdout]   46:     0x60051105adf0 - std[617be2ca0a6fd877]::rt::lang_start::<()>
[INFO] [stdout]   47:     0x60051105ebf5 - main
[INFO] [stdout]   48:     0x730ef2ce2601 - <unknown>
[INFO] [stdout]   49:     0x730ef2ce2718 - __libc_start_main
[INFO] [stdout]   50:     0x60051105a6f5 - _start
[INFO] [stdout]   51:                0x0 - <unknown>
[INFO] [stdout] 
[INFO] [stdout] 
[INFO] [stdout] 
[INFO] [stdout] failures:
[INFO] [stdout]     src/karx/karx/block.rs - karx::karx::block::block (line 26)
[INFO] [stdout]     src/karx/karx/current.rs - karx::karx::current::current (line 16)
[INFO] [stdout]     src/karx/karx/join_karx.rs - karx::karx::join_karx::JoinKarx<T>::task (line 28)
[INFO] [stdout]     src/karx/karx/karx.rs - karx::karx::karx::KarxId (line 183)
[INFO] [stdout]     src/karx/karx/kernel/task.rs - karx::karx::kernel::task::spawn (line 35)
[INFO] [stdout]     src/karx/karx/kernel/task.rs - karx::karx::kernel::task::spawn_local (line 100)
[INFO] [stdout]     src/karx/karx/local.rs - karx::karx::local::LocalKey<T>::try_with (line 77)
[INFO] [stdout]     src/karx/karx/local.rs - karx::karx::local::LocalKey<T>::with (line 39)
[INFO] [stdout]     src/karx/karx/spawn.rs - karx::karx::spawn::spawn (line 14)
[INFO] [stdout]     src/karx/karx/yield_now.rs - karx::karx::yield_now::yield_now (line 19)
[INFO] [stdout]     src/lxar/event/mod.rs - lxar::event::Event (line 1167)
[INFO] [stdout]     src/lxar/event/mod.rs - lxar::event::Event::new (line 1192)
[INFO] [stdout]     src/lxar/event/mod.rs - lxar::event::Event::readiness (line 1212)
[INFO] [stdout]     src/lxar/event/mod.rs - lxar::event::Event::token (line 1228)
[INFO] [stdout]     src/lxar/event/mod.rs - lxar::event::Evented (line 37)
[INFO] [stdout]     src/lxar/event/mod.rs - lxar::event::Evented (line 73)
[INFO] [stdout]     src/lxar/event/mod.rs - lxar::event::EventedFd (line 275)
[INFO] [stdout]     src/lxar/event/mod.rs - lxar::event::EventedFd (line 303)
[INFO] [stdout]     src/lxar/event/mod.rs - lxar::event::PollOpt (line 374)
[INFO] [stdout]     src/lxar/event/mod.rs - lxar::event::PollOpt::contains (line 564)
[INFO] [stdout]     src/lxar/event/mod.rs - lxar::event::PollOpt::contains (line 573)
[INFO] [stdout]     src/lxar/event/mod.rs - lxar::event::PollOpt::contains (line 582)
[INFO] [stdout]     src/lxar/event/mod.rs - lxar::event::PollOpt::edge (line 415)
[INFO] [stdout]     src/lxar/event/mod.rs - lxar::event::PollOpt::empty (line 395)
[INFO] [stdout]     src/lxar/event/mod.rs - lxar::event::PollOpt::insert (line 604)
[INFO] [stdout]     src/lxar/event/mod.rs - lxar::event::PollOpt::is_edge (line 487)
[INFO] [stdout]     src/lxar/event/mod.rs - lxar::event::PollOpt::is_level (line 507)
[INFO] [stdout]     src/lxar/event/mod.rs - lxar::event::PollOpt::is_oneshot (line 527)
[INFO] [stdout]     src/lxar/event/mod.rs - lxar::event::PollOpt::level (line 435)
[INFO] [stdout]     src/lxar/event/mod.rs - lxar::event::PollOpt::oneshot (line 455)
[INFO] [stdout]     src/lxar/event/mod.rs - lxar::event::PollOpt::remove (line 623)
[INFO] [stdout]     src/lxar/event/mod.rs - lxar::event::Ready (line 738)
[INFO] [stdout]     src/lxar/event/mod.rs - lxar::event::Ready::all (line 830)
[INFO] [stdout]     src/lxar/event/mod.rs - lxar::event::Ready::as_usize (line 1034)
[INFO] [stdout]     src/lxar/event/mod.rs - lxar::event::Ready::contains (line 960)
[INFO] [stdout]     src/lxar/event/mod.rs - lxar::event::Ready::contains (line 969)
[INFO] [stdout]     src/lxar/event/mod.rs - lxar::event::Ready::contains (line 978)
[INFO] [stdout]     src/lxar/event/mod.rs - lxar::event::Ready::empty (line 768)
[INFO] [stdout]     src/lxar/event/mod.rs - lxar::event::Ready::from_usize (line 1009)
[INFO] [stdout]     src/lxar/event/mod.rs - lxar::event::Ready::insert (line 910)
[INFO] [stdout]     src/lxar/event/mod.rs - lxar::event::Ready::is_empty (line 851)
[INFO] [stdout]     src/lxar/event/mod.rs - lxar::event::Ready::is_readable (line 870)
[INFO] [stdout]     src/lxar/event/mod.rs - lxar::event::Ready::is_writable (line 890)
[INFO] [stdout]     src/lxar/event/mod.rs - lxar::event::Ready::readable (line 787)
[INFO] [stdout]     src/lxar/event/mod.rs - lxar::event::Ready::remove (line 930)
[INFO] [stdout]     src/lxar/event/mod.rs - lxar::event::Ready::writable (line 807)
[INFO] [stdout]     src/lxar/net/tcp.rs - lxar::net::tcp::TcpListener (line 449)
[INFO] [stdout]     src/lxar/net/tcp.rs - lxar::net::tcp::TcpStream (line 35)
[INFO] [stdout]     src/lxar/net/udp.rs - lxar::net::udp::UdpSocket (line 26)
[INFO] [stdout]     src/lxar/net/udp.rs - lxar::net::udp::UdpSocket::bind (line 102)
[INFO] [stdout]     src/lxar/net/udp.rs - lxar::net::udp::UdpSocket::broadcast (line 329)
[INFO] [stdout]     src/lxar/net/udp.rs - lxar::net::udp::UdpSocket::local_addr (line 151)
[INFO] [stdout]     src/lxar/net/udp.rs - lxar::net::udp::UdpSocket::set_broadcast (line 296)
[INFO] [stdout]     src/lxar/net/udp.rs - lxar::net::udp::UdpSocket::set_ttl (line 413)
[INFO] [stdout]     src/lxar/net/udp.rs - lxar::net::udp::UdpSocket::try_clone (line 181)
[INFO] [stdout]     src/lxar/net/udp.rs - lxar::net::udp::UdpSocket::ttl (line 445)
[INFO] [stdout]     src/lxar/poll.rs - lxar::poll::Events (line 1274)
[INFO] [stdout]     src/lxar/poll.rs - lxar::poll::Events::capacity (line 1421)
[INFO] [stdout]     src/lxar/poll.rs - lxar::poll::Events::clear (line 1486)
[INFO] [stdout]     src/lxar/poll.rs - lxar::poll::Events::is_empty (line 1436)
[INFO] [stdout]     src/lxar/poll.rs - lxar::poll::Events::iter (line 1451)
[INFO] [stdout]     src/lxar/poll.rs - lxar::poll::Events::with_capacity (line 1388)
[INFO] [stdout]     src/lxar/poll.rs - lxar::poll::IntoIter (line 1352)
[INFO] [stdout]     src/lxar/poll.rs - lxar::poll::Iter (line 1313)
[INFO] [stdout]     src/lxar/poll.rs - lxar::poll::Poll (line 265)
[INFO] [stdout]     src/lxar/poll.rs - lxar::poll::Poll (line 87)
[INFO] [stdout]     src/lxar/poll.rs - lxar::poll::Poll::deregister (line 896)
[INFO] [stdout]     src/lxar/poll.rs - lxar::poll::Poll::new (line 624)
[INFO] [stdout]     src/lxar/poll.rs - lxar::poll::Poll::poll (line 979)
[INFO] [stdout]     src/lxar/poll.rs - lxar::poll::Poll::register (line 738)
[INFO] [stdout]     src/lxar/poll.rs - lxar::poll::Poll::reregister (line 831)
[INFO] [stdout]     src/lxar/poll.rs - lxar::poll::Registration (line 372)
[INFO] [stdout]     src/lxar/poll.rs - lxar::poll::Registration::new2 (line 1598)
[INFO] [stdout]     src/lxar/poll.rs - lxar::poll::SetReadiness::readiness (line 1760)
[INFO] [stdout]     src/lxar/poll.rs - lxar::poll::SetReadiness::set_readiness (line 1801)
[INFO] [stdout]     src/lxar/poll.rs - lxar::poll::SetReadiness::set_readiness (line 1840)
[INFO] [stdout]     src/lxar/sys/ready.rs - lxar::sys::ready::UnixReady (line 28)
[INFO] [stdout]     src/lxar/sys/ready.rs - lxar::sys::ready::UnixReady (line 40)
[INFO] [stdout]     src/lxar/sys/ready.rs - lxar::sys::ready::UnixReady (line 66)
[INFO] [stdout]     src/lxar/sys/ready.rs - lxar::sys::ready::UnixReady::aio (line 128)
[INFO] [stdout]     src/lxar/sys/ready.rs - lxar::sys::ready::UnixReady::error (line 154)
[INFO] [stdout]     src/lxar/sys/ready.rs - lxar::sys::ready::UnixReady::hup (line 184)
[INFO] [stdout]     src/lxar/sys/ready.rs - lxar::sys::ready::UnixReady::is_aio (line 224)
[INFO] [stdout]     src/lxar/sys/ready.rs - lxar::sys::ready::UnixReady::is_error (line 249)
[INFO] [stdout]     src/lxar/sys/ready.rs - lxar::sys::ready::UnixReady::is_hup (line 278)
[INFO] [stdout]     src/lxar/sys/ready.rs - lxar::sys::ready::UnixReady::is_priority (line 299)
[INFO] [stdout]     src/lxar/sys/ready.rs - lxar::sys::ready::UnixReady::priority (line 205)
[INFO] [stdout]     src/lxar/token.rs - lxar::token::Token (line 13)
[INFO] [stdout]     src/net/mod.rs - net (line 8)
[INFO] [stdout]     src/net/tcp/stream.rs - net::tcp::stream::TcpStream::connect (line 64)
[INFO] [stdout]     src/net/tcp/stream.rs - net::tcp::stream::TcpStream::keepalive (line 296)
[INFO] [stdout]     src/net/tcp/stream.rs - net::tcp::stream::TcpStream::linger (line 395)
[INFO] [stdout]     src/net/tcp/stream.rs - net::tcp::stream::TcpStream::local_addr (line 93)
[INFO] [stdout]     src/net/tcp/stream.rs - net::tcp::stream::TcpStream::nodelay (line 160)
[INFO] [stdout]     src/net/tcp/stream.rs - net::tcp::stream::TcpStream::peer_addr (line 113)
[INFO] [stdout]     src/net/tcp/stream.rs - net::tcp::stream::TcpStream::recv_buffer_size (line 207)
[INFO] [stdout]     src/net/tcp/stream.rs - net::tcp::stream::TcpStream::send_buffer_size (line 251)
[INFO] [stdout]     src/net/tcp/stream.rs - net::tcp::stream::TcpStream::set_keepalive (line 327)
[INFO] [stdout]     src/net/tcp/stream.rs - net::tcp::stream::TcpStream::set_linger (line 425)
[INFO] [stdout]     src/net/tcp/stream.rs - net::tcp::stream::TcpStream::set_nodelay (line 185)
[INFO] [stdout]     src/net/tcp/stream.rs - net::tcp::stream::TcpStream::set_recv_buffer_size (line 229)
[INFO] [stdout]     src/net/tcp/stream.rs - net::tcp::stream::TcpStream::set_send_buffer_size (line 273)
[INFO] [stdout]     src/net/tcp/stream.rs - net::tcp::stream::TcpStream::set_ttl (line 372)
[INFO] [stdout]     src/net/tcp/stream.rs - net::tcp::stream::TcpStream::shutdown (line 137)
[INFO] [stdout]     src/net/tcp/stream.rs - net::tcp::stream::TcpStream::ttl (line 350)
[INFO] [stdout]     src/net/udp/mod.rs - net::udp::UdpSocket::bind (line 43)
[INFO] [stdout]     src/net/udp/mod.rs - net::udp::UdpSocket::join_multicast_v4 (line 243)
[INFO] [stdout]     src/net/udp/mod.rs - net::udp::UdpSocket::join_multicast_v6 (line 268)
[INFO] [stdout]     src/net/udp/mod.rs - net::udp::UdpSocket::local_addr (line 68)
[INFO] [stdout]     src/net/udp/mod.rs - net::udp::UdpSocket::recv_from (line 120)
[INFO] [stdout]     src/net/udp/mod.rs - net::udp::UdpSocket::send_to (line 87)
[INFO] [stdout]     src/net/uds/datagram.rs - net::uds::datagram::UnixDatagram::bind (line 66)
[INFO] [stdout]     src/net/uds/datagram.rs - net::uds::datagram::UnixDatagram::local_addr (line 125)
[INFO] [stdout]     src/net/uds/datagram.rs - net::uds::datagram::UnixDatagram::pair (line 86)
[INFO] [stdout]     src/net/uds/datagram.rs - net::uds::datagram::UnixDatagram::peer_addr (line 143)
[INFO] [stdout]     src/net/uds/datagram.rs - net::uds::datagram::UnixDatagram::recv_from (line 214)
[INFO] [stdout]     src/net/uds/datagram.rs - net::uds::datagram::UnixDatagram::send_to (line 181)
[INFO] [stdout]     src/net/uds/datagram.rs - net::uds::datagram::UnixDatagram::shutdown (line 163)
[INFO] [stdout]     src/net/uds/datagram.rs - net::uds::datagram::UnixDatagram::take_error (line 307)
[INFO] [stdout]     src/net/uds/datagram.rs - net::uds::datagram::UnixDatagram::unbound (line 110)
[INFO] [stdout]     src/net/uds/stream.rs - net::uds::stream::UnixStream::shutdown (line 154)
[INFO] [stdout]     src/net/uds/stream.rs - net::uds::stream::UnixStream::take_error (line 230)
[INFO] [stdout]     src/timer/clock.rs - timer::clock::now (line 70)
[INFO] [stdout]     src/timer/delay_queue.rs - timer::delay_queue::DelayQueue<T>::capacity (line 609)
[INFO] [stdout]     src/timer/delay_queue.rs - timer::delay_queue::DelayQueue<T>::clear (line 584)
[INFO] [stdout]     src/timer/delay_queue.rs - timer::delay_queue::DelayQueue<T>::insert (line 405)
[INFO] [stdout]     src/timer/delay_queue.rs - timer::delay_queue::DelayQueue<T>::insert_at (line 304)
[INFO] [stdout]     src/timer/delay_queue.rs - timer::delay_queue::DelayQueue<T>::is_empty (line 660)
[INFO] [stdout]     src/timer/delay_queue.rs - timer::delay_queue::DelayQueue<T>::new (line 219)
[INFO] [stdout]     src/timer/delay_queue.rs - timer::delay_queue::DelayQueue<T>::remove (line 455)
[INFO] [stdout]     src/timer/delay_queue.rs - timer::delay_queue::DelayQueue<T>::reset (line 557)
[INFO] [stdout]     src/timer/delay_queue.rs - timer::delay_queue::DelayQueue<T>::with_capacity (line 260)
[INFO] [stdout]     src/timer/delay_queue.rs - timer::delay_queue::DelayQueue<T>::with_capacity_and_handle (line 233)
[INFO] [stdout]     src/timer/interval.rs - timer::interval::Interval::next (line 79)
[INFO] [stdout] 
[INFO] [stdout] test result: FAILED. 18 passed; 134 failed; 1 ignored; 0 measured; 0 filtered out; finished in 82.79s
[INFO] [stdout] 
[INFO] [stderr] error: doctest failed, to rerun pass `--doc`
[INFO] running `Command { std: "docker" "inspect" "0491f23d8f3f55f8a6257aebe3243947ce290f7e88926e2b80dbc7eb95da5267", kill_on_drop: false }`
[INFO] running `Command { std: "docker" "rm" "-f" "0491f23d8f3f55f8a6257aebe3243947ce290f7e88926e2b80dbc7eb95da5267", kill_on_drop: false }`
[INFO] [stdout] 0491f23d8f3f55f8a6257aebe3243947ce290f7e88926e2b80dbc7eb95da5267
