[INFO] fetching crate kaya-net 0.2.1...
[INFO] testing kaya-net-0.2.1 against 1.100.0-beta.1+cargoflags=--release for beta-release-1.100-2
[INFO] extracting crate kaya-net 0.2.1 into /workspace/builds/worker-2-tc2/source
[INFO] started tweaking crates.io crate kaya-net 0.2.1
[INFO] removed 0 missing tests
[INFO] finished tweaking crates.io crate kaya-net 0.2.1
[INFO] tweaked toml for crates.io crate kaya-net 0.2.1 written to /workspace/builds/worker-2-tc2/source/Cargo.toml
[INFO] validating manifest of crates.io crate kaya-net 0.2.1 on toolchain 1.100.0-beta.1
[INFO] running `Command { std: CARGO_HOME="/workspace/cargo-home" RUSTUP_HOME="/workspace/rustup-home" "/workspace/cargo-home/bin/cargo" "+1.100.0-beta.1" "metadata" "--manifest-path" "Cargo.toml" "--no-deps", kill_on_drop: false }`
[INFO] crate crates.io crate kaya-net 0.2.1 already has a lockfile, it will not be regenerated
[INFO] running `Command { std: CARGO_HOME="/workspace/cargo-home" RUSTUP_HOME="/workspace/rustup-home" "/workspace/cargo-home/bin/cargo" "+1.100.0-beta.1" "fetch" "--manifest-path" "Cargo.toml", kill_on_drop: false }`
[INFO] [stderr] warning: `package.homepage` is redundant with `package.repository`
[INFO] [stderr]   --> Cargo.toml:51:12
[INFO] [stderr]    |
[INFO] [stderr] 51 | homepage = "https://github.com/Tuntii/KayaDB"
[INFO] [stderr]    |            ^^^^^^^^^^^^^^^^^^^^^^^^^^^^^^^^^^
[INFO] [stderr] ...
[INFO] [stderr] 56 | repository = "https://github.com/Tuntii/KayaDB"
[INFO] [stderr]    |              ----------------------------------
[INFO] [stderr]    |
[INFO] [stderr]    = note: `cargo::redundant_homepage` is set to `warn` by default
[INFO] [stderr] help: consider removing `package.homepage`
[INFO] [stderr] warning: `kaya-net` (manifest) generated 1 warning
[INFO] running `Command { std: "docker" "create" "-v" "/var/lib/crater-agent-workspace/builds/worker-2-tc2/source:/opt/rustwide/workdir:ro,Z" "-v" "/var/lib/crater-agent-workspace/builds/worker-2-tc2/target:/opt/rustwide/target:rw,Z" "-v" "/var/lib/crater-agent-workspace/cargo-home:/opt/rustwide/cargo-home:ro,Z" "-v" "/var/lib/crater-agent-workspace/rustup-home:/opt/rustwide/rustup-home:ro,Z" "-m" "1610612736" "--network" "none" "ghcr.io/rust-lang/crates-build-env/linux@sha256:77db811e55d90add9212f6832c23229e3de5f1c1f9905e8cb07319ea15df73ac" "sleep" "infinity", kill_on_drop: false }`
[INFO] [stdout] 69bc5789bb784fe25e9f4fe0413950fbb4ec1961a58c773555c82d07c08d6fa0
[INFO] running `Command { std: "docker" "start" "69bc5789bb784fe25e9f4fe0413950fbb4ec1961a58c773555c82d07c08d6fa0", kill_on_drop: false }`
[INFO] running `Command { std: "docker" "inspect" "69bc5789bb784fe25e9f4fe0413950fbb4ec1961a58c773555c82d07c08d6fa0", kill_on_drop: false }`
[INFO] running `Command { std: "docker" "exec" "-e" "SOURCE_DIR=/opt/rustwide/workdir" "-e" "CARGO_HOME=/opt/rustwide/cargo-home" "-e" "RUSTUP_HOME=/opt/rustwide/rustup-home" "-e" "CARGO_TARGET_DIR=/opt/rustwide/target" "-w" "/opt/rustwide/workdir" "--user" "0:0" "69bc5789bb784fe25e9f4fe0413950fbb4ec1961a58c773555c82d07c08d6fa0" "/opt/rustwide/cargo-home/bin/cargo" "+1.100.0-beta.1" "metadata" "--no-deps" "--format-version=1", kill_on_drop: false }`
[INFO] running `Command { std: "docker" "inspect" "69bc5789bb784fe25e9f4fe0413950fbb4ec1961a58c773555c82d07c08d6fa0", kill_on_drop: false }`
[INFO] running `Command { std: "docker" "exec" "-e" "SOURCE_DIR=/opt/rustwide/workdir" "-e" "CARGO_HOME=/opt/rustwide/cargo-home" "-e" "RUSTUP_HOME=/opt/rustwide/rustup-home" "-e" "CARGO_TARGET_DIR=/opt/rustwide/target" "-e" "CARGO_INCREMENTAL=0" "-e" "RUST_BACKTRACE=full" "-e" "RUSTFLAGS=--cap-lints=warn" "-e" "RUSTDOCFLAGS=--cap-lints=warn" "-w" "/opt/rustwide/workdir" "--user" "0:0" "69bc5789bb784fe25e9f4fe0413950fbb4ec1961a58c773555c82d07c08d6fa0" "/opt/rustwide/cargo-home/bin/cargo" "+1.100.0-beta.1" "build" "--frozen" "--message-format=json" "--release", kill_on_drop: false }`
[INFO] [stderr] warning: `package.homepage` is redundant with `package.repository`
[INFO] [stderr]   --> Cargo.toml:51:12
[INFO] [stderr]    |
[INFO] [stderr] 51 | homepage = "https://github.com/Tuntii/KayaDB"
[INFO] [stderr]    |            ^^^^^^^^^^^^^^^^^^^^^^^^^^^^^^^^^^
[INFO] [stderr] ...
[INFO] [stderr] 56 | repository = "https://github.com/Tuntii/KayaDB"
[INFO] [stderr]    |              ----------------------------------
[INFO] [stderr]    |
[INFO] [stderr]    = note: `cargo::redundant_homepage` is set to `warn` by default
[INFO] [stderr] help: consider removing `package.homepage`
[INFO] [stderr] warning: `kaya-net` (manifest) generated 1 warning
[INFO] [stderr]    Compiling thiserror-impl v1.0.69
[INFO] [stderr]    Compiling tokio-macros v2.7.0
[INFO] [stderr]    Compiling tokio v1.52.3
[INFO] [stderr]    Compiling thiserror v1.0.69
[INFO] [stderr]    Compiling kaya-core v0.2.1
[INFO] [stderr]    Compiling kaya-raft v0.2.1
[INFO] [stderr]    Compiling kaya-net v0.2.1 (/opt/rustwide/workdir)
[INFO] [stderr]     Finished `release` profile [optimized] target(s) in 12.04s
[INFO] running `Command { std: "docker" "inspect" "69bc5789bb784fe25e9f4fe0413950fbb4ec1961a58c773555c82d07c08d6fa0", kill_on_drop: false }`
[INFO] running `Command { std: "docker" "exec" "-e" "SOURCE_DIR=/opt/rustwide/workdir" "-e" "CARGO_HOME=/opt/rustwide/cargo-home" "-e" "RUSTUP_HOME=/opt/rustwide/rustup-home" "-e" "CARGO_TARGET_DIR=/opt/rustwide/target" "-e" "CARGO_INCREMENTAL=0" "-e" "RUST_BACKTRACE=full" "-e" "RUSTFLAGS=--cap-lints=warn" "-e" "RUSTDOCFLAGS=--cap-lints=warn" "-w" "/opt/rustwide/workdir" "--user" "0:0" "69bc5789bb784fe25e9f4fe0413950fbb4ec1961a58c773555c82d07c08d6fa0" "/opt/rustwide/cargo-home/bin/cargo" "+1.100.0-beta.1" "test" "--frozen" "--no-run" "--message-format=json" "--release", kill_on_drop: false }`
[INFO] [stderr] warning: `package.homepage` is redundant with `package.repository`
[INFO] [stderr]   --> Cargo.toml:51:12
[INFO] [stderr]    |
[INFO] [stderr] 51 | homepage = "https://github.com/Tuntii/KayaDB"
[INFO] [stderr]    |            ^^^^^^^^^^^^^^^^^^^^^^^^^^^^^^^^^^
[INFO] [stderr] ...
[INFO] [stderr] 56 | repository = "https://github.com/Tuntii/KayaDB"
[INFO] [stderr]    |              ----------------------------------
[INFO] [stderr]    |
[INFO] [stderr]    = note: `cargo::redundant_homepage` is set to `warn` by default
[INFO] [stderr] help: consider removing `package.homepage`
[INFO] [stderr] warning: `kaya-net` (manifest) generated 1 warning
[INFO] [stderr]    Compiling serde_json v1.0.149
[INFO] [stderr]    Compiling serde_derive v1.0.228
[INFO] [stderr]    Compiling serde v1.0.228
[INFO] [stderr]    Compiling kaya-net v0.2.1 (/opt/rustwide/workdir)
[INFO] [stderr]     Finished `release` profile [optimized] target(s) in 8.05s
[INFO] running `Command { std: "docker" "inspect" "69bc5789bb784fe25e9f4fe0413950fbb4ec1961a58c773555c82d07c08d6fa0", kill_on_drop: false }`
[INFO] running `Command { std: "docker" "exec" "-e" "SOURCE_DIR=/opt/rustwide/workdir" "-e" "CARGO_HOME=/opt/rustwide/cargo-home" "-e" "RUSTUP_HOME=/opt/rustwide/rustup-home" "-e" "CARGO_TARGET_DIR=/opt/rustwide/target" "-e" "CARGO_INCREMENTAL=0" "-e" "RUST_BACKTRACE=full" "-e" "RUSTFLAGS=--cap-lints=warn" "-e" "RUSTDOCFLAGS=--cap-lints=warn" "-w" "/opt/rustwide/workdir" "--user" "0:0" "69bc5789bb784fe25e9f4fe0413950fbb4ec1961a58c773555c82d07c08d6fa0" "/opt/rustwide/cargo-home/bin/cargo" "+1.100.0-beta.1" "test" "--frozen" "--release", kill_on_drop: false }`
[INFO] [stderr] warning: `package.homepage` is redundant with `package.repository`
[INFO] [stderr]   --> Cargo.toml:51:12
[INFO] [stderr]    |
[INFO] [stderr] 51 | homepage = "https://github.com/Tuntii/KayaDB"
[INFO] [stderr]    |            ^^^^^^^^^^^^^^^^^^^^^^^^^^^^^^^^^^
[INFO] [stderr] ...
[INFO] [stderr] 56 | repository = "https://github.com/Tuntii/KayaDB"
[INFO] [stderr]    |              ----------------------------------
[INFO] [stderr]    |
[INFO] [stderr]    = note: `cargo::redundant_homepage` is set to `warn` by default
[INFO] [stderr] help: consider removing `package.homepage`
[INFO] [stderr] warning: `kaya-net` (manifest) generated 1 warning
[INFO] [stderr]     Finished `release` profile [optimized] target(s) in 0.04s
[INFO] [stderr]      Running unittests src/lib.rs (/opt/rustwide/target/release/build/kaya-net/e18933aa456222d4/out/kaya_net-e18933aa456222d4)
[INFO] [stdout] 
[INFO] [stdout] running 82 tests
[INFO] [stdout] test codec::tests::client_payload_no_token_roundtrips ... ok
[INFO] [stdout] test codec::tests::admin_payload_no_token_roundtrips ... ok
[INFO] [stdout] test codec::tests::all_decoders_no_panic_on_garbage ... ok
[INFO] [stdout] test codec::tests::decode_envelope_append_request_oversized_command ... ok
[INFO] [stdout] test codec::tests::client_token_roundtrips ... ok
[INFO] [stdout] test codec::tests::decode_envelope_append_request_truncated_entry ... ok
[INFO] [stdout] test codec::tests::decode_envelope_append_request_oversized_entry_count ... ok
[INFO] [stdout] test codec::tests::decode_envelope_append_response_truncated ... ok
[INFO] [stdout] test codec::tests::decode_put_payload_truncated_header ... ok
[INFO] [stdout] test codec::tests::decode_envelope_vote_response_truncated ... ok
[INFO] [stdout] test codec::tests::decode_error_payload_empty ... ok
[INFO] [stdout] test codec::tests::decode_envelope_truncated_msg_type ... ok
[INFO] [stdout] test codec::tests::decode_hello_request_truncated ... ok
[INFO] [stdout] test codec::tests::decode_envelope_unknown_msg_type ... ok
[INFO] [stdout] test codec::tests::decode_error_payload_invalid_utf8 ... ok
[INFO] [stdout] test codec::tests::decode_error_payload_truncated ... ok
[INFO] [stdout] test codec::tests::decode_hello_response_truncated ... ok
[INFO] [stdout] test codec::tests::decode_key_payload_empty ... ok
[INFO] [stdout] test codec::tests::decode_key_payload_truncated_data ... ok
[INFO] [stdout] test codec::tests::decode_envelope_empty ... ok
[INFO] [stdout] test codec::tests::decode_envelope_truncated_from ... ok
[INFO] [stdout] test codec::tests::decode_key_payload_truncated_length ... ok
[INFO] [stdout] test codec::tests::decode_put_payload_truncated_key ... ok
[INFO] [stdout] test codec::tests::decode_envelope_vote_request_truncated ... ok
[INFO] [stdout] test codec::tests::decode_put_payload_empty ... ok
[INFO] [stdout] test codec::tests::decode_put_payload_truncated_value ... ok
[INFO] [stdout] test codec::tests::decode_scan_response_empty ... ok
[INFO] [stdout] test codec::tests::decode_scan_response_oversized_count ... ok
[INFO] [stdout] test codec::tests::decode_scan_response_truncated_items ... ok
[INFO] [stdout] test codec::tests::decode_txn_begin_response_truncated ... ok
[INFO] [stdout] test codec::tests::decode_txn_id_payload_truncated ... ok
[INFO] [stdout] test codec::tests::decode_txn_op_unknown_kind ... ok
[INFO] [stdout] test codec::tests::decode_value_payload_empty ... ok
[INFO] [stdout] test codec::tests::decode_value_payload_truncated ... ok
[INFO] [stdout] test codec::tests::decode_txn_op_truncated ... ok
[INFO] [stdout] test codec::tests::decode_txn_commit_response_truncated ... ok
[INFO] [stdout] test codec::tests::member_payload_roundtrip_with_learner_flag ... ok
[INFO] [stdout] test codec::tests::meta_epoch_prefix_round_trip ... ok
[INFO] [stdout] test codec::tests::merge_response_uses_list_ranges_layout ... ok
[INFO] [stdout] test codec::tests::operator_token_roundtrips ... ok
[INFO] [stdout] test codec::tests::move_range_request_roundtrips ... ok
[INFO] [stdout] test codec::tests::promote_learner_payload_roundtrips ... ok
[INFO] [stdout] test codec::tests::round_trip_append_request_with_entries ... ok
[INFO] [stdout] test codec::tests::round_trip_config_change_request ... ok
[INFO] [stdout] test codec::tests::round_trip_hello_payloads ... ok
[INFO] [stdout] test codec::tests::round_trip_install_snapshot_request ... ok
[INFO] [stdout] test codec::tests::round_trip_install_snapshot_response ... ok
[INFO] [stdout] test codec::tests::rebalance_plan_response_roundtrips ... ok
[INFO] [stdout] test codec::tests::round_trip_append_response ... ok
[INFO] [stdout] test codec::tests::round_trip_config_change_response ... ok
[INFO] [stdout] test codec::tests::round_trip_group_id_nonzero ... ok
[INFO] [stdout] test codec::tests::round_trip_merge_range_request ... ok
[INFO] [stdout] test codec::tests::round_trip_put_payload ... ok
[INFO] [stdout] test codec::tests::round_trip_txn_op_delete ... ok
[INFO] [stdout] test codec::tests::transfer_leader_request_roundtrips ... ok
[INFO] [stdout] test codec::tests::round_trip_txn_op_put_empty_value ... ok
[INFO] [stdout] test transport::tests::encode_client_frame_empty_payload ... ok
[INFO] [stdout] test codec::tests::round_trip_scan_response ... ok
[INFO] [stdout] test codec::tests::round_trip_vote_request ... ok
[INFO] [stdout] test codec::tests::round_trip_txn_op_get ... ok
[INFO] [stdout] test roster::tests::lookup_present ... ok
[INFO] [stdout] test codec::tests::round_trip_txn_commit_response ... ok
[INFO] [stdout] test codec::tests::round_trip_remove_member_payload ... ok
[INFO] [stdout] test codec::tests::round_trip_vote_response ... ok
[INFO] [stdout] test transport::tests::encode_client_frame_with_payload ... ok
[INFO] [stdout] test transport::tests::raft_listener_partition_flag_parameter_parity ... ok
[INFO] [stdout] test roster::tests::all_ids_sorted ... ok
[INFO] [stdout] test roster::tests::lookup_absent ... ok
[INFO] [stdout] test transport::tests::read_client_frame_empty_rejected ... ok
[INFO] [stdout] test codec::tests::round_trip_txn_op_put ... ok
[INFO] [stdout] test tests::fuzz_codec_no_panic ... ok
[INFO] [stdout] test codec::tests::round_trip_txn_id_payload ... ok
[INFO] [stdout] test codec::tests::round_trip_txn_begin_response ... ok
[INFO] [stdout] test transport::tests::read_client_frame_multiple ... ok
[INFO] [stdout] test transport::tests::read_client_frame_oversized_rejected ... ok
[INFO] [stdout] test transport::tests::read_client_frame_opcode_only ... ok
[INFO] [stdout] test transport::tests::read_client_frame_valid ... ok
[INFO] [stdout] test transport::tests::read_client_frame_truncated_payload ... ok
[INFO] [stdout] test transport::tests::roundtrip_connection_refused ... ok
[INFO] [stdout] test transport::tests::write_and_read_response_roundtrip ... ok
[INFO] [stdout] test transport::tests::roundtrip_client_server ... ok
[INFO] [stdout] test transport::tests::write_response_empty_payload ... ok
[INFO] [stdout] 
[INFO] [stdout] test result: ok. 82 passed; 0 failed; 0 ignored; 0 measured; 0 filtered out; finished in 0.03s
[INFO] [stdout] 
[INFO] [stderr]      Running tests/conformance_vectors.rs (/opt/rustwide/target/release/build/kaya-net/7b6cee975e8cfe96/out/conformance_vectors-7b6cee975e8cfe96)
[INFO] [stdout] 
[INFO] [stdout] running 2 tests
[INFO] [stdout] test conformance_vectors_load_file ... FAILED
[INFO] [stdout] test conformance_vectors_run_all ... FAILED
[INFO] [stdout] 
[INFO] [stdout] failures:
[INFO] [stdout] 
[INFO] [stdout] ---- conformance_vectors_load_file stdout ----
[INFO] [stdout] 
[INFO] [stdout] thread 'conformance_vectors_load_file' (541) panicked at tests/conformance_vectors.rs:83:29:
[INFO] [stdout] failed to read /opt/rustwide/workdir/../../docs/clients/conformance/vectors.json: No such file or directory (os error 2)
[INFO] [stdout] stack backtrace:
[INFO] [stdout]    0:     0x61b36dfcf4d1 - <<std[617be2ca0a6fd877]::sys::backtrace::BacktraceLock>::print::DisplayBacktrace as core[a373ad73a504971]::fmt::Display>::fmt
[INFO] [stdout]    1:     0x61b36dfe3d7a - core[a373ad73a504971]::fmt::write
[INFO] [stdout]    2:     0x61b36dfd370c - <alloc[2e1b2a31b91974c5]::vec::Vec<u8> as core[a373ad73a504971]::io::write::Write>::write_fmt
[INFO] [stdout]    3:     0x61b36dfab446 - std[617be2ca0a6fd877]::panicking::default_hook::{closure#0}
[INFO] [stdout]    4:     0x61b36dfc7809 - std[617be2ca0a6fd877]::panicking::default_hook
[INFO] [stdout]    5:     0x61b36df5f4e0 - test[aada8e7e76ba119b]::test_main_inner::{closure#0}
[INFO] [stdout]    6:     0x61b36dfc79c2 - std[617be2ca0a6fd877]::panicking::panic_with_hook
[INFO] [stdout]    7:     0x61b36dfab4f2 - std[617be2ca0a6fd877]::panicking::panic_handler::{closure#0}
[INFO] [stdout]    8:     0x61b36dfa4079 - std[617be2ca0a6fd877]::sys::backtrace::__rust_end_short_backtrace::<std[617be2ca0a6fd877]::panicking::panic_handler::{closure#0}, !>
[INFO] [stdout]    9:     0x61b36dfac0fd - __rustc[ea4f61d10b84890b]::rust_begin_unwind
[INFO] [stdout]   10:     0x61b36dfe44ac - core[a373ad73a504971]::panicking::panic_fmt
[INFO] [stdout]   11:     0x61b36df46bf9 - conformance_vectors[8fdffbdd0f6a2141]::load_vectors::{closure#0}
[INFO] [stdout]   12:     0x61b36df4aa47 - conformance_vectors[8fdffbdd0f6a2141]::load_vectors
[INFO] [stdout]   13:     0x61b36df4af8a - <conformance_vectors[8fdffbdd0f6a2141]::conformance_vectors_load_file::{closure#0} as core[a373ad73a504971]::ops::function::FnOnce<()>>::call_once
[INFO] [stdout]   14:     0x61b36df5292b - test[aada8e7e76ba119b]::__rust_begin_short_backtrace::<core[a373ad73a504971]::result::Result<(), alloc[2e1b2a31b91974c5]::string::String>, fn() -> core[a373ad73a504971]::result::Result<(), alloc[2e1b2a31b91974c5]::string::String>>
[INFO] [stdout]   15:     0x61b36df5fb05 - test[aada8e7e76ba119b]::run_test::{closure#0}
[INFO] [stdout]   16:     0x61b36df593f4 - std[617be2ca0a6fd877]::sys::backtrace::__rust_begin_short_backtrace::<test[aada8e7e76ba119b]::run_test::{closure#1}, ()>
[INFO] [stdout]   17:     0x61b36df62b92 - <std[617be2ca0a6fd877]::thread::lifecycle::spawn_unchecked<test[aada8e7e76ba119b]::run_test::{closure#1}, ()>::{closure#1} as core[a373ad73a504971]::ops::function::FnOnce<()>>::call_once::{shim:vtable#0}
[INFO] [stdout]   18:     0x61b36dfce9cf - <std[617be2ca0a6fd877]::sys::thread::unix::Thread>::new::thread_start
[INFO] [stdout]   19:     0x7c1d25f90dfa - <unknown>
[INFO] [stdout]   20:     0x7c1d260243d4 - clone
[INFO] [stdout]   21:                0x0 - <unknown>
[INFO] [stdout] 
[INFO] [stdout] ---- conformance_vectors_run_all stdout ----
[INFO] [stdout] 
[INFO] [stdout] thread 'conformance_vectors_run_all' (542) panicked at tests/conformance_vectors.rs:83:29:
[INFO] [stdout] failed to read /opt/rustwide/workdir/../../docs/clients/conformance/vectors.json: No such file or directory (os error 2)
[INFO] [stdout] stack backtrace:
[INFO] [stdout]    0:     0x61b36dfcf4d1 - <<std[617be2ca0a6fd877]::sys::backtrace::BacktraceLock>::print::DisplayBacktrace as core[a373ad73a504971]::fmt::Display>::fmt
[INFO] [stdout]    1:     0x61b36dfe3d7a - core[a373ad73a504971]::fmt::write
[INFO] [stdout]    2:     0x61b36dfd370c - <alloc[2e1b2a31b91974c5]::vec::Vec<u8> as core[a373ad73a504971]::io::write::Write>::write_fmt
[INFO] [stdout]    3:     0x61b36dfab446 - std[617be2ca0a6fd877]::panicking::default_hook::{closure#0}
[INFO] [stdout]    4:     0x61b36dfc7809 - std[617be2ca0a6fd877]::panicking::default_hook
[INFO] [stdout]    5:     0x61b36df5f4e0 - test[aada8e7e76ba119b]::test_main_inner::{closure#0}
[INFO] [stdout]    6:     0x61b36dfc79c2 - std[617be2ca0a6fd877]::panicking::panic_with_hook
[INFO] [stdout]    7:     0x61b36dfab4f2 - std[617be2ca0a6fd877]::panicking::panic_handler::{closure#0}
[INFO] [stdout]    8:     0x61b36dfa4079 - std[617be2ca0a6fd877]::sys::backtrace::__rust_end_short_backtrace::<std[617be2ca0a6fd877]::panicking::panic_handler::{closure#0}, !>
[INFO] [stdout]    9:     0x61b36dfac0fd - __rustc[ea4f61d10b84890b]::rust_begin_unwind
[INFO] [stdout]   10:     0x61b36dfe44ac - core[a373ad73a504971]::panicking::panic_fmt
[INFO] [stdout]   11:     0x61b36df46bf9 - conformance_vectors[8fdffbdd0f6a2141]::load_vectors::{closure#0}
[INFO] [stdout]   12:     0x61b36df4aa47 - conformance_vectors[8fdffbdd0f6a2141]::load_vectors
[INFO] [stdout]   13:     0x61b36df4ae7a - <conformance_vectors[8fdffbdd0f6a2141]::conformance_vectors_run_all::{closure#0} as core[a373ad73a504971]::ops::function::FnOnce<()>>::call_once
[INFO] [stdout]   14:     0x61b36df5292b - test[aada8e7e76ba119b]::__rust_begin_short_backtrace::<core[a373ad73a504971]::result::Result<(), alloc[2e1b2a31b91974c5]::string::String>, fn() -> core[a373ad73a504971]::result::Result<(), alloc[2e1b2a31b91974c5]::string::String>>
[INFO] [stdout]   15:     0x61b36df5fb05 - test[aada8e7e76ba119b]::run_test::{closure#0}
[INFO] [stdout]   16:     0x61b36df593f4 - std[617be2ca0a6fd877]::sys::backtrace::__rust_begin_short_backtrace::<test[aada8e7e76ba119b]::run_test::{closure#1}, ()>
[INFO] [stdout]   17:     0x61b36df62b92 - <std[617be2ca0a6fd877]::thread::lifecycle::spawn_unchecked<test[aada8e7e76ba119b]::run_test::{closure#1}, ()>::{closure#1} as core[a373ad73a504971]::ops::function::FnOnce<()>>::call_once::{shim:vtable#0}
[INFO] [stdout]   18:     0x61b36dfce9cf - <std[617be2ca0a6fd877]::sys::thread::unix::Thread>::new::thread_start
[INFO] [stdout]   19:     0x7c1d25f90dfa - <unknown>
[INFO] [stdout]   20:     0x7c1d260243d4 - clone
[INFO] [stdout]   21:                0x0 - <unknown>
[INFO] [stdout] 
[INFO] [stdout] 
[INFO] [stdout] failures:
[INFO] [stdout]     conformance_vectors_load_file
[INFO] [stdout]     conformance_vectors_run_all
[INFO] [stdout] 
[INFO] [stdout] test result: FAILED. 0 passed; 2 failed; 0 ignored; 0 measured; 0 filtered out; finished in 0.00s
[INFO] [stdout] 
[INFO] [stderr] error: test failed, to rerun pass `--test conformance_vectors`
[INFO] running `Command { std: "docker" "inspect" "69bc5789bb784fe25e9f4fe0413950fbb4ec1961a58c773555c82d07c08d6fa0", kill_on_drop: false }`
[INFO] running `Command { std: "docker" "rm" "-f" "69bc5789bb784fe25e9f4fe0413950fbb4ec1961a58c773555c82d07c08d6fa0", kill_on_drop: false }`
[INFO] [stdout] 69bc5789bb784fe25e9f4fe0413950fbb4ec1961a58c773555c82d07c08d6fa0
