[INFO] fetching crate katra-courts 0.1.0...
[INFO] testing katra-courts-0.1.0 against 1.100.0-beta.1+cargoflags=--release for beta-release-1.100-2
[INFO] extracting crate katra-courts 0.1.0 into /workspace/builds/worker-6-tc2/source
[INFO] started tweaking crates.io crate katra-courts 0.1.0
[INFO] finished tweaking crates.io crate katra-courts 0.1.0
[INFO] tweaked toml for crates.io crate katra-courts 0.1.0 written to /workspace/builds/worker-6-tc2/source/Cargo.toml
[INFO] validating manifest of crates.io crate katra-courts 0.1.0 on toolchain 1.100.0-beta.1
[INFO] running `Command { std: CARGO_HOME="/workspace/cargo-home" RUSTUP_HOME="/workspace/rustup-home" "/workspace/cargo-home/bin/cargo" "+1.100.0-beta.1" "metadata" "--manifest-path" "Cargo.toml" "--no-deps", kill_on_drop: false }`
[INFO] crate crates.io crate katra-courts 0.1.0 already has a lockfile, it will not be regenerated
[INFO] running `Command { std: CARGO_HOME="/workspace/cargo-home" RUSTUP_HOME="/workspace/rustup-home" "/workspace/cargo-home/bin/cargo" "+1.100.0-beta.1" "fetch" "--manifest-path" "Cargo.toml", kill_on_drop: false }`
[INFO] running `Command { std: "docker" "create" "-v" "/var/lib/crater-agent-workspace/builds/worker-6-tc2/source:/opt/rustwide/workdir:ro,Z" "-v" "/var/lib/crater-agent-workspace/builds/worker-6-tc2/target:/opt/rustwide/target:rw,Z" "-v" "/var/lib/crater-agent-workspace/cargo-home:/opt/rustwide/cargo-home:ro,Z" "-v" "/var/lib/crater-agent-workspace/rustup-home:/opt/rustwide/rustup-home:ro,Z" "-m" "1610612736" "--network" "none" "ghcr.io/rust-lang/crates-build-env/linux@sha256:77db811e55d90add9212f6832c23229e3de5f1c1f9905e8cb07319ea15df73ac" "sleep" "infinity", kill_on_drop: false }`
[INFO] [stdout] bf01b45e641d5073a2104a96217104dbc6adf81fb473d4c531551eb63d0cd452
[INFO] running `Command { std: "docker" "start" "bf01b45e641d5073a2104a96217104dbc6adf81fb473d4c531551eb63d0cd452", kill_on_drop: false }`
[INFO] running `Command { std: "docker" "inspect" "bf01b45e641d5073a2104a96217104dbc6adf81fb473d4c531551eb63d0cd452", kill_on_drop: false }`
[INFO] running `Command { std: "docker" "exec" "-e" "SOURCE_DIR=/opt/rustwide/workdir" "-e" "CARGO_HOME=/opt/rustwide/cargo-home" "-e" "RUSTUP_HOME=/opt/rustwide/rustup-home" "-e" "CARGO_TARGET_DIR=/opt/rustwide/target" "-w" "/opt/rustwide/workdir" "--user" "0:0" "bf01b45e641d5073a2104a96217104dbc6adf81fb473d4c531551eb63d0cd452" "/opt/rustwide/cargo-home/bin/cargo" "+1.100.0-beta.1" "metadata" "--no-deps" "--format-version=1", kill_on_drop: false }`
[INFO] running `Command { std: "docker" "inspect" "bf01b45e641d5073a2104a96217104dbc6adf81fb473d4c531551eb63d0cd452", kill_on_drop: false }`
[INFO] running `Command { std: "docker" "exec" "-e" "SOURCE_DIR=/opt/rustwide/workdir" "-e" "CARGO_HOME=/opt/rustwide/cargo-home" "-e" "RUSTUP_HOME=/opt/rustwide/rustup-home" "-e" "CARGO_TARGET_DIR=/opt/rustwide/target" "-e" "CARGO_INCREMENTAL=0" "-e" "RUST_BACKTRACE=full" "-e" "RUSTFLAGS=--cap-lints=warn" "-e" "RUSTDOCFLAGS=--cap-lints=warn" "-w" "/opt/rustwide/workdir" "--user" "0:0" "bf01b45e641d5073a2104a96217104dbc6adf81fb473d4c531551eb63d0cd452" "/opt/rustwide/cargo-home/bin/cargo" "+1.100.0-beta.1" "build" "--frozen" "--message-format=json" "--release", kill_on_drop: false }`
[INFO] [stderr]    Compiling syn v3.0.3
[INFO] [stderr]    Compiling serde_derive v1.0.229
[INFO] [stderr]    Compiling serde v1.0.229
[INFO] [stderr]    Compiling katra-core v0.1.0
[INFO] [stderr]    Compiling bincode v1.3.3
[INFO] [stderr]    Compiling katra-trace v0.1.0
[INFO] [stderr]    Compiling katra-graph v0.1.0
[INFO] [stderr]    Compiling katra-flow v0.1.0
[INFO] [stderr]    Compiling katra-memory v0.1.0
[INFO] [stderr]    Compiling katra-sync v0.1.0
[INFO] [stderr]    Compiling katra-cache v0.1.0
[INFO] [stderr]    Compiling katra-io v0.1.0
[INFO] [stderr]    Compiling katra-prof v0.1.0
[INFO] [stderr]    Compiling katra-replay v0.1.0
[INFO] [stderr]    Compiling katra-abi v0.1.0
[INFO] [stderr]    Compiling katra-courts v0.1.0 (/opt/rustwide/workdir)
[INFO] [stderr]     Finished `release` profile [optimized] target(s) in 13.79s
[INFO] running `Command { std: "docker" "inspect" "bf01b45e641d5073a2104a96217104dbc6adf81fb473d4c531551eb63d0cd452", kill_on_drop: false }`
[INFO] running `Command { std: "docker" "exec" "-e" "SOURCE_DIR=/opt/rustwide/workdir" "-e" "CARGO_HOME=/opt/rustwide/cargo-home" "-e" "RUSTUP_HOME=/opt/rustwide/rustup-home" "-e" "CARGO_TARGET_DIR=/opt/rustwide/target" "-e" "CARGO_INCREMENTAL=0" "-e" "RUST_BACKTRACE=full" "-e" "RUSTFLAGS=--cap-lints=warn" "-e" "RUSTDOCFLAGS=--cap-lints=warn" "-w" "/opt/rustwide/workdir" "--user" "0:0" "bf01b45e641d5073a2104a96217104dbc6adf81fb473d4c531551eb63d0cd452" "/opt/rustwide/cargo-home/bin/cargo" "+1.100.0-beta.1" "test" "--frozen" "--no-run" "--message-format=json" "--release", kill_on_drop: false }`
[INFO] [stderr]    Compiling katra-courts v0.1.0 (/opt/rustwide/workdir)
[INFO] [stderr]     Finished `release` profile [optimized] target(s) in 1.25s
[INFO] running `Command { std: "docker" "inspect" "bf01b45e641d5073a2104a96217104dbc6adf81fb473d4c531551eb63d0cd452", kill_on_drop: false }`
[INFO] running `Command { std: "docker" "exec" "-e" "SOURCE_DIR=/opt/rustwide/workdir" "-e" "CARGO_HOME=/opt/rustwide/cargo-home" "-e" "RUSTUP_HOME=/opt/rustwide/rustup-home" "-e" "CARGO_TARGET_DIR=/opt/rustwide/target" "-e" "CARGO_INCREMENTAL=0" "-e" "RUST_BACKTRACE=full" "-e" "RUSTFLAGS=--cap-lints=warn" "-e" "RUSTDOCFLAGS=--cap-lints=warn" "-w" "/opt/rustwide/workdir" "--user" "0:0" "bf01b45e641d5073a2104a96217104dbc6adf81fb473d4c531551eb63d0cd452" "/opt/rustwide/cargo-home/bin/cargo" "+1.100.0-beta.1" "test" "--frozen" "--release", kill_on_drop: false }`
[INFO] [stderr]     Finished `release` profile [optimized] target(s) in 0.04s
[INFO] [stderr]      Running unittests src/lib.rs (/opt/rustwide/target/release/build/katra-courts/7179c75ee0fc4317/out/katra_courts-7179c75ee0fc4317)
[INFO] [stdout] 
[INFO] [stdout] running 1 test
[INFO] [stdout] test tests::all_builtin_courts_pass ... FAILED
[INFO] [stdout] 
[INFO] [stdout] failures:
[INFO] [stdout] 
[INFO] [stdout] ---- tests::all_builtin_courts_pass stdout ----
[INFO] [stdout] 
[INFO] [stdout] thread 'tests::all_builtin_courts_pass' (439) panicked at src/lib.rs:25:9:
[INFO] [stdout] 1 court(s) failed: ["c_header_compiles: cc failed: cc1: fatal error: /opt/rustwide/workdir/../katra-abi/c/smoke.c: No such file or directory\ncompilation terminated.\n"]
[INFO] [stdout] stack backtrace:
[INFO] [stdout]    0:     0x57f1ae13eb31 - <<std[617be2ca0a6fd877]::sys::backtrace::BacktraceLock>::print::DisplayBacktrace as core[a373ad73a504971]::fmt::Display>::fmt
[INFO] [stdout]    1:     0x57f1ae152f4a - core[a373ad73a504971]::fmt::write
[INFO] [stdout]    2:     0x57f1ae142fac - <alloc[2e1b2a31b91974c5]::vec::Vec<u8> as core[a373ad73a504971]::io::write::Write>::write_fmt
[INFO] [stdout]    3:     0x57f1ae118d06 - std[617be2ca0a6fd877]::panicking::default_hook::{closure#0}
[INFO] [stdout]    4:     0x57f1ae135f29 - std[617be2ca0a6fd877]::panicking::default_hook
[INFO] [stdout]    5:     0x57f1ae0982c0 - test[aada8e7e76ba119b]::test_main_inner::{closure#0}
[INFO] [stdout]    6:     0x57f1ae1360e2 - std[617be2ca0a6fd877]::panicking::panic_with_hook
[INFO] [stdout]    7:     0x57f1ae118db2 - std[617be2ca0a6fd877]::panicking::panic_handler::{closure#0}
[INFO] [stdout]    8:     0x57f1ae1117b9 - std[617be2ca0a6fd877]::sys::backtrace::__rust_end_short_backtrace::<std[617be2ca0a6fd877]::panicking::panic_handler::{closure#0}, !>
[INFO] [stdout]    9:     0x57f1ae119aad - __rustc[ea4f61d10b84890b]::rust_begin_unwind
[INFO] [stdout]   10:     0x57f1ae1536ac - core[a373ad73a504971]::panicking::panic_fmt
[INFO] [stdout]   11:     0x57f1ae08322a - <katra_courts[e80c89442639af36]::tests::all_builtin_courts_pass::{closure#0} as core[a373ad73a504971]::ops::function::FnOnce<()>>::call_once
[INFO] [stdout]   12:     0x57f1ae08b70b - test[aada8e7e76ba119b]::__rust_begin_short_backtrace::<core[a373ad73a504971]::result::Result<(), alloc[2e1b2a31b91974c5]::string::String>, fn() -> core[a373ad73a504971]::result::Result<(), alloc[2e1b2a31b91974c5]::string::String>>
[INFO] [stdout]   13:     0x57f1ae0988e5 - test[aada8e7e76ba119b]::run_test::{closure#0}
[INFO] [stdout]   14:     0x57f1ae0921d4 - std[617be2ca0a6fd877]::sys::backtrace::__rust_begin_short_backtrace::<test[aada8e7e76ba119b]::run_test::{closure#1}, ()>
[INFO] [stdout]   15:     0x57f1ae09b972 - <std[617be2ca0a6fd877]::thread::lifecycle::spawn_unchecked<test[aada8e7e76ba119b]::run_test::{closure#1}, ()>::{closure#1} as core[a373ad73a504971]::ops::function::FnOnce<()>>::call_once::{shim:vtable#0}
[INFO] [stdout]   16:     0x57f1ae13dacf - <std[617be2ca0a6fd877]::sys::thread::unix::Thread>::new::thread_start
[INFO] [stdout]   17:     0x74d932ef7dfa - <unknown>
[INFO] [stdout]   18:     0x74d932f8b3d4 - clone
[INFO] [stdout]   19:                0x0 - <unknown>
[INFO] [stdout] 
[INFO] [stdout] 
[INFO] [stdout] failures:
[INFO] [stdout]     tests::all_builtin_courts_pass
[INFO] [stdout] 
[INFO] [stdout] test result: FAILED. 0 passed; 1 failed; 0 ignored; 0 measured; 0 filtered out; finished in 0.09s
[INFO] [stdout] 
[INFO] [stderr] error: test failed, to rerun pass `--lib`
[INFO] running `Command { std: "docker" "inspect" "bf01b45e641d5073a2104a96217104dbc6adf81fb473d4c531551eb63d0cd452", kill_on_drop: false }`
[INFO] running `Command { std: "docker" "rm" "-f" "bf01b45e641d5073a2104a96217104dbc6adf81fb473d4c531551eb63d0cd452", kill_on_drop: false }`
[INFO] [stdout] bf01b45e641d5073a2104a96217104dbc6adf81fb473d4c531551eb63d0cd452
