[INFO] fetching crate kataru 0.2.3...
[INFO] testing kataru-0.2.3 against 1.100.0-beta.1+cargoflags=--release for beta-release-1.100-2
[INFO] extracting crate kataru 0.2.3 into /workspace/builds/worker-7-tc2/source
[INFO] removed /workspace/builds/worker-7-tc2/source/.cargo/config.toml
[INFO] started tweaking crates.io crate kataru 0.2.3
[INFO] removed 0 missing tests
[INFO] finished tweaking crates.io crate kataru 0.2.3
[INFO] tweaked toml for crates.io crate kataru 0.2.3 written to /workspace/builds/worker-7-tc2/source/Cargo.toml
[INFO] validating manifest of crates.io crate kataru 0.2.3 on toolchain 1.100.0-beta.1
[INFO] running `Command { std: CARGO_HOME="/workspace/cargo-home" RUSTUP_HOME="/workspace/rustup-home" "/workspace/cargo-home/bin/cargo" "+1.100.0-beta.1" "metadata" "--manifest-path" "Cargo.toml" "--no-deps", kill_on_drop: false }`
[INFO] crate crates.io crate kataru 0.2.3 already has a lockfile, it will not be regenerated
[INFO] running `Command { std: CARGO_HOME="/workspace/cargo-home" RUSTUP_HOME="/workspace/rustup-home" "/workspace/cargo-home/bin/cargo" "+1.100.0-beta.1" "fetch" "--manifest-path" "Cargo.toml", kill_on_drop: false }`
[INFO] running `Command { std: "docker" "create" "-v" "/var/lib/crater-agent-workspace/builds/worker-7-tc2/source:/opt/rustwide/workdir:ro,Z" "-v" "/var/lib/crater-agent-workspace/builds/worker-7-tc2/target:/opt/rustwide/target:rw,Z" "-v" "/var/lib/crater-agent-workspace/cargo-home:/opt/rustwide/cargo-home:ro,Z" "-v" "/var/lib/crater-agent-workspace/rustup-home:/opt/rustwide/rustup-home:ro,Z" "-m" "1610612736" "--network" "none" "ghcr.io/rust-lang/crates-build-env/linux@sha256:77db811e55d90add9212f6832c23229e3de5f1c1f9905e8cb07319ea15df73ac" "sleep" "infinity", kill_on_drop: false }`
[INFO] [stdout] e30d9b42b0d0004e0fe7365f3a9ce014030883dc04d5b53dc22b4134a91c4353
[INFO] running `Command { std: "docker" "start" "e30d9b42b0d0004e0fe7365f3a9ce014030883dc04d5b53dc22b4134a91c4353", kill_on_drop: false }`
[INFO] running `Command { std: "docker" "inspect" "e30d9b42b0d0004e0fe7365f3a9ce014030883dc04d5b53dc22b4134a91c4353", kill_on_drop: false }`
[INFO] running `Command { std: "docker" "exec" "-e" "SOURCE_DIR=/opt/rustwide/workdir" "-e" "CARGO_HOME=/opt/rustwide/cargo-home" "-e" "RUSTUP_HOME=/opt/rustwide/rustup-home" "-e" "CARGO_TARGET_DIR=/opt/rustwide/target" "-w" "/opt/rustwide/workdir" "--user" "0:0" "e30d9b42b0d0004e0fe7365f3a9ce014030883dc04d5b53dc22b4134a91c4353" "/opt/rustwide/cargo-home/bin/cargo" "+1.100.0-beta.1" "metadata" "--no-deps" "--format-version=1", kill_on_drop: false }`
[INFO] running `Command { std: "docker" "inspect" "e30d9b42b0d0004e0fe7365f3a9ce014030883dc04d5b53dc22b4134a91c4353", kill_on_drop: false }`
[INFO] running `Command { std: "docker" "exec" "-e" "SOURCE_DIR=/opt/rustwide/workdir" "-e" "CARGO_HOME=/opt/rustwide/cargo-home" "-e" "RUSTUP_HOME=/opt/rustwide/rustup-home" "-e" "CARGO_TARGET_DIR=/opt/rustwide/target" "-e" "CARGO_INCREMENTAL=0" "-e" "RUST_BACKTRACE=full" "-e" "RUSTFLAGS=--cap-lints=warn" "-e" "RUSTDOCFLAGS=--cap-lints=warn" "-w" "/opt/rustwide/workdir" "--user" "0:0" "e30d9b42b0d0004e0fe7365f3a9ce014030883dc04d5b53dc22b4134a91c4353" "/opt/rustwide/cargo-home/bin/cargo" "+1.100.0-beta.1" "build" "--frozen" "--message-format=json" "--release", kill_on_drop: false }`
[INFO] [stderr]    Compiling serde_core v1.0.229
[INFO] [stderr]    Compiling ucd-trie v0.1.7
[INFO] [stderr]    Compiling num-traits v0.2.19
[INFO] [stderr]    Compiling proc-macro2-diagnostics v0.10.1
[INFO] [stderr]    Compiling memchr v2.8.3
[INFO] [stderr]    Compiling yansi v1.0.1
[INFO] [stderr]    Compiling syn v3.0.0
[INFO] [stderr]    Compiling syn v2.0.119
[INFO] [stderr]    Compiling regex-syntax v0.8.11
[INFO] [stderr]    Compiling heck v0.4.1
[INFO] [stderr]    Compiling indexmap v2.14.0
[INFO] [stderr]    Compiling pest v2.8.7
[INFO] [stderr]    Compiling aho-corasick v1.1.4
[INFO] [stderr]    Compiling rmp v0.8.15
[INFO] [stderr]    Compiling linked-hash-map v0.5.6
[INFO] [stderr]    Compiling unsafe-libyaml v0.2.11
[INFO] [stderr]    Compiling lazy_static v1.5.0
[INFO] [stderr]    Compiling ryu v1.0.23
[INFO] [stderr]    Compiling pest_meta v2.8.7
[INFO] [stderr]    Compiling serde_derive v1.0.229
[INFO] [stderr]    Compiling regex-automata v0.4.16
[INFO] [stderr]    Compiling pest_generator v2.8.7
[INFO] [stderr]    Compiling static_assertions v1.1.0
[INFO] [stderr]    Compiling aliasable v0.1.3
[INFO] [stderr]    Compiling colored v2.2.0
[INFO] [stderr]    Compiling ouroboros_macro v0.18.5
[INFO] [stderr]    Compiling pest_derive v2.8.7
[INFO] [stderr]    Compiling yaml-rust v0.4.5
[INFO] [stderr]    Compiling glob v0.3.3
[INFO] [stderr]    Compiling maplit v1.0.2
[INFO] [stderr]    Compiling ouroboros v0.18.5
[INFO] [stderr]    Compiling serde v1.0.229
[INFO] [stderr]    Compiling regex v1.13.1
[INFO] [stderr]    Compiling serde_test v1.0.177
[INFO] [stderr]    Compiling rmp-serde v1.3.1
[INFO] [stderr]    Compiling serde_yaml v0.9.34+deprecated
[INFO] [stderr]    Compiling linear-map v1.2.0
[INFO] [stderr]    Compiling bincode v1.3.3
[INFO] [stderr]    Compiling kataru v0.2.3 (/opt/rustwide/workdir)
[INFO] [stderr] warning: unused dependency `bincode`
[INFO] [stderr]  --> Cargo.toml:1:15
[INFO] [stderr]   |
[INFO] [stderr] 1 | [dependencies.bincode]
[INFO] [stderr]   |               ^^^^^^^^
[INFO] [stderr]   |
[INFO] [stderr]   = note: `cargo::unused_dependencies` is set to `warn` by default
[INFO] [stderr] help: consider removing the dependency on `bincode`
[INFO] [stderr] warning: unused dependency `colored`
[INFO] [stderr]  --> Cargo.toml:4:15
[INFO] [stderr]   |
[INFO] [stderr] 4 | [dependencies.colored]
[INFO] [stderr]   |               ^^^^^^^^
[INFO] [stderr]   |
[INFO] [stderr] help: consider removing the dependency on `colored`
[INFO] [stderr] warning: unused dependency `yaml-rust`
[INFO] [stderr]   --> Cargo.toml:46:15
[INFO] [stderr]    |
[INFO] [stderr] 46 | [dependencies.yaml-rust]
[INFO] [stderr]    |               ^^^^^^^^^^
[INFO] [stderr]    |
[INFO] [stderr] help: consider removing the dependency on `yaml-rust`
[INFO] [stderr] warning: `kataru` (manifest) generated 3 warnings
[INFO] [stderr]     Finished `release` profile [optimized] target(s) in 1m 23s
[INFO] running `Command { std: "docker" "inspect" "e30d9b42b0d0004e0fe7365f3a9ce014030883dc04d5b53dc22b4134a91c4353", kill_on_drop: false }`
[INFO] running `Command { std: "docker" "exec" "-e" "SOURCE_DIR=/opt/rustwide/workdir" "-e" "CARGO_HOME=/opt/rustwide/cargo-home" "-e" "RUSTUP_HOME=/opt/rustwide/rustup-home" "-e" "CARGO_TARGET_DIR=/opt/rustwide/target" "-e" "CARGO_INCREMENTAL=0" "-e" "RUST_BACKTRACE=full" "-e" "RUSTFLAGS=--cap-lints=warn" "-e" "RUSTDOCFLAGS=--cap-lints=warn" "-w" "/opt/rustwide/workdir" "--user" "0:0" "e30d9b42b0d0004e0fe7365f3a9ce014030883dc04d5b53dc22b4134a91c4353" "/opt/rustwide/cargo-home/bin/cargo" "+1.100.0-beta.1" "test" "--frozen" "--no-run" "--message-format=json" "--release", kill_on_drop: false }`
[INFO] [stderr]    Compiling kataru v0.2.3 (/opt/rustwide/workdir)
[INFO] [stderr] warning: unused dependency `bincode`
[INFO] [stderr]  --> Cargo.toml:1:15
[INFO] [stderr]   |
[INFO] [stderr] 1 | [dependencies.bincode]
[INFO] [stderr]   |               ^^^^^^^^
[INFO] [stderr]   |
[INFO] [stderr]   = note: `cargo::unused_dependencies` is set to `warn` by default
[INFO] [stderr] help: consider removing the dependency on `bincode`
[INFO] [stderr] warning: unused dependency `colored`
[INFO] [stderr]  --> Cargo.toml:4:15
[INFO] [stderr]   |
[INFO] [stderr] 4 | [dependencies.colored]
[INFO] [stderr]   |               ^^^^^^^^
[INFO] [stderr]   |
[INFO] [stderr] help: consider removing the dependency on `colored`
[INFO] [stderr] warning: unused dependency `yaml-rust`
[INFO] [stderr]   --> Cargo.toml:46:15
[INFO] [stderr]    |
[INFO] [stderr] 46 | [dependencies.yaml-rust]
[INFO] [stderr]    |               ^^^^^^^^^^
[INFO] [stderr]    |
[INFO] [stderr] help: consider removing the dependency on `yaml-rust`
[INFO] [stderr] warning: `kataru` (manifest) generated 3 warnings
[INFO] [stderr]     Finished `release` profile [optimized] target(s) in 1m 09s
[INFO] running `Command { std: "docker" "inspect" "e30d9b42b0d0004e0fe7365f3a9ce014030883dc04d5b53dc22b4134a91c4353", kill_on_drop: false }`
[INFO] running `Command { std: "docker" "exec" "-e" "SOURCE_DIR=/opt/rustwide/workdir" "-e" "CARGO_HOME=/opt/rustwide/cargo-home" "-e" "RUSTUP_HOME=/opt/rustwide/rustup-home" "-e" "CARGO_TARGET_DIR=/opt/rustwide/target" "-e" "CARGO_INCREMENTAL=0" "-e" "RUST_BACKTRACE=full" "-e" "RUSTFLAGS=--cap-lints=warn" "-e" "RUSTDOCFLAGS=--cap-lints=warn" "-w" "/opt/rustwide/workdir" "--user" "0:0" "e30d9b42b0d0004e0fe7365f3a9ce014030883dc04d5b53dc22b4134a91c4353" "/opt/rustwide/cargo-home/bin/cargo" "+1.100.0-beta.1" "test" "--frozen" "--release", kill_on_drop: false }`
[INFO] [stderr] warning: unused dependency `bincode`
[INFO] [stderr]  --> Cargo.toml:1:15
[INFO] [stderr]   |
[INFO] [stderr] 1 | [dependencies.bincode]
[INFO] [stderr]   |               ^^^^^^^^
[INFO] [stderr]   |
[INFO] [stderr]   = note: `cargo::unused_dependencies` is set to `warn` by default
[INFO] [stderr] help: consider removing the dependency on `bincode`
[INFO] [stderr] warning: unused dependency `colored`
[INFO] [stderr]  --> Cargo.toml:4:15
[INFO] [stderr]   |
[INFO] [stderr] 4 | [dependencies.colored]
[INFO] [stderr]   |               ^^^^^^^^
[INFO] [stderr]   |
[INFO] [stderr] help: consider removing the dependency on `colored`
[INFO] [stderr] warning: unused dependency `yaml-rust`
[INFO] [stderr]   --> Cargo.toml:46:15
[INFO] [stderr]    |
[INFO] [stderr] 46 | [dependencies.yaml-rust]
[INFO] [stderr]    |               ^^^^^^^^^^
[INFO] [stderr]    |
[INFO] [stderr] help: consider removing the dependency on `yaml-rust`
[INFO] [stderr] warning: `kataru` (manifest) generated 3 warnings
[INFO] [stderr]     Finished `release` profile [optimized] target(s) in 0.12s
[INFO] [stderr]      Running unittests src/lib.rs (/opt/rustwide/target/release/build/kataru/ecd36b026f82099e/out/kataru-ecd36b026f82099e)
[INFO] [stdout] 
[INFO] [stdout] running 11 tests
[INFO] [stdout] test structs::attributes::tests::test_extract_attr ... ok
[INFO] [stdout] test structs::dialogue::tests::test_dialogue ... ok
[INFO] [stdout] test structs::branches::tests::test_branches_length ... ok
[INFO] [stdout] test structs::section::tests::test_namespace_resolution ... ok
[INFO] [stdout] test structs::choices::tests::test_choices_length ... ok
[INFO] [stdout] test structs::choices::tests::test_choices_order ... ok
[INFO] [stdout] test value::parser::tests::test_invalid_expr ... ok
[INFO] [stdout] test vars::tests::test_str_replace ... ok
[INFO] [stdout] test value::parser::tests::test_parse_expr ... ok
[INFO] [stdout] test runner::tests::test_default_bookmark ... ok
[INFO] [stdout] test vars::tests::test_invalid_vars ... ok
[INFO] [stdout] 
[INFO] [stdout] test result: ok. 11 passed; 0 failed; 0 ignored; 0 measured; 0 filtered out; finished in 0.01s
[INFO] [stdout] 
[INFO] [stderr]      Running tests/attributes.rs (/opt/rustwide/target/release/build/kataru/ba2c1a6282b69dd2/out/attributes-ba2c1a6282b69dd2)
[INFO] [stdout] 
[INFO] [stdout] running 1 test
[INFO] [stdout] test test_attributes ... ok
[INFO] [stdout] 
[INFO] [stdout] test result: ok. 1 passed; 0 failed; 0 ignored; 0 measured; 0 filtered out; finished in 0.01s
[INFO] [stdout] 
[INFO] [stdout] 
[INFO] [stdout] running 1 test
[INFO] [stderr]      Running tests/autogen.rs (/opt/rustwide/target/release/build/kataru/de523f43167b72fc/out/autogen-de523f43167b72fc)
[INFO] [stdout] test test_autogen ... ok
[INFO] [stdout] 
[INFO] [stdout] test result: ok. 1 passed; 0 failed; 0 ignored; 0 measured; 0 filtered out; finished in 0.00s
[INFO] [stdout] 
[INFO] [stderr]      Running tests/bugtest.rs (/opt/rustwide/target/release/build/kataru/739de6726797f9a0/out/bugtest-739de6726797f9a0)
[INFO] [stdout] 
[INFO] [stdout] running 1 test
[INFO] [stdout] test test_attributes ... ok
[INFO] [stdout] 
[INFO] [stdout] test result: ok. 1 passed; 0 failed; 0 ignored; 0 measured; 0 filtered out; finished in 0.00s
[INFO] [stdout] 
[INFO] [stderr]      Running tests/choices.rs (/opt/rustwide/target/release/build/kataru/61bd221016fa4f90/out/choices-61bd221016fa4f90)
[INFO] [stdout] 
[INFO] [stdout] running 2 tests
[INFO] [stderr]      Running tests/conditionals.rs (/opt/rustwide/target/release/build/kataru/c75f05367b7ee4f0/out/conditionals-c75f05367b7ee4f0)
[INFO] [stdout] test test_default ... ok
[INFO] [stdout] test test_choices ... ok
[INFO] [stdout] 
[INFO] [stdout] test result: ok. 2 passed; 0 failed; 0 ignored; 0 measured; 0 filtered out; finished in 0.00s
[INFO] [stdout] 
[INFO] [stdout] 
[INFO] [stdout] running 1 test
[INFO] [stdout] test test_conditionals ... ok
[INFO] [stdout] 
[INFO] [stdout] test result: ok. 1 passed; 0 failed; 0 ignored; 0 measured; 0 filtered out; finished in 0.01s
[INFO] [stdout] 
[INFO] [stderr]      Running tests/file_formats.rs (/opt/rustwide/target/release/build/kataru/f2442a054d1ab405/out/file_formats-f2442a054d1ab405)
[INFO] [stdout] 
[INFO] [stdout] running 2 tests
[INFO] [stdout] test test_default_bookmark ... FAILED
[INFO] [stdout] test test_story2 ... ok
[INFO] [stdout] 
[INFO] [stdout] failures:
[INFO] [stdout] 
[INFO] [stdout] ---- test_default_bookmark stdout ----
[INFO] [stdout] 
[INFO] [stdout] thread 'test_default_bookmark' (1301) panicked at tests/file_formats.rs:33:6:
[INFO] [stdout] called `Result::unwrap()` on an `Err` value: Failed to create file: Os { code: 30, kind: ReadOnlyFilesystem, message: "Read-only file system" }, { file: src/error.rs, line: 24 }
[INFO] [stdout] stack backtrace:
[INFO] [stdout]    0:     0x5c57972140a1 - <<std[617be2ca0a6fd877]::sys::backtrace::BacktraceLock>::print::DisplayBacktrace as core[a373ad73a504971]::fmt::Display>::fmt
[INFO] [stdout]    1:     0x5c579722aa8a - core[a373ad73a504971]::fmt::write
[INFO] [stdout]    2:     0x5c579721862c - <alloc[2e1b2a31b91974c5]::vec::Vec<u8> as core[a373ad73a504971]::io::write::Write>::write_fmt
[INFO] [stdout]    3:     0x5c57971ef766 - std[617be2ca0a6fd877]::panicking::default_hook::{closure#0}
[INFO] [stdout]    4:     0x5c579720c099 - std[617be2ca0a6fd877]::panicking::default_hook
[INFO] [stdout]    5:     0x5c579706f730 - test[aada8e7e76ba119b]::test_main_inner::{closure#0}
[INFO] [stdout]    6:     0x5c579720c252 - std[617be2ca0a6fd877]::panicking::panic_with_hook
[INFO] [stdout]    7:     0x5c57971ef812 - std[617be2ca0a6fd877]::panicking::panic_handler::{closure#0}
[INFO] [stdout]    8:     0x5c57971e82f9 - std[617be2ca0a6fd877]::sys::backtrace::__rust_end_short_backtrace::<std[617be2ca0a6fd877]::panicking::panic_handler::{closure#0}, !>
[INFO] [stdout]    9:     0x5c57971f041d - __rustc[ea4f61d10b84890b]::rust_begin_unwind
[INFO] [stdout]   10:     0x5c579722b26c - core[a373ad73a504971]::panicking::panic_fmt
[INFO] [stdout]   11:     0x5c579722b042 - core[a373ad73a504971]::result::unwrap_failed
[INFO] [stdout]   12:     0x5c579705e23b - <file_formats[fee31dfbe398ad76]::test_default_bookmark::{closure#0} as core[a373ad73a504971]::ops::function::FnOnce<()>>::call_once
[INFO] [stdout]   13:     0x5c5797062b7b - test[aada8e7e76ba119b]::__rust_begin_short_backtrace::<core[a373ad73a504971]::result::Result<(), alloc[2e1b2a31b91974c5]::string::String>, fn() -> core[a373ad73a504971]::result::Result<(), alloc[2e1b2a31b91974c5]::string::String>>
[INFO] [stdout]   14:     0x5c579706fd55 - test[aada8e7e76ba119b]::run_test::{closure#0}
[INFO] [stdout]   15:     0x5c5797069644 - std[617be2ca0a6fd877]::sys::backtrace::__rust_begin_short_backtrace::<test[aada8e7e76ba119b]::run_test::{closure#1}, ()>
[INFO] [stdout]   16:     0x5c5797072de2 - <std[617be2ca0a6fd877]::thread::lifecycle::spawn_unchecked<test[aada8e7e76ba119b]::run_test::{closure#1}, ()>::{closure#1} as core[a373ad73a504971]::ops::function::FnOnce<()>>::call_once::{shim:vtable#0}
[INFO] [stdout]   17:     0x5c57972135ef - <std[617be2ca0a6fd877]::sys::thread::unix::Thread>::new::thread_start
[INFO] [stdout]   18:     0x79ec83f90dfa - <unknown>
[INFO] [stdout]   19:     0x79ec840243d4 - clone
[INFO] [stdout]   20:                0x0 - <unknown>
[INFO] [stdout] 
[INFO] [stdout] 
[INFO] [stdout] failures:
[INFO] [stdout]     test_default_bookmark
[INFO] [stdout] 
[INFO] [stdout] test result: FAILED. 1 passed; 1 failed; 0 ignored; 0 measured; 0 filtered out; finished in 0.00s
[INFO] [stdout] 
[INFO] [stderr] error: test failed, to rerun pass `--test file_formats`
[INFO] running `Command { std: "docker" "inspect" "e30d9b42b0d0004e0fe7365f3a9ce014030883dc04d5b53dc22b4134a91c4353", kill_on_drop: false }`
[INFO] running `Command { std: "docker" "rm" "-f" "e30d9b42b0d0004e0fe7365f3a9ce014030883dc04d5b53dc22b4134a91c4353", kill_on_drop: false }`
[INFO] [stdout] e30d9b42b0d0004e0fe7365f3a9ce014030883dc04d5b53dc22b4134a91c4353
