[INFO] fetching crate kastellan-worker-prelude 0.2.0...
[INFO] testing kastellan-worker-prelude-0.2.0 against 1.99.0-beta.8+cargoflags=--release for beta-release-1.100-2
[INFO] extracting crate kastellan-worker-prelude 0.2.0 into /workspace/builds/worker-0-tc1/source
[INFO] started tweaking crates.io crate kastellan-worker-prelude 0.2.0
[INFO] removed 0 missing tests
[INFO] finished tweaking crates.io crate kastellan-worker-prelude 0.2.0
[INFO] tweaked toml for crates.io crate kastellan-worker-prelude 0.2.0 written to /workspace/builds/worker-0-tc1/source/Cargo.toml
[INFO] validating manifest of crates.io crate kastellan-worker-prelude 0.2.0 on toolchain 1.99.0-beta.8
[INFO] running `Command { std: CARGO_HOME="/workspace/cargo-home" RUSTUP_HOME="/workspace/rustup-home" "/workspace/cargo-home/bin/cargo" "+1.99.0-beta.8" "metadata" "--manifest-path" "Cargo.toml" "--no-deps", kill_on_drop: false }`
[INFO] crate crates.io crate kastellan-worker-prelude 0.2.0 already has a lockfile, it will not be regenerated
[INFO] running `Command { std: CARGO_HOME="/workspace/cargo-home" RUSTUP_HOME="/workspace/rustup-home" "/workspace/cargo-home/bin/cargo" "+1.99.0-beta.8" "fetch" "--manifest-path" "Cargo.toml", kill_on_drop: false }`
[INFO] [stderr]     Updating crates.io index
[INFO] [stderr]  Downloading crates ...
[INFO] [stderr]   Downloaded seccompiler v0.5.0
[INFO] [stderr]   Downloaded kastellan-protocol v0.2.0
[INFO] [stderr]   Downloaded landlock v0.4.5
[INFO] running `Command { std: "docker" "create" "-v" "/var/lib/crater-agent-workspace/builds/worker-0-tc1/source:/opt/rustwide/workdir:ro,Z" "-v" "/var/lib/crater-agent-workspace/builds/worker-0-tc1/target:/opt/rustwide/target:rw,Z" "-v" "/var/lib/crater-agent-workspace/cargo-home:/opt/rustwide/cargo-home:ro,Z" "-v" "/var/lib/crater-agent-workspace/rustup-home:/opt/rustwide/rustup-home:ro,Z" "-m" "1610612736" "--network" "none" "ghcr.io/rust-lang/crates-build-env/linux@sha256:77db811e55d90add9212f6832c23229e3de5f1c1f9905e8cb07319ea15df73ac" "sleep" "infinity", kill_on_drop: false }`
[INFO] [stdout] cf7f121f448cd58b9fc1bb87864f1459a146ed0b5601e45ef8223305c8d730e9
[INFO] running `Command { std: "docker" "start" "cf7f121f448cd58b9fc1bb87864f1459a146ed0b5601e45ef8223305c8d730e9", kill_on_drop: false }`
[INFO] running `Command { std: "docker" "inspect" "cf7f121f448cd58b9fc1bb87864f1459a146ed0b5601e45ef8223305c8d730e9", kill_on_drop: false }`
[INFO] running `Command { std: "docker" "exec" "-e" "SOURCE_DIR=/opt/rustwide/workdir" "-e" "CARGO_HOME=/opt/rustwide/cargo-home" "-e" "RUSTUP_HOME=/opt/rustwide/rustup-home" "-e" "CARGO_TARGET_DIR=/opt/rustwide/target" "-w" "/opt/rustwide/workdir" "--user" "0:0" "cf7f121f448cd58b9fc1bb87864f1459a146ed0b5601e45ef8223305c8d730e9" "/opt/rustwide/cargo-home/bin/cargo" "+1.99.0-beta.8" "metadata" "--no-deps" "--format-version=1", kill_on_drop: false }`
[INFO] running `Command { std: "docker" "inspect" "cf7f121f448cd58b9fc1bb87864f1459a146ed0b5601e45ef8223305c8d730e9", kill_on_drop: false }`
[INFO] running `Command { std: "docker" "exec" "-e" "SOURCE_DIR=/opt/rustwide/workdir" "-e" "CARGO_HOME=/opt/rustwide/cargo-home" "-e" "RUSTUP_HOME=/opt/rustwide/rustup-home" "-e" "CARGO_TARGET_DIR=/opt/rustwide/target" "-e" "CARGO_INCREMENTAL=0" "-e" "RUST_BACKTRACE=full" "-e" "RUSTFLAGS=--cap-lints=warn" "-e" "RUSTDOCFLAGS=--cap-lints=warn" "-w" "/opt/rustwide/workdir" "--user" "0:0" "cf7f121f448cd58b9fc1bb87864f1459a146ed0b5601e45ef8223305c8d730e9" "/opt/rustwide/cargo-home/bin/cargo" "+1.99.0-beta.8" "build" "--frozen" "--message-format=json" "--release", kill_on_drop: false }`
[INFO] [stderr]    Compiling syn v2.0.118
[INFO] [stderr]    Compiling serde_json v1.0.150
[INFO] [stderr]    Compiling seccompiler v0.5.0
[INFO] [stderr]    Compiling thiserror-impl v2.0.18
[INFO] [stderr]    Compiling serde_derive v1.0.228
[INFO] [stderr]    Compiling enumflags2_derive v0.7.12
[INFO] [stderr]    Compiling enumflags2 v0.7.12
[INFO] [stderr]    Compiling thiserror v2.0.18
[INFO] [stderr]    Compiling landlock v0.4.5
[INFO] [stderr]    Compiling serde v1.0.228
[INFO] [stderr]    Compiling kastellan-protocol v0.2.0
[INFO] [stderr]    Compiling kastellan-worker-prelude v0.2.0 (/opt/rustwide/workdir)
[INFO] [stderr]     Finished `release` profile [optimized] target(s) in 11.90s
[INFO] running `Command { std: "docker" "inspect" "cf7f121f448cd58b9fc1bb87864f1459a146ed0b5601e45ef8223305c8d730e9", kill_on_drop: false }`
[INFO] running `Command { std: "docker" "exec" "-e" "SOURCE_DIR=/opt/rustwide/workdir" "-e" "CARGO_HOME=/opt/rustwide/cargo-home" "-e" "RUSTUP_HOME=/opt/rustwide/rustup-home" "-e" "CARGO_TARGET_DIR=/opt/rustwide/target" "-e" "CARGO_INCREMENTAL=0" "-e" "RUST_BACKTRACE=full" "-e" "RUSTFLAGS=--cap-lints=warn" "-e" "RUSTDOCFLAGS=--cap-lints=warn" "-w" "/opt/rustwide/workdir" "--user" "0:0" "cf7f121f448cd58b9fc1bb87864f1459a146ed0b5601e45ef8223305c8d730e9" "/opt/rustwide/cargo-home/bin/cargo" "+1.99.0-beta.8" "test" "--frozen" "--no-run" "--message-format=json" "--release", kill_on_drop: false }`
[INFO] [stderr]    Compiling kastellan-worker-prelude v0.2.0 (/opt/rustwide/workdir)
[INFO] [stderr]     Finished `release` profile [optimized] target(s) in 3.00s
[INFO] running `Command { std: "docker" "inspect" "cf7f121f448cd58b9fc1bb87864f1459a146ed0b5601e45ef8223305c8d730e9", kill_on_drop: false }`
[INFO] running `Command { std: "docker" "exec" "-e" "SOURCE_DIR=/opt/rustwide/workdir" "-e" "CARGO_HOME=/opt/rustwide/cargo-home" "-e" "RUSTUP_HOME=/opt/rustwide/rustup-home" "-e" "CARGO_TARGET_DIR=/opt/rustwide/target" "-e" "CARGO_INCREMENTAL=0" "-e" "RUST_BACKTRACE=full" "-e" "RUSTFLAGS=--cap-lints=warn" "-e" "RUSTDOCFLAGS=--cap-lints=warn" "-w" "/opt/rustwide/workdir" "--user" "0:0" "cf7f121f448cd58b9fc1bb87864f1459a146ed0b5601e45ef8223305c8d730e9" "/opt/rustwide/cargo-home/bin/cargo" "+1.99.0-beta.8" "test" "--frozen" "--release", kill_on_drop: false }`
[INFO] [stderr]     Finished `release` profile [optimized] target(s) in 0.04s
[INFO] [stderr]      Running unittests src/lib.rs (/opt/rustwide/target/release/deps/kastellan_worker_prelude-6e8d7368312a6e1b)
[INFO] [stdout] 
[INFO] [stdout] running 41 tests
[INFO] [stdout] test landlock_lock::tests::parse_ro_string_accepts_absolute_paths ... ok
[INFO] [stdout] test landlock_lock::tests::landlock_disabled_only_for_explicit_none ... ok
[INFO] [stdout] test landlock_lock::tests::parse_rw_string_accepts_absolute_paths ... ok
[INFO] [stdout] test landlock_lock::tests::parse_ro_string_rejects_bad_json ... ok
[INFO] [stdout] test landlock_lock::tests::parse_ro_string_rejects_relative_paths ... ok
[INFO] [stdout] test landlock_lock::tests::parse_rw_string_empty_array_yields_empty_vec ... ok
[INFO] [stdout] test landlock_lock::tests::parse_ro_string_empty_array_yields_empty_vec ... ok
[INFO] [stdout] test rlimit::tests::cpu_ms_to_seconds_just_over_one_second_yields_two ... ok
[INFO] [stdout] test rlimit::tests::cpu_ms_to_seconds_just_under_one_second_yields_one ... ok
[INFO] [stdout] test rlimit::tests::cpu_ms_to_seconds_saturates_on_overflow ... ok
[INFO] [stdout] test seccomp_lock::tests::browser_client_includes_the_spike_additions ... ok
[INFO] [stdout] test rlimit::tests::cpu_ms_to_seconds_exactly_one_second_yields_one ... ok
[INFO] [stdout] test rlimit::tests::apply_from_env_unset_returns_disabled ... ok
[INFO] [stdout] test seccomp_lock::tests::build_bpf_matrix_client_succeeds ... ok
[INFO] [stdout] test seccomp_lock::tests::build_bpf_ml_client_succeeds ... ok
[INFO] [stdout] test seccomp_lock::tests::io_uring_is_allowed_in_the_main_filter_but_eperm_listed_separately ... ok
[INFO] [stdout] test seccomp_lock::tests::build_bpf_net_client_succeeds ... ok
[INFO] [stdout] test seccomp_lock::tests::build_bpf_strict_succeeds ... ok
[INFO] [stdout] test seccomp_lock::tests::browser_client_is_a_superset_of_net_client ... ok
[INFO] [stdout] test landlock_lock::tests::parse_rw_string_rejects_bad_json ... ok
[INFO] [stdout] test rlimit::tests::apply_from_env_zero_returns_disabled ... ok
[INFO] [stdout] test rlimit::tests::apply_from_env_empty_string_returns_disabled ... ok
[INFO] [stdout] test rlimit::tests::cpu_ms_to_seconds_one_yields_one ... ok
[INFO] [stdout] test landlock_lock::tests::parse_rw_string_rejects_relative_paths ... ok
[INFO] [stdout] test rlimit::tests::apply_from_env_garbage_returns_env_error ... ok
[INFO] [stdout] test seccomp_lock::tests::build_bpf_browser_client_succeeds ... ok
[INFO] [stdout] test seccomp_lock::tests::profile_parse_recognises_known_values ... ok
[INFO] [stdout] test seccomp_lock::tests::ml_client_excludes_escape_primitives ... ok
[INFO] [stdout] test seccomp_lock::tests::profile_parse_rejects_unknown ... ok
[INFO] [stdout] test seccomp_lock::tests::io_uring_eperm_filter_builds ... ok
[INFO] [stdout] test seccomp_lock::tests::essentials_are_in_base_allow_list ... ok
[INFO] [stdout] test rlimit::tests::cpu_ms_to_seconds_zero_yields_zero ... ok
[INFO] [stdout] test seccomp_lock::tests::matrix_client_excludes_escape_primitives ... ok
[INFO] [stdout] test seccomp_lock::tests::matrix_client_includes_enumerated_additions ... ok
[INFO] [stdout] test seccomp_lock::tests::matrix_client_is_a_superset_of_net_client ... ok
[INFO] [stdout] test seccomp_lock::tests::ml_client_is_a_superset_of_net_client ... ok
[INFO] [stdout] test seccomp_lock::tests::profile_parse_recognises_matrix_client ... ok
[INFO] [stdout] test seccomp_lock::tests::profile_parse_recognises_ml_client ... ok
[INFO] [stdout] test seccomp_lock::tests::socket_is_only_in_net_client_profile ... ok
[INFO] [stderr]      Running unittests src/bin/lockdown_probe.rs (/opt/rustwide/target/release/deps/kastellan_lockdown_probe-e2a1013b2a8abf9a)
[INFO] [stdout] test seccomp_lock::tests::ml_client_includes_enumerated_numa_additions ... ok
[INFO] [stdout] test seccomp_lock::tests::unshare_is_not_in_allow_list ... ok
[INFO] [stdout] 
[INFO] [stdout] test result: ok. 41 passed; 0 failed; 0 ignored; 0 measured; 0 filtered out; finished in 0.01s
[INFO] [stdout] 
[INFO] [stdout] 
[INFO] [stderr]      Running unittests src/bin/lockdown_exec.rs (/opt/rustwide/target/release/deps/kastellan_worker_lockdown_exec-7e25285214dba6d2)
[INFO] [stdout] running 0 tests
[INFO] [stderr]      Running tests/coreutils_smoke.rs (/opt/rustwide/target/release/deps/coreutils_smoke-f6b40b6cbb7a7fad)
[INFO] [stdout] 
[INFO] [stdout] test result: ok. 0 passed; 0 failed; 0 ignored; 0 measured; 0 filtered out; finished in 0.00s
[INFO] [stdout] 
[INFO] [stdout] 
[INFO] [stdout] running 0 tests
[INFO] [stdout] 
[INFO] [stdout] test result: ok. 0 passed; 0 failed; 0 ignored; 0 measured; 0 filtered out; finished in 0.00s
[INFO] [stdout] 
[INFO] [stdout] 
[INFO] [stdout] running 20 tests
[INFO] [stdout] test rm_survives_strict ... ok
[INFO] [stdout] test grep_survives_strict ... ok
[INFO] [stdout] test sh_true_survives_strict ... ok
[INFO] [stdout] test awk_survives_strict ... ok
[INFO] [stdout] test sed_survives_strict ... ok
[INFO] [stdout] test gzip_survives_strict ... ok
[INFO] [stdout] test find_survives_strict ... ok
[INFO] [stdout] test mv_survives_strict ... ok
[INFO] [stdout] test cp_survives_strict ... ok
[INFO] [stdout] test mkdir_survives_strict ... ok
[INFO] [stdout] test ls_survives_strict ... ok
[INFO] [stdout] test touch_survives_strict ... ok
[INFO] [stdout] test wc_survives_strict ... ok
[INFO] [stdout] test uniq_survives_strict ... ok
[INFO] [stdout] test tail_survives_strict ... ok
[INFO] [stdout] test sort_survives_strict ... ok
[INFO] [stdout] test tar_survives_strict ... ok
[INFO] [stdout] test head_survives_strict ... ok
[INFO] [stdout] test python3_survives_strict ... ok
[INFO] [stdout] test cat_survives_strict ... FAILED
[INFO] [stdout] 
[INFO] [stdout] failures:
[INFO] [stdout] 
[INFO] [stdout] ---- cat_survives_strict stdout ----
[INFO] [stdout] 
[INFO] [stdout] thread 'cat_survives_strict' (697) panicked at tests/coreutils_smoke.rs:141:9:
[INFO] [stdout] assertion `left != right` failed: BASE_ALLOW gap: /usr/bin/cat was killed by SIGSYS (signal 31). A non-allow-listed syscall fired. Inspect with: 
[INFO] [stdout]   strace -fc /usr/bin/cat <args>
[INFO] [stdout] stderr: RLIMIT_REPORT: Disabled
[INFO] [stdout] LOCKDOWN_REPORT: Linux { landlock: FullyEnforced, seccomp: Installed, rlimit: Disabled }
[INFO] [stdout] 
[INFO] [stdout] stdout: 
[INFO] [stdout]   left: 31
[INFO] [stdout]  right: 31
[INFO] [stdout] stack backtrace:
[INFO] [stdout]    0:     0x5894d2770211 - <<std[70759c8f55707aa4]::sys::backtrace::BacktraceLock>::print::DisplayBacktrace as core[df12db4294e9bfd3]::fmt::Display>::fmt
[INFO] [stdout]    1:     0x5894d27848aa - core[df12db4294e9bfd3]::fmt::write
[INFO] [stdout]    2:     0x5894d277495c - <alloc[2182bb758b4b3781]::vec::Vec<u8> as core[df12db4294e9bfd3]::io::write::Write>::write_fmt
[INFO] [stdout]    3:     0x5894d274b236 - std[70759c8f55707aa4]::panicking::default_hook::{closure#0}
[INFO] [stdout]    4:     0x5894d27680b9 - std[70759c8f55707aa4]::panicking::default_hook
[INFO] [stdout]    5:     0x5894d2703640 - test[9d35eded1c95d3be]::test_main_inner::<test[9d35eded1c95d3be]::test_main_static::{closure#0}>::{closure#0}
[INFO] [stdout]    6:     0x5894d2768272 - std[70759c8f55707aa4]::panicking::panic_with_hook
[INFO] [stdout]    7:     0x5894d274b2e2 - std[70759c8f55707aa4]::panicking::panic_handler::{closure#0}
[INFO] [stdout]    8:     0x5894d2743f49 - std[70759c8f55707aa4]::sys::backtrace::__rust_end_short_backtrace::<std[70759c8f55707aa4]::panicking::panic_handler::{closure#0}, !>
[INFO] [stdout]    9:     0x5894d274bedd - __rustc[8fa7c3cbc660c2b3]::rust_begin_unwind
[INFO] [stdout]   10:     0x5894d2784fdc - core[df12db4294e9bfd3]::panicking::panic_fmt
[INFO] [stdout]   11:     0x5894d2784f53 - core[df12db4294e9bfd3]::panicking::assert_failed_inner
[INFO] [stdout]   12:     0x5894d2743ae5 - core[df12db4294e9bfd3]::panicking::assert_failed::<i32, i32>
[INFO] [stdout]   13:     0x5894d26ef674 - coreutils_smoke[4b155cea49b5343b]::assert_no_sigsys
[INFO] [stdout]   14:     0x5894d26f1013 - <coreutils_smoke[4b155cea49b5343b]::cat_survives_strict::{closure#0} as core[df12db4294e9bfd3]::ops::function::FnOnce<()>>::call_once
[INFO] [stdout]   15:     0x5894d26f692b - test[9d35eded1c95d3be]::__rust_begin_short_backtrace::<core[df12db4294e9bfd3]::result::Result<(), alloc[2182bb758b4b3781]::string::String>, fn() -> core[df12db4294e9bfd3]::result::Result<(), alloc[2182bb758b4b3781]::string::String>>
[INFO] [stdout]   16:     0x5894d2703f95 - test[9d35eded1c95d3be]::run_test::{closure#0}
[INFO] [stdout]   17:     0x5894d26fd854 - std[70759c8f55707aa4]::sys::backtrace::__rust_begin_short_backtrace::<test[9d35eded1c95d3be]::run_test::{closure#1}, ()>
[INFO] [stdout]   18:     0x5894d27070f2 - <std[70759c8f55707aa4]::thread::lifecycle::spawn_unchecked<test[9d35eded1c95d3be]::run_test::{closure#1}, ()>::{closure#1} as core[df12db4294e9bfd3]::ops::function::FnOnce<()>>::call_once::{shim:vtable#0}
[INFO] [stdout]   19:     0x5894d276f8f9 - <std[70759c8f55707aa4]::sys::thread::unix::Thread>::new::thread_start
[INFO] [stdout]   20:     0x7741e92e2dfa - <unknown>
[INFO] [stdout]   21:     0x7741e93763d4 - clone
[INFO] [stdout]   22:                0x0 - <unknown>
[INFO] [stdout] 
[INFO] [stdout] 
[INFO] [stdout] failures:
[INFO] [stdout]     cat_survives_strict
[INFO] [stdout] 
[INFO] [stdout] test result: FAILED. 19 passed; 1 failed; 0 ignored; 0 measured; 0 filtered out; finished in 0.57s
[INFO] [stdout] 
[INFO] [stderr] error: test failed, to rerun pass `--test coreutils_smoke`
[INFO] running `Command { std: "docker" "inspect" "cf7f121f448cd58b9fc1bb87864f1459a146ed0b5601e45ef8223305c8d730e9", kill_on_drop: false }`
[INFO] running `Command { std: "docker" "rm" "-f" "cf7f121f448cd58b9fc1bb87864f1459a146ed0b5601e45ef8223305c8d730e9", kill_on_drop: false }`
[INFO] [stdout] cf7f121f448cd58b9fc1bb87864f1459a146ed0b5601e45ef8223305c8d730e9
