[INFO] fetching crate kaspa-workflow-perf-monitor 0.0.3...
[INFO] testing kaspa-workflow-perf-monitor-0.0.3 against 1.99.0-beta.8+cargoflags=--release for beta-release-1.100-2
[INFO] extracting crate kaspa-workflow-perf-monitor 0.0.3 into /workspace/builds/worker-0-tc1/source
[INFO] started tweaking crates.io crate kaspa-workflow-perf-monitor 0.0.3
[INFO] removed 0 missing examples
[INFO] finished tweaking crates.io crate kaspa-workflow-perf-monitor 0.0.3
[INFO] tweaked toml for crates.io crate kaspa-workflow-perf-monitor 0.0.3 written to /workspace/builds/worker-0-tc1/source/Cargo.toml
[INFO] validating manifest of crates.io crate kaspa-workflow-perf-monitor 0.0.3 on toolchain 1.99.0-beta.8
[INFO] running `Command { std: CARGO_HOME="/workspace/cargo-home" RUSTUP_HOME="/workspace/rustup-home" "/workspace/cargo-home/bin/cargo" "+1.99.0-beta.8" "metadata" "--manifest-path" "Cargo.toml" "--no-deps", kill_on_drop: false }`
[INFO] crate crates.io crate kaspa-workflow-perf-monitor 0.0.3 already has a lockfile, it will not be regenerated
[INFO] running `Command { std: CARGO_HOME="/workspace/cargo-home" RUSTUP_HOME="/workspace/rustup-home" "/workspace/cargo-home/bin/cargo" "+1.99.0-beta.8" "fetch" "--manifest-path" "Cargo.toml", kill_on_drop: false }`
[INFO] running `Command { std: "docker" "create" "-v" "/var/lib/crater-agent-workspace/builds/worker-0-tc1/source:/opt/rustwide/workdir:ro,Z" "-v" "/var/lib/crater-agent-workspace/builds/worker-0-tc1/target:/opt/rustwide/target:rw,Z" "-v" "/var/lib/crater-agent-workspace/cargo-home:/opt/rustwide/cargo-home:ro,Z" "-v" "/var/lib/crater-agent-workspace/rustup-home:/opt/rustwide/rustup-home:ro,Z" "-m" "1610612736" "--network" "none" "ghcr.io/rust-lang/crates-build-env/linux@sha256:77db811e55d90add9212f6832c23229e3de5f1c1f9905e8cb07319ea15df73ac" "sleep" "infinity", kill_on_drop: false }`
[INFO] [stdout] c26d736085d29dae2d509f495567997cfdb4c27bb14182376fd50bfe42b9cc76
[INFO] running `Command { std: "docker" "start" "c26d736085d29dae2d509f495567997cfdb4c27bb14182376fd50bfe42b9cc76", kill_on_drop: false }`
[INFO] running `Command { std: "docker" "inspect" "c26d736085d29dae2d509f495567997cfdb4c27bb14182376fd50bfe42b9cc76", kill_on_drop: false }`
[INFO] running `Command { std: "docker" "exec" "-e" "SOURCE_DIR=/opt/rustwide/workdir" "-e" "CARGO_HOME=/opt/rustwide/cargo-home" "-e" "RUSTUP_HOME=/opt/rustwide/rustup-home" "-e" "CARGO_TARGET_DIR=/opt/rustwide/target" "-w" "/opt/rustwide/workdir" "--user" "0:0" "c26d736085d29dae2d509f495567997cfdb4c27bb14182376fd50bfe42b9cc76" "/opt/rustwide/cargo-home/bin/cargo" "+1.99.0-beta.8" "metadata" "--no-deps" "--format-version=1", kill_on_drop: false }`
[INFO] running `Command { std: "docker" "inspect" "c26d736085d29dae2d509f495567997cfdb4c27bb14182376fd50bfe42b9cc76", kill_on_drop: false }`
[INFO] running `Command { std: "docker" "exec" "-e" "SOURCE_DIR=/opt/rustwide/workdir" "-e" "CARGO_HOME=/opt/rustwide/cargo-home" "-e" "RUSTUP_HOME=/opt/rustwide/rustup-home" "-e" "CARGO_TARGET_DIR=/opt/rustwide/target" "-e" "CARGO_INCREMENTAL=0" "-e" "RUST_BACKTRACE=full" "-e" "RUSTFLAGS=--cap-lints=warn" "-e" "RUSTDOCFLAGS=--cap-lints=warn" "-w" "/opt/rustwide/workdir" "--user" "0:0" "c26d736085d29dae2d509f495567997cfdb4c27bb14182376fd50bfe42b9cc76" "/opt/rustwide/cargo-home/bin/cargo" "+1.99.0-beta.8" "build" "--frozen" "--message-format=json" "--release", kill_on_drop: false }`
[INFO] [stderr]    Compiling syn v2.0.118
[INFO] [stderr]    Compiling clang-sys v1.8.1
[INFO] [stderr]    Compiling prettyplease v0.2.37
[INFO] [stderr]    Compiling memchr v2.8.2
[INFO] [stderr]    Compiling bindgen v0.72.1
[INFO] [stderr]    Compiling rustc-hash v2.1.2
[INFO] [stderr]    Compiling bitflags v2.13.0
[INFO] [stderr]    Compiling regex-automata v0.4.14
[INFO] [stderr]    Compiling libloading v0.8.9
[INFO] [stderr]    Compiling itertools v0.13.0
[INFO] [stderr]    Compiling nom v7.1.3
[INFO] [stderr]    Compiling regex v1.12.4
[INFO] [stderr]    Compiling cexpr v0.6.0
[INFO] [stderr]    Compiling thiserror-impl v1.0.69
[INFO] [stderr]    Compiling thiserror v1.0.69
[INFO] [stderr]    Compiling kaspa-workflow-perf-monitor v0.0.3 (/opt/rustwide/workdir)
[INFO] [stdout] warning: function `fd_count_pid` is never used
[INFO] [stdout]  --> src/fd/android_linux.rs:1:8
[INFO] [stdout]   |
[INFO] [stdout] 1 | pub fn fd_count_pid(pid: u32) -> std::io::Result<usize> {
[INFO] [stdout]   |        ^^^^^^^^^^^^
[INFO] [stdout]   |
[INFO] [stdout]   = note: `#[warn(dead_code)]` (part of `#[warn(unused)]`) on by default
[INFO] [stdout] 
[INFO] [stdout] 
[INFO] [stdout] warning: trait `HandleUpgrade` is never used
[INFO] [stdout]  --> src/utils/ptr_upgrade.rs:4:11
[INFO] [stdout]   |
[INFO] [stdout] 4 | pub trait HandleUpgrade: Sized {
[INFO] [stdout]   |           ^^^^^^^^^^^^^
[INFO] [stdout] 
[INFO] [stdout] 
[INFO] [stderr]     Finished `release` profile [optimized] target(s) in 16.23s
[INFO] running `Command { std: "docker" "inspect" "c26d736085d29dae2d509f495567997cfdb4c27bb14182376fd50bfe42b9cc76", kill_on_drop: false }`
[INFO] running `Command { std: "docker" "exec" "-e" "SOURCE_DIR=/opt/rustwide/workdir" "-e" "CARGO_HOME=/opt/rustwide/cargo-home" "-e" "RUSTUP_HOME=/opt/rustwide/rustup-home" "-e" "CARGO_TARGET_DIR=/opt/rustwide/target" "-e" "CARGO_INCREMENTAL=0" "-e" "RUST_BACKTRACE=full" "-e" "RUSTFLAGS=--cap-lints=warn" "-e" "RUSTDOCFLAGS=--cap-lints=warn" "-w" "/opt/rustwide/workdir" "--user" "0:0" "c26d736085d29dae2d509f495567997cfdb4c27bb14182376fd50bfe42b9cc76" "/opt/rustwide/cargo-home/bin/cargo" "+1.99.0-beta.8" "test" "--frozen" "--no-run" "--message-format=json" "--release", kill_on_drop: false }`
[INFO] [stderr]    Compiling zerocopy-derive v0.8.52
[INFO] [stderr]    Compiling serde_derive v1.0.228
[INFO] [stderr]    Compiling regex-syntax v0.8.11
[INFO] [stderr]    Compiling itertools v0.10.5
[INFO] [stderr]    Compiling rayon v1.12.0
[INFO] [stderr]    Compiling is-terminal v0.4.17
[INFO] [stderr]    Compiling clap v4.6.1
[INFO] [stdout] warning: function `fd_count_pid` is never used
[INFO] [stdout]  --> src/fd/android_linux.rs:1:8
[INFO] [stdout]   |
[INFO] [stdout] 1 | pub fn fd_count_pid(pid: u32) -> std::io::Result<usize> {
[INFO] [stdout]   |        ^^^^^^^^^^^^
[INFO] [stdout]   |
[INFO] [stdout]   = note: `#[warn(dead_code)]` (part of `#[warn(unused)]`) on by default
[INFO] [stdout] 
[INFO] [stdout] 
[INFO] [stdout] warning: trait `HandleUpgrade` is never used
[INFO] [stdout]  --> src/utils/ptr_upgrade.rs:4:11
[INFO] [stdout]   |
[INFO] [stdout] 4 | pub trait HandleUpgrade: Sized {
[INFO] [stdout]   |           ^^^^^^^^^^^^^
[INFO] [stdout] 
[INFO] [stdout] 
[INFO] [stderr]    Compiling zerocopy v0.8.52
[INFO] [stderr]    Compiling criterion-plot v0.5.0
[INFO] [stderr]    Compiling serde v1.0.228
[INFO] [stderr]    Compiling regex-automata v0.4.14
[INFO] [stderr]    Compiling tinytemplate v1.2.1
[INFO] [stderr]    Compiling regex v1.12.4
[INFO] [stderr]    Compiling half v2.7.1
[INFO] [stderr]    Compiling ciborium-ll v0.2.2
[INFO] [stderr]    Compiling ciborium v0.2.2
[INFO] [stderr]    Compiling criterion v0.5.1
[INFO] [stderr]    Compiling kaspa-workflow-perf-monitor v0.0.3 (/opt/rustwide/workdir)
[INFO] [stdout] warning: function `fd_count_pid` is never used
[INFO] [stdout]  --> src/fd/android_linux.rs:1:8
[INFO] [stdout]   |
[INFO] [stdout] 1 | pub fn fd_count_pid(pid: u32) -> std::io::Result<usize> {
[INFO] [stdout]   |        ^^^^^^^^^^^^
[INFO] [stdout]   |
[INFO] [stdout]   = note: `#[warn(dead_code)]` (part of `#[warn(unused)]`) on by default
[INFO] [stdout] 
[INFO] [stdout] 
[INFO] [stdout] warning: trait `HandleUpgrade` is never used
[INFO] [stdout]  --> src/utils/ptr_upgrade.rs:4:11
[INFO] [stdout]   |
[INFO] [stdout] 4 | pub trait HandleUpgrade: Sized {
[INFO] [stdout]   |           ^^^^^^^^^^^^^
[INFO] [stdout] 
[INFO] [stdout] 
[INFO] [stderr]     Finished `release` profile [optimized] target(s) in 33.99s
[INFO] running `Command { std: "docker" "inspect" "c26d736085d29dae2d509f495567997cfdb4c27bb14182376fd50bfe42b9cc76", kill_on_drop: false }`
[INFO] running `Command { std: "docker" "exec" "-e" "SOURCE_DIR=/opt/rustwide/workdir" "-e" "CARGO_HOME=/opt/rustwide/cargo-home" "-e" "RUSTUP_HOME=/opt/rustwide/rustup-home" "-e" "CARGO_TARGET_DIR=/opt/rustwide/target" "-e" "CARGO_INCREMENTAL=0" "-e" "RUST_BACKTRACE=full" "-e" "RUSTFLAGS=--cap-lints=warn" "-e" "RUSTDOCFLAGS=--cap-lints=warn" "-w" "/opt/rustwide/workdir" "--user" "0:0" "c26d736085d29dae2d509f495567997cfdb4c27bb14182376fd50bfe42b9cc76" "/opt/rustwide/cargo-home/bin/cargo" "+1.99.0-beta.8" "test" "--frozen" "--release", kill_on_drop: false }`
[INFO] [stderr] warning: function `fd_count_pid` is never used
[INFO] [stderr]  --> src/fd/android_linux.rs:1:8
[INFO] [stderr]   |
[INFO] [stderr] 1 | pub fn fd_count_pid(pid: u32) -> std::io::Result<usize> {
[INFO] [stderr]   |        ^^^^^^^^^^^^
[INFO] [stderr]   |
[INFO] [stderr]   = note: `#[warn(dead_code)]` (part of `#[warn(unused)]`) on by default
[INFO] [stderr] 
[INFO] [stderr] warning: trait `HandleUpgrade` is never used
[INFO] [stderr]  --> src/utils/ptr_upgrade.rs:4:11
[INFO] [stderr]   |
[INFO] [stderr] 4 | pub trait HandleUpgrade: Sized {
[INFO] [stderr]   |           ^^^^^^^^^^^^^
[INFO] [stderr] 
[INFO] [stderr] warning: `kaspa-workflow-perf-monitor` (lib) generated 2 warnings
[INFO] [stderr] warning: `kaspa-workflow-perf-monitor` (lib test) generated 2 warnings (2 duplicates)
[INFO] [stderr]     Finished `release` profile [optimized] target(s) in 0.11s
[INFO] [stderr]      Running unittests src/lib.rs (/opt/rustwide/target/release/deps/workflow_perf_monitor-9cc25e2538a58269)
[INFO] [stdout] 
[INFO] [stdout] running 3 tests
[INFO] [stdout] test cpu::test::test_process_usage ... ignored
[INFO] [stdout] test fd::android_linux::test::test_fd_count ... ok
[INFO] [stdout] test cpu::test::test_thread_usage ... ok
[INFO] [stdout] 
[INFO] [stdout] test result: ok. 2 passed; 0 failed; 1 ignored; 0 measured; 0 filtered out; finished in 1.00s
[INFO] [stdout] 
[INFO] [stderr]    Doc-tests workflow_perf_monitor
[INFO] [stdout] 
[INFO] [stdout] running 3 tests
[INFO] [stdout] test src/mem/mod.rs - mem (line 7) ... ignored
[INFO] [stdout] test src/fd/mod.rs - fd (line 3) ... FAILED
[INFO] [stdout] test src/cpu/mod.rs - cpu (line 12) ... FAILED
[INFO] [stdout] 
[INFO] [stdout] failures:
[INFO] [stdout] 
[INFO] [stdout] ---- src/fd/mod.rs - fd (line 3) stdout ----
[INFO] [stdout] error[E0433]: cannot find module or crate `perf_monitor` in this scope
[INFO] [stdout]  --> src/fd/mod.rs:4:5
[INFO] [stdout]   |
[INFO] [stdout] 4 | use perf_monitor::fd::fd_count_cur;
[INFO] [stdout]   |     ^^^^^^^^^^^^ use of unresolved module or unlinked crate `perf_monitor`
[INFO] [stdout]   |
[INFO] [stdout]   = help: if you wanted to use a crate named `perf_monitor`, use `cargo add perf_monitor` to add it to your `Cargo.toml`
[INFO] [stdout] 
[INFO] [stdout] error: aborting due to 1 previous error
[INFO] [stdout] 
[INFO] [stdout] For more information about this error, try `rustc --explain E0433`.
[INFO] [stdout] Couldn't compile the test.
[INFO] [stdout] ---- src/cpu/mod.rs - cpu (line 12) stdout ----
[INFO] [stdout] error[E0433]: cannot find module or crate `perf_monitor` in this scope
[INFO] [stdout]   --> src/cpu/mod.rs:13:5
[INFO] [stdout]    |
[INFO] [stdout] 13 | use perf_monitor::cpu::ThreadStat;
[INFO] [stdout]    |     ^^^^^^^^^^^^ use of unresolved module or unlinked crate `perf_monitor`
[INFO] [stdout]    |
[INFO] [stdout]    = help: if you wanted to use a crate named `perf_monitor`, use `cargo add perf_monitor` to add it to your `Cargo.toml`
[INFO] [stdout] 
[INFO] [stdout] error: aborting due to 1 previous error
[INFO] [stdout] 
[INFO] [stdout] For more information about this error, try `rustc --explain E0433`.
[INFO] [stdout] Couldn't compile the test.
[INFO] [stdout] 
[INFO] [stdout] failures:
[INFO] [stdout]     src/cpu/mod.rs - cpu (line 12)
[INFO] [stdout]     src/fd/mod.rs - fd (line 3)
[INFO] [stdout] 
[INFO] [stdout] test result: FAILED. 0 passed; 2 failed; 1 ignored; 0 measured; 0 filtered out; finished in 0.10s
[INFO] [stdout] 
[INFO] [stderr] error: doctest failed, to rerun pass `--doc`
[INFO] running `Command { std: "docker" "inspect" "c26d736085d29dae2d509f495567997cfdb4c27bb14182376fd50bfe42b9cc76", kill_on_drop: false }`
[INFO] running `Command { std: "docker" "rm" "-f" "c26d736085d29dae2d509f495567997cfdb4c27bb14182376fd50bfe42b9cc76", kill_on_drop: false }`
[INFO] [stdout] c26d736085d29dae2d509f495567997cfdb4c27bb14182376fd50bfe42b9cc76
