[INFO] fetching crate kartei 2.0.1...
[INFO] testing kartei-2.0.1 against 1.99.0-beta.8+cargoflags=--release for beta-release-1.100-2
[INFO] extracting crate kartei 2.0.1 into /workspace/builds/worker-3-tc1/source
[INFO] started tweaking crates.io crate kartei 2.0.1
[INFO] removed 0 missing tests
[INFO] finished tweaking crates.io crate kartei 2.0.1
[INFO] tweaked toml for crates.io crate kartei 2.0.1 written to /workspace/builds/worker-3-tc1/source/Cargo.toml
[INFO] validating manifest of crates.io crate kartei 2.0.1 on toolchain 1.99.0-beta.8
[INFO] running `Command { std: CARGO_HOME="/workspace/cargo-home" RUSTUP_HOME="/workspace/rustup-home" "/workspace/cargo-home/bin/cargo" "+1.99.0-beta.8" "metadata" "--manifest-path" "Cargo.toml" "--no-deps", kill_on_drop: false }`
[INFO] crate crates.io crate kartei 2.0.1 already has a lockfile, it will not be regenerated
[INFO] running `Command { std: CARGO_HOME="/workspace/cargo-home" RUSTUP_HOME="/workspace/rustup-home" "/workspace/cargo-home/bin/cargo" "+1.99.0-beta.8" "fetch" "--manifest-path" "Cargo.toml", kill_on_drop: false }`
[INFO] [stderr]     Updating crates.io index
[INFO] [stderr]  Downloading crates ...
[INFO] [stderr]   Downloaded palette_math v0.7.7
[INFO] [stderr]   Downloaded lru v0.18.5
[INFO] [stderr]   Downloaded file-id v0.2.3
[INFO] [stderr]   Downloaded palette_derive v0.7.7
[INFO] [stderr]   Downloaded darling_macro v0.24.1
[INFO] [stderr]   Downloaded instability v0.3.14
[INFO] [stderr]   Downloaded inotify-sys v0.1.8
[INFO] [stderr]   Downloaded pest_derive v2.9.2
[INFO] [stderr]   Downloaded kqueue v1.2.1
[INFO] [stderr]   Downloaded pest_generator v2.9.2
[INFO] [stderr]   Downloaded line-clipping v0.3.8
[INFO] [stderr]   Downloaded notify-debouncer-full v0.7.0
[INFO] [stderr]   Downloaded pest_meta v2.9.2
[INFO] [stderr]   Downloaded inotify v0.11.5
[INFO] [stderr]   Downloaded portable-atomic v1.15.0
[INFO] [stderr]   Downloaded darling v0.24.1
[INFO] [stderr]   Downloaded nucleo-matcher v0.3.1
[INFO] [stderr]   Downloaded finl_unicode v1.5.0
[INFO] [stderr]   Downloaded darling_core v0.24.1
[INFO] [stderr]   Downloaded pest v2.9.2
[INFO] [stderr]   Downloaded mio v1.2.3
[INFO] [stderr]   Downloaded palette v0.7.7
[INFO] running `Command { std: "docker" "create" "-v" "/var/lib/crater-agent-workspace/builds/worker-3-tc1/source:/opt/rustwide/workdir:ro,Z" "-v" "/var/lib/crater-agent-workspace/builds/worker-3-tc1/target:/opt/rustwide/target:rw,Z" "-v" "/var/lib/crater-agent-workspace/cargo-home:/opt/rustwide/cargo-home:ro,Z" "-v" "/var/lib/crater-agent-workspace/rustup-home:/opt/rustwide/rustup-home:ro,Z" "-m" "1610612736" "--network" "none" "ghcr.io/rust-lang/crates-build-env/linux@sha256:77db811e55d90add9212f6832c23229e3de5f1c1f9905e8cb07319ea15df73ac" "sleep" "infinity", kill_on_drop: false }`
[INFO] [stdout] 37395712c49b830a7db6708ac849f3f5afe84e23996e5e4866903b8e1e9ecd2f
[INFO] running `Command { std: "docker" "start" "37395712c49b830a7db6708ac849f3f5afe84e23996e5e4866903b8e1e9ecd2f", kill_on_drop: false }`
[INFO] running `Command { std: "docker" "inspect" "37395712c49b830a7db6708ac849f3f5afe84e23996e5e4866903b8e1e9ecd2f", kill_on_drop: false }`
[INFO] running `Command { std: "docker" "exec" "-e" "SOURCE_DIR=/opt/rustwide/workdir" "-e" "CARGO_HOME=/opt/rustwide/cargo-home" "-e" "RUSTUP_HOME=/opt/rustwide/rustup-home" "-e" "CARGO_TARGET_DIR=/opt/rustwide/target" "-w" "/opt/rustwide/workdir" "--user" "0:0" "37395712c49b830a7db6708ac849f3f5afe84e23996e5e4866903b8e1e9ecd2f" "/opt/rustwide/cargo-home/bin/cargo" "+1.99.0-beta.8" "metadata" "--no-deps" "--format-version=1", kill_on_drop: false }`
[INFO] running `Command { std: "docker" "inspect" "37395712c49b830a7db6708ac849f3f5afe84e23996e5e4866903b8e1e9ecd2f", kill_on_drop: false }`
[INFO] running `Command { std: "docker" "exec" "-e" "SOURCE_DIR=/opt/rustwide/workdir" "-e" "CARGO_HOME=/opt/rustwide/cargo-home" "-e" "RUSTUP_HOME=/opt/rustwide/rustup-home" "-e" "CARGO_TARGET_DIR=/opt/rustwide/target" "-e" "CARGO_INCREMENTAL=0" "-e" "RUST_BACKTRACE=full" "-e" "RUSTFLAGS=--cap-lints=warn" "-e" "RUSTDOCFLAGS=--cap-lints=warn" "-w" "/opt/rustwide/workdir" "--user" "0:0" "37395712c49b830a7db6708ac849f3f5afe84e23996e5e4866903b8e1e9ecd2f" "/opt/rustwide/cargo-home/bin/cargo" "+1.99.0-beta.8" "build" "--frozen" "--message-format=json" "--release", kill_on_drop: false }`
[INFO] [stderr]    Compiling unicode-ident v1.0.26
[INFO] [stderr]    Compiling libc v0.2.189
[INFO] [stderr]    Compiling bitflags v2.13.2
[INFO] [stderr]    Compiling rustversion v1.0.23
[INFO] [stderr]    Compiling thiserror v2.0.21
[INFO] [stderr]    Compiling unicode-segmentation v1.13.3
[INFO] [stderr]    Compiling log v0.4.34
[INFO] [stderr]    Compiling either v1.18.0
[INFO] [stderr]    Compiling proc-macro2 v1.0.107
[INFO] [stderr]    Compiling hashbrown v0.16.1
[INFO] [stderr]    Compiling itertools v0.14.0
[INFO] [stderr]    Compiling hashbrown v0.17.1
[INFO] [stderr]    Compiling quote v1.0.47
[INFO] [stderr]    Compiling castaway v0.2.4
[INFO] [stderr]    Compiling unicode-width v0.2.2
[INFO] [stderr]    Compiling parking_lot_core v0.9.12
[INFO] [stderr]    Compiling syn v3.0.6
[INFO] [stderr]    Compiling syn v2.0.119
[INFO] [stderr]    Compiling ryu v1.0.23
[INFO] [stderr]    Compiling compact_str v0.9.1
[INFO] [stderr]    Compiling convert_case v0.10.0
[INFO] [stderr]    Compiling smallvec v1.16.2
[INFO] [stderr]    Compiling lru v0.18.5
[INFO] [stderr]    Compiling errno v0.3.14
[INFO] [stderr]    Compiling mio v1.2.3
[INFO] [stderr]    Compiling inotify-sys v0.1.8
[INFO] [stderr]    Compiling signal-hook-registry v1.4.8
[INFO] [stderr]    Compiling rustix v1.1.5
[INFO] [stderr]    Compiling critical-section v1.2.0
[INFO] [stderr]    Compiling indoc v2.0.7
[INFO] [stderr]    Compiling lock_api v0.4.14
[INFO] [stderr]    Compiling signal-hook v0.3.18
[INFO] [stderr]    Compiling time-core v0.1.9
[INFO] [stderr]    Compiling powerfmt v0.2.0
[INFO] [stderr]    Compiling num_threads v0.1.7
[INFO] [stderr]    Compiling num-conv v0.2.2
[INFO] [stderr]    Compiling deranged v0.5.8
[INFO] [stderr]    Compiling unicode-truncate v2.0.1
[INFO] [stderr]    Compiling litrs v1.0.0
[INFO] [stderr]    Compiling linux-raw-sys v0.12.1
[INFO] [stderr]    Compiling anstyle-parse v1.0.0
[INFO] [stderr]    Compiling parking_lot v0.12.5
[INFO] [stderr]    Compiling signal-hook-mio v0.2.5
[INFO] [stderr]    Compiling line-clipping v0.3.8
[INFO] [stderr]    Compiling is_terminal_polyfill v1.70.2
[INFO] [stderr]    Compiling same-file v1.0.6
[INFO] [stderr]    Compiling colorchoice v1.0.5
[INFO] [stderr]    Compiling anstyle v1.0.14
[INFO] [stderr]    Compiling getrandom v0.4.3
[INFO] [stderr]    Compiling document-features v0.2.12
[INFO] [stderr]    Compiling anstyle-query v1.1.5
[INFO] [stderr]    Compiling walkdir v2.5.0
[INFO] [stderr]    Compiling anstream v1.0.0
[INFO] [stderr]    Compiling inotify v0.11.5
[INFO] [stderr]    Compiling notify-types v2.1.0
[INFO] [stderr]    Compiling clap_lex v1.1.1
[INFO] [stderr]    Compiling time v0.3.55
[INFO] [stderr]    Compiling notify v8.2.0
[INFO] [stderr]    Compiling clap_builder v4.6.7
[INFO] [stderr]    Compiling strum_macros v0.28.0
[INFO] [stderr]    Compiling derive_more-impl v2.1.1
[INFO] [stderr]    Compiling memchr v2.8.3
[INFO] [stderr]    Compiling file-id v0.2.3
[INFO] [stderr]    Compiling notify-debouncer-full v0.7.0
[INFO] [stderr]    Compiling derive_more v2.1.1
[INFO] [stderr]    Compiling darling_core v0.24.1
[INFO] [stderr]    Compiling crossterm v0.29.0
[INFO] [stderr]    Compiling nucleo-matcher v0.3.1
[INFO] [stderr]    Compiling uuid v1.28.0
[INFO] [stderr]    Compiling strum v0.28.0
[INFO] [stderr]    Compiling thiserror-impl v2.0.21
[INFO] [stderr]    Compiling clap_derive v4.6.7
[INFO] [stderr]    Compiling kasuari v0.4.12
[INFO] [stderr]    Compiling darling_macro v0.24.1
[INFO] [stderr]    Compiling ratatui-core v0.1.2
[INFO] [stderr]    Compiling darling v0.24.1
[INFO] [stderr]    Compiling instability v0.3.14
[INFO] [stderr]    Compiling clap v4.6.7
[INFO] [stderr]    Compiling ratatui-widgets v0.3.2
[INFO] [stderr]    Compiling ratatui-crossterm v0.1.2
[INFO] [stderr]    Compiling ratatui-macros v0.7.2
[INFO] [stderr]    Compiling ratatui v0.30.2
[INFO] [stderr]    Compiling kartei v2.0.1 (/opt/rustwide/workdir)
[INFO] [stderr]     Finished `release` profile [optimized] target(s) in 1m 38s
[INFO] running `Command { std: "docker" "inspect" "37395712c49b830a7db6708ac849f3f5afe84e23996e5e4866903b8e1e9ecd2f", kill_on_drop: false }`
[INFO] running `Command { std: "docker" "exec" "-e" "SOURCE_DIR=/opt/rustwide/workdir" "-e" "CARGO_HOME=/opt/rustwide/cargo-home" "-e" "RUSTUP_HOME=/opt/rustwide/rustup-home" "-e" "CARGO_TARGET_DIR=/opt/rustwide/target" "-e" "CARGO_INCREMENTAL=0" "-e" "RUST_BACKTRACE=full" "-e" "RUSTFLAGS=--cap-lints=warn" "-e" "RUSTDOCFLAGS=--cap-lints=warn" "-w" "/opt/rustwide/workdir" "--user" "0:0" "37395712c49b830a7db6708ac849f3f5afe84e23996e5e4866903b8e1e9ecd2f" "/opt/rustwide/cargo-home/bin/cargo" "+1.99.0-beta.8" "test" "--frozen" "--no-run" "--message-format=json" "--release", kill_on_drop: false }`
[INFO] [stderr]    Compiling rustix v1.1.5
[INFO] [stderr]    Compiling rand_core v0.10.1
[INFO] [stderr]    Compiling getrandom v0.4.3
[INFO] [stderr]    Compiling getrandom v0.3.4
[INFO] [stderr]    Compiling num-traits v0.2.19
[INFO] [stderr]    Compiling fastrand v2.5.0
[INFO] [stderr]    Compiling wait-timeout v0.2.1
[INFO] [stderr]    Compiling bit-vec v0.10.1
[INFO] [stderr]    Compiling quick-error v1.2.3
[INFO] [stderr]    Compiling fnv v1.0.7
[INFO] [stderr]    Compiling cpufeatures v0.3.1
[INFO] [stderr]    Compiling uuid v1.28.0
[INFO] [stderr]    Compiling chacha20 v0.10.2
[INFO] [stderr]    Compiling bit-set v0.11.1
[INFO] [stderr]    Compiling rand v0.10.3
[INFO] [stderr]    Compiling rand_xorshift v0.5.0
[INFO] [stderr]    Compiling core_detect v1.0.0
[INFO] [stderr]    Compiling unarray v0.1.4
[INFO] [stderr]    Compiling regex-syntax v0.8.11
[INFO] [stderr]    Compiling crossterm v0.29.0
[INFO] [stderr]    Compiling tempfile v3.27.0
[INFO] [stderr]    Compiling rusty-fork v0.3.1
[INFO] [stderr]    Compiling proptest v1.12.0
[INFO] [stderr]    Compiling ratatui-crossterm v0.1.2
[INFO] [stderr]    Compiling ratatui v0.30.2
[INFO] [stderr]    Compiling kartei v2.0.1 (/opt/rustwide/workdir)
[INFO] [stderr]     Finished `release` profile [optimized] target(s) in 1m 04s
[INFO] running `Command { std: "docker" "inspect" "37395712c49b830a7db6708ac849f3f5afe84e23996e5e4866903b8e1e9ecd2f", kill_on_drop: false }`
[INFO] running `Command { std: "docker" "exec" "-e" "SOURCE_DIR=/opt/rustwide/workdir" "-e" "CARGO_HOME=/opt/rustwide/cargo-home" "-e" "RUSTUP_HOME=/opt/rustwide/rustup-home" "-e" "CARGO_TARGET_DIR=/opt/rustwide/target" "-e" "CARGO_INCREMENTAL=0" "-e" "RUST_BACKTRACE=full" "-e" "RUSTFLAGS=--cap-lints=warn" "-e" "RUSTDOCFLAGS=--cap-lints=warn" "-w" "/opt/rustwide/workdir" "--user" "0:0" "37395712c49b830a7db6708ac849f3f5afe84e23996e5e4866903b8e1e9ecd2f" "/opt/rustwide/cargo-home/bin/cargo" "+1.99.0-beta.8" "test" "--frozen" "--release", kill_on_drop: false }`
[INFO] [stderr]     Finished `release` profile [optimized] target(s) in 0.25s
[INFO] [stderr]      Running unittests src/lib.rs (/opt/rustwide/target/release/deps/kartei-7758fb1fdca855fc)
[INFO] [stdout] 
[INFO] [stdout] running 5 tests
[INFO] [stderr]      Running unittests src/main.rs (/opt/rustwide/target/release/deps/kartei-3f601176a2a16f8c)
[INFO] [stdout] test osc52::tests::base64_matches_rfc_4648_vectors ... ok
[INFO] [stdout] test input::tests::newlines_move_the_cursor_to_the_next_row ... ok
[INFO] [stdout] test osc52::tests::sequence_wraps_the_base64_in_osc_52 ... ok
[INFO] [stdout] test input::tests::typing_inserts_at_the_cursor_and_backspace_deletes_before_it ... ok
[INFO] [stdout] test input::tests::cursor_moves_by_character_and_counts_display_cells ... ok
[INFO] [stdout] 
[INFO] [stdout] test result: ok. 5 passed; 0 failed; 0 ignored; 0 measured; 0 filtered out; finished in 0.01s
[INFO] [stdout] 
[INFO] [stderr]      Running tests/app.rs (/opt/rustwide/target/release/deps/app-35dbf29d0dc53e2a)
[INFO] [stdout] 
[INFO] [stdout] running 0 tests
[INFO] [stdout] 
[INFO] [stdout] test result: ok. 0 passed; 0 failed; 0 ignored; 0 measured; 0 filtered out; finished in 0.00s
[INFO] [stdout] 
[INFO] [stdout] 
[INFO] [stdout] running 109 tests
[INFO] [stdout] test a_bundle_given_as_the_path_lists_its_cards_only ... ok
[INFO] [stdout] test a_change_on_disk_reloads_in_browse_search_help_and_the_skipped_list ... ok
[INFO] [stdout] test a_custom_display_name_stays_custom_when_the_structured_name_catches_up_with_it ... ok
[INFO] [stdout] test a_failed_editor_shows_the_error ... ok
[INFO] [stdout] test a_failed_reload_on_a_change_on_disk_shows_the_error_and_keeps_the_cards ... ok
[INFO] [stdout] test a_new_card_left_empty_or_cancelled_writes_nothing ... ok
[INFO] [stdout] test a_change_on_disk_keeps_the_filter_and_the_selection ... ok
[INFO] [stdout] test a_finished_raw_edit_runs_the_deferred_reload ... ok
[INFO] [stdout] test a_defective_card_in_a_bundle_is_skipped_alone_and_written_back_untouched ... ok
[INFO] [stdout] test a_card_without_emails_offers_a_blank_email_that_is_only_written_when_filled ... ok
[INFO] [stdout] test a_reload_removing_the_last_card_selects_the_previous ... ok
[INFO] [stdout] test a_new_yearless_birthday_uses_the_apple_form_on_3_0_and_dashes_on_4_0 ... ok
[INFO] [stdout] test a_raw_edit_without_a_final_newline_keeps_the_next_card_of_the_bundle_apart ... ok
[INFO] [stdout] test a_search_without_matches_says_so ... ok
[INFO] [stdout] test a_reload_removing_the_selected_card_selects_the_next_and_keeps_the_filter ... ok
[INFO] [stdout] test a_change_on_disk_waits_in_the_form_and_every_prompt ... ok
[INFO] [stdout] test a_company_only_card_gets_its_display_name_from_the_company ... ok
[INFO] [stdout] test a_raw_edit_over_a_changed_file_prompts_before_writing ... ok
[INFO] [stdout] test a_two_card_raw_edit_shows_the_prompt_and_d_discards_it ... ok
[INFO] [stdout] test a_thunderbird_export_loads_every_card ... ok
[INFO] [stdout] test adding_a_card_after_the_file_changed_on_disk_prompts ... ok
[INFO] [stdout] test a_raw_edit_that_fails_to_save_shows_the_error_with_the_prompt ... FAILED
[INFO] [stdout] test a_valid_raw_edit_in_a_bundle_leaves_its_neighbours_untouched ... ok
[INFO] [stdout] test a_two_line_street_round_trips_with_its_escaped_newline ... ok
[INFO] [stdout] test a_change_on_disk_after_own_writes_changes_nothing ... ok
[INFO] [stdout] test an_abbreviated_query_ranks_the_strongest_match_first ... ok
[INFO] [stdout] test an_empty_address_book_says_so ... ok
[INFO] [stdout] test a_valid_raw_edit_writes_exactly_the_editor_output ... ok
[INFO] [stdout] test an_empty_raw_edit_aborts_and_writes_nothing ... ok
[INFO] [stdout] test an_unchanged_raw_edit_writes_nothing ... ok
[INFO] [stdout] test an_unreadable_birthday_is_read_only_in_the_form ... ok
[INFO] [stdout] test any_key_but_y_cancels_a_delete_and_writes_nothing ... ok
[INFO] [stdout] test an_invalid_utf8_card_in_a_bundle_is_skipped_alone ... ok
[INFO] [stdout] test bang_does_nothing_when_no_card_was_skipped ... ok
[INFO] [stdout] test adding_a_url_with_a_cycled_label_writes_one_typed_url_line ... ok
[INFO] [stdout] test cards_in_a_bundle_are_listed_sorted_and_searchable_next_to_single_card_files ... ok
[INFO] [stdout] test adding_a_phone_with_a_cycled_label_writes_one_typed_tel_line ... ok
[INFO] [stdout] test changing_another_card_of_the_bundle_on_disk_prompts_and_keeps_the_change ... ok
[INFO] [stdout] test a_single_card_file_becomes_a_bundle_and_its_cards_stay_editable ... ok
[INFO] [stdout] test after_a_delete_the_next_card_is_selected_or_the_previous_at_the_end ... ok
[INFO] [stdout] test an_unparseable_raw_edit_shows_the_defect_and_e_reopens_the_edited_text ... ok
[INFO] [stdout] test bang_lists_every_skipped_path_with_its_reason ... ok
[INFO] [stdout] test clearing_the_query_restores_the_sorted_list ... ok
[INFO] [stdout] test bad_cards_are_skipped_and_counted_in_the_status_bar ... ok
[INFO] [stdout] test cursor_sits_after_wide_characters_in_the_focused_input ... ok
[INFO] [stdout] test company_and_custom_display_name_cards_are_listed_under_display_name ... ok
[INFO] [stdout] test deleting_a_card_whose_file_is_gone_drops_it_with_a_status ... ok
[INFO] [stdout] test clearing_a_phone_removes_its_line ... ok
[INFO] [stdout] test deleting_from_a_changed_bundle_prompts_and_o_is_refused ... ok
[INFO] [stdout] test deleting_a_changed_single_card_file_prompts_and_o_deletes_it ... ok
[INFO] [stdout] test details_show_decoded_labels ... ok
[INFO] [stdout] test e_upper_requests_the_editor_with_the_selected_chunk_of_a_bundle ... ok
[INFO] [stdout] test details_show_organization_note_urls_and_address ... ok
[INFO] [stdout] test d_asks_before_deleting_and_y_removes_a_single_card_file ... ok
[INFO] [stdout] test appending_after_a_last_card_without_a_final_newline_keeps_cards_apart ... ok
[INFO] [stdout] test clearing_a_birthday_removes_it_and_an_invalid_one_keeps_the_form_open ... ok
[INFO] [stdout] test empty_address_book_renders_without_selection ... ok
[INFO] [stdout] test editing_the_structured_name_leaves_a_custom_display_name_unchanged ... ok
[INFO] [stdout] test enter_keeps_the_filter_and_esc_clears_it ... ok
[INFO] [stdout] test editing_a_grouped_phone_rewrites_only_its_tel_line ... ok
[INFO] [stdout] test equal_scores_keep_structured_name_order ... ok
[INFO] [stdout] test esc_closes_the_copy_prompt_without_emitting ... ok
[INFO] [stdout] test esc_returns_to_the_form_with_the_edit_intact ... ok
[INFO] [stdout] test esc_with_unsaved_changes_asks_before_discarding_and_writes_nothing ... ok
[INFO] [stdout] test failed_save_shows_the_error_and_keeps_the_form_open ... ok
[INFO] [stdout] test fzf_operators_are_matched_literally ... ok
[INFO] [stdout] test keys_move_the_selection ... ok
[INFO] [stdout] test keys_typed_while_searching_are_part_of_the_query ... ok
[INFO] [stdout] test lists_cards_sorted_by_structured_name_then_display_name ... ok
[INFO] [stdout] test deleting_the_last_card_of_a_single_file_address_book_keeps_it_empty ... ok
[INFO] [stdout] test editing_an_address_city_keeps_hidden_components_and_the_apple_country_code ... ok
[INFO] [stdout] test o_is_refused_when_a_single_card_file_became_a_bundle_on_disk ... ok
[INFO] [stdout] test deleting_the_last_card_of_a_directory_file_removes_it_unless_a_defect_remains ... ok
[INFO] [stdout] test n_creates_one_card_named_after_its_uid_and_selects_it ... ok
[INFO] [stdout] test multi_line_note_and_non_ascii_text_round_trip_through_the_form ... ok
[INFO] [stdout] test phone_digits_match_as_a_substring_below_fuzzy_hits ... ok
[INFO] [stdout] test o_appends_the_new_card_to_the_file_as_loaded ... ok
[INFO] [stdout] test r_on_a_raw_edit_conflict_reloads_and_drops_the_edit ... ok
[INFO] [stdout] test r_reloads_instead_of_deleting_a_changed_file ... ok
[INFO] [stdout] test r_reloads_the_changed_bundle_and_drops_the_edit ... ok
[INFO] [stdout] test r_reloads_the_external_version_and_drops_the_edit ... ok
[INFO] [stdout] test o_overwrites_the_external_change_with_the_edit ... ok
[INFO] [stdout] test o_recreates_a_deleted_bundle_with_the_edit_and_the_other_cards_as_loaded ... ok
[INFO] [stdout] test deleting_a_bundle_card_keeps_its_neighbours_byte_identical ... ok
[INFO] [stdout] test n_in_a_file_appends_a_card_after_the_last_one_with_its_line_endings ... ok
[INFO] [stdout] test question_mark_shows_the_keymap_and_any_key_dismisses_it ... ok
[INFO] [stdout] test saving_over_a_changed_file_prompts_and_keeps_the_external_change ... ok
[INFO] [stdout] test returning_to_browse_runs_the_deferred_reload ... ok
[INFO] [stdout] test saving_without_edits_closes_the_form_even_if_the_file_changed ... ok
[INFO] [stdout] test saving_the_form_after_a_deferred_change_to_its_file_prompts ... ok
[INFO] [stdout] test o_overwrites_the_bundle_with_the_edit_and_the_other_cards_as_loaded ... ok
[INFO] [stdout] test search_with_no_match_has_no_selection ... ok
[INFO] [stdout] test search_matches_company_email_and_phone_digits ... ok
[INFO] [stdout] test editing_a_birthday_keeps_the_cards_existing_form ... ok
[INFO] [stdout] test shift_r_picks_up_cards_added_to_or_removed_from_a_bundle ... ok
[INFO] [stdout] test removing_a_grouped_email_removes_its_whole_group ... ok
[INFO] [stdout] test saving_an_edited_given_name_rewrites_only_n_and_a_linked_display_name ... ok
[INFO] [stdout] test shift_r_reloads_cards_added_changed_or_removed_on_disk ... ok
[INFO] [stdout] test shows_details_of_the_selected_card ... ok
[INFO] [stdout] test skipped_files_are_never_written ... ok
[INFO] [stdout] test status_bar_has_no_skipped_count_when_all_cards_load ... ok
[INFO] [stdout] test saving_a_deleted_file_offers_recreate_which_writes_the_edit_back ... ok
[INFO] [stdout] test slash_filters_the_list_live_by_display_name ... ok
[INFO] [stdout] test saving_a_card_in_a_bundle_rewrites_only_its_lines ... ok
[INFO] [stdout] test y_then_a_digit_emits_osc_52_with_that_value_and_reports_copied ... ok
[INFO] [stdout] test yearless_birthdays_show_without_1604 ... ok
[INFO] [stdout] test the_deferred_reload_keeps_the_status_of_the_key_that_ran_it ... ok
[INFO] [stdout] test status_bar_shows_key_hints_and_q_quits ... ok
[INFO] [stdout] test the_ranked_filter_is_kept_after_a_reload_and_a_save ... ok
[INFO] [stdout] 
[INFO] [stdout] failures:
[INFO] [stdout] 
[INFO] [stdout] ---- a_raw_edit_that_fails_to_save_shows_the_error_with_the_prompt stdout ----
[INFO] [stdout] 
[INFO] [stdout] thread 'a_raw_edit_that_fails_to_save_shows_the_error_with_the_prompt' (2129) panicked at tests/app.rs:2270:5:
[INFO] [stdout] assertion `left == right` failed
[INFO] [stdout]   left: Browse
[INFO] [stdout]  right: Invalid("save failed")
[INFO] [stdout] stack backtrace:
[INFO] [stdout]    0:     0x58f1dd88be41 - <<std[70759c8f55707aa4]::sys::backtrace::BacktraceLock>::print::DisplayBacktrace as core[df12db4294e9bfd3]::fmt::Display>::fmt
[INFO] [stdout]    1:     0x58f1dd8a26ba - core[df12db4294e9bfd3]::fmt::write
[INFO] [stdout]    2:     0x58f1dd89067c - <alloc[2182bb758b4b3781]::vec::Vec<u8> as core[df12db4294e9bfd3]::io::write::Write>::write_fmt
[INFO] [stdout]    3:     0x58f1dd864a46 - std[70759c8f55707aa4]::panicking::default_hook::{closure#0}
[INFO] [stdout]    4:     0x58f1dd882309 - std[70759c8f55707aa4]::panicking::default_hook
[INFO] [stdout]    5:     0x58f1dd7af500 - test[9d35eded1c95d3be]::test_main_inner::<test[9d35eded1c95d3be]::test_main_static::{closure#0}>::{closure#0}
[INFO] [stdout]    6:     0x58f1dd8824c2 - std[70759c8f55707aa4]::panicking::panic_with_hook
[INFO] [stdout]    7:     0x58f1dd864af2 - std[70759c8f55707aa4]::panicking::panic_handler::{closure#0}
[INFO] [stdout]    8:     0x58f1dd85d4c9 - std[70759c8f55707aa4]::sys::backtrace::__rust_end_short_backtrace::<std[70759c8f55707aa4]::panicking::panic_handler::{closure#0}, !>
[INFO] [stdout]    9:     0x58f1dd86589d - __rustc[8fa7c3cbc660c2b3]::rust_begin_unwind
[INFO] [stdout]   10:     0x58f1dd8a2dec - core[df12db4294e9bfd3]::panicking::panic_fmt
[INFO] [stdout]   11:     0x58f1dd8a2d03 - core[df12db4294e9bfd3]::panicking::assert_failed_inner
[INFO] [stdout]   12:     0x58f1dd798954 - core[df12db4294e9bfd3]::panicking::assert_failed::<kartei[e8c7c99e1aec0617]::app::Mode, kartei[e8c7c99e1aec0617]::app::Mode>
[INFO] [stdout]   13:     0x58f1dd7893d3 - <app[d3790c09179fe8d3]::a_raw_edit_that_fails_to_save_shows_the_error_with_the_prompt::{closure#0} as core[df12db4294e9bfd3]::ops::function::FnOnce<()>>::call_once
[INFO] [stdout]   14:     0x58f1dd7a27eb - test[9d35eded1c95d3be]::__rust_begin_short_backtrace::<core[df12db4294e9bfd3]::result::Result<(), alloc[2182bb758b4b3781]::string::String>, fn() -> core[df12db4294e9bfd3]::result::Result<(), alloc[2182bb758b4b3781]::string::String>>
[INFO] [stdout]   15:     0x58f1dd7afe55 - test[9d35eded1c95d3be]::run_test::{closure#0}
[INFO] [stdout]   16:     0x58f1dd7a9714 - std[70759c8f55707aa4]::sys::backtrace::__rust_begin_short_backtrace::<test[9d35eded1c95d3be]::run_test::{closure#1}, ()>
[INFO] [stdout]   17:     0x58f1dd7b2fb2 - <std[70759c8f55707aa4]::thread::lifecycle::spawn_unchecked<test[9d35eded1c95d3be]::run_test::{closure#1}, ()>::{closure#1} as core[df12db4294e9bfd3]::ops::function::FnOnce<()>>::call_once::{shim:vtable#0}
[INFO] [stdout]   18:     0x58f1dd88add9 - <std[70759c8f55707aa4]::sys::thread::unix::Thread>::new::thread_start
[INFO] [stdout]   19:     0x7abfb3875dfa - <unknown>
[INFO] [stdout]   20:     0x7abfb39093d4 - clone
[INFO] [stdout]   21:                0x0 - <unknown>
[INFO] [stdout] 
[INFO] [stdout] 
[INFO] [stdout] failures:
[INFO] [stdout]     a_raw_edit_that_fails_to_save_shows_the_error_with_the_prompt
[INFO] [stdout] 
[INFO] [stdout] test result: FAILED. 108 passed; 1 failed; 0 ignored; 0 measured; 0 filtered out; finished in 0.17s
[INFO] [stdout] 
[INFO] [stderr] error: test failed, to rerun pass `--test app`
[INFO] running `Command { std: "docker" "inspect" "37395712c49b830a7db6708ac849f3f5afe84e23996e5e4866903b8e1e9ecd2f", kill_on_drop: false }`
[INFO] running `Command { std: "docker" "rm" "-f" "37395712c49b830a7db6708ac849f3f5afe84e23996e5e4866903b8e1e9ecd2f", kill_on_drop: false }`
[INFO] [stdout] 37395712c49b830a7db6708ac849f3f5afe84e23996e5e4866903b8e1e9ecd2f
