[INFO] fetching crate kanin 0.32.1...
[INFO] testing kanin-0.32.1 against 1.99.0-beta.8+cargoflags=--release for beta-release-1.100-2
[INFO] extracting crate kanin 0.32.1 into /workspace/builds/worker-3-tc1/source
[INFO] started tweaking crates.io crate kanin 0.32.1
[INFO] finished tweaking crates.io crate kanin 0.32.1
[INFO] tweaked toml for crates.io crate kanin 0.32.1 written to /workspace/builds/worker-3-tc1/source/Cargo.toml
[INFO] validating manifest of crates.io crate kanin 0.32.1 on toolchain 1.99.0-beta.8
[INFO] running `Command { std: CARGO_HOME="/workspace/cargo-home" RUSTUP_HOME="/workspace/rustup-home" "/workspace/cargo-home/bin/cargo" "+1.99.0-beta.8" "metadata" "--manifest-path" "Cargo.toml" "--no-deps", kill_on_drop: false }`
[INFO] running `Command { std: CARGO_HOME="/workspace/cargo-home" RUSTUP_HOME="/workspace/rustup-home" "/workspace/cargo-home/bin/cargo" "+1.99.0-beta.8" "generate-lockfile" "--manifest-path" "Cargo.toml", kill_on_drop: false }`
[INFO] [stderr]     Updating crates.io index
[INFO] [stderr]      Locking 263 packages to highest compatible versions
[INFO] [stderr]       Adding derive_more v0.99.20 (available: v2.1.1)
[INFO] [stderr]       Adding generic-array v0.14.7 (available: v0.14.9)
[INFO] [stderr]       Adding lapin v2.5.5 (available: v4.12.2)
[INFO] [stderr]       Adding metrics v0.22.4 (available: v0.24.6)
[INFO] [stderr]       Adding prost v0.12.6 (available: v0.14.4)
[INFO] [stderr]       Adding thiserror v1.0.69 (available: v2.0.21)
[INFO] running `Command { std: CARGO_HOME="/workspace/cargo-home" RUSTUP_HOME="/workspace/rustup-home" "/workspace/cargo-home/bin/cargo" "+1.99.0-beta.8" "fetch" "--manifest-path" "Cargo.toml", kill_on_drop: false }`
[INFO] [stderr]  Downloading crates ...
[INFO] [stderr]   Downloaded pinky-swear v6.2.1
[INFO] [stderr]   Downloaded executor-trait v2.1.2
[INFO] [stderr]   Downloaded async-reactor-trait v1.1.0
[INFO] [stderr]   Downloaded lapin v2.5.5
[INFO] [stderr]   Downloaded reactor-trait v1.1.0
[INFO] [stderr]   Downloaded async-global-executor-trait v2.2.0
[INFO] [stderr]   Downloaded amq-protocol-uri v7.2.3
[INFO] [stderr]   Downloaded metrics v0.22.4
[INFO] [stderr]   Downloaded amq-protocol v7.2.3
[INFO] [stderr]   Downloaded amq-protocol-types v7.2.3
[INFO] [stderr]   Downloaded tcp-stream v0.28.0
[INFO] [stderr]   Downloaded amq-protocol-tcp v7.2.3
[INFO] [stderr]   Downloaded rustls-connector v0.20.2
[INFO] [stderr]   Downloaded p12-keystore v0.1.5
[INFO] [stderr]   Downloaded rustix v0.37.28
[INFO] [stderr]   Downloaded x509-parser v0.17.0
[INFO] [stderr]   Downloaded pkcs12 v0.1.0
[INFO] [stderr]   Downloaded cms v0.2.3
[INFO] [stderr]   Downloaded kanin_derive v0.7.0
[INFO] running `Command { std: "docker" "create" "-v" "/var/lib/crater-agent-workspace/builds/worker-3-tc1/source:/opt/rustwide/workdir:ro,Z" "-v" "/var/lib/crater-agent-workspace/builds/worker-3-tc1/target:/opt/rustwide/target:rw,Z" "-v" "/var/lib/crater-agent-workspace/cargo-home:/opt/rustwide/cargo-home:ro,Z" "-v" "/var/lib/crater-agent-workspace/rustup-home:/opt/rustwide/rustup-home:ro,Z" "-m" "1610612736" "--network" "none" "ghcr.io/rust-lang/crates-build-env/linux@sha256:77db811e55d90add9212f6832c23229e3de5f1c1f9905e8cb07319ea15df73ac" "sleep" "infinity", kill_on_drop: false }`
[INFO] [stdout] 375e5f6659701f79f4972f89e17d481c0fd249dfce1331a1b2282c86c2441263
[INFO] running `Command { std: "docker" "start" "375e5f6659701f79f4972f89e17d481c0fd249dfce1331a1b2282c86c2441263", kill_on_drop: false }`
[INFO] running `Command { std: "docker" "inspect" "375e5f6659701f79f4972f89e17d481c0fd249dfce1331a1b2282c86c2441263", kill_on_drop: false }`
[INFO] running `Command { std: "docker" "exec" "-e" "SOURCE_DIR=/opt/rustwide/workdir" "-e" "CARGO_HOME=/opt/rustwide/cargo-home" "-e" "RUSTUP_HOME=/opt/rustwide/rustup-home" "-e" "CARGO_TARGET_DIR=/opt/rustwide/target" "-w" "/opt/rustwide/workdir" "--user" "0:0" "375e5f6659701f79f4972f89e17d481c0fd249dfce1331a1b2282c86c2441263" "/opt/rustwide/cargo-home/bin/cargo" "+1.99.0-beta.8" "metadata" "--no-deps" "--format-version=1", kill_on_drop: false }`
[INFO] running `Command { std: "docker" "inspect" "375e5f6659701f79f4972f89e17d481c0fd249dfce1331a1b2282c86c2441263", kill_on_drop: false }`
[INFO] running `Command { std: "docker" "exec" "-e" "SOURCE_DIR=/opt/rustwide/workdir" "-e" "CARGO_HOME=/opt/rustwide/cargo-home" "-e" "RUSTUP_HOME=/opt/rustwide/rustup-home" "-e" "CARGO_TARGET_DIR=/opt/rustwide/target" "-e" "CARGO_INCREMENTAL=0" "-e" "RUST_BACKTRACE=full" "-e" "RUSTFLAGS=--cap-lints=warn" "-e" "RUSTDOCFLAGS=--cap-lints=warn" "-w" "/opt/rustwide/workdir" "--user" "0:0" "375e5f6659701f79f4972f89e17d481c0fd249dfce1331a1b2282c86c2441263" "/opt/rustwide/cargo-home/bin/cargo" "+1.99.0-beta.8" "build" "--frozen" "--message-format=json" "--release", kill_on_drop: false }`
[INFO] [stderr]    Compiling zeroize v1.9.1
[INFO] [stderr]    Compiling nom v7.1.3
[INFO] [stderr]    Compiling zerocopy v0.8.63
[INFO] [stderr]    Compiling crossbeam-utils v0.8.23
[INFO] [stderr]    Compiling flagset v0.4.7
[INFO] [stderr]    Compiling const-oid v0.9.6
[INFO] [stderr]    Compiling smallvec v1.16.3
[INFO] [stderr]    Compiling syn v3.0.9
[INFO] [stderr]    Compiling syn v2.0.119
[INFO] [stderr]    Compiling pem-rfc7468 v0.7.0
[INFO] [stderr]    Compiling ring v0.17.14
[INFO] [stderr]    Compiling block-padding v0.3.3
[INFO] [stderr]    Compiling deranged v0.5.9
[INFO] [stderr]    Compiling powerfmt v0.2.1
[INFO] [stderr]    Compiling getrandom v0.3.4
[INFO] [stderr]    Compiling num-integer v0.1.47
[INFO] [stderr]    Compiling rustls-pki-types v1.15.1
[INFO] [stderr]    Compiling inout v0.1.4
[INFO] [stderr]    Compiling getrandom v0.2.17
[INFO] [stderr]    Compiling fastrand v2.5.0
[INFO] [stderr]    Compiling cipher v0.4.4
[INFO] [stderr]    Compiling oid-registry v0.8.1
[INFO] [stderr]    Compiling rand_core v0.9.5
[INFO] [stderr]    Compiling pbkdf2 v0.12.2
[INFO] [stderr]    Compiling sha2 v0.10.9
[INFO] [stderr]    Compiling num-bigint v0.4.8
[INFO] [stderr]    Compiling event-listener v5.4.2
[INFO] [stderr]    Compiling salsa20 v0.10.2
[INFO] [stderr]    Compiling rustix v1.1.5
[INFO] [stderr]    Compiling concurrent-queue v2.5.0
[INFO] [stderr]    Compiling rustls v0.23.46
[INFO] [stderr]    Compiling cbc v0.1.2
[INFO] [stderr]    Compiling rustls-pemfile v2.2.0
[INFO] [stderr]    Compiling event-listener-strategy v0.5.4
[INFO] [stderr]    Compiling aes v0.8.4
[INFO] [stderr]    Compiling futures-lite v2.6.1
[INFO] [stderr]    Compiling linux-raw-sys v0.12.1
[INFO] [stderr]    Compiling scrypt v0.11.0
[INFO] [stderr]    Compiling data-encoding v2.11.1
[INFO] [stderr]    Compiling rustls-native-certs v0.7.3
[INFO] [stderr]    Compiling rc2 v0.8.1
[INFO] [stderr]    Compiling des v0.8.1
[INFO] [stderr]    Compiling sha1 v0.10.7
[INFO] [stderr]    Compiling polling v2.8.0
[INFO] [stderr]    Compiling async-io v2.6.0
[INFO] [stderr]    Compiling cookie-factory v0.3.3
[INFO] [stderr]    Compiling rustix v0.37.28
[INFO] [stderr]    Compiling time v0.3.55
[INFO] [stderr]    Compiling piper v0.2.5
[INFO] [stderr]    Compiling io-lifetimes v1.0.11
[INFO] [stderr]    Compiling async-channel v2.5.0
[INFO] [stderr]    Compiling async-io v1.13.0
[INFO] [stderr]    Compiling doc-comment v0.3.4
[INFO] [stderr]    Compiling futures-lite v1.13.0
[INFO] [stderr]    Compiling async-executor v1.14.0
[INFO] [stderr]    Compiling parking_lot_core v0.9.12
[INFO] [stderr]    Compiling blocking v1.7.0
[INFO] [stderr]    Compiling async-lock v3.4.2
[INFO] [stderr]    Compiling futures-channel v0.3.34
[INFO] [stderr]    Compiling socket2 v0.4.10
[INFO] [stderr]    Compiling rusticata-macros v4.1.0
[INFO] [stderr]    Compiling amq-protocol v7.2.3
[INFO] [stderr]    Compiling itertools v0.12.1
[INFO] [stderr]    Compiling flume v0.11.1
[INFO] [stderr]    Compiling parking_lot v0.12.5
[INFO] [stderr]    Compiling errno v0.3.14
[INFO] [stderr]    Compiling lapin v2.5.5
[INFO] [stderr]    Compiling signal-hook-registry v1.4.8
[INFO] [stderr]    Compiling getrandom v0.4.3
[INFO] [stderr]    Compiling mio v1.2.4
[INFO] [stderr]    Compiling bytes v1.12.1
[INFO] [stderr]    Compiling uuid v1.28.0
[INFO] [stderr]    Compiling ppv-lite86 v0.2.21
[INFO] [stderr]    Compiling ahash v0.8.12
[INFO] [stderr]    Compiling metrics v0.22.4
[INFO] [stderr]    Compiling synstructure v0.13.2
[INFO] [stderr]    Compiling rand_chacha v0.9.0
[INFO] [stderr]    Compiling rand v0.9.5
[INFO] [stderr]    Compiling der_derive v0.7.3
[INFO] [stderr]    Compiling asn1-rs-impl v0.2.0
[INFO] [stderr]    Compiling asn1-rs-derive v0.6.0
[INFO] [stderr]    Compiling tracing-attributes v0.1.31
[INFO] [stderr]    Compiling thiserror-impl v1.0.69
[INFO] [stderr]    Compiling prost-derive v0.12.6
[INFO] [stderr]    Compiling derive_more v0.99.20
[INFO] [stderr]    Compiling kanin_derive v0.7.0
[INFO] [stderr]    Compiling synstructure v0.14.0
[INFO] [stderr]    Compiling der v0.7.10
[INFO] [stderr]    Compiling displaydoc v0.2.7
[INFO] [stderr]    Compiling zerofrom-derive v0.1.8
[INFO] [stderr]    Compiling yoke-derive v0.8.4
[INFO] [stderr]    Compiling zerovec-derive v0.11.6
[INFO] [stderr]    Compiling thiserror-impl v2.0.21
[INFO] [stderr]    Compiling serde_derive v1.0.229
[INFO] [stderr]    Compiling async-trait v0.1.92
[INFO] [stderr]    Compiling futures-macro v0.3.34
[INFO] [stderr]    Compiling tokio-macros v2.7.2
[INFO] [stderr]    Compiling tracing v0.1.44
[INFO] [stderr]    Compiling pinky-swear v6.2.1
[INFO] [stderr]    Compiling thiserror v1.0.69
[INFO] [stderr]    Compiling tokio v1.53.3
[INFO] [stderr]    Compiling prost v0.12.6
[INFO] [stderr]    Compiling futures-util v0.3.34
[INFO] [stderr]    Compiling thiserror v2.0.21
[INFO] [stderr]    Compiling asn1-rs v0.7.2
[INFO] [stderr]    Compiling reactor-trait v1.1.0
[INFO] [stderr]    Compiling executor-trait v2.1.2
[INFO] [stderr]    Compiling zerofrom v0.1.8
[INFO] [stderr]    Compiling async-reactor-trait v1.1.0
[INFO] [stderr]    Compiling polling v3.11.0
[INFO] [stderr]    Compiling yoke v0.8.3
[INFO] [stderr]    Compiling zerotrie v0.2.5
[INFO] [stderr]    Compiling spki v0.7.3
[INFO] [stderr]    Compiling zerovec v0.11.8
[INFO] [stderr]    Compiling x509-cert v0.2.5
[INFO] [stderr]    Compiling pkcs5 v0.7.1
[INFO] [stderr]    Compiling async-global-executor v3.1.0
[INFO] [stderr]    Compiling async-global-executor-trait v2.2.0
[INFO] [stderr]    Compiling tinystr v0.8.4
[INFO] [stderr]    Compiling potential_utf v0.1.6
[INFO] [stderr]    Compiling icu_locale_core v2.3.0
[INFO] [stderr]    Compiling icu_collections v2.3.0
[INFO] [stderr]    Compiling serde v1.0.229
[INFO] [stderr]    Compiling der-parser v10.0.0
[INFO] [stderr]    Compiling cms v0.2.3
[INFO] [stderr]    Compiling x509-parser v0.17.0
[INFO] [stderr]    Compiling amq-protocol-types v7.2.3
[INFO] [stderr]    Compiling icu_provider v2.3.1
[INFO] [stderr]    Compiling icu_normalizer v2.3.0
[INFO] [stderr]    Compiling icu_properties v2.3.0
[INFO] [stderr]    Compiling pkcs12 v0.1.0
[INFO] [stderr]    Compiling futures-executor v0.3.34
[INFO] [stderr]    Compiling p12-keystore v0.1.5
[INFO] [stderr]    Compiling futures v0.3.34
[INFO] [stderr]    Compiling idna_adapter v1.2.2
[INFO] [stderr]    Compiling idna v1.1.0
[INFO] [stderr]    Compiling url v2.5.8
[INFO] [stderr]    Compiling amq-protocol-uri v7.2.3
[INFO] [stderr]    Compiling rustls-webpki v0.103.15
[INFO] [stderr]    Compiling rustls-connector v0.20.2
[INFO] [stderr]    Compiling tcp-stream v0.28.0
[INFO] [stderr]    Compiling amq-protocol-tcp v7.2.3
[INFO] [stderr]    Compiling kanin v0.32.1 (/opt/rustwide/workdir)
[INFO] [stdout] warning: unused import: `error`
[INFO] [stdout]  --> src/error.rs:7:15
[INFO] [stdout]   |
[INFO] [stdout] 7 | use tracing::{error, warn};
[INFO] [stdout]   |               ^^^^^
[INFO] [stdout]   |
[INFO] [stdout]   = note: `#[warn(unused_imports)]` (part of `#[warn(unused)]`) on by default
[INFO] [stdout] 
[INFO] [stdout] 
[INFO] [stderr]     Finished `release` profile [optimized] target(s) in 2m 15s
[INFO] running `Command { std: "docker" "inspect" "375e5f6659701f79f4972f89e17d481c0fd249dfce1331a1b2282c86c2441263", kill_on_drop: false }`
[INFO] running `Command { std: "docker" "exec" "-e" "SOURCE_DIR=/opt/rustwide/workdir" "-e" "CARGO_HOME=/opt/rustwide/cargo-home" "-e" "RUSTUP_HOME=/opt/rustwide/rustup-home" "-e" "CARGO_TARGET_DIR=/opt/rustwide/target" "-e" "CARGO_INCREMENTAL=0" "-e" "RUST_BACKTRACE=full" "-e" "RUSTFLAGS=--cap-lints=warn" "-e" "RUSTDOCFLAGS=--cap-lints=warn" "-w" "/opt/rustwide/workdir" "--user" "0:0" "375e5f6659701f79f4972f89e17d481c0fd249dfce1331a1b2282c86c2441263" "/opt/rustwide/cargo-home/bin/cargo" "+1.99.0-beta.8" "test" "--frozen" "--no-run" "--message-format=json" "--release", kill_on_drop: false }`
[INFO] [stderr]    Compiling tracing v0.1.44
[INFO] [stderr]    Compiling rustls-connector v0.20.2
[INFO] [stderr]    Compiling polling v2.8.0
[INFO] [stderr]    Compiling tokio v1.53.3
[INFO] [stderr]    Compiling tracing-log v0.2.0
[INFO] [stderr]    Compiling sharded-slab v0.1.7
[INFO] [stderr]    Compiling thread_local v1.1.10
[INFO] [stderr]    Compiling pinky-swear v6.2.1
[INFO] [stderr]    Compiling tcp-stream v0.28.0
[INFO] [stderr]    Compiling async-io v1.13.0
[INFO] [stderr]    Compiling amq-protocol-tcp v7.2.3
[INFO] [stderr]    Compiling amq-protocol v7.2.3
[INFO] [stderr]    Compiling async-reactor-trait v1.1.0
[INFO] [stderr]    Compiling tracing-subscriber v0.3.23
[INFO] [stderr]    Compiling lapin v2.5.5
[INFO] [stderr]    Compiling kanin v0.32.1 (/opt/rustwide/workdir)
[INFO] [stdout] warning: unused import: `error`
[INFO] [stdout]  --> src/error.rs:7:15
[INFO] [stdout]   |
[INFO] [stdout] 7 | use tracing::{error, warn};
[INFO] [stdout]   |               ^^^^^
[INFO] [stdout]   |
[INFO] [stdout]   = note: `#[warn(unused_imports)]` (part of `#[warn(unused)]`) on by default
[INFO] [stdout] 
[INFO] [stdout] 
[INFO] [stdout] warning: unused import: `error`
[INFO] [stdout]  --> src/error.rs:7:15
[INFO] [stdout]   |
[INFO] [stdout] 7 | use tracing::{error, warn};
[INFO] [stdout]   |               ^^^^^
[INFO] [stdout]   |
[INFO] [stdout]   = note: `#[warn(unused_imports)]` (part of `#[warn(unused)]`) on by default
[INFO] [stdout] 
[INFO] [stdout] 
[INFO] [stderr]     Finished `release` profile [optimized] target(s) in 59.91s
[INFO] running `Command { std: "docker" "inspect" "375e5f6659701f79f4972f89e17d481c0fd249dfce1331a1b2282c86c2441263", kill_on_drop: false }`
[INFO] running `Command { std: "docker" "exec" "-e" "SOURCE_DIR=/opt/rustwide/workdir" "-e" "CARGO_HOME=/opt/rustwide/cargo-home" "-e" "RUSTUP_HOME=/opt/rustwide/rustup-home" "-e" "CARGO_TARGET_DIR=/opt/rustwide/target" "-e" "CARGO_INCREMENTAL=0" "-e" "RUST_BACKTRACE=full" "-e" "RUSTFLAGS=--cap-lints=warn" "-e" "RUSTDOCFLAGS=--cap-lints=warn" "-w" "/opt/rustwide/workdir" "--user" "0:0" "375e5f6659701f79f4972f89e17d481c0fd249dfce1331a1b2282c86c2441263" "/opt/rustwide/cargo-home/bin/cargo" "+1.99.0-beta.8" "test" "--frozen" "--release", kill_on_drop: false }`
[INFO] [stderr] warning: unused import: `error`
[INFO] [stderr]  --> src/error.rs:7:15
[INFO] [stderr]   |
[INFO] [stderr] 7 | use tracing::{error, warn};
[INFO] [stderr]   |               ^^^^^
[INFO] [stderr]   |
[INFO] [stderr]   = note: `#[warn(unused_imports)]` (part of `#[warn(unused)]`) on by default
[INFO] [stderr] 
[INFO] [stderr] warning: `kanin` (lib) generated 1 warning (run `cargo fix --lib -p kanin` to apply 1 suggestion)
[INFO] [stderr] warning: `kanin` (lib test) generated 1 warning (1 duplicate)
[INFO] [stderr]     Finished `release` profile [optimized] target(s) in 0.33s
[INFO] [stderr]      Running unittests src/lib.rs (/opt/rustwide/target/release/deps/kanin-76e77528c8d3c3aa)
[INFO] [stdout] 
[INFO] [stdout] running 2 tests
[INFO] [stdout] [2m2026-10-18T10:48:41.343302Z[0m [32m INFO[0m [2mkanin::tests::send_recv[0m[2m:[0m Connecting to AMQP...
[INFO] [stdout] test tests::basic::it_compiles ... ok
[INFO] [stdout] [2m2026-10-18T10:48:41.350003Z[0m [33m WARN[0m [2mkanin::tests[0m[2m:[0m Retrying connection
[INFO] [stdout] [2m2026-10-18T10:48:42.352995Z[0m [33m WARN[0m [2mkanin::tests[0m[2m:[0m Retrying connection
[INFO] [stdout] [2m2026-10-18T10:48:43.360000Z[0m [33m WARN[0m [2mkanin::tests[0m[2m:[0m Retrying connection
[INFO] [stdout] [2m2026-10-18T10:48:44.362398Z[0m [33m WARN[0m [2mkanin::tests[0m[2m:[0m Retrying connection
[INFO] [stdout] [2m2026-10-18T10:48:45.365445Z[0m [33m WARN[0m [2mkanin::tests[0m[2m:[0m Retrying connection
[INFO] [stdout] [2m2026-10-18T10:48:46.367775Z[0m [33m WARN[0m [2mkanin::tests[0m[2m:[0m Retrying connection
[INFO] [stdout] [2m2026-10-18T10:48:47.370386Z[0m [33m WARN[0m [2mkanin::tests[0m[2m:[0m Retrying connection
[INFO] [stdout] [2m2026-10-18T10:48:48.375695Z[0m [33m WARN[0m [2mkanin::tests[0m[2m:[0m Retrying connection
[INFO] [stdout] [2m2026-10-18T10:48:49.383020Z[0m [33m WARN[0m [2mkanin::tests[0m[2m:[0m Retrying connection
[INFO] [stdout] test tests::send_recv::it_receives_various_messages_and_works_as_expected ... FAILED
[INFO] [stdout] 
[INFO] [stdout] failures:
[INFO] [stdout] 
[INFO] [stdout] ---- tests::send_recv::it_receives_various_messages_and_works_as_expected stdout ----
[INFO] [stdout] 
[INFO] [stdout] thread 'tests::send_recv::it_receives_various_messages_and_works_as_expected' (3160) panicked at src/lib.rs:177:25:
[INFO] [stdout] Failed to establish a connection to AMQP. Ensure that a RabbitMQ instance is running on the 5672 port on localhost. Error: IO error: Connection refused (os error 111)
[INFO] [stdout] stack backtrace:
[INFO] [stdout]    0:     0x5c3d5103ce81 - <<std[70759c8f55707aa4]::sys::backtrace::BacktraceLock>::print::DisplayBacktrace as core[df12db4294e9bfd3]::fmt::Display>::fmt
[INFO] [stdout]    1:     0x5c3d51055d2a - core[df12db4294e9bfd3]::fmt::write
[INFO] [stdout]    2:     0x5c3d51041d1c - <alloc[2182bb758b4b3781]::vec::Vec<u8> as core[df12db4294e9bfd3]::io::write::Write>::write_fmt
[INFO] [stdout]    3:     0x5c3d51017536 - std[70759c8f55707aa4]::panicking::default_hook::{closure#0}
[INFO] [stdout]    4:     0x5c3d51034889 - std[70759c8f55707aa4]::panicking::default_hook
[INFO] [stdout]    5:     0x5c3d50d2c330 - test[9d35eded1c95d3be]::test_main_inner::<test[9d35eded1c95d3be]::test_main_static::{closure#0}>::{closure#0}
[INFO] [stdout]    6:     0x5c3d51034bb2 - std[70759c8f55707aa4]::panicking::panic_with_hook
[INFO] [stdout]    7:     0x5c3d510175e2 - std[70759c8f55707aa4]::panicking::panic_handler::{closure#0}
[INFO] [stdout]    8:     0x5c3d5100ffa9 - std[70759c8f55707aa4]::sys::backtrace::__rust_end_short_backtrace::<std[70759c8f55707aa4]::panicking::panic_handler::{closure#0}, !>
[INFO] [stdout]    9:     0x5c3d5101846d - __rustc[8fa7c3cbc660c2b3]::rust_begin_unwind
[INFO] [stdout]   10:     0x5c3d5105648c - core[df12db4294e9bfd3]::panicking::panic_fmt
[INFO] [stdout]   11:     0x5c3d50cf92a3 - kanin[e042e100f6813d15]::tests::amqp_connect::{closure#0}
[INFO] [stdout]   12:     0x5c3d50cf973e - kanin[e042e100f6813d15]::tests::send_recv::it_receives_various_messages_and_works_as_expected::{closure#0}
[INFO] [stdout]   13:     0x5c3d50cc4d53 - <tokio[c9d416c9722bf8c9]::runtime::scheduler::current_thread::Context>::enter::<core[df12db4294e9bfd3]::task::poll::Poll<()>, <tokio[c9d416c9722bf8c9]::runtime::scheduler::current_thread::CoreGuard>::block_on<core[df12db4294e9bfd3]::pin::Pin<&mut core[df12db4294e9bfd3]::pin::Pin<&mut dyn core[df12db4294e9bfd3]::future::future::Future<Output = ()>>>>::{closure#0}::{closure#0}>
[INFO] [stdout]   14:     0x5c3d50d0377c - <tokio[c9d416c9722bf8c9]::runtime::context::scoped::Scoped<tokio[c9d416c9722bf8c9]::runtime::scheduler::Context>>::set::<<tokio[c9d416c9722bf8c9]::runtime::scheduler::current_thread::CoreGuard>::enter<<tokio[c9d416c9722bf8c9]::runtime::scheduler::current_thread::CoreGuard>::block_on<core[df12db4294e9bfd3]::pin::Pin<&mut core[df12db4294e9bfd3]::pin::Pin<&mut dyn core[df12db4294e9bfd3]::future::future::Future<Output = ()>>>>::{closure#0}, core[df12db4294e9bfd3]::option::Option<()>>::{closure#0}, (alloc[2182bb758b4b3781]::boxed::Box<tokio[c9d416c9722bf8c9]::runtime::scheduler::current_thread::Core>, core[df12db4294e9bfd3]::option::Option<()>)>
[INFO] [stdout]   15:     0x5c3d50cc4979 - <tokio[c9d416c9722bf8c9]::runtime::runtime::Runtime>::block_on::<core[df12db4294e9bfd3]::pin::Pin<&mut dyn core[df12db4294e9bfd3]::future::future::Future<Output = ()>>>
[INFO] [stdout]   16:     0x5c3d50cfdc7e - <kanin[e042e100f6813d15]::tests::send_recv::it_receives_various_messages_and_works_as_expected::{closure#0} as core[df12db4294e9bfd3]::ops::function::FnOnce<()>>::call_once
[INFO] [stdout]   17:     0x5c3d50d1f61b - test[9d35eded1c95d3be]::__rust_begin_short_backtrace::<core[df12db4294e9bfd3]::result::Result<(), alloc[2182bb758b4b3781]::string::String>, fn() -> core[df12db4294e9bfd3]::result::Result<(), alloc[2182bb758b4b3781]::string::String>>
[INFO] [stdout]   18:     0x5c3d50d2cc85 - test[9d35eded1c95d3be]::run_test::{closure#0}
[INFO] [stdout]   19:     0x5c3d50d26544 - std[70759c8f55707aa4]::sys::backtrace::__rust_begin_short_backtrace::<test[9d35eded1c95d3be]::run_test::{closure#1}, ()>
[INFO] [stdout]   20:     0x5c3d50d2fde2 - <std[70759c8f55707aa4]::thread::lifecycle::spawn_unchecked<test[9d35eded1c95d3be]::run_test::{closure#1}, ()>::{closure#1} as core[df12db4294e9bfd3]::ops::function::FnOnce<()>>::call_once::{shim:vtable#0}
[INFO] [stdout]   21:     0x5c3d5103c1f9 - <std[70759c8f55707aa4]::sys::thread::unix::Thread>::new::thread_start
[INFO] [stdout]   22:     0x7f06e499adfa - <unknown>
[INFO] [stdout]   23:     0x7f06e4a2e3d4 - clone
[INFO] [stdout]   24:                0x0 - <unknown>
[INFO] [stdout] 
[INFO] [stdout] 
[INFO] [stdout] failures:
[INFO] [stdout]     tests::send_recv::it_receives_various_messages_and_works_as_expected
[INFO] [stdout] 
[INFO] [stdout] test result: FAILED. 1 passed; 1 failed; 0 ignored; 0 measured; 0 filtered out; finished in 8.04s
[INFO] [stdout] 
[INFO] [stderr] error: test failed, to rerun pass `--lib`
[INFO] running `Command { std: "docker" "inspect" "375e5f6659701f79f4972f89e17d481c0fd249dfce1331a1b2282c86c2441263", kill_on_drop: false }`
[INFO] running `Command { std: "docker" "rm" "-f" "375e5f6659701f79f4972f89e17d481c0fd249dfce1331a1b2282c86c2441263", kill_on_drop: false }`
[INFO] [stdout] 375e5f6659701f79f4972f89e17d481c0fd249dfce1331a1b2282c86c2441263
