[INFO] fetching crate kamino-cli 2.3.0...
[INFO] testing kamino-cli-2.3.0 against 1.99.0-beta.8+cargoflags=--release for beta-release-1.100-2
[INFO] extracting crate kamino-cli 2.3.0 into /workspace/builds/worker-6-tc1/source
[INFO] started tweaking crates.io crate kamino-cli 2.3.0
[INFO] removed 0 missing tests
[INFO] finished tweaking crates.io crate kamino-cli 2.3.0
[INFO] tweaked toml for crates.io crate kamino-cli 2.3.0 written to /workspace/builds/worker-6-tc1/source/Cargo.toml
[INFO] validating manifest of crates.io crate kamino-cli 2.3.0 on toolchain 1.99.0-beta.8
[INFO] running `Command { std: CARGO_HOME="/workspace/cargo-home" RUSTUP_HOME="/workspace/rustup-home" "/workspace/cargo-home/bin/cargo" "+1.99.0-beta.8" "metadata" "--manifest-path" "Cargo.toml" "--no-deps", kill_on_drop: false }`
[INFO] crate crates.io crate kamino-cli 2.3.0 already has a lockfile, it will not be regenerated
[INFO] running `Command { std: CARGO_HOME="/workspace/cargo-home" RUSTUP_HOME="/workspace/rustup-home" "/workspace/cargo-home/bin/cargo" "+1.99.0-beta.8" "fetch" "--manifest-path" "Cargo.toml", kill_on_drop: false }`
[INFO] [stderr]     Blocking waiting for file lock on package cache
[INFO] [stderr]     Updating crates.io index
[INFO] [stderr]  Downloading crates ...
[INFO] [stderr]   Downloaded seq_io v0.3.4
[INFO] [stderr]   Downloaded buffer-redux v1.0.2
[INFO] running `Command { std: "docker" "create" "-v" "/var/lib/crater-agent-workspace/builds/worker-6-tc1/source:/opt/rustwide/workdir:ro,Z" "-v" "/var/lib/crater-agent-workspace/builds/worker-6-tc1/target:/opt/rustwide/target:rw,Z" "-v" "/var/lib/crater-agent-workspace/cargo-home:/opt/rustwide/cargo-home:ro,Z" "-v" "/var/lib/crater-agent-workspace/rustup-home:/opt/rustwide/rustup-home:ro,Z" "-m" "1610612736" "--network" "none" "ghcr.io/rust-lang/crates-build-env/linux@sha256:77db811e55d90add9212f6832c23229e3de5f1c1f9905e8cb07319ea15df73ac" "sleep" "infinity", kill_on_drop: false }`
[INFO] [stdout] 983000d44c658c0ac8e1b51266084cb711c6e2334e2e57faa2100f23813de17d
[INFO] running `Command { std: "docker" "start" "983000d44c658c0ac8e1b51266084cb711c6e2334e2e57faa2100f23813de17d", kill_on_drop: false }`
[INFO] running `Command { std: "docker" "inspect" "983000d44c658c0ac8e1b51266084cb711c6e2334e2e57faa2100f23813de17d", kill_on_drop: false }`
[INFO] running `Command { std: "docker" "exec" "-e" "SOURCE_DIR=/opt/rustwide/workdir" "-e" "CARGO_HOME=/opt/rustwide/cargo-home" "-e" "RUSTUP_HOME=/opt/rustwide/rustup-home" "-e" "CARGO_TARGET_DIR=/opt/rustwide/target" "-w" "/opt/rustwide/workdir" "--user" "0:0" "983000d44c658c0ac8e1b51266084cb711c6e2334e2e57faa2100f23813de17d" "/opt/rustwide/cargo-home/bin/cargo" "+1.99.0-beta.8" "metadata" "--no-deps" "--format-version=1", kill_on_drop: false }`
[INFO] running `Command { std: "docker" "inspect" "983000d44c658c0ac8e1b51266084cb711c6e2334e2e57faa2100f23813de17d", kill_on_drop: false }`
[INFO] running `Command { std: "docker" "exec" "-e" "SOURCE_DIR=/opt/rustwide/workdir" "-e" "CARGO_HOME=/opt/rustwide/cargo-home" "-e" "RUSTUP_HOME=/opt/rustwide/rustup-home" "-e" "CARGO_TARGET_DIR=/opt/rustwide/target" "-e" "CARGO_INCREMENTAL=0" "-e" "RUST_BACKTRACE=full" "-e" "RUSTFLAGS=--cap-lints=warn" "-e" "RUSTDOCFLAGS=--cap-lints=warn" "-w" "/opt/rustwide/workdir" "--user" "0:0" "983000d44c658c0ac8e1b51266084cb711c6e2334e2e57faa2100f23813de17d" "/opt/rustwide/cargo-home/bin/cargo" "+1.99.0-beta.8" "build" "--frozen" "--message-format=json" "--release", kill_on_drop: false }`
[INFO] [stderr]    Compiling proc-macro2 v1.0.107
[INFO] [stderr]    Compiling quote v1.0.47
[INFO] [stderr]    Compiling crossbeam-utils v0.8.23
[INFO] [stderr]    Compiling unicode-ident v1.0.26
[INFO] [stderr]    Compiling crossbeam-epoch v0.9.21
[INFO] [stderr]    Compiling serde_core v1.0.229
[INFO] [stderr]    Compiling crossbeam-deque v0.8.8
[INFO] [stderr]    Compiling utf8parse v0.2.2
[INFO] [stderr]    Compiling cfg-if v1.0.5
[INFO] [stderr]    Compiling libc v0.2.189
[INFO] [stderr]    Compiling serde v1.0.229
[INFO] [stderr]    Compiling anstyle v1.0.14
[INFO] [stderr]    Compiling is_terminal_polyfill v1.70.2
[INFO] [stderr]    Compiling colorchoice v1.0.5
[INFO] [stderr]    Compiling anstyle-query v1.1.5
[INFO] [stderr]    Compiling getrandom v0.4.3
[INFO] [stderr]    Compiling rayon-core v1.13.0
[INFO] [stderr]    Compiling rustix v1.1.5
[INFO] [stderr]    Compiling crc32fast v1.5.2
[INFO] [stderr]    Compiling adler2 v2.0.1
[INFO] [stderr]    Compiling anstyle-parse v1.0.0
[INFO] [stderr]    Compiling heck v0.5.0
[INFO] [stderr]    Compiling strsim v0.11.1
[INFO] [stderr]    Compiling clap_lex v1.1.1
[INFO] [stderr]    Compiling memchr v2.8.3
[INFO] [stderr]    Compiling bitflags v2.13.2
[INFO] [stderr]    Compiling linux-raw-sys v0.12.1
[INFO] [stderr]    Compiling simd-adler32 v0.3.10
[INFO] [stderr]    Compiling anyhow v1.0.104
[INFO] [stderr]    Compiling either v1.18.0
[INFO] [stderr]    Compiling fastrand v2.5.0
[INFO] [stderr]    Compiling once_cell v1.21.4
[INFO] [stderr]    Compiling foldhash v0.2.0
[INFO] [stderr]    Compiling anstream v1.0.0
[INFO] [stderr]    Compiling miniz_oxide v0.9.1
[INFO] [stderr]    Compiling equivalent v1.0.2
[INFO] [stderr]    Compiling allocator-api2 v0.2.21
[INFO] [stderr]    Compiling scoped_threadpool v0.1.9
[INFO] [stderr]    Compiling hashbrown v0.17.1
[INFO] [stderr]    Compiling flate2 v1.1.10
[INFO] [stderr]    Compiling clap_builder v4.6.7
[INFO] [stderr]    Compiling buffer-redux v1.0.2
[INFO] [stderr]    Compiling syn v3.0.6
[INFO] [stderr]    Compiling rayon v1.12.0
[INFO] [stderr]    Compiling tempfile v3.27.0
[INFO] [stderr]    Compiling clap_derive v4.6.7
[INFO] [stderr]    Compiling serde_derive v1.0.229
[INFO] [stderr]    Compiling clap v4.6.7
[INFO] [stderr]    Compiling seq_io v0.3.4
[INFO] [stderr]    Compiling kamino-cli v2.3.0 (/opt/rustwide/workdir)
[INFO] [stderr]     Finished `release` profile [optimized] target(s) in 40.54s
[INFO] running `Command { std: "docker" "inspect" "983000d44c658c0ac8e1b51266084cb711c6e2334e2e57faa2100f23813de17d", kill_on_drop: false }`
[INFO] running `Command { std: "docker" "exec" "-e" "SOURCE_DIR=/opt/rustwide/workdir" "-e" "CARGO_HOME=/opt/rustwide/cargo-home" "-e" "RUSTUP_HOME=/opt/rustwide/rustup-home" "-e" "CARGO_TARGET_DIR=/opt/rustwide/target" "-e" "CARGO_INCREMENTAL=0" "-e" "RUST_BACKTRACE=full" "-e" "RUSTFLAGS=--cap-lints=warn" "-e" "RUSTDOCFLAGS=--cap-lints=warn" "-w" "/opt/rustwide/workdir" "--user" "0:0" "983000d44c658c0ac8e1b51266084cb711c6e2334e2e57faa2100f23813de17d" "/opt/rustwide/cargo-home/bin/cargo" "+1.99.0-beta.8" "test" "--frozen" "--no-run" "--message-format=json" "--release", kill_on_drop: false }`
[INFO] [stderr]    Compiling utf8parse v0.2.2
[INFO] [stderr]    Compiling crossbeam-utils v0.8.23
[INFO] [stderr]    Compiling cfg-if v1.0.5
[INFO] [stderr]    Compiling anstyle-query v1.1.5
[INFO] [stderr]    Compiling colorchoice v1.0.5
[INFO] [stderr]    Compiling anstyle v1.0.14
[INFO] [stderr]    Compiling is_terminal_polyfill v1.70.2
[INFO] [stderr]    Compiling serde_core v1.0.229
[INFO] [stderr]    Compiling libc v0.2.189
[INFO] [stderr]    Compiling strsim v0.11.1
[INFO] [stderr]    Compiling clap_lex v1.1.1
[INFO] [stderr]    Compiling simd-adler32 v0.3.10
[INFO] [stderr]    Compiling memchr v2.8.3
[INFO] [stderr]    Compiling linux-raw-sys v0.12.1
[INFO] [stderr]    Compiling adler2 v2.0.1
[INFO] [stderr]    Compiling bitflags v2.13.2
[INFO] [stderr]    Compiling crc32fast v1.5.2
[INFO] [stderr]    Compiling allocator-api2 v0.2.21
[INFO] [stderr]    Compiling either v1.18.0
[INFO] [stderr]    Compiling scoped_threadpool v0.1.9
[INFO] [stderr]    Compiling equivalent v1.0.2
[INFO] [stderr]    Compiling anstyle-parse v1.0.0
[INFO] [stderr]    Compiling once_cell v1.21.4
[INFO] [stderr]    Compiling fastrand v2.5.0
[INFO] [stderr]    Compiling miniz_oxide v0.9.1
[INFO] [stderr]    Compiling anstream v1.0.0
[INFO] [stderr]    Compiling foldhash v0.2.0
[INFO] [stderr]    Compiling anyhow v1.0.104
[INFO] [stderr]    Compiling buffer-redux v1.0.2
[INFO] [stderr]    Compiling clap_builder v4.6.7
[INFO] [stderr]    Compiling crossbeam-epoch v0.9.21
[INFO] [stderr]    Compiling rustix v1.1.5
[INFO] [stderr]    Compiling hashbrown v0.17.1
[INFO] [stderr]    Compiling crossbeam-deque v0.8.8
[INFO] [stderr]    Compiling flate2 v1.1.10
[INFO] [stderr]    Compiling rayon-core v1.13.0
[INFO] [stderr]    Compiling getrandom v0.4.3
[INFO] [stderr]    Compiling rayon v1.12.0
[INFO] [stderr]    Compiling tempfile v3.27.0
[INFO] [stderr]    Compiling serde v1.0.229
[INFO] [stderr]    Compiling seq_io v0.3.4
[INFO] [stderr]    Compiling clap v4.6.7
[INFO] [stderr]    Compiling kamino-cli v2.3.0 (/opt/rustwide/workdir)
[INFO] [stderr]     Finished `release` profile [optimized] target(s) in 53.19s
[INFO] running `Command { std: "docker" "inspect" "983000d44c658c0ac8e1b51266084cb711c6e2334e2e57faa2100f23813de17d", kill_on_drop: false }`
[INFO] running `Command { std: "docker" "exec" "-e" "SOURCE_DIR=/opt/rustwide/workdir" "-e" "CARGO_HOME=/opt/rustwide/cargo-home" "-e" "RUSTUP_HOME=/opt/rustwide/rustup-home" "-e" "CARGO_TARGET_DIR=/opt/rustwide/target" "-e" "CARGO_INCREMENTAL=0" "-e" "RUST_BACKTRACE=full" "-e" "RUSTFLAGS=--cap-lints=warn" "-e" "RUSTDOCFLAGS=--cap-lints=warn" "-w" "/opt/rustwide/workdir" "--user" "0:0" "983000d44c658c0ac8e1b51266084cb711c6e2334e2e57faa2100f23813de17d" "/opt/rustwide/cargo-home/bin/cargo" "+1.99.0-beta.8" "test" "--frozen" "--release", kill_on_drop: false }`
[INFO] [stderr]     Finished `release` profile [optimized] target(s) in 0.13s
[INFO] [stderr]      Running unittests src/lib.rs (/opt/rustwide/target/release/deps/kamino_cli-96ba807e244728cd)
[INFO] [stdout] 
[INFO] [stdout] running 67 tests
[INFO] [stdout] test argument_tests::alphabet_specific_defaults_and_explicit_overrides ... ok
[INFO] [stdout] test argument_tests::k_bounds_follow_the_packed_alphabet_width ... ok
[INFO] [stdout] test group_filtering::tests::discards_when_only_raw_polymorphic_middle_column_fails_missingness ... ok
[INFO] [stdout] test group_extraction::tests::block_arena_push_and_get_preserve_exact_bytes ... ok
[INFO] [stdout] test group_extraction::tests::normalize_protein_description_removes_organism_suffix ... ok
[INFO] [stdout] test group_extraction::tests::merge_interns_exact_sequences_and_keeps_species_local_protein_ids ... ok
[INFO] [stdout] test group_extraction::tests::repeated_occurrences_store_one_block_per_distinct_sequence ... ok
[INFO] [stdout] test group_extraction::tests::species_merge_order_preserves_effective_raw_data ... ok
[INFO] [stdout] test group_extraction::tests::one_hundred_identical_occurrences_store_one_sequence_copy ... ok
[INFO] [stdout] test group_filtering::tests::constant_tail_columns_failing_missingness_are_not_appended ... ok
[INFO] [stdout] test group_filtering::tests::aa20_consensus_and_polymorphism_handle_high_sparse_states ... ok
[INFO] [stdout] test group_filtering::tests::constant_zero_emits_only_trimmed_polymorphic_middle_region ... ok
[INFO] [stdout] test group_filtering::tests::constant_tail_cannot_rescue_without_retained_polymorphic_middle ... ok
[INFO] [stdout] test group_filtering::tests::fewer_than_mask_consecutive_state_differences_are_not_masked ... ok
[INFO] [stdout] test group_filtering::tests::exact_minimum_presence_is_retained_without_float_rounding ... ok
[INFO] [stdout] test group_filtering::tests::exactly_mask_consecutive_state_differences_mask_entire_row ... ok
[INFO] [stdout] test group_filtering::tests::final_middle_column_before_constants_is_polymorphic ... ok
[INFO] [stdout] test group_filtering::tests::mask_zero_disables_divergent_row_masking ... ok
[INFO] [stdout] test group_filtering::tests::polymorphism_respects_selected_alphabet ... ok
[INFO] [stdout] test group_filtering::tests::majority_state_consensus_ignores_missing_invalid_and_ties_by_state_value ... ok
[INFO] [stdout] test group_filtering::tests::gaps_and_x_are_ignored_when_detecting_polymorphism ... ok
[INFO] [stdout] test group_extraction::tests::bubble_extraction_stores_middle_and_only_requested_right_prefix ... ok
[INFO] [stdout] test group_filtering::tests::mask_zero_returns_without_changing_rows ... ok
[INFO] [stdout] test group_filtering::tests::masking_respects_selected_alphabet ... ok
[INFO] [stdout] test group_filtering::tests::raw_amino_acid_differences_in_same_state_do_not_count_as_polymorphism ... ok
[INFO] [stdout] test group_filtering::tests::retained_middle_trims_past_raw_only_polymorphism ... ok
[INFO] [stdout] test group_filtering::tests::missing_ambiguous_and_invalid_positions_break_difference_runs ... ok
[INFO] [stdout] test group_sorting::tests::direct_overlap_k_uses_alphabet_packing_limit ... ok
[INFO] [stdout] test group_sorting::tests::consensus_rows_by_isolate_uses_arena_backed_observations ... ok
[INFO] [stdout] test group_filtering::tests::divergent_row_masking_happens_before_polymorphic_middle_filtering ... ok
[INFO] [stdout] test group_filtering::tests::retains_group_with_retained_polymorphic_middle_column ... ok
[INFO] [stdout] test group_filtering::tests::middle_is_trimmed_on_both_sides_before_appending_constants ... ok
[INFO] [stdout] test group_sorting::tests::length_support_counts_distinct_species_not_occurrences_or_sequences ... ok
[INFO] [stdout] test group_filtering::tests::missingness_filtering_happens_before_polymorphic_trimming ... ok
[INFO] [stdout] test group_filtering::tests::polymorphic_right_anchor_tail_cannot_rescue_conserved_middle ... ok
[INFO] [stdout] test group_filtering::tests::retained_middle_starts_at_first_retained_polymorphic_column ... ok
[INFO] [stdout] test group_sorting::tests::packed_anchor_decoding_supports_three_and_five_bit_states ... ok
[INFO] [stdout] test group_filtering::tests::right_anchor_tail_is_appended_after_polymorphic_middle ... ok
[INFO] [stdout] test group_filtering::tests::same_state_differences_are_not_masked ... ok
[INFO] [stdout] test group_filtering::tests::discards_when_only_retained_middle_columns_are_conserved ... ok
[INFO] [stdout] test group_sorting::tests::length_filter_rejects_ties_low_support_and_short_blocks ... ok
[INFO] [stdout] test group_sorting::tests::nonoverlap_filter_drops_weaker_shared_kmer_and_retains_empty_kmer_candidates ... ok
[INFO] [stdout] test group_sorting::tests::raw_direct_groups_already_group_exact_anchor_pairs ... ok
[INFO] [stdout] test group_filtering::tests::protein_name_consensus_is_independent_of_merge_order ... ok
[INFO] [stdout] test group_filtering::tests::ambiguous_x_does_not_create_early_polymorphism ... ok
[INFO] [stdout] test group_filtering::tests::one_polymorphic_middle_column_with_constant_three_has_length_four ... ok
[INFO] [stdout] test group_sorting::tests::sort_nonoverlap_uses_shorter_overlap_k_when_k_less_than_11 ... ok
[INFO] [stdout] test group_sorting::tests::sort_nonoverlap_keeps_strongest_overlapping_group_deterministically ... ok
[INFO] [stdout] test group_sorting::tests::compact_path_reconstruction_matches_historical_full_path_kmers ... ok
[INFO] [stdout] test group_sorting::tests::streaming_nonoverlap_preserves_full_path_overlap_semantics ... ok
[INFO] [stdout] test recode::tests::aa20_packed_kmer_value_is_stable ... ok
[INFO] [stdout] test protein_prediction::tests::adaptive_scores_are_clamped_and_added_per_strand ... ok
[INFO] [stdout] test recode::tests::alphabet_dimensions_and_invalid_residues ... ok
[INFO] [stdout] test recode::tests::six_state_mappings_are_preserved ... ok
[INFO] [stdout] test group_sorting::tests::species_mask_uses_inline512_for_65_to_512_species ... ok
[INFO] [stdout] test group_sorting::tests::species_mask_uses_inline_u64_for_up_to_64_species ... ok
[INFO] [stdout] test protein_prediction::tests::accumulate_codon_counts_counts_only_complete_valid_codons ... ok
[INFO] [stdout] test group_sorting::tests::sort_retains_original_raw_anchor_key_without_refinement ... ok
[INFO] [stdout] test phylo::tests::bit_slicing_preserves_pairwise_distances ... ok
[INFO] [stdout] test group_sorting::tests::species_mask_uses_dynamic_for_more_than_512_species ... ok
[INFO] [stdout] test group_sorting::tests::nonoverlap_scans_one_unique_path_for_ten_identical_occurrences ... ok
[INFO] [stdout] test protein_prediction::tests::lookup_tables_encode_bases_complements_starts_and_stops ... ok
[INFO] [stdout] test protein_prediction::tests::adaptive_model_training_rejects_insufficient_or_partial_seed_orfs ... ok
[INFO] [stdout] test protein_prediction::tests::adaptive_model_training_uses_high_scoring_complete_orfs_and_background ... ok
[INFO] [stdout] test recode::tests::aa20_has_twenty_distinct_case_insensitive_states ... ok
[INFO] [stdout] test phylo::tests::output_is_independent_of_thread_count ... ok
[INFO] [stdout] test group_filtering::tests::consensus_positions_without_valid_state_break_difference_runs ... ok
[INFO] [stdout] 
[INFO] [stdout] test result: ok. 67 passed; 0 failed; 0 ignored; 0 measured; 0 filtered out; finished in 0.07s
[INFO] [stdout] 
[INFO] [stderr]      Running unittests src/main.rs (/opt/rustwide/target/release/deps/kamino-b2c34f1e26eaa9cc)
[INFO] [stdout] 
[INFO] [stdout] running 0 tests
[INFO] [stdout] 
[INFO] [stdout] test result: ok. 0 passed; 0 failed; 0 ignored; 0 measured; 0 filtered out; finished in 0.00s
[INFO] [stdout] 
[INFO] [stderr]      Running tests/golden.rs (/opt/rustwide/target/release/deps/golden-145d1198ad1c521e)
[INFO] [stdout] 
[INFO] [stdout] running 4 tests
[INFO] [stdout] test golden_3diff_input_file_kgb6 ... FAILED
[INFO] [stdout] test golden_3diff ... FAILED
[INFO] [stdout] test golden_genomes ... FAILED
[INFO] [stdout] test proteome_output_is_identical_across_thread_counts_and_repeated_runs ... ok
[INFO] [stdout] 
[INFO] [stdout] failures:
[INFO] [stdout] 
[INFO] [stdout] ---- golden_3diff_input_file_kgb6 stdout ----
[INFO] [stdout] 
[INFO] [stdout] thread 'golden_3diff_input_file_kgb6' (1696) panicked at tests/golden.rs:49:9:
[INFO] [stdout] Failed to create work dir "target/test_3diff_input_file_kgb6_rs" for golden case 3diff_input_file_kgb6: Read-only file system (os error 30)
[INFO] [stdout] stack backtrace:
[INFO] [stdout]    0:     0x567a33214e16 - <<std[70759c8f55707aa4]::sys::backtrace::BacktraceLock>::print::DisplayBacktrace as core[df12db4294e9bfd3]::fmt::Display>::fmt
[INFO] [stdout]    1:     0x567a33163b7a - core[df12db4294e9bfd3]::fmt::write
[INFO] [stdout]    2:     0x567a3321ae7c - <alloc[2182bb758b4b3781]::vec::Vec<u8> as core[df12db4294e9bfd3]::io::write::Write>::write_fmt
[INFO] [stdout]    3:     0x567a331ef892 - std[70759c8f55707aa4]::panicking::default_hook::{closure#0}
[INFO] [stdout]    4:     0x567a3320c841 - std[70759c8f55707aa4]::panicking::default_hook
[INFO] [stdout]    5:     0x567a3320cc82 - std[70759c8f55707aa4]::panicking::panic_with_hook
[INFO] [stdout]    6:     0x567a331ef942 - std[70759c8f55707aa4]::panicking::panic_handler::{closure#0}
[INFO] [stdout]    7:     0x567a331e7fa9 - std[70759c8f55707aa4]::sys::backtrace::__rust_end_short_backtrace::<std[70759c8f55707aa4]::panicking::panic_handler::{closure#0}, !>
[INFO] [stdout]    8:     0x567a331f06dd - __rustc[8fa7c3cbc660c2b3]::rust_begin_unwind
[INFO] [stdout]    9:     0x567a3316426c - core[df12db4294e9bfd3]::panicking::panic_fmt
[INFO] [stdout]   10:     0x567a3317477b - golden[b9fe7861242eeedb]::run_golden_case::{closure#1}
[INFO] [stdout]   11:     0x567a3317538e - golden[b9fe7861242eeedb]::run_golden_case
[INFO] [stdout]   12:     0x567a33175e41 - <golden[b9fe7861242eeedb]::golden_3diff_input_file_kgb6::{closure#0} as core[df12db4294e9bfd3]::ops::function::FnOnce<()>>::call_once
[INFO] [stdout]   13:     0x567a3321dbab - test[9d35eded1c95d3be]::__rust_begin_short_backtrace::<core[df12db4294e9bfd3]::result::Result<(), alloc[2182bb758b4b3781]::string::String>, fn() -> core[df12db4294e9bfd3]::result::Result<(), alloc[2182bb758b4b3781]::string::String>>
[INFO] [stdout]   14:     0x567a3322bd01 - test[9d35eded1c95d3be]::run_test::{closure#0}
[INFO] [stdout]   15:     0x567a33225414 - std[70759c8f55707aa4]::sys::backtrace::__rust_begin_short_backtrace::<test[9d35eded1c95d3be]::run_test::{closure#1}, ()>
[INFO] [stdout]   16:     0x567a3322fb22 - <std[70759c8f55707aa4]::thread::lifecycle::spawn_unchecked<test[9d35eded1c95d3be]::run_test::{closure#1}, ()>::{closure#1} as core[df12db4294e9bfd3]::ops::function::FnOnce<()>>::call_once::{shim:vtable#0}
[INFO] [stdout]   17:     0x567a33213f2e - <std[70759c8f55707aa4]::sys::thread::unix::Thread>::new::thread_start
[INFO] [stdout]   18:     0x7e225506edfa - <unknown>
[INFO] [stdout]   19:     0x7e22551023d4 - clone
[INFO] [stdout]   20:                0x0 - <unknown>
[INFO] [stdout] 
[INFO] [stdout] ---- golden_3diff stdout ----
[INFO] [stdout] 
[INFO] [stdout] thread 'golden_3diff' (1695) panicked at tests/golden.rs:49:9:
[INFO] [stdout] Failed to create work dir "target/test_3diff_rs" for golden case 3diff: Read-only file system (os error 30)
[INFO] [stdout] stack backtrace:
[INFO] [stdout]    0:     0x567a33214e16 - <<std[70759c8f55707aa4]::sys::backtrace::BacktraceLock>::print::DisplayBacktrace as core[df12db4294e9bfd3]::fmt::Display>::fmt
[INFO] [stdout]    1:     0x567a33163b7a - core[df12db4294e9bfd3]::fmt::write
[INFO] [stdout]    2:     0x567a3321ae7c - <alloc[2182bb758b4b3781]::vec::Vec<u8> as core[df12db4294e9bfd3]::io::write::Write>::write_fmt
[INFO] [stdout]    3:     0x567a331ef892 - std[70759c8f55707aa4]::panicking::default_hook::{closure#0}
[INFO] [stdout]    4:     0x567a3320c841 - std[70759c8f55707aa4]::panicking::default_hook
[INFO] [stdout]    5:     0x567a3320cc82 - std[70759c8f55707aa4]::panicking::panic_with_hook
[INFO] [stdout]    6:     0x567a331ef942 - std[70759c8f55707aa4]::panicking::panic_handler::{closure#0}
[INFO] [stdout]    7:     0x567a331e7fa9 - std[70759c8f55707aa4]::sys::backtrace::__rust_end_short_backtrace::<std[70759c8f55707aa4]::panicking::panic_handler::{closure#0}, !>
[INFO] [stdout]    8:     0x567a331f06dd - __rustc[8fa7c3cbc660c2b3]::rust_begin_unwind
[INFO] [stdout]    9:     0x567a3316426c - core[df12db4294e9bfd3]::panicking::panic_fmt
[INFO] [stdout]   10:     0x567a3317477b - golden[b9fe7861242eeedb]::run_golden_case::{closure#1}
[INFO] [stdout]   11:     0x567a3317538e - golden[b9fe7861242eeedb]::run_golden_case
[INFO] [stdout]   12:     0x567a33175d01 - <golden[b9fe7861242eeedb]::golden_3diff::{closure#0} as core[df12db4294e9bfd3]::ops::function::FnOnce<()>>::call_once
[INFO] [stdout]   13:     0x567a3321dbab - test[9d35eded1c95d3be]::__rust_begin_short_backtrace::<core[df12db4294e9bfd3]::result::Result<(), alloc[2182bb758b4b3781]::string::String>, fn() -> core[df12db4294e9bfd3]::result::Result<(), alloc[2182bb758b4b3781]::string::String>>
[INFO] [stdout]   14:     0x567a3322bd01 - test[9d35eded1c95d3be]::run_test::{closure#0}
[INFO] [stdout]   15:     0x567a33225414 - std[70759c8f55707aa4]::sys::backtrace::__rust_begin_short_backtrace::<test[9d35eded1c95d3be]::run_test::{closure#1}, ()>
[INFO] [stdout]   16:     0x567a3322fb22 - <std[70759c8f55707aa4]::thread::lifecycle::spawn_unchecked<test[9d35eded1c95d3be]::run_test::{closure#1}, ()>::{closure#1} as core[df12db4294e9bfd3]::ops::function::FnOnce<()>>::call_once::{shim:vtable#0}
[INFO] [stdout]   17:     0x567a33213f2e - <std[70759c8f55707aa4]::sys::thread::unix::Thread>::new::thread_start
[INFO] [stdout]   18:     0x7e225506edfa - <unknown>
[INFO] [stdout]   19:     0x7e22551023d4 - clone
[INFO] [stdout]   20:                0x0 - <unknown>
[INFO] [stdout] 
[INFO] [stdout] ---- golden_genomes stdout ----
[INFO] [stdout] 
[INFO] [stdout] thread 'golden_genomes' (1697) panicked at tests/golden.rs:49:9:
[INFO] [stdout] Failed to create work dir "target/test_genomes_rs" for golden case genomes: Read-only file system (os error 30)
[INFO] [stdout] stack backtrace:
[INFO] [stdout]    0:     0x567a33214e16 - <<std[70759c8f55707aa4]::sys::backtrace::BacktraceLock>::print::DisplayBacktrace as core[df12db4294e9bfd3]::fmt::Display>::fmt
[INFO] [stdout]    1:     0x567a33163b7a - core[df12db4294e9bfd3]::fmt::write
[INFO] [stdout]    2:     0x567a3321ae7c - <alloc[2182bb758b4b3781]::vec::Vec<u8> as core[df12db4294e9bfd3]::io::write::Write>::write_fmt
[INFO] [stdout]    3:     0x567a331ef892 - std[70759c8f55707aa4]::panicking::default_hook::{closure#0}
[INFO] [stdout]    4:     0x567a3320c841 - std[70759c8f55707aa4]::panicking::default_hook
[INFO] [stdout]    5:     0x567a3320cc82 - std[70759c8f55707aa4]::panicking::panic_with_hook
[INFO] [stdout]    6:     0x567a331ef942 - std[70759c8f55707aa4]::panicking::panic_handler::{closure#0}
[INFO] [stdout]    7:     0x567a331e7fa9 - std[70759c8f55707aa4]::sys::backtrace::__rust_end_short_backtrace::<std[70759c8f55707aa4]::panicking::panic_handler::{closure#0}, !>
[INFO] [stdout]    8:     0x567a331f06dd - __rustc[8fa7c3cbc660c2b3]::rust_begin_unwind
[INFO] [stdout]    9:     0x567a3316426c - core[df12db4294e9bfd3]::panicking::panic_fmt
[INFO] [stdout]   10:     0x567a3317477b - golden[b9fe7861242eeedb]::run_golden_case::{closure#1}
[INFO] [stdout]   11:     0x567a3317538e - golden[b9fe7861242eeedb]::run_golden_case
[INFO] [stdout]   12:     0x567a33175da1 - <golden[b9fe7861242eeedb]::golden_genomes::{closure#0} as core[df12db4294e9bfd3]::ops::function::FnOnce<()>>::call_once
[INFO] [stdout]   13:     0x567a3321dbab - test[9d35eded1c95d3be]::__rust_begin_short_backtrace::<core[df12db4294e9bfd3]::result::Result<(), alloc[2182bb758b4b3781]::string::String>, fn() -> core[df12db4294e9bfd3]::result::Result<(), alloc[2182bb758b4b3781]::string::String>>
[INFO] [stdout]   14:     0x567a3322bd01 - test[9d35eded1c95d3be]::run_test::{closure#0}
[INFO] [stdout]   15:     0x567a33225414 - std[70759c8f55707aa4]::sys::backtrace::__rust_begin_short_backtrace::<test[9d35eded1c95d3be]::run_test::{closure#1}, ()>
[INFO] [stdout]   16:     0x567a3322fb22 - <std[70759c8f55707aa4]::thread::lifecycle::spawn_unchecked<test[9d35eded1c95d3be]::run_test::{closure#1}, ()>::{closure#1} as core[df12db4294e9bfd3]::ops::function::FnOnce<()>>::call_once::{shim:vtable#0}
[INFO] [stdout]   17:     0x567a33213f2e - <std[70759c8f55707aa4]::sys::thread::unix::Thread>::new::thread_start
[INFO] [stdout]   18:     0x7e225506edfa - <unknown>
[INFO] [stdout]   19:     0x7e22551023d4 - clone
[INFO] [stdout]   20:                0x0 - <unknown>
[INFO] [stdout] 
[INFO] [stdout] 
[INFO] [stdout] failures:
[INFO] [stdout]     golden_3diff
[INFO] [stdout]     golden_3diff_input_file_kgb6
[INFO] [stdout]     golden_genomes
[INFO] [stdout] 
[INFO] [stdout] test result: FAILED. 1 passed; 3 failed; 0 ignored; 0 measured; 0 filtered out; finished in 2.45s
[INFO] [stdout] 
[INFO] [stderr] error: test failed, to rerun pass `--test golden`
[INFO] running `Command { std: "docker" "inspect" "983000d44c658c0ac8e1b51266084cb711c6e2334e2e57faa2100f23813de17d", kill_on_drop: false }`
[INFO] running `Command { std: "docker" "rm" "-f" "983000d44c658c0ac8e1b51266084cb711c6e2334e2e57faa2100f23813de17d", kill_on_drop: false }`
[INFO] [stdout] 983000d44c658c0ac8e1b51266084cb711c6e2334e2e57faa2100f23813de17d
