[INFO] fetching crate kamino-api-utils 0.1.1...
[INFO] testing kamino-api-utils-0.1.1 against 1.99.0-beta.8+cargoflags=--release for beta-release-1.100-2
[INFO] extracting crate kamino-api-utils 0.1.1 into /workspace/builds/worker-5-tc1/source
[INFO] started tweaking crates.io crate kamino-api-utils 0.1.1
[INFO] removed 0 missing tests
[INFO] finished tweaking crates.io crate kamino-api-utils 0.1.1
[INFO] tweaked toml for crates.io crate kamino-api-utils 0.1.1 written to /workspace/builds/worker-5-tc1/source/Cargo.toml
[INFO] validating manifest of crates.io crate kamino-api-utils 0.1.1 on toolchain 1.99.0-beta.8
[INFO] running `Command { std: CARGO_HOME="/workspace/cargo-home" RUSTUP_HOME="/workspace/rustup-home" "/workspace/cargo-home/bin/cargo" "+1.99.0-beta.8" "metadata" "--manifest-path" "Cargo.toml" "--no-deps", kill_on_drop: false }`
[INFO] crate crates.io crate kamino-api-utils 0.1.1 already has a lockfile, it will not be regenerated
[INFO] running `Command { std: CARGO_HOME="/workspace/cargo-home" RUSTUP_HOME="/workspace/rustup-home" "/workspace/cargo-home/bin/cargo" "+1.99.0-beta.8" "fetch" "--manifest-path" "Cargo.toml", kill_on_drop: false }`
[INFO] [stderr]     Updating crates.io index
[INFO] [stderr]  Downloading crates ...
[INFO] [stderr]   Downloaded solana-sanitize v3.0.1
[INFO] [stderr]   Downloaded wincode v0.6.0
[INFO] [stderr]   Downloaded solana-program-error v3.0.1
[INFO] [stderr]   Downloaded solana-atomic-u64 v3.0.1
[INFO] [stderr]   Downloaded five8_core v1.0.0
[INFO] [stderr]   Downloaded solana-pubkey v4.3.0
[INFO] [stderr]   Downloaded solana-define-syscall v5.2.0
[INFO] [stderr]   Downloaded five8_const v1.0.0
[INFO] [stderr]   Downloaded solana-instruction-error v2.5.0
[INFO] [stderr]   Downloaded solana-address v2.7.0
[INFO] [stderr]   Downloaded wincode-derive v0.5.0
[INFO] [stderr]   Downloaded solana-instruction v3.5.0
[INFO] [stderr]   Downloaded five8 v1.0.0
[INFO] [stderr]   Downloaded borsh-derive v1.8.0
[INFO] [stderr]   Downloaded borsh v1.8.0
[INFO] running `Command { std: "docker" "create" "-v" "/var/lib/crater-agent-workspace/builds/worker-5-tc1/source:/opt/rustwide/workdir:ro,Z" "-v" "/var/lib/crater-agent-workspace/builds/worker-5-tc1/target:/opt/rustwide/target:rw,Z" "-v" "/var/lib/crater-agent-workspace/cargo-home:/opt/rustwide/cargo-home:ro,Z" "-v" "/var/lib/crater-agent-workspace/rustup-home:/opt/rustwide/rustup-home:ro,Z" "-m" "1610612736" "--network" "none" "ghcr.io/rust-lang/crates-build-env/linux@sha256:77db811e55d90add9212f6832c23229e3de5f1c1f9905e8cb07319ea15df73ac" "sleep" "infinity", kill_on_drop: false }`
[INFO] [stdout] d8743e16ddd141419feaddbd7f2f51823a5f26ef4d04ff77b3a06f91bb550434
[INFO] running `Command { std: "docker" "start" "d8743e16ddd141419feaddbd7f2f51823a5f26ef4d04ff77b3a06f91bb550434", kill_on_drop: false }`
[INFO] running `Command { std: "docker" "inspect" "d8743e16ddd141419feaddbd7f2f51823a5f26ef4d04ff77b3a06f91bb550434", kill_on_drop: false }`
[INFO] running `Command { std: "docker" "exec" "-e" "SOURCE_DIR=/opt/rustwide/workdir" "-e" "CARGO_HOME=/opt/rustwide/cargo-home" "-e" "RUSTUP_HOME=/opt/rustwide/rustup-home" "-e" "CARGO_TARGET_DIR=/opt/rustwide/target" "-w" "/opt/rustwide/workdir" "--user" "0:0" "d8743e16ddd141419feaddbd7f2f51823a5f26ef4d04ff77b3a06f91bb550434" "/opt/rustwide/cargo-home/bin/cargo" "+1.99.0-beta.8" "metadata" "--no-deps" "--format-version=1", kill_on_drop: false }`
[INFO] running `Command { std: "docker" "inspect" "d8743e16ddd141419feaddbd7f2f51823a5f26ef4d04ff77b3a06f91bb550434", kill_on_drop: false }`
[INFO] running `Command { std: "docker" "exec" "-e" "SOURCE_DIR=/opt/rustwide/workdir" "-e" "CARGO_HOME=/opt/rustwide/cargo-home" "-e" "RUSTUP_HOME=/opt/rustwide/rustup-home" "-e" "CARGO_TARGET_DIR=/opt/rustwide/target" "-e" "CARGO_INCREMENTAL=0" "-e" "RUST_BACKTRACE=full" "-e" "RUSTFLAGS=--cap-lints=warn" "-e" "RUSTDOCFLAGS=--cap-lints=warn" "-w" "/opt/rustwide/workdir" "--user" "0:0" "d8743e16ddd141419feaddbd7f2f51823a5f26ef4d04ff77b3a06f91bb550434" "/opt/rustwide/cargo-home/bin/cargo" "+1.99.0-beta.8" "build" "--frozen" "--message-format=json" "--release", kill_on_drop: false }`
[INFO] [stderr]    Compiling five8_core v1.0.0
[INFO] [stderr]    Compiling solana-program-error v3.0.1
[INFO] [stderr]    Compiling solana-atomic-u64 v3.0.1
[INFO] [stderr]    Compiling either v1.17.0
[INFO] [stderr]    Compiling solana-sanitize v3.0.1
[INFO] [stderr]    Compiling syn v2.0.119
[INFO] [stderr]    Compiling thiserror v2.0.19
[INFO] [stderr]    Compiling bytes v1.12.1
[INFO] [stderr]    Compiling anyhow v1.0.104
[INFO] [stderr]    Compiling thiserror-impl v2.0.19
[INFO] [stderr]    Compiling solana-instruction-error v2.5.0
[INFO] [stderr]    Compiling five8_const v1.0.0
[INFO] [stderr]    Compiling five8 v1.0.0
[INFO] [stderr]    Compiling itertools v0.14.0
[INFO] [stderr]    Compiling solana-address v2.7.0
[INFO] [stderr]    Compiling solana-pubkey v4.3.0
[INFO] [stderr]    Compiling solana-instruction v3.5.0
[INFO] [stderr]    Compiling prost-derive v0.14.4
[INFO] [stderr]    Compiling prost v0.14.4
[INFO] [stderr]    Compiling kamino-api-utils v0.1.1 (/opt/rustwide/workdir)
[INFO] [stderr]     Finished `release` profile [optimized] target(s) in 8.03s
[INFO] running `Command { std: "docker" "inspect" "d8743e16ddd141419feaddbd7f2f51823a5f26ef4d04ff77b3a06f91bb550434", kill_on_drop: false }`
[INFO] running `Command { std: "docker" "exec" "-e" "SOURCE_DIR=/opt/rustwide/workdir" "-e" "CARGO_HOME=/opt/rustwide/cargo-home" "-e" "RUSTUP_HOME=/opt/rustwide/rustup-home" "-e" "CARGO_TARGET_DIR=/opt/rustwide/target" "-e" "CARGO_INCREMENTAL=0" "-e" "RUST_BACKTRACE=full" "-e" "RUSTFLAGS=--cap-lints=warn" "-e" "RUSTDOCFLAGS=--cap-lints=warn" "-w" "/opt/rustwide/workdir" "--user" "0:0" "d8743e16ddd141419feaddbd7f2f51823a5f26ef4d04ff77b3a06f91bb550434" "/opt/rustwide/cargo-home/bin/cargo" "+1.99.0-beta.8" "test" "--frozen" "--no-run" "--message-format=json" "--release", kill_on_drop: false }`
[INFO] [stderr]    Compiling serde_json v1.0.151
[INFO] [stderr]    Compiling serde v1.0.229
[INFO] [stderr]    Compiling kamino-api-utils v0.1.1 (/opt/rustwide/workdir)
[INFO] [stderr]     Finished `release` profile [optimized] target(s) in 4.84s
[INFO] running `Command { std: "docker" "inspect" "d8743e16ddd141419feaddbd7f2f51823a5f26ef4d04ff77b3a06f91bb550434", kill_on_drop: false }`
[INFO] running `Command { std: "docker" "exec" "-e" "SOURCE_DIR=/opt/rustwide/workdir" "-e" "CARGO_HOME=/opt/rustwide/cargo-home" "-e" "RUSTUP_HOME=/opt/rustwide/rustup-home" "-e" "CARGO_TARGET_DIR=/opt/rustwide/target" "-e" "CARGO_INCREMENTAL=0" "-e" "RUST_BACKTRACE=full" "-e" "RUSTFLAGS=--cap-lints=warn" "-e" "RUSTDOCFLAGS=--cap-lints=warn" "-w" "/opt/rustwide/workdir" "--user" "0:0" "d8743e16ddd141419feaddbd7f2f51823a5f26ef4d04ff77b3a06f91bb550434" "/opt/rustwide/cargo-home/bin/cargo" "+1.99.0-beta.8" "test" "--frozen" "--release", kill_on_drop: false }`
[INFO] [stderr]     Finished `release` profile [optimized] target(s) in 0.08s
[INFO] [stderr]      Running unittests src/lib.rs (/opt/rustwide/target/release/deps/kamino_api_utils-1a164327e143505a)
[INFO] [stdout] 
[INFO] [stdout] running 0 tests
[INFO] [stdout] 
[INFO] [stdout] test result: ok. 0 passed; 0 failed; 0 ignored; 0 measured; 0 filtered out; finished in 0.00s
[INFO] [stdout] 
[INFO] [stderr]      Running tests/codecs.rs (/opt/rustwide/target/release/deps/codecs-2cc8a0d4ba44bdbe)
[INFO] [stdout] 
[INFO] [stdout] running 8 tests
[INFO] [stdout] test standalone_lookup_table_round_trips_and_preserves_address_order ... ok
[INFO] [stdout] test absent_pubkeys_are_distinct_typed_errors ... ok
[INFO] [stdout] test unknown_additive_fields_are_ignored_for_both_message_types ... ok
[INFO] [stdout] test proto3_defaults_restore_nested_account_roles_and_data ... ok
[INFO] [stderr]      Running tests/conformance.rs (/opt/rustwide/target/release/deps/conformance-c30abe118c3bc209)
[INFO] [stdout] test instruction_boundary_values_round_trip ... ok
[INFO] [stdout] test malformed_protobuf_is_a_typed_error_for_both_decoders ... ok
[INFO] [stdout] test non_empty_pubkeys_with_wrong_lengths_are_typed_errors ... ok
[INFO] [stdout] test account_roles_map_in_both_directions ... ok
[INFO] [stdout] 
[INFO] [stdout] test result: ok. 8 passed; 0 failed; 0 ignored; 0 measured; 0 filtered out; finished in 0.00s
[INFO] [stdout] 
[INFO] [stdout] 
[INFO] [stdout] running 2 tests
[INFO] [stdout] test rust_decodes_rust_and_typescript_corpora_semantically ... FAILED
[INFO] [stdout] test rust_rejects_rust_and_typescript_negative_corpora_with_shared_codes ... FAILED
[INFO] [stdout] 
[INFO] [stdout] failures:
[INFO] [stdout] 
[INFO] [stdout] ---- rust_decodes_rust_and_typescript_corpora_semantically stdout ----
[INFO] [stdout] 
[INFO] [stdout] thread 'rust_decodes_rust_and_typescript_corpora_semantically' (525) panicked at tests/conformance.rs:40:56:
[INFO] [stdout] expected table must be readable: Os { code: 2, kind: NotFound, message: "No such file or directory" }
[INFO] [stdout] stack backtrace:
[INFO] [stdout]    0:     0x5811f2420bb1 - <<std[70759c8f55707aa4]::sys::backtrace::BacktraceLock>::print::DisplayBacktrace as core[df12db4294e9bfd3]::fmt::Display>::fmt
[INFO] [stdout]    1:     0x5811f243563a - core[df12db4294e9bfd3]::fmt::write
[INFO] [stdout]    2:     0x5811f242504c - <alloc[2182bb758b4b3781]::vec::Vec<u8> as core[df12db4294e9bfd3]::io::write::Write>::write_fmt
[INFO] [stdout]    3:     0x5811f23fcbf6 - std[70759c8f55707aa4]::panicking::default_hook::{closure#0}
[INFO] [stdout]    4:     0x5811f2418ff9 - std[70759c8f55707aa4]::panicking::default_hook
[INFO] [stdout]    5:     0x5811f23aeb80 - test[9d35eded1c95d3be]::test_main_inner::<test[9d35eded1c95d3be]::test_main_static::{closure#0}>::{closure#0}
[INFO] [stdout]    6:     0x5811f24191b2 - std[70759c8f55707aa4]::panicking::panic_with_hook
[INFO] [stdout]    7:     0x5811f23fcca2 - std[70759c8f55707aa4]::panicking::panic_handler::{closure#0}
[INFO] [stdout]    8:     0x5811f23f5899 - std[70759c8f55707aa4]::sys::backtrace::__rust_end_short_backtrace::<std[70759c8f55707aa4]::panicking::panic_handler::{closure#0}, !>
[INFO] [stdout]    9:     0x5811f23fd89d - __rustc[8fa7c3cbc660c2b3]::rust_begin_unwind
[INFO] [stdout]   10:     0x5811f2435d6c - core[df12db4294e9bfd3]::panicking::panic_fmt
[INFO] [stdout]   11:     0x5811f2435b42 - core[df12db4294e9bfd3]::result::unwrap_failed
[INFO] [stdout]   12:     0x5811f239b130 - <conformance[b13b1b9b89a47d71]::rust_decodes_rust_and_typescript_corpora_semantically::{closure#0} as core[df12db4294e9bfd3]::ops::function::FnOnce<()>>::call_once
[INFO] [stdout]   13:     0x5811f23a1e6b - test[9d35eded1c95d3be]::__rust_begin_short_backtrace::<core[df12db4294e9bfd3]::result::Result<(), alloc[2182bb758b4b3781]::string::String>, fn() -> core[df12db4294e9bfd3]::result::Result<(), alloc[2182bb758b4b3781]::string::String>>
[INFO] [stdout]   14:     0x5811f23af4d5 - test[9d35eded1c95d3be]::run_test::{closure#0}
[INFO] [stdout]   15:     0x5811f23a8d94 - std[70759c8f55707aa4]::sys::backtrace::__rust_begin_short_backtrace::<test[9d35eded1c95d3be]::run_test::{closure#1}, ()>
[INFO] [stdout]   16:     0x5811f23b2632 - <std[70759c8f55707aa4]::thread::lifecycle::spawn_unchecked<test[9d35eded1c95d3be]::run_test::{closure#1}, ()>::{closure#1} as core[df12db4294e9bfd3]::ops::function::FnOnce<()>>::call_once::{shim:vtable#0}
[INFO] [stdout]   17:     0x5811f2420169 - <std[70759c8f55707aa4]::sys::thread::unix::Thread>::new::thread_start
[INFO] [stdout]   18:     0x7bea61c98dfa - <unknown>
[INFO] [stdout]   19:     0x7bea61d2c3d4 - clone
[INFO] [stdout]   20:                0x0 - <unknown>
[INFO] [stdout] 
[INFO] [stdout] ---- rust_rejects_rust_and_typescript_negative_corpora_with_shared_codes stdout ----
[INFO] [stdout] 
[INFO] [stdout] thread 'rust_rejects_rust_and_typescript_negative_corpora_with_shared_codes' (526) panicked at tests/conformance.rs:104:56:
[INFO] [stdout] negative table must be readable: Os { code: 2, kind: NotFound, message: "No such file or directory" }
[INFO] [stdout] stack backtrace:
[INFO] [stdout]    0:     0x5811f2420bb1 - <<std[70759c8f55707aa4]::sys::backtrace::BacktraceLock>::print::DisplayBacktrace as core[df12db4294e9bfd3]::fmt::Display>::fmt
[INFO] [stdout]    1:     0x5811f243563a - core[df12db4294e9bfd3]::fmt::write
[INFO] [stdout]    2:     0x5811f242504c - <alloc[2182bb758b4b3781]::vec::Vec<u8> as core[df12db4294e9bfd3]::io::write::Write>::write_fmt
[INFO] [stdout]    3:     0x5811f23fcbf6 - std[70759c8f55707aa4]::panicking::default_hook::{closure#0}
[INFO] [stdout]    4:     0x5811f2418ff9 - std[70759c8f55707aa4]::panicking::default_hook
[INFO] [stdout]    5:     0x5811f23aeb80 - test[9d35eded1c95d3be]::test_main_inner::<test[9d35eded1c95d3be]::test_main_static::{closure#0}>::{closure#0}
[INFO] [stdout]    6:     0x5811f24191b2 - std[70759c8f55707aa4]::panicking::panic_with_hook
[INFO] [stdout]    7:     0x5811f23fcca2 - std[70759c8f55707aa4]::panicking::panic_handler::{closure#0}
[INFO] [stdout]    8:     0x5811f23f5899 - std[70759c8f55707aa4]::sys::backtrace::__rust_end_short_backtrace::<std[70759c8f55707aa4]::panicking::panic_handler::{closure#0}, !>
[INFO] [stdout]    9:     0x5811f23fd89d - __rustc[8fa7c3cbc660c2b3]::rust_begin_unwind
[INFO] [stdout]   10:     0x5811f2435d6c - core[df12db4294e9bfd3]::panicking::panic_fmt
[INFO] [stdout]   11:     0x5811f2435b42 - core[df12db4294e9bfd3]::result::unwrap_failed
[INFO] [stdout]   12:     0x5811f239c29a - <conformance[b13b1b9b89a47d71]::rust_rejects_rust_and_typescript_negative_corpora_with_shared_codes::{closure#0} as core[df12db4294e9bfd3]::ops::function::FnOnce<()>>::call_once
[INFO] [stdout]   13:     0x5811f23a1e6b - test[9d35eded1c95d3be]::__rust_begin_short_backtrace::<core[df12db4294e9bfd3]::result::Result<(), alloc[2182bb758b4b3781]::string::String>, fn() -> core[df12db4294e9bfd3]::result::Result<(), alloc[2182bb758b4b3781]::string::String>>
[INFO] [stdout]   14:     0x5811f23af4d5 - test[9d35eded1c95d3be]::run_test::{closure#0}
[INFO] [stdout]   15:     0x5811f23a8d94 - std[70759c8f55707aa4]::sys::backtrace::__rust_begin_short_backtrace::<test[9d35eded1c95d3be]::run_test::{closure#1}, ()>
[INFO] [stdout]   16:     0x5811f23b2632 - <std[70759c8f55707aa4]::thread::lifecycle::spawn_unchecked<test[9d35eded1c95d3be]::run_test::{closure#1}, ()>::{closure#1} as core[df12db4294e9bfd3]::ops::function::FnOnce<()>>::call_once::{shim:vtable#0}
[INFO] [stdout]   17:     0x5811f2420169 - <std[70759c8f55707aa4]::sys::thread::unix::Thread>::new::thread_start
[INFO] [stdout]   18:     0x7bea61c98dfa - <unknown>
[INFO] [stdout]   19:     0x7bea61d2c3d4 - clone
[INFO] [stdout]   20:                0x0 - <unknown>
[INFO] [stdout] 
[INFO] [stdout] 
[INFO] [stdout] failures:
[INFO] [stdout]     rust_decodes_rust_and_typescript_corpora_semantically
[INFO] [stdout]     rust_rejects_rust_and_typescript_negative_corpora_with_shared_codes
[INFO] [stdout] 
[INFO] [stdout] test result: FAILED. 0 passed; 2 failed; 0 ignored; 0 measured; 0 filtered out; finished in 0.00s
[INFO] [stdout] 
[INFO] [stderr] error: test failed, to rerun pass `--test conformance`
[INFO] running `Command { std: "docker" "inspect" "d8743e16ddd141419feaddbd7f2f51823a5f26ef4d04ff77b3a06f91bb550434", kill_on_drop: false }`
[INFO] running `Command { std: "docker" "rm" "-f" "d8743e16ddd141419feaddbd7f2f51823a5f26ef4d04ff77b3a06f91bb550434", kill_on_drop: false }`
[INFO] [stdout] d8743e16ddd141419feaddbd7f2f51823a5f26ef4d04ff77b3a06f91bb550434
