[INFO] fetching crate kameleoon-core 0.1.10...
[INFO] testing kameleoon-core-0.1.10 against 1.100.0-beta.1+cargoflags=--release for beta-release-1.100-2
[INFO] extracting crate kameleoon-core 0.1.10 into /workspace/builds/worker-3-tc2/source
[INFO] started tweaking crates.io crate kameleoon-core 0.1.10
[INFO] finished tweaking crates.io crate kameleoon-core 0.1.10
[INFO] tweaked toml for crates.io crate kameleoon-core 0.1.10 written to /workspace/builds/worker-3-tc2/source/Cargo.toml
[INFO] validating manifest of crates.io crate kameleoon-core 0.1.10 on toolchain 1.100.0-beta.1
[INFO] running `Command { std: CARGO_HOME="/workspace/cargo-home" RUSTUP_HOME="/workspace/rustup-home" "/workspace/cargo-home/bin/cargo" "+1.100.0-beta.1" "metadata" "--manifest-path" "Cargo.toml" "--no-deps", kill_on_drop: false }`
[INFO] crate crates.io crate kameleoon-core 0.1.10 already has a lockfile, it will not be regenerated
[INFO] running `Command { std: CARGO_HOME="/workspace/cargo-home" RUSTUP_HOME="/workspace/rustup-home" "/workspace/cargo-home/bin/cargo" "+1.100.0-beta.1" "fetch" "--manifest-path" "Cargo.toml", kill_on_drop: false }`
[INFO] running `Command { std: "docker" "create" "-v" "/var/lib/crater-agent-workspace/builds/worker-3-tc2/source:/opt/rustwide/workdir:ro,Z" "-v" "/var/lib/crater-agent-workspace/builds/worker-3-tc2/target:/opt/rustwide/target:rw,Z" "-v" "/var/lib/crater-agent-workspace/cargo-home:/opt/rustwide/cargo-home:ro,Z" "-v" "/var/lib/crater-agent-workspace/rustup-home:/opt/rustwide/rustup-home:ro,Z" "-m" "1610612736" "--network" "none" "ghcr.io/rust-lang/crates-build-env/linux@sha256:77db811e55d90add9212f6832c23229e3de5f1c1f9905e8cb07319ea15df73ac" "sleep" "infinity", kill_on_drop: false }`
[INFO] [stdout] 607be9bae2ac7aafa3fd9382603edc2456cca6a7fd60f5539c6a2489fad37266
[INFO] running `Command { std: "docker" "start" "607be9bae2ac7aafa3fd9382603edc2456cca6a7fd60f5539c6a2489fad37266", kill_on_drop: false }`
[INFO] running `Command { std: "docker" "inspect" "607be9bae2ac7aafa3fd9382603edc2456cca6a7fd60f5539c6a2489fad37266", kill_on_drop: false }`
[INFO] running `Command { std: "docker" "exec" "-e" "SOURCE_DIR=/opt/rustwide/workdir" "-e" "CARGO_HOME=/opt/rustwide/cargo-home" "-e" "RUSTUP_HOME=/opt/rustwide/rustup-home" "-e" "CARGO_TARGET_DIR=/opt/rustwide/target" "-w" "/opt/rustwide/workdir" "--user" "0:0" "607be9bae2ac7aafa3fd9382603edc2456cca6a7fd60f5539c6a2489fad37266" "/opt/rustwide/cargo-home/bin/cargo" "+1.100.0-beta.1" "metadata" "--no-deps" "--format-version=1", kill_on_drop: false }`
[INFO] running `Command { std: "docker" "inspect" "607be9bae2ac7aafa3fd9382603edc2456cca6a7fd60f5539c6a2489fad37266", kill_on_drop: false }`
[INFO] running `Command { std: "docker" "exec" "-e" "SOURCE_DIR=/opt/rustwide/workdir" "-e" "CARGO_HOME=/opt/rustwide/cargo-home" "-e" "RUSTUP_HOME=/opt/rustwide/rustup-home" "-e" "CARGO_TARGET_DIR=/opt/rustwide/target" "-e" "CARGO_INCREMENTAL=0" "-e" "RUST_BACKTRACE=full" "-e" "RUSTFLAGS=--cap-lints=warn" "-e" "RUSTDOCFLAGS=--cap-lints=warn" "-w" "/opt/rustwide/workdir" "--user" "0:0" "607be9bae2ac7aafa3fd9382603edc2456cca6a7fd60f5539c6a2489fad37266" "/opt/rustwide/cargo-home/bin/cargo" "+1.100.0-beta.1" "build" "--frozen" "--message-format=json" "--release", kill_on_drop: false }`
[INFO] [stderr]    Compiling proc-macro2 v1.0.106
[INFO] [stderr]    Compiling libc v0.2.184
[INFO] [stderr]    Compiling stable_deref_trait v1.2.1
[INFO] [stderr]    Compiling futures-core v0.3.32
[INFO] [stderr]    Compiling bytes v1.11.1
[INFO] [stderr]    Compiling fs_extra v1.3.0
[INFO] [stderr]    Compiling strsim v0.11.1
[INFO] [stderr]    Compiling ident_case v1.0.1
[INFO] [stderr]    Compiling aws-lc-rs v1.17.0
[INFO] [stderr]    Compiling litemap v0.8.2
[INFO] [stderr]    Compiling writeable v0.6.3
[INFO] [stderr]    Compiling rustls-pki-types v1.14.1
[INFO] [stderr]    Compiling icu_properties_data v2.2.0
[INFO] [stderr]    Compiling icu_normalizer_data v2.2.0
[INFO] [stderr]    Compiling typenum v1.19.0
[INFO] [stderr]    Compiling slab v0.4.12
[INFO] [stderr]    Compiling futures-task v0.3.32
[INFO] [stderr]    Compiling rustls v0.23.40
[INFO] [stderr]    Compiling fnv v1.0.7
[INFO] [stderr]    Compiling futures-channel v0.3.32
[INFO] [stderr]    Compiling serde_core v1.0.228
[INFO] [stderr]    Compiling tracing v0.1.44
[INFO] [stderr]    Compiling sync_wrapper v1.0.2
[INFO] [stderr]    Compiling openssl-probe v0.2.1
[INFO] [stderr]    Compiling ipnet v2.12.0
[INFO] [stderr]    Compiling form_urlencoded v1.2.2
[INFO] [stderr]    Compiling bitflags v2.11.0
[INFO] [stderr]    Compiling futures-util v0.3.32
[INFO] [stderr]    Compiling iri-string v0.7.12
[INFO] [stderr]    Compiling rustversion v1.0.22
[INFO] [stderr]    Compiling futures-sink v0.3.32
[INFO] [stderr]    Compiling parking_lot_core v0.9.12
[INFO] [stderr]    Compiling minimal-lexical v0.2.1
[INFO] [stderr]    Compiling saa v5.6.0
[INFO] [stderr]    Compiling regex-syntax v0.8.10
[INFO] [stderr]    Compiling const-oid v0.10.2
[INFO] [stderr]    Compiling rustls-native-certs v0.8.3
[INFO] [stderr]    Compiling deranged v0.5.8
[INFO] [stderr]    Compiling quote v1.0.45
[INFO] [stderr]    Compiling http v1.4.0
[INFO] [stderr]    Compiling nom v7.1.3
[INFO] [stderr]    Compiling sdd v4.8.10
[INFO] [stderr]    Compiling syn v2.0.117
[INFO] [stderr]    Compiling hybrid-array v0.4.10
[INFO] [stderr]    Compiling getrandom v0.4.2
[INFO] [stderr]    Compiling lock_api v0.4.14
[INFO] [stderr]    Compiling cpufeatures v0.3.0
[INFO] [stderr]    Compiling time-core v0.1.8
[INFO] [stderr]    Compiling num-conv v0.2.1
[INFO] [stderr]    Compiling jobserver v0.1.34
[INFO] [stderr]    Compiling num_threads v0.1.7
[INFO] [stderr]    Compiling futures-timer v3.0.3
[INFO] [stderr]    Compiling arc-swap v1.9.0
[INFO] [stderr]    Compiling mio v1.2.0
[INFO] [stderr]    Compiling socket2 v0.6.3
[INFO] [stderr]    Compiling crypto-common v0.2.1
[INFO] [stderr]    Compiling block-buffer v0.12.0
[INFO] [stderr]    Compiling cc v1.2.58
[INFO] [stderr]    Compiling parking_lot v0.12.5
[INFO] [stderr]    Compiling scc v3.8.8
[INFO] [stderr]    Compiling urlencoding v2.1.3
[INFO] [stderr]    Compiling http-body v1.0.1
[INFO] [stderr]    Compiling http-body-util v0.1.3
[INFO] [stderr]    Compiling time v0.3.47
[INFO] [stderr]    Compiling digest v0.11.2
[INFO] [stderr]    Compiling regex-automata v0.4.14
[INFO] [stderr]    Compiling sha2 v0.11.0
[INFO] [stderr]    Compiling cmake v0.1.58
[INFO] [stderr]    Compiling aws-lc-sys v0.41.0
[INFO] [stderr]    Compiling serde_json v1.0.149
[INFO] [stderr]    Compiling eventsource-stream v0.2.3
[INFO] [stderr]    Compiling regex v1.12.3
[INFO] [stderr]    Compiling synstructure v0.13.2
[INFO] [stderr]    Compiling darling_core v0.20.11
[INFO] [stderr]    Compiling darling_core v0.23.0
[INFO] [stderr]    Compiling zerofrom-derive v0.1.7
[INFO] [stderr]    Compiling yoke-derive v0.8.2
[INFO] [stderr]    Compiling zerovec-derive v0.11.3
[INFO] [stderr]    Compiling displaydoc v0.2.5
[INFO] [stderr]    Compiling tokio-macros v2.6.1
[INFO] [stderr]    Compiling thiserror-impl v1.0.69
[INFO] [stderr]    Compiling serde_derive v1.0.228
[INFO] [stderr]    Compiling async-trait v0.1.89
[INFO] [stderr]    Compiling tokio v1.50.0
[INFO] [stderr]    Compiling kameleoon-trace-logging v0.1.2
[INFO] [stderr]    Compiling zerofrom v0.1.7
[INFO] [stderr]    Compiling thiserror v1.0.69
[INFO] [stderr]    Compiling yoke v0.8.2
[INFO] [stderr]    Compiling zerovec v0.11.6
[INFO] [stderr]    Compiling zerotrie v0.2.4
[INFO] [stderr]    Compiling darling_macro v0.20.11
[INFO] [stderr]    Compiling darling v0.20.11
[INFO] [stderr]    Compiling derive_builder_core v0.20.2
[INFO] [stderr]    Compiling darling_macro v0.23.0
[INFO] [stderr]    Compiling tinystr v0.8.3
[INFO] [stderr]    Compiling potential_utf v0.1.5
[INFO] [stderr]    Compiling darling v0.23.0
[INFO] [stderr]    Compiling icu_collections v2.2.0
[INFO] [stderr]    Compiling serde_with_macros v3.18.0
[INFO] [stderr]    Compiling icu_locale_core v2.2.0
[INFO] [stderr]    Compiling serde_with v3.18.0
[INFO] [stderr]    Compiling derive_builder_macro v0.20.2
[INFO] [stderr]    Compiling derive_builder v0.20.2
[INFO] [stderr]    Compiling serde v1.0.228
[INFO] [stderr]    Compiling icu_provider v2.2.0
[INFO] [stderr]    Compiling icu_properties v2.2.0
[INFO] [stderr]    Compiling icu_normalizer v2.2.0
[INFO] [stderr]    Compiling idna_adapter v1.2.1
[INFO] [stderr]    Compiling idna v1.1.0
[INFO] [stderr]    Compiling url v2.5.8
[INFO] [stderr]    Compiling hyper v1.9.0
[INFO] [stderr]    Compiling tower v0.5.3
[INFO] [stderr]    Compiling tokio-util v0.7.18
[INFO] [stderr]    Compiling tower-http v0.6.8
[INFO] [stderr]    Compiling hyper-util v0.1.20
[INFO] [stderr]    Compiling rustls-webpki v0.103.13
[INFO] [stderr]    Compiling tokio-rustls v0.26.4
[INFO] [stderr]    Compiling rustls-platform-verifier v0.6.2
[INFO] [stderr]    Compiling hyper-rustls v0.27.7
[INFO] [stderr]    Compiling reqwest v0.13.3
[INFO] [stderr]    Compiling kameleoon-reqwest-eventsource v0.6.2
[INFO] [stderr]    Compiling kameleoon-core v0.1.10 (/opt/rustwide/workdir)
[INFO] [stderr]     Finished `release` profile [optimized] target(s) in 2m 28s
[INFO] running `Command { std: "docker" "inspect" "607be9bae2ac7aafa3fd9382603edc2456cca6a7fd60f5539c6a2489fad37266", kill_on_drop: false }`
[INFO] running `Command { std: "docker" "exec" "-e" "SOURCE_DIR=/opt/rustwide/workdir" "-e" "CARGO_HOME=/opt/rustwide/cargo-home" "-e" "RUSTUP_HOME=/opt/rustwide/rustup-home" "-e" "CARGO_TARGET_DIR=/opt/rustwide/target" "-e" "CARGO_INCREMENTAL=0" "-e" "RUST_BACKTRACE=full" "-e" "RUSTFLAGS=--cap-lints=warn" "-e" "RUSTDOCFLAGS=--cap-lints=warn" "-w" "/opt/rustwide/workdir" "--user" "0:0" "607be9bae2ac7aafa3fd9382603edc2456cca6a7fd60f5539c6a2489fad37266" "/opt/rustwide/cargo-home/bin/cargo" "+1.100.0-beta.1" "test" "--frozen" "--no-run" "--message-format=json" "--release", kill_on_drop: false }`
[INFO] [stderr]    Compiling memchr v2.8.0
[INFO] [stderr]    Compiling futures-channel v0.3.32
[INFO] [stderr]    Compiling futures-io v0.3.32
[INFO] [stderr]    Compiling futures-task v0.3.32
[INFO] [stderr]    Compiling futures-macro v0.3.32
[INFO] [stderr]    Compiling indexmap v2.13.1
[INFO] [stderr]    Compiling tokio-util v0.7.18
[INFO] [stderr]    Compiling zerocopy v0.8.48
[INFO] [stderr]    Compiling winnow v1.0.1
[INFO] [stderr]    Compiling semver v1.0.27
[INFO] [stderr]    Compiling getrandom v0.2.17
[INFO] [stderr]    Compiling regex-syntax v0.8.10
[INFO] [stderr]    Compiling toml_datetime v1.1.1+spec-1.1.0
[INFO] [stderr]    Compiling num-traits v0.2.19
[INFO] [stderr]    Compiling predicates-core v1.0.10
[INFO] [stderr]    Compiling mockall_derive v0.14.0
[INFO] [stderr]    Compiling rustc_version v0.4.1
[INFO] [stderr]    Compiling num_cpus v1.17.0
[INFO] [stderr]    Compiling glob v0.3.3
[INFO] [stderr]    Compiling rand_core v0.6.4
[INFO] [stderr]    Compiling mockall v0.14.0
[INFO] [stderr]    Compiling relative-path v1.9.3
[INFO] [stderr]    Compiling termtree v0.5.1
[INFO] [stderr]    Compiling sdd v3.0.10
[INFO] [stderr]    Compiling deadpool-runtime v0.1.4
[INFO] [stderr]    Compiling lazy_static v1.5.0
[INFO] [stderr]    Compiling predicates-tree v1.0.13
[INFO] [stderr]    Compiling deadpool v0.12.3
[INFO] [stderr]    Compiling rstest_macros v0.26.1
[INFO] [stderr]    Compiling scc v2.4.0
[INFO] [stderr]    Compiling predicates v3.1.4
[INFO] [stderr]    Compiling serial_test_derive v3.4.0
[INFO] [stderr]    Compiling futures-util v0.3.32
[INFO] [stderr]    Compiling aho-corasick v1.1.4
[INFO] [stderr]    Compiling nom v7.1.3
[INFO] [stderr]    Compiling serde_json v1.0.149
[INFO] [stderr]    Compiling fragile v2.1.0
[INFO] [stderr]    Compiling downcast v0.11.0
[INFO] [stderr]    Compiling float-cmp v0.10.0
[INFO] [stderr]    Compiling toml_parser v1.1.2+spec-1.1.0
[INFO] [stderr]    Compiling h2 v0.4.13
[INFO] [stderr]    Compiling toml_edit v0.25.10+spec-1.1.0
[INFO] [stderr]    Compiling regex-automata v0.4.14
[INFO] [stderr]    Compiling proc-macro-crate v3.5.0
[INFO] [stderr]    Compiling assert-json-diff v2.0.2
[INFO] [stderr]    Compiling eventsource-stream v0.2.3
[INFO] [stderr]    Compiling tower v0.5.3
[INFO] [stderr]    Compiling futures-executor v0.3.32
[INFO] [stderr]    Compiling futures v0.3.32
[INFO] [stderr]    Compiling serial_test v3.4.0
[INFO] [stderr]    Compiling tower-http v0.6.8
[INFO] [stderr]    Compiling ppv-lite86 v0.2.21
[INFO] [stderr]    Compiling regex v1.12.3
[INFO] [stderr]    Compiling rand_chacha v0.3.1
[INFO] [stderr]    Compiling hyper v1.9.0
[INFO] [stderr]    Compiling rand v0.8.5
[INFO] [stderr]    Compiling rstest_reuse v0.7.0
[INFO] [stderr]    Compiling rstest v0.26.1
[INFO] [stderr]    Compiling hyper-util v0.1.20
[INFO] [stderr]    Compiling hyper-rustls v0.27.7
[INFO] [stderr]    Compiling wiremock v0.6.5
[INFO] [stderr]    Compiling reqwest v0.13.3
[INFO] [stderr]    Compiling kameleoon-reqwest-eventsource v0.6.2
[INFO] [stderr]    Compiling kameleoon-core v0.1.10 (/opt/rustwide/workdir)
[INFO] [stderr]     Finished `release` profile [optimized] target(s) in 2m 16s
[INFO] running `Command { std: "docker" "inspect" "607be9bae2ac7aafa3fd9382603edc2456cca6a7fd60f5539c6a2489fad37266", kill_on_drop: false }`
[INFO] running `Command { std: "docker" "exec" "-e" "SOURCE_DIR=/opt/rustwide/workdir" "-e" "CARGO_HOME=/opt/rustwide/cargo-home" "-e" "RUSTUP_HOME=/opt/rustwide/rustup-home" "-e" "CARGO_TARGET_DIR=/opt/rustwide/target" "-e" "CARGO_INCREMENTAL=0" "-e" "RUST_BACKTRACE=full" "-e" "RUSTFLAGS=--cap-lints=warn" "-e" "RUSTDOCFLAGS=--cap-lints=warn" "-w" "/opt/rustwide/workdir" "--user" "0:0" "607be9bae2ac7aafa3fd9382603edc2456cca6a7fd60f5539c6a2489fad37266" "/opt/rustwide/cargo-home/bin/cargo" "+1.100.0-beta.1" "test" "--frozen" "--release", kill_on_drop: false }`
[INFO] [stderr]     Finished `release` profile [optimized] target(s) in 0.46s
[INFO] [stderr]      Running unittests src/lib.rs (/opt/rustwide/target/release/build/kameleoon-core/b8877c285c581af5/out/kameleoon_core-b8877c285c581af5)
[INFO] [stdout] 
[INFO] [stdout] running 1132 tests
[INFO] [stdout] test client_readiness::tests::test_wait_after_ready_returns_ok_immediately ... ok
[INFO] [stdout] test client_readiness::tests::test_success_marks_ready_and_releases_waiters ... ok
[INFO] [stdout] test client_readiness::tests::test_recovery_after_failure ... ok
[INFO] [stdout] test client_readiness::tests::test_failure_releases_waiters_with_error ... ok
[INFO] [stdout] test cookies::manager::tests::test_get_or_add_visitor_code::case_07 ... ok
[INFO] [stdout] test cookies::manager::tests::test_get_or_add_visitor_code::case_08 ... ok
[INFO] [stdout] test cookies::manager::tests::test_get_or_add_visitor_code::case_09 ... ok
[INFO] [stdout] test cookies::manager::tests::test_get_or_add_visitor_code::case_06 ... ok
[INFO] [stdout] test cookies::manager::tests::test_get_or_add_visitor_code::case_04 ... ok
[INFO] [stdout] test cookies::manager::tests::test_get_or_add_visitor_code::case_12 ... ok
[INFO] [stdout] test cookies::manager::tests::test_get_or_add_visitor_code::case_13 ... ok
[INFO] [stdout] test cookies::manager::tests::test_get_or_add_visitor_code::case_15 ... ok
[INFO] [stdout] test cookies::manager::tests::test_constants ... ok
[INFO] [stdout] test cookies::manager::tests::test_get_or_add_visitor_code::case_02 ... ok
[INFO] [stdout] test cookies::manager::tests::test_get_or_add_visitor_code::case_11 ... ok
[INFO] [stdout] test cookies::manager::tests::test_get_or_add_visitor_code::case_14 ... ok
[INFO] [stdout] test cookies::manager::tests::test_get_or_add_visitor_code::case_03 ... ok
[INFO] [stdout] test cookies::manager::tests::test_get_or_add_visitor_code::case_18 ... ok
[INFO] [stdout] test cookies::manager::tests::test_get_or_add_visitor_code::case_01 ... ok
[INFO] [stdout] test cookies::manager::tests::test_get_or_add_visitor_code::case_16 ... ok
[INFO] [stdout] test client_readiness::tests::test_first_failure_cause_is_kept ... ok
[INFO] [stdout] test cookies::manager::tests::test_get_or_add_visitor_code::case_10 ... ok
[INFO] [stdout] test cookies::manager::tests::test_get_or_add_visitor_code::case_17 ... ok
[INFO] [stdout] test cookies::manager::tests::test_get_or_add_visitor_code::case_05 ... ok
[INFO] [stdout] test client_readiness::tests::test_failure_does_not_revert_ready ... ok
[INFO] [stdout] test client_readiness::tests::test_wait_after_failure_fails_fast ... ok
[INFO] [stdout] test cookies::manager::tests::test_update::case_1 ... ok
[INFO] [stdout] test cookies::manager::tests::test_update::case_2 ... ok
[INFO] [stdout] test cookies::manager::tests::test_process_simulated_variations::case_3 ... ok
[INFO] [stdout] test cookies::manager::tests::test_process_simulated_variations::case_4 ... ok
[INFO] [stdout] test cookies::manager::tests::test_process_simulated_variations::case_7 ... ok
[INFO] [stdout] test cookies::manager::tests::test_process_simulated_variations::case_1 ... ok
[INFO] [stdout] test cookies::manager::tests::test_process_simulated_variations::case_5 ... ok
[INFO] [stdout] test cookies::manager::tests::test_process_simulated_variations::case_6 ... ok
[INFO] [stdout] test cookies::manager::tests::test_process_simulated_variations::case_8 ... ok
[INFO] [stdout] test core_factory::tests::test_create_with_config_returns_error_for_invalid_config ... ok
[INFO] [stdout] test core_factory::tests::test_create_returns_error_for_unreadable_config_file ... ok
[INFO] [stdout] test core_factory::tests::test_create_returns_error_without_config_and_path ... ok
[INFO] [stdout] test data::application_version::tests::test_new ... ok
[INFO] [stdout] test core_factory::tests::test_create_with_config_returns_error_for_empty_site_code ... ok
[INFO] [stdout] test cookies::manager::tests::test_process_simulated_variations::case_2 ... ok
[INFO] [stdout] test data::assigned_variation::tests::test_new_with_time ... ok
[INFO] [stdout] test data::assigned_variation::tests::test_encode_query ... ok
[INFO] [stdout] test data::browser::tests::test_encode_query::case_1 ... ok
[INFO] [stdout] test data::browser::tests::test_encode_query::case_2 ... ok
[INFO] [stdout] test data::browser::tests::test_encode_query::case_4 ... ok
[INFO] [stdout] test data::assigned_variation::tests::test_event_type ... ok
[INFO] [stdout] test data::assigned_variation::tests::test_key ... ok
[INFO] [stdout] test data::assigned_variation::tests::test_new ... ok
[INFO] [stdout] test data::browser::tests::test_encode_query::case_3 ... ok
[INFO] [stdout] test data::browser::tests::test_encode_query::case_6 ... ok
[INFO] [stdout] test data::browser::tests::test_encode_query::case_5 ... ok
[INFO] [stdout] test data::browser::tests::test_encode_query::case_7 ... ok
[INFO] [stdout] test data::browser::tests::test_encode_query::case_8 ... ok
[INFO] [stdout] test data::browser::tests::test_event_type ... ok
[INFO] [stdout] test data::browser::tests::test_new::case_3 ... ok
[INFO] [stdout] test data::cbscores::tests::test_new::case_1 ... ok
[INFO] [stdout] test data::cbscores::tests::test_new::case_2 ... ok
[INFO] [stdout] test data::browser::tests::test_new::case_1 ... ok
[INFO] [stdout] test data::browser::tests::test_new::case_2 ... ok
[INFO] [stdout] test data::browser::tests::test_new::case_4 ... ok
[INFO] [stdout] test data::browser::tests::test_new::case_5 ... ok
[INFO] [stdout] test data::browser::tests::test_new::case_6 ... ok
[INFO] [stdout] test data::conversion::tests::test_encode_query::case_3 ... ok
[INFO] [stdout] test data::cbscores::tests::test_new::case_3 ... ok
[INFO] [stdout] test data::conversion::tests::test_encode_query::case_2 ... ok
[INFO] [stdout] test data::conversion::tests::test_encode_query::case_1 ... ok
[INFO] [stdout] test data::conversion::tests::test_encode_query::case_5 ... ok
[INFO] [stdout] test data::conversion::tests::test_encode_query::case_4 ... ok
[INFO] [stdout] test data::conversion::tests::test_new_with_opts::case_2 ... ok
[INFO] [stdout] test data::conversion::tests::test_new_with_opts_time ... ok
[INFO] [stdout] test data::conversion::tests::test_encode_query::case_6 ... ok
[INFO] [stdout] test data::conversion::tests::test_encode_query::case_7 ... ok
[INFO] [stdout] test data::conversion::tests::test_event_type ... ok
[INFO] [stdout] test data::conversion::tests::test_new ... ok
[INFO] [stdout] test data::custom_data::tests::test_encode_query::case_1 ... ok
[INFO] [stdout] test data::cookie::tests::test_new ... ok
[INFO] [stdout] test data::custom_data::tests::test_encode_query::case_3 ... ok
[INFO] [stdout] test data::conversion::tests::test_new_with_opts::case_1 ... ok
[INFO] [stdout] test data::custom_data::tests::test_encode_query::case_5 ... ok
[INFO] [stdout] test data::custom_data::tests::test_encode_query::case_4 ... ok
[INFO] [stdout] test data::custom_data::tests::test_event_type ... ok
[INFO] [stdout] test data::custom_data::tests::test_into_mapping_identifier ... ok
[INFO] [stdout] test data::custom_data::tests::test_encode_query::case_2 ... ok
[INFO] [stdout] test data::custom_data::tests::test_new_with_index ... ok
[INFO] [stdout] test data::custom_data::tests::test_new_with_index_opts ... ok
[INFO] [stdout] test data::custom_data::tests::test_new_with_name ... ok
[INFO] [stdout] test data::custom_data::tests::test_key ... ok
[INFO] [stdout] test data::device::tests::test_encode_query::case_3 ... ok
[INFO] [stdout] test data::device::tests::test_event_type ... ok
[INFO] [stdout] test data::device::tests::test_encode_query::case_1 ... ok
[INFO] [stdout] test data::device::tests::test_new::case_3 ... ok
[INFO] [stdout] test data::geolocation::tests::test_build_all ... ok
[INFO] [stdout] test data::custom_data::tests::test_new_with_name_opts ... ok
[INFO] [stdout] test data::device::tests::test_new::case_2 ... ok
[INFO] [stdout] test data::device::tests::test_encode_query::case_2 ... ok
[INFO] [stdout] test data::geolocation::tests::test_build_required_missing ... ok
[INFO] [stdout] test data::geolocation::tests::test_encode_query::case_2 ... ok
[INFO] [stdout] test data::geolocation::tests::test_encode_query::case_1 ... ok
[INFO] [stdout] test data::geolocation::tests::test_encode_query::case_3 ... ok
[INFO] [stdout] test data::geolocation::tests::test_encode_query::case_4 ... ok
[INFO] [stdout] test data::device::tests::test_new::case_1 ... ok
[INFO] [stdout] test data::geolocation::tests::test_encode_query::case_5 ... ok
[INFO] [stdout] test data::geolocation::tests::test_event_type ... ok
[INFO] [stdout] test data::operating_system::tests::test_encode_query::case_1 ... ok
[INFO] [stdout] test data::operating_system::tests::test_encode_query::case_2 ... ok
[INFO] [stdout] test data::geolocation::tests::test_build_required_only ... ok
[INFO] [stdout] test data::geolocation::tests::test_encode_query::case_6 ... ok
[INFO] [stdout] test data::operating_system::tests::test_encode_query::case_3 ... ok
[INFO] [stdout] test data::operating_system::tests::test_encode_query::case_4 ... ok
[INFO] [stdout] test data::geolocation::tests::test_encode_query::case_7 ... ok
[INFO] [stdout] test data::operating_system::tests::test_encode_query::case_5 ... ok
[INFO] [stdout] test data::operating_system::tests::test_encode_query::case_6 ... ok
[INFO] [stdout] test data::operating_system::tests::test_new::case_2 ... ok
[INFO] [stdout] test data::kcs_heat::tests::test_new ... ok
[INFO] [stdout] test data::operating_system::tests::test_new::case_3 ... ok
[INFO] [stdout] test data::operating_system::tests::test_event_type ... ok
[INFO] [stdout] test data::operating_system::tests::test_new::case_1 ... ok
[INFO] [stdout] test data::operating_system::tests::test_new::case_4 ... ok
[INFO] [stdout] test data::operating_system::tests::test_new::case_5 ... ok
[INFO] [stdout] test data::operating_system::tests::test_new::case_6 ... ok
[INFO] [stdout] test data::page_view::tests::test_encode_query::case_1 ... ok
[INFO] [stdout] test data::page_view::tests::test_encode_query::case_3 ... ok
[INFO] [stdout] test data::page_view::tests::test_encode_query_with_opts ... ok
[INFO] [stdout] test data::page_view::tests::test_event_type ... ok
[INFO] [stdout] test data::page_view::tests::test_new_with_opts ... ok
[INFO] [stdout] test data::page_view::tests::test_new::case_2 ... ok
[INFO] [stdout] test data::page_view::tests::test_new_with_url ... ok
[INFO] [stdout] test data::page_view::tests::test_encode_query::case_2 ... ok
[INFO] [stdout] test data::page_view::tests::test_new::case_1 ... ok
[INFO] [stdout] test client_readiness::tests::test_timeout_while_pending ... ok
[INFO] [stdout] test data::page_view_visit::tests::test_key ... ok
[INFO] [stdout] test data::page_view_visit::tests::test_overwrite_increments_count_and_sets_new_ts ... ok
[INFO] [stdout] test data::page_view_visit::tests::test_new_with_provided_ts ... ok
[INFO] [stdout] test data::page_view_visit::tests::test_new_without_ts_sets_current_time ... ok
[INFO] [stdout] test data::personalization::tests::test_new ... ok
[INFO] [stdout] test data::page_view_visit::tests::test_merge_adds_counts_and_uses_latest_ts ... ok
[INFO] [stdout] test data::page_view_visit::tests::test_merge_keeps_later_ts ... ok
[INFO] [stdout] test data::unique_identifier::tests::test_new::case_2 ... ok
[INFO] [stdout] test data::visitor_visits::tests::test_encode_query ... ok
[INFO] [stdout] test data::targeted_segment::tests::test_event_type ... ok
[INFO] [stdout] test data::targeted_segment::tests::test_new ... ok
[INFO] [stdout] test data::unique_identifier::tests::test_new::case_1 ... ok
[INFO] [stdout] test data::visitor_visits::tests::test_into_local::case_3 ... ok
[INFO] [stdout] test data::user_agent::tests::test_new ... ok
[INFO] [stdout] test data::visitor_visits::tests::test_into_local::case_1 ... ok
[INFO] [stdout] test data::visitor_visits::tests::test_event_type ... ok
[INFO] [stdout] test data::visitor_visits::tests::test_into_local::case_2 ... ok
[INFO] [stdout] test data::targeted_segment::tests::test_encode_query ... ok
[INFO] [stdout] test data::visitor_visits::tests::test_into_local::case_4 ... ok
[INFO] [stdout] test data::personalization::tests::test_key ... ok
[INFO] [stdout] test datafile::custom_data_info::tests::test_custom_data_info::case_4 ... ok
[INFO] [stdout] test data::visitor_visits::tests::test_new ... ok
[INFO] [stdout] test datafile::custom_data_info::tests::test_custom_data_info::case_1 ... ok
[INFO] [stdout] test datafile::custom_data_info::tests::test_custom_data_info::case_2 ... ok
[INFO] [stdout] test datafile::custom_data_info::tests::test_get_custom_data_index_by_name ... ok
[INFO] [stdout] test datafile::custom_data_info::tests::test_get_custom_data_index_by_id ... ok
[INFO] [stdout] test datafile::custom_data_info::tests::test_custom_data_info::case_3 ... ok
[INFO] [stdout] test datafile::custom_data_info::tests::test_mapping_identifier_cases::case_1 ... ok
[INFO] [stdout] test datafile::custom_data_info::tests::test_mapping_identifier_cases::case_2 ... ok
[INFO] [stdout] test datafile::datafile::tests::test_datafile_creation ... ok
[INFO] [stdout] test datafile::datafile::tests::test_feature_flags ... ok
[INFO] [stdout] test datafile::datafile::tests::test_empty_feature_flags ... ok
[INFO] [stdout] test datafile::datafile::tests::test_audience_tracking_segments ... ok
[INFO] [stdout] test datafile::datafile::tests::test_ensure_environment_enabled::case_1 ... ok
[INFO] [stdout] test datafile::datafile::tests::test_ensure_environment_enabled::case_2 ... ok
[INFO] [stdout] test datafile::datafile::tests::test_get_feature_flag::case_1 ... ok
[INFO] [stdout] test datafile::datafile::tests::test_get_feature_flag::case_2 ... ok
[INFO] [stdout] test datafile::datafile::tests::test_get_info_by_exp_id ... ok
[INFO] [stdout] test datafile::datafile::tests::test_has_experiment_js_css_variable::case_1 ... ok
[INFO] [stdout] test datafile::datafile::tests::test_holdout ... ok
[INFO] [stdout] test datafile::datafile::tests::test_me_groups ... ok
[INFO] [stdout] test datafile::datafile::tests::test_has_experiment_js_css_variable::case_2 ... ok
[INFO] [stdout] test datafile::datafile::tests::test_new_nullum::env_1_None ... ok
[INFO] [stdout] test datafile::datafile::tests::test_no_holdout ... ok
[INFO] [stdout] test datafile::datafile::tests::test_ordered_feature_flags ... ok
[INFO] [stdout] test datafile::datafile::tests::test_segments_processing ... ok
[INFO] [stdout] test datafile::datafile::tests::test_has_targeted_delivery_rule::case_1 ... ok
[INFO] [stdout] test datafile::datafile::tests::test_has_targeted_delivery_rule::case_2 ... ok
[INFO] [stdout] test datafile::datafile::tests::test_new_nullum::env_2_Some___env1___ ... ok
[INFO] [stdout] test datafile::datafile_manager::data_file_update_event_test::test_data_file_update_handler_not_called_without_a_new_data_file::case_2_fetch_fails ... ok
[INFO] [stdout] test datafile::datafile_manager::data_file_update_event_test::test_data_file_update_handler_receives_event::case_2_streaming ... ok
[INFO] [stdout] test datafile::datafile::tests::test_parse_datafile_from_json ... ok
[INFO] [stdout] test datafile::datafile_manager::data_file_update_event_test::test_data_file_update_handler_not_called_without_a_new_data_file::case_1_not_modified ... ok
[INFO] [stdout] test datafile::datafile_manager::data_file_update_event_test::test_update_callback_works_together_with_event_handler ... ok
[INFO] [stdout] test datafile::datafile_manager::data_file_update_event_test::test_update_callback_called_for_every_update::case_2_streaming ... ok
[INFO] [stdout] test datafile::datafile_manager::data_file_update_event_test::test_data_file_update_handler_receives_event::case_1_polling ... ok
[INFO] [stdout] test datafile::datafile_manager::tests::test_handle_last_modified ... ok
[INFO] [stdout] test datafile::datafile_manager::data_file_update_event_test::test_update_callback_called_for_every_update::case_1_polling ... ok
[INFO] [stdout] test datafile::datafile_manager::tests::test_initialize::case_1_ok ... ok
[INFO] [stdout] test datafile::datafile_manager::tests::test_initialize_already_has_datafile ... ok
[INFO] [stdout] test datafile::datafile_manager::tests::test_initialize::case_2_fail ... ok
[INFO] [stdout] test datafile::datafile_manager::tests::test_select_update_mode_switches ... ok
[INFO] [stdout] test datafile::datafile_manager::tests::test_get_types_datafile_cache_value_and_recreate_after_store ... ok
[INFO] [stdout] test datafile::datafile_manager::tests::test_status_code_responses::case_1_status_500 ... ok
[INFO] [stdout] test datafile::datafile_manager::tests::test_readiness_fail_fast_and_recovery ... ok
[INFO] [stdout] test datafile::datafile_manager::tests::test_status_code_responses::case_2_status_304 ... ok
[INFO] [stdout] test datafile::datafile_manager::tests::test_status_code_responses::case_3_status_200 ... ok
[INFO] [stdout] test datafile::experiment::tests::test_experiment_get_variation_by_hash ... ok
[INFO] [stdout] test datafile::experiment::tests::test_experiment_get_variation_by_id ... ok
[INFO] [stdout] test datafile::experiment::tests::test_experiment_get_variation_by_key ... ok
[INFO] [stdout] test datafile::datafile_manager::tests::test_streaming_mode_update_by_event ... ok
[INFO] [stdout] test datafile::experiment::tests::test_experiment_impl_creation ... ok
[INFO] [stdout] test datafile::experiment::tests::test_experiment_get_variation_not_found ... ok
[INFO] [stdout] test datafile::feature_flag::tests::test_bucketing_custom_data_index::case_1 ... ok
[INFO] [stdout] test datafile::feature_flag::tests::test_bucketing_custom_data_index::case_3 ... ok
[INFO] [stdout] test datafile::datafile_manager::tests::test_store ... ok
[INFO] [stdout] test datafile::feature_flag::tests::test_bucketing_custom_data_index::case_4 ... ok
[INFO] [stdout] test datafile::feature_flag::tests::test_bucketing_custom_data_index::case_2 ... ok
[INFO] [stdout] test datafile::feature_flag::tests::test_feature_flag_impl_creation::case_1 ... ok
[INFO] [stdout] test datafile::feature_flag::tests::test_get_rule::case_2 ... ok
[INFO] [stdout] test datafile::feature_flag::tests::test_get_rule::case_3 ... ok
[INFO] [stdout] test datafile::feature_flag::tests::test_feature_flag_impl_creation::case_2 ... ok
[INFO] [stdout] test datafile::feature_flag::tests::test_get_variation::case_2 ... ok
[INFO] [stdout] test datafile::feature_flag::tests::test_get_rule::case_1 ... ok
[INFO] [stdout] test datafile::feature_flag::tests::test_get_variation::case_1 ... ok
[INFO] [stdout] test datafile::me_group::tests::test_get_feature_flag_by_hash_empty ... ok
[INFO] [stdout] test datafile::me_group::tests::test_get_feature_flag_by_hash_middle ... ok
[INFO] [stdout] test datafile::me_group::tests::test_new_sorts_feature_flags ... ok
[INFO] [stdout] test datafile::feature_flag::tests::test_get_variation::case_3 ... ok
[INFO] [stdout] test datafile::me_group::tests::test_get_feature_flag_by_hash_highest ... ok
[INFO] [stdout] test datafile::me_group::tests::test_hash_null_one ... ok
[INFO] [stdout] test datafile::rule::tests::test_rule_impl_creation::case_1 ... ok
[INFO] [stdout] test datafile::rule::tests::test_rule_impl_creation::case_2 ... ok
[INFO] [stdout] test datafile::rule::tests::test_rule_type_from_string::case_1 ... ok
[INFO] [stdout] test datafile::rule::tests::test_rule_impl_creation::case_4 ... ok
[INFO] [stdout] test datafile::rule::tests::test_rule_type_from_string::case_2 ... ok
[INFO] [stdout] test datafile::rule::tests::test_rule_type_from_string::case_3 ... ok
[INFO] [stdout] test datafile::rule::tests::test_rule_type_from_string::case_4 ... ok
[INFO] [stdout] test datafile::segment::tests::test_segment_impl_from ... ok
[INFO] [stdout] test datafile::settings::tests::test_blocking_behaviour_if_consent_not_given::case_1 ... ok
[INFO] [stdout] test datafile::settings::tests::test_blocking_behaviour_if_consent_not_given::case_3 ... ok
[INFO] [stdout] test datafile::settings::tests::test_blocking_behaviour_if_consent_not_given::case_4 ... ok
[INFO] [stdout] test datafile::settings::tests::test_blocking_behaviour_if_consent_not_given::case_5 ... ok
[INFO] [stdout] test datafile::settings::tests::test_consent_required::case_1 ... ok
[INFO] [stdout] test datafile::settings::tests::test_consent_required::case_2 ... ok
[INFO] [stdout] test datafile::settings::tests::test_consent_required::case_3 ... ok
[INFO] [stdout] test datafile::datafile_manager::tests::test_polling_mode_update_by_refresh_interval ... FAILED
[INFO] [stdout] test datafile::settings::tests::test_consent_required::case_4 ... ok
[INFO] [stdout] test datafile::settings::tests::test_domains::case_1 ... ok
[INFO] [stdout] test datafile::settings::tests::test_domains::case_2 ... ok
[INFO] [stdout] test datafile::settings::tests::test_is_streaming_mode::case_1 ... ok
[INFO] [stdout] test datafile::rule::tests::test_rule_impl_creation::case_5 ... ok
[INFO] [stdout] test datafile::settings::tests::test_blocking_behaviour_if_consent_not_given::case_2 ... ok
[INFO] [stdout] test datafile::settings::tests::test_is_streaming_mode::case_2 ... ok
[INFO] [stdout] test datafile::rule::tests::test_rule_impl_creation::case_3 ... ok
[INFO] [stdout] test datafile::streaming_service::tests::test_disconnect_without_connection_does_not_panic ... ok
[INFO] [stdout] test datafile::streaming_service::tests::test_new_creates_service_with_url_provider ... ok
[INFO] [stdout] test datafile::streaming_service::tests::test_streaming_retry_policy_retries ... ok
[INFO] [stdout] test datafile::streaming_service::tests::test_streaming_retry_policy_set_reconnection_time ... ok
[INFO] [stdout] test datafile::streaming_service::tests::test_update_datafile_event_dto_deserialization::case_1 ... ok
[INFO] [stdout] test datafile::streaming_service::tests::test_update_datafile_event_dto_deserialization::case_2 ... ok
[INFO] [stdout] test datafile::variable::tests::test_variable_impl::case_1 ... ok
[INFO] [stdout] test datafile::variable::tests::test_variable_impl::case_2 ... ok
[INFO] [stdout] test datafile::variable::tests::test_variable_impl::case_3 ... ok
[INFO] [stdout] test datafile::variable::tests::test_variable_impl::case_4 ... ok
[INFO] [stdout] test datafile::variable::tests::test_variable_impl::case_5 ... ok
[INFO] [stdout] test datafile::variation::tests::test_variables_are_mapped::case_1 ... ok
[INFO] [stdout] test datafile::variation::tests::test_variables_are_mapped::case_2 ... ok
[INFO] [stdout] test datafile::variation_exposition::tests::test_variation_exposition_impl_from::case_1 ... ok
[INFO] [stdout] test datafile::variation_exposition::tests::test_variation_exposition_impl_from::case_2 ... ok
[INFO] [stdout] test datafile::variation_exposition::tests::test_variation_exposition_impl_new::case_1 ... ok
[INFO] [stdout] test datafile::variation_exposition::tests::test_variation_exposition_impl_new::case_2 ... ok
[INFO] [stdout] test evaluation::evaluated_experiment::tests::test_from_rule_and_variation_id::case_1 ... ok
[INFO] [stdout] test evaluation::evaluated_experiment::tests::test_from_rule_and_variation_id::case_2 ... ok
[INFO] [stdout] test evaluation::evaluated_experiment::tests::test_from_rule_and_variation_id::case_3 ... ok
[INFO] [stdout] test evaluation::evaluated_experiment::tests::test_from_simulated_variation::case_1 ... ok
[INFO] [stdout] test evaluation::evaluated_experiment::tests::test_from_simulated_variation::case_2 ... ok
[INFO] [stdout] test evaluation::evaluated_experiment::tests::test_from_simulated_variation::case_3 ... ok
[INFO] [stdout] test evaluation::evaluated_experiment::tests::test_from_simulated_variation::case_4 ... ok
[INFO] [stdout] test evaluation::evaluated_experiment::tests::test_from_simulated_variation::case_5 ... ok
[INFO] [stdout] test evaluation::evaluated_experiment::tests::test_from_simulated_variation::case_6 ... ok
[INFO] [stdout] test evaluation::evaluated_experiment::tests::test_from_simulated_variation::case_7 ... ok
[INFO] [stdout] test evaluation::evaluated_experiment::tests::test_from_simulated_variation::case_8 ... ok
[INFO] [stdout] test evaluation::evaluated_experiment::tests::test_from_var_by_exp_and_rule::case_1 ... ok
[INFO] [stdout] test evaluation::evaluated_experiment::tests::test_from_var_by_exp_and_rule::case_2 ... ok
[INFO] [stdout] test evaluation::evaluation_context::tests::test_evaluate_cbs::case_1 ... ok
[INFO] [stdout] test evaluation::evaluation_context::tests::test_evaluate_cbs::case_2 ... ok
[INFO] [stdout] test evaluation::evaluation_context::tests::test_evaluate_cbs::case_3 ... ok
[INFO] [stdout] test evaluation::evaluation_context::tests::test_evaluate_cbs::case_4 ... ok
[INFO] [stdout] test evaluation::evaluation_context::tests::test_evaluate_cbs::case_5 ... ok
[INFO] [stdout] test evaluation::evaluation_context::tests::test_evaluate_cbs::case_6 ... ok
[INFO] [stdout] test evaluation::evaluation_context::tests::test_evaluate_cbs::case_7 ... ok
[INFO] [stdout] test evaluation::evaluation_context::tests::test_evaluate_cbs::case_8 ... ok
[INFO] [stdout] test evaluation::evaluation_context::tests::test_evaluate_consent_blocking::case_01 ... ok
[INFO] [stdout] test evaluation::evaluation_context::tests::test_evaluate_consent_blocking::case_02 ... ok
[INFO] [stdout] test evaluation::evaluation_context::tests::test_evaluate_consent_blocking::case_03 ... ok
[INFO] [stdout] test evaluation::evaluation_context::tests::test_evaluate_consent_blocking::case_04 ... ok
[INFO] [stdout] test evaluation::evaluation_context::tests::test_evaluate_consent_blocking::case_05 ... ok
[INFO] [stdout] test evaluation::evaluation_context::tests::test_evaluate_consent_blocking::case_06 ... ok
[INFO] [stdout] test evaluation::evaluation_context::tests::test_evaluate_consent_blocking::case_07 ... ok
[INFO] [stdout] test evaluation::evaluation_context::tests::test_evaluate_consent_blocking::case_08 ... ok
[INFO] [stdout] test evaluation::evaluation_context::tests::test_evaluate_consent_blocking::case_09 ... ok
[INFO] [stdout] test evaluation::evaluation_context::tests::test_evaluate_consent_blocking::case_10 ... ok
[INFO] [stdout] test evaluation::evaluation_context::tests::test_evaluate_consent_blocking::case_11 ... ok
[INFO] [stdout] test evaluation::evaluation_context::tests::test_evaluate_consent_blocking::case_12 ... ok
[INFO] [stdout] test core_client::tests::test_all_public_sync_and_callback_methods_fail_before_init ... ok
[INFO] [stdout] test evaluation::evaluation_context::tests::test_evaluate_consent_blocking::case_14 ... ok
[INFO] [stdout] test evaluation::evaluation_context::tests::test_evaluate_consent_blocking::case_15 ... ok
[INFO] [stdout] test evaluation::evaluation_context::tests::test_evaluate_consent_blocking::case_16 ... ok
[INFO] [stdout] test evaluation::evaluation_context::tests::test_evaluate_forced_variation::case_1 ... ok
[INFO] [stdout] test evaluation::evaluation_context::tests::test_evaluate_forced_variation::case_2 ... ok
[INFO] [stdout] test evaluation::evaluation_context::tests::test_evaluate_consent_blocking::case_13 ... ok
[INFO] [stdout] test evaluation::evaluation_context::tests::test_evaluate_forced_variation::case_3 ... ok
[INFO] [stdout] test evaluation::evaluation_context::tests::test_evaluate_forced_variation::case_4 ... ok
[INFO] [stdout] test evaluation::evaluation_context::tests::test_evaluate_forced_variation::case_5 ... ok
[INFO] [stdout] test client_readiness::tests::test_waiter_is_settled_at_most_once ... ok
[INFO] [stdout] test evaluation::evaluation_context::tests::test_evaluate_holdout::case_1 ... ok
[INFO] [stdout] test evaluation::evaluation_context::tests::test_evaluate_holdout_completely_blocked_by_consent ... ok
[INFO] [stdout] test evaluation::evaluation_context::tests::test_evaluate_me_group::case_1 ... ok
[INFO] [stdout] test evaluation::evaluation_context::tests::test_evaluate_me_group::case_2 ... ok
[INFO] [stdout] test evaluation::evaluation_context::tests::test_evaluate_me_group::case_3 ... ok
[INFO] [stdout] test datafile::streaming_service::tests::test_connect_with_mock_server ... ok
[INFO] [stdout] test core_client::tests::test_add_data_track ... FAILED
[INFO] [stdout] test evaluation::evaluation_context::tests::test_evaluate_me_group::case_4 ... ok
[INFO] [stdout] test evaluation::evaluation_context::tests::test_evaluate_me_group::case_5 ... ok
[INFO] [stdout] test evaluation::evaluation_context::tests::test_evaluate_me_group::case_6 ... ok
[INFO] [stdout] test core_client::tests::test_get_types_datafile ... FAILED
[INFO] [stdout] test evaluation::evaluation_context::tests::test_evaluate_holdout::case_2 ... ok
[INFO] [stdout] test evaluation::evaluation_context::tests::test_evaluate_normal::case_2 ... ok
[INFO] [stdout] test evaluation::evaluation_context::tests::test_evaluate_normal::case_1 ... ok
[INFO] [stdout] test evaluation::evaluation_context::tests::test_evaluate_normal::case_3 ... ok
[INFO] [stdout] test evaluation::evaluation_context::tests::test_evaluate_normal::case_6 ... ok
[INFO] [stdout] test evaluation::evaluation_context::tests::test_evaluate_simulated_variation::case_3 ... ok
[INFO] [stdout] test evaluation::evaluation_context::tests::test_evaluate_simulated_variation::case_1 ... ok
[INFO] [stdout] test evaluation::evaluation_context::tests::test_evaluate_normal::case_4 ... ok
[INFO] [stdout] test evaluation::evaluation_context::tests::test_evaluate_simulated_variation::case_2 ... ok
[INFO] [stdout] test evaluation::evaluation_context::tests::test_evaluate_normal::case_5 ... ok
[INFO] [stdout] test evaluation::evaluation_context::tests::test_evaluate_simulated_variation::case_4 ... ok
[INFO] [stdout] test evaluation::evaluation_context::tests::test_get_code_for_hash::case_1 ... ok
[INFO] [stdout] test evaluation::evaluation_context::tests::test_evaluate_simulated_variation::case_5 ... ok
[INFO] [stdout] test evaluation::evaluation_context::tests::test_get_code_for_hash::case_3 ... ok
[INFO] [stdout] test datafile::streaming_service::tests::test_multiple_disconnect_calls_are_safe ... ok
[INFO] [stdout] test evaluation::evaluation_context::tests::test_get_code_for_hash::case_7 ... ok
[INFO] [stdout] test evaluation::evaluation_context::tests::test_evaluate_forced_variation::case_6 ... ok
[INFO] [stdout] test evaluation::evaluation_context::tests::test_get_code_for_hash::case_5 ... ok
[INFO] [stdout] test evaluation::evaluation_context::tests::test_get_code_for_hash::case_6 ... ok
[INFO] [stdout] test evaluation::evaluation_context::tests::test_get_code_for_hash::case_2 ... ok
[INFO] [stdout] test evaluation::evaluation_context::tests::test_get_code_for_hash::case_4 ... ok
[INFO] [stdout] test datafile::streaming_service::tests::test_disconnect_sends_disconnect_notify ... ok
[INFO] [stdout] test evaluation::evaluation_manager::tests::test_consent_blocking_get_variation::case_2 ... ok
[INFO] [stdout] test evaluation::evaluation_manager::tests::test_consent_blocking_get_variation::case_3 ... ok
[INFO] [stdout] test core_client::tests::test_init::case_2 ... FAILED
[INFO] [stdout] test core_client::tests::test_evaluate_audiences ... FAILED
[INFO] [stdout] test core_client::tests::test_run ... FAILED
[INFO] [stdout] test core_client::tests::test_rust_sdk_helpers ... FAILED
[INFO] [stdout] test evaluation::evaluation_manager::tests::test_evaluate_audiences_tracks_targeted_segments::case_2 ... ok
[INFO] [stdout] test core_client::tests::test_init::case_1 ... FAILED
[INFO] [stdout] test evaluation::evaluation_manager::tests::test_get_variation::case_1::track_2_true ... ok
[INFO] [stdout] test evaluation::evaluation_manager::tests::test_evaluate_audiences_tracks_targeted_segments::case_1 ... ok
[INFO] [stdout] test evaluation::evaluation_manager::tests::test_get_variation::case_2::track_2_true ... ok
[INFO] [stdout] test evaluation::evaluation_manager::tests::test_consent_blocking_is_feature_active::case_4 ... ok
[INFO] [stdout] test evaluation::evaluation_manager::tests::test_get_variation::case_2::track_1_false ... ok
[INFO] [stdout] test evaluation::evaluation_manager::tests::test_get_variations::case_1::track_2_true ... ok
[INFO] [stdout] test evaluation::evaluation_manager::tests::test_consent_blocking_get_variation::case_1 ... ok
[INFO] [stdout] test evaluation::evaluation_manager::tests::test_get_variations::case_2::track_1_false ... ok
[INFO] [stdout] test evaluation::evaluation_manager::tests::test_get_variation_info::case_1 ... ok
[INFO] [stdout] test evaluation::evaluation_manager::tests::test_get_variation_info::case_2 ... ok
[INFO] [stdout] test evaluation::evaluation_manager::tests::test_consent_blocking_get_variation::case_4 ... ok
[INFO] [stdout] test evaluation::evaluation_manager::tests::test_consent_blocking_is_feature_active::case_1 ... ok
[INFO] [stdout] test evaluation::evaluation_manager::tests::test_consent_blocking_is_feature_active::case_3 ... ok
[INFO] [stdout] test evaluation::evaluation_manager::tests::test_consent_blocking_is_feature_active::case_2 ... ok
[INFO] [stdout] test evaluation::evaluation_manager::tests::test_get_variations::case_1::track_1_false ... ok
[INFO] [stdout] test evaluation::evaluation_manager::tests::test_is_feature_active::case_2::track_1_false ... ok
[INFO] [stdout] test evaluation::evaluation_manager::tests::test_is_feature_active::case_2::track_2_true ... ok
[INFO] [stdout] test events::data_file_update_event::tests::event_fields_and_display ... ok
[INFO] [stdout] test evaluation::evaluation_manager::tests::test_set_forced_variation::case_1 ... ok
[INFO] [stdout] test evaluation::evaluation_manager::tests::test_get_variations_skips_features_blocked_by_consent ... ok
[INFO] [stdout] test events::data_file_update_event::tests::source_as_str::case_2 ... ok
[INFO] [stdout] test events::event_manager::tests::test_fire_without_handler_does_not_panic ... ok
[INFO] [stdout] test events::data_file_update_event::tests::source_as_str::case_1 ... ok
[INFO] [stdout] test events::event_manager::tests::test_manager_is_usable_after_a_handler_panics ... ok
[INFO] [stdout] test events::event_manager::tests::test_set_event_handler_none_removes_data_file_update_handler ... ok
[INFO] [stdout] test events::event_manager::tests::test_set_event_handler_none_removes_http_request_handler ... ok
[INFO] [stdout] test events::event_manager::tests::test_set_event_handler_replaces_handler ... ok
[INFO] [stdout] test evaluation::evaluation_manager::tests::test_single_variation_errors ... ok
[INFO] [stdout] test events::event_manager::tests::test_panicking_handler_panic_is_not_propagated ... ok
[INFO] [stdout] test events::event_manager::tests::test_set_event_handler_keeps_event_types_independent ... ok
[INFO] [stdout] test events::event_manager::tests::test_the_failure_is_not_built_without_a_handler ... ok
[INFO] [stdout] test events::event_type::tests::event_type_as_str::case_1 ... ok
[INFO] [stdout] test events::event_type::tests::event_type_as_str::case_2 ... ok
[INFO] [stdout] test evaluation::evaluation_manager::tests::test_is_feature_active::case_1::track_2_true ... ok
[INFO] [stdout] test evaluation::evaluation_manager::tests::test_set_forced_variation::case_3 ... ok
[INFO] [stdout] test events::handler::tests::a_handler_is_notified_through_the_trait ... ok
[INFO] [stdout] test events::handler::tests::constructors_set_a_handler_and_none_clears_it ... ok
[INFO] [stdout] test evaluation::evaluation_manager::tests::test_get_variation::case_1::track_1_false ... ok
[INFO] [stdout] test events::handler::tests::debug_reports_event_type_and_whether_a_handler_is_set ... ok
[INFO] [stdout] test events::handler::tests::event_type_matches_variant ... ok
[INFO] [stdout] test events::http_request_failure::tests::failure_accessors::case_1 ... ok
[INFO] [stdout] test events::http_request_failure::tests::failure_accessors::case_2 ... ok
[INFO] [stdout] test events::http_request_failure::tests::failure_accessors::case_3 ... ok
[INFO] [stdout] test evaluation::evaluation_manager::tests::test_get_variations::case_2::track_2_true ... ok
[INFO] [stdout] test evaluation::evaluation_manager::tests::test_is_feature_active::case_1::track_1_false ... ok
[INFO] [stdout] test events::http_request_failure::tests::failure_display::case_1 ... ok
[INFO] [stdout] test events::http_request_failure::tests::reason_as_str::case_1 ... ok
[INFO] [stdout] test events::http_request_failure::tests::reason_as_str::case_2 ... ok
[INFO] [stdout] test events::http_request_failure::tests::reason_as_str::case_3 ... ok
[INFO] [stdout] test events::request_type::tests::request_type_as_str::case_1 ... ok
[INFO] [stdout] test events::request_type::tests::request_type_as_str::case_2 ... ok
[INFO] [stdout] test events::request_type::tests::request_type_as_str::case_3 ... ok
[INFO] [stdout] test events::http_request_failure::tests::failure_display::case_2 ... ok
[INFO] [stdout] test events::http_request_failure::tests::failure_display::case_3 ... ok
[INFO] [stdout] test evaluation::evaluation_manager::tests::test_set_forced_variation::case_2 ... ok
[INFO] [stdout] test events::request_type::tests::request_type_as_str::case_4 ... ok
[INFO] [stdout] test events::request_type::tests::request_type_as_str::case_5 ... ok
[INFO] [stdout] test hybrid::tests::test_hybrid_manager_new::case_2 ... ok
[INFO] [stdout] test hybrid::tests::test_get_engine_tracking_code::case_1 ... ok
[INFO] [stdout] test hybrid::tests::test_get_engine_tracking_code::case_2 ... ok
[INFO] [stdout] test hybrid::tests::test_get_engine_tracking_code::case_3 ... ok
[INFO] [stdout] test hybrid::tests::test_get_engine_tracking_code::case_4 ... ok
[INFO] [stdout] test hybrid::tests::test_get_engine_tracking_code_no_datafile ... ok
[INFO] [stdout] test hybrid::tests::test_hybrid_manager_new::case_1 ... ok
[INFO] [stdout] test logging::tests::test_log_level_behavior::case_02 ... ok
[INFO] [stdout] test datafile::streaming_service::tests::test_is_connected_behaviour ... ok
[INFO] [stdout] test logging::tests::test_log_level_behavior::case_07 ... ok
[INFO] [stdout] test logging::tests::test_log_level_behavior::case_08 ... ok
[INFO] [stdout] test logging::tests::test_log_level_behavior::case_06 ... ok
[INFO] [stdout] test logging::tests::test_log_level_behavior::case_01 ... ok
[INFO] [stdout] test hybrid::tests::test_tc_init_constant ... ok
[INFO] [stdout] test logging::tests::test_log_level_behavior::case_12 ... ok
[INFO] [stdout] test hybrid::tests::test_get_engine_tracking_code_visitor_not_found ... ok
[INFO] [stdout] test hybrid::tests::test_get_engine_tracking_code_visitor_no_variations ... ok
[INFO] [stdout] test logging::tests::test_log_level_behavior::case_09 ... ok
[INFO] [stdout] test logging::tests::test_log_level_behavior::case_10 ... ok
[INFO] [stdout] test logging::tests::test_format_skipped_if_level_too_low ... ok
[INFO] [stdout] test logging::tests::test_log_level_behavior::case_11 ... ok
[INFO] [stdout] test evaluation::evaluation_manager::tests::test_set_forced_variation::case_4 ... ok
[INFO] [stdout] test logging::tests::test_log_level_behavior::case_03 ... ok
[INFO] [stdout] test logging::tests::test_log_level_behavior::case_04 ... ok
[INFO] [stdout] test logging::tests::test_log_level_behavior::case_05 ... ok
[INFO] [stdout] test evaluation::evaluation_manager::tests::test_reset_forced_variation ... ok
[INFO] [stdout] test logging::tests::test_log_level_behavior::case_13 ... ok
[INFO] [stdout] test logging::tests::test_log_level_behavior::case_18 ... ok
[INFO] [stdout] test logging::tests::test_log_level_behavior::case_19 ... ok
[INFO] [stdout] test logging::tests::test_log_level_behavior::case_20 ... ok
[INFO] [stdout] test logging::tests::test_log_level_behavior::case_25 ... ok
[INFO] [stdout] test logging::tests::test_trace_type_name_unwraps_pointer_types ... ok
[INFO] [stdout] test logging::trace_logging_test::test_async_method ... ok
[INFO] [stdout] test logging::tests::test_log_level_behavior::case_21 ... ok
[INFO] [stdout] test logging::tests::test_log_level_behavior::case_24 ... ok
[INFO] [stdout] test logging::trace_logging_test::test_async_trait_method ... ok
[INFO] [stdout] test logging::tests::test_log_level_behavior::case_17 ... ok
[INFO] [stdout] test logging::tests::test_log_level_behavior::case_14 ... ok
[INFO] [stdout] test logging::tests::test_log_level_behavior::case_15 ... ok
[INFO] [stdout] test logging::tests::test_log_level_behavior::case_16 ... ok
[INFO] [stdout] test logging::tests::test_log_level_behavior::case_22 ... ok
[INFO] [stdout] test logging::tests::test_log_level_behavior::case_23 ... ok
[INFO] [stdout] test logging::trace_logging_test::test_static_method::case_1 ... ok
[INFO] [stdout] test logging::trace_logging_test::test_dynamic_method::case_2 ... ok
[INFO] [stdout] test logging::trace_logging_test::test_skip_dynamic ... ok
[INFO] [stdout] test logging::trace_logging_test::test_question_mark_return_logs_ret ... ok
[INFO] [stdout] test logging::trace_logging_test::test_explicit_return_method ... ok
[INFO] [stdout] test logging::trace_logging_test::test_static_method::case_2 ... ok
[INFO] [stdout] test logging::trace_logging_test::test_skip_static ... ok
[INFO] [stdout] test logging::trace_logging_test::test_dynamic_method::case_1 ... ok
[INFO] [stdout] test network::access_token_source::tests::test_drop::polling_started_2_false ... ok
[INFO] [stdout] test network::access_token_source::tests::test_get_token_now::case_1 ... ok
[INFO] [stdout] test network::access_token_source::tests::test_get_token::case_1 ... ok
[INFO] [stdout] test network::access_token_source::tests::test_get_token_now::case_2 ... ok
[INFO] [stdout] test network::access_token_source::tests::test_get_token_now::case_3 ... ok
[INFO] [stdout] test network::core_network_service::tests::test_attempts_number::case_1 ... ok
[INFO] [stdout] test network::core_network_service::tests::test_attempts_number::case_2 ... ok
[INFO] [stdout] test network::core_network_service::tests::test_concurrent_requests ... ok
[INFO] [stdout] test network::core_network_service::tests::test_request_cloning_behavior ... ok
[INFO] [stdout] test network::core_network_service::tests::test_retry_delay::case_1 ... ok
[INFO] [stdout] test network::core_network_service::tests::test_retry_delay::case_2 ... ok
[INFO] [stdout] test network::core_network_service::tests::test_attempts_number::case_3 ... ok
[INFO] [stdout] test network::core_network_service::tests::test_successful_request_first_attempt ... ok
[INFO] [stdout] test network::core_network_service::tests::test_with_headers_to_read ... ok
[INFO] [stdout] test network::core_network_service::tests::test_with_real_http_mock_server ... ok
[INFO] [stdout] test datafile::datafile_manager::tests::test_cleanup_stops_modes::case_1 ... ok
[INFO] [stdout] test network::http_request_event_test::test_rejected_token_fires_event_for_extra_attempt ... ok
[INFO] [stdout] test network::http_request_event_test::test_request_failed::case_1_unexpected_status_code ... ok
[INFO] [stdout] test network::http_request_event_test::test_request_failed::case_2_error ... ok
[INFO] [stdout] test datafile::datafile_manager::tests::test_cleanup_stops_modes::case_2 ... ok
[INFO] [stdout] test network::http_request_event_test::test_request_failed::case_3_error_with_cause ... ok
[INFO] [stdout] test network::http_request_event_test::test_request_succeeded_maps_request_type::case_1_fetch_data_file ... ok
[INFO] [stdout] test network::http_request_event_test::test_request_failed::case_4_cancelled ... ok
[INFO] [stdout] test network::access_token_source::tests::test_get_token::case_2 ... ok
[INFO] [stdout] test network::access_token_source::tests::test_get_token::case_3 ... ok
[INFO] [stdout] test network::http_request_event_test::test_request_succeeded_maps_request_type::case_2_fetch_data_file_not_modified ... ok
[INFO] [stdout] test network::http_request_event_test::test_request_succeeded_maps_request_type::case_3_track_data ... ok
[INFO] [stdout] test network::http_request_event_test::test_request_succeeded_maps_request_type::case_5_get_remote_visitor_data ... ok
[INFO] [stdout] test network::http_request_event_test::test_request_succeeded_maps_request_type::case_4_track_data_forbidden ... ok
[INFO] [stdout] test network::access_token_source::tests::test_get_token::case_5 ... ok
[INFO] [stdout] test network::http_request_event_test::test_request_succeeded_maps_request_type::case_6_get_remote_data ... ok
[INFO] [stdout] test network::access_token_source::tests::test_get_token::case_4 ... ok
[INFO] [stdout] test network::http_request_event_test::test_request_succeeded_maps_request_type::case_7_fetch_access_token ... ok
[INFO] [stdout] test network::http_request_event_test::test_retry_fires_event_per_attempt ... ok
[INFO] [stdout] test network::net_provider::tests::test_reqwest_net_provider_invalid_proxy_returns_network_error ... ok
[INFO] [stdout] test network::http_request_event_test::test_duration_includes_response_delay ... ok
[INFO] [stdout] test network::core_network_service::tests::test_retry_on_failure_then_success ... ok
[INFO] [stdout] test network::net_provider::tests::test_reqwest_net_provider_error_status_code::case_2 ... ok
[INFO] [stdout] test network::net_provider::tests::test_reqwest_net_provider_get ... ok
[INFO] [stdout] test network::net_provider::tests::test_reqwest_net_provider_error_status_code::case_3 ... ok
[INFO] [stdout] test network::net_provider::tests::test_reqwest_net_provider_post_with_headers_and_body ... ok
[INFO] [stdout] test network::net_provider::tests::test_response_headers_filter::case_3 ... ok
[INFO] [stdout] test network::net_provider::tests::test_reqwest_net_provider_uses_proxy ... ok
[INFO] [stdout] test network::network_error::tests::network_error_into_kameleoon_error::case_1 ... ok
[INFO] [stdout] test network::network_error::tests::network_error_into_kameleoon_error::case_2 ... ok
[INFO] [stdout] test network::network_error::tests::network_error_into_kameleoon_error::case_3 ... ok
[INFO] [stdout] test network::access_token_source::tests::test_discard_token_refetches_without_waiting_for_retry_interval ... ok
[INFO] [stdout] test network::net_provider::tests::test_response_headers_filter::case_4 ... ok
[INFO] [stdout] test network::network_error::tests::network_error_source::case_2 ... ok
[INFO] [stdout] test network::network_error::tests::network_error_source::case_3 ... ok
[INFO] [stdout] test network::network_error::tests::network_error_to_string::case_1 ... ok
[INFO] [stdout] test network::net_provider::tests::test_reqwest_net_provider_connection_error ... ok
[INFO] [stdout] test network::network_error::tests::network_error_to_string::case_2 ... ok
[INFO] [stdout] test network::network_error::tests::network_error_to_string::case_3 ... ok
[INFO] [stdout] test network::access_token_source::tests::test_polling::case_2 ... ok
[INFO] [stdout] test network::network_manager::automation_api::tests::test_fetch_access_jwt_request ... ok
[INFO] [stdout] test network::network_manager::data_api::tests::test_get_remote_data_auth::case_2 ... ok
[INFO] [stdout] test network::network_manager::data_api::tests::test_get_remote_data_auth::case_1 ... ok
[INFO] [stdout] test network::network_manager::data_api::tests::test_get_remote_visitor_data_auth::case_1 ... ok
[INFO] [stdout] test network::network_manager::data_api::tests::test_get_remote_visitor_data_parameters::case_2 ... ok
[INFO] [stdout] test network::network_manager::data_api::tests::test_get_remote_visitor_data_parameters::case_3 ... ok
[INFO] [stdout] test network::network_manager::data_api::tests::test_get_remote_visitor_data_parameters::case_1 ... ok
[INFO] [stdout] test network::network_manager::data_api::tests::test_network_error_propagation::case_2 ... ok
[INFO] [stdout] test network::network_error::tests::network_error_source::case_1 ... ok
[INFO] [stdout] test network::network_manager::data_api::tests::test_network_error_propagation::case_3 ... ok
[INFO] [stdout] test network::network_manager::data_api::tests::test_network_error_propagation::case_1 ... ok
[INFO] [stdout] test network::network_manager::data_api::tests::test_track_data_auth::case_1 ... ok
[INFO] [stdout] test network::network_manager::data_api::tests::test_track_data_parameters::case_1 ... ok
[INFO] [stdout] test network::network_manager::data_api::tests::test_track_data_auth::case_2 ... ok
[INFO] [stdout] test network::network_manager::data_api::tests::test_get_remote_visitor_data_auth::case_2 ... ok
[INFO] [stdout] test network::access_token_source::tests::test_polling::case_3 ... ok
[INFO] [stdout] test network::access_token_source::tests::test_discard_token::case_1 ... ok
[INFO] [stdout] test network::network_manager::data_api::tests::test_get_remote_data_parameters ... ok
[INFO] [stdout] test network::access_token_source::tests::test_discard_token::case_2 ... ok
[INFO] [stdout] test network::network_manager::datafile::tests::test_fetch_datafile_parameters::case_4 ... ok
[INFO] [stdout] test network::network_manager::datafile::tests::test_fetch_datafile_parameters::case_1 ... ok
[INFO] [stdout] test network::network_manager::datafile::tests::test_fetch_datafile_parameters::case_2 ... ok
[INFO] [stdout] test network::network_manager::datafile::tests::test_fetch_datafile_failure_propagation ... ok
[INFO] [stdout] test network::network_manager::datafile::tests::test_fetch_datafile_parameters::case_5 ... ok
[INFO] [stdout] test network::network_manager::data_api::tests::test_track_data_parameters::case_4 ... ok
[INFO] [stdout] test network::network_manager::datafile::tests::test_fetch_datafile_parameters::case_3 ... ok
[INFO] [stdout] test network::network_manager::data_api::tests::test_track_data_parameters::case_2 ... ok
[INFO] [stdout] test network::network_manager::tests::test_core_network_manager_failure_propagation ... ok
[INFO] [stdout] test network::network_manager::data_api::tests::test_track_data_parameters::case_3 ... ok
[INFO] [stdout] test network::net_provider::tests::test_reqwest_net_provider_error_status_code::case_1 ... ok
[INFO] [stdout] test network::network_manager::tests::test_successful_request_without_auth ... ok
[INFO] [stdout] test network::network_manager::tests::test_token_rejection_with_retry ... ok
[INFO] [stdout] test network::network_manager::tests::test_parameters_passed_to_core ... ok
[INFO] [stdout] test network::query_builder::tests::test_query_builder_add_owned_param ... ok
[INFO] [stdout] test network::network_manager::tests::test_token_rejection_without_retry ... ok
[INFO] [stdout] test network::network_manager::tests::test_successful_request_with_auth ... ok
[INFO] [stdout] test network::network_manager::tests::test_request_builder_failure ... ok
[INFO] [stdout] test network::query_builder::tests::test_query_builder_add_param ... ok
[INFO] [stdout] test network::query_builder::tests::test_query_builder_build_cases::case_1_single_param ... ok
[INFO] [stdout] test network::query_builder::tests::test_query_builder_build_cases::case_3_with_encoding ... ok
[INFO] [stdout] test network::query_builder::tests::test_query_builder_build_cases::case_2_multiple_params ... ok
[INFO] [stdout] test network::query_builder::tests::test_query_builder_display ... ok
[INFO] [stdout] test network::query_builder::tests::test_query_builder_encoding_cases::case_1_standard_encoding ... ok
[INFO] [stdout] test network::query_builder::tests::test_query_builder_encoding_cases::case_2_special_chars ... ok
[INFO] [stdout] test network::request::tests::test_request_builder_min_values ... ok
[INFO] [stdout] test network::query_builder::tests::test_query_param_not_skip_encoding ... ok
[INFO] [stdout] test network::request::tests::test_request_builder_all_values ... ok
[INFO] [stdout] test network::query_builder::tests::test_query_builder_with_params ... ok
[INFO] [stdout] test network::response::tests::test_get_header_by_key::case_2 ... ok
[INFO] [stdout] test network::response::tests::test_get_header_by_key::case_1 ... ok
[INFO] [stdout] test network::network_manager::tests::test_auth_required_but_token_unavailable ... ok
[INFO] [stdout] test network::response::tests::test_get_header_by_key::case_3 ... ok
[INFO] [stdout] test network::response::tests::test_get_header_by_key::case_4 ... ok
[INFO] [stdout] test network::response::tests::test_get_header_by_key::case_5 ... ok
[INFO] [stdout] test network::response::tests::test_is_expected_status_code::case_1 ... ok
[INFO] [stdout] test network::response::tests::test_is_expected_status_code::case_2 ... ok
[INFO] [stdout] test network::response::tests::test_is_expected_status_code::case_3 ... ok
[INFO] [stdout] test network::response::tests::test_is_expected_status_code::case_4 ... ok
[INFO] [stdout] test network::response::tests::test_is_expected_status_code::case_5 ... ok
[INFO] [stdout] test network::query_builder::tests::test_query_builder_new ... ok
[INFO] [stdout] test network::response::tests::test_is_expected_status_code::case_6 ... ok
[INFO] [stdout] test network::response::tests::test_is_expected_status_code::case_7 ... ok
[INFO] [stdout] test network::response::tests::test_is_expected_status_code::case_8 ... ok
[INFO] [stdout] test network::response::tests::test_response_json::case_2 ... ok
[INFO] [stdout] test network::response::tests::test_response_json::case_1 ... ok
[INFO] [stdout] test network::url_provider::tests::test_apply_url_domains::case_2 ... ok
[INFO] [stdout] test network::url_provider::tests::test_api_path_constants_match ... ok
[INFO] [stdout] test network::url_provider::tests::test_apply_url_domains::case_1 ... ok
[INFO] [stdout] test network::url_provider::tests::test_apply_url_domains::case_4 ... ok
[INFO] [stdout] test network::url_provider::tests::test_apply_url_domains::case_3 ... ok
[INFO] [stdout] test network::url_provider::tests::test_apply_url_domains::case_5 ... ok
[INFO] [stdout] test network::url_provider::tests::test_make_access_token_url ... ok
[INFO] [stdout] test network::response::tests::test_from_reqwest_response_errors::case_2 ... ok
[INFO] [stdout] test network::url_provider::tests::test_getters ... ok
[INFO] [stdout] test network::url_provider::tests::test_make_datafile_url::case_1 ... ok
[INFO] [stdout] test network::url_provider::tests::test_make_datafile_url::case_5 ... ok
[INFO] [stdout] test network::url_provider::tests::test_make_real_time_url ... ok
[INFO] [stdout] test network::url_provider::tests::test_make_tracking_url ... ok
[INFO] [stdout] test network::url_provider::tests::test_make_urls_with_custom_domain ... ok
[INFO] [stdout] test network::url_provider::tests::test_make_visitor_data_get_url::case_01 ... ok
[INFO] [stdout] test network::url_provider::tests::test_make_visitor_data_get_url::case_02 ... ok
[INFO] [stdout] test network::url_provider::tests::test_make_visitor_data_get_url::case_03 ... ok
[INFO] [stdout] test network::net_provider::tests::test_response_headers_filter::case_1 ... ok
[INFO] [stdout] test network::url_provider::tests::test_make_visitor_data_get_url::case_04 ... ok
[INFO] [stdout] test network::url_provider::tests::test_make_datafile_url::case_3 ... ok
[INFO] [stdout] test network::url_provider::tests::test_make_datafile_url::case_4 ... ok
[INFO] [stdout] test network::url_provider::tests::test_make_datafile_url::case_2 ... ok
[INFO] [stdout] test network::url_provider::tests::test_default_domain_constants ... ok
[INFO] [stdout] test network::url_provider::tests::test_make_visitor_data_get_url::case_08 ... ok
[INFO] [stdout] test network::url_provider::tests::test_make_visitor_data_get_url::case_06 ... ok
[INFO] [stdout] test network::url_provider::tests::test_make_visitor_data_get_url::case_05 ... ok
[INFO] [stdout] test network::url_provider::tests::test_make_visitor_data_get_url::case_09 ... ok
[INFO] [stdout] test network::url_provider::tests::test_make_visitor_data_get_url::case_11 ... ok
[INFO] [stdout] test network::url_provider::tests::test_make_visitor_data_get_url::case_12 ... ok
[INFO] [stdout] test network::url_provider::tests::test_make_visitor_data_get_url::case_07 ... ok
[INFO] [stdout] test network::url_provider::tests::test_make_visitor_data_get_url::case_16 ... ok
[INFO] [stdout] test network::response::tests::test_from_reqwest_response_errors::case_1 ... FAILED
[INFO] [stdout] test network::url_provider::tests::test_make_visitor_data_get_url::case_14 ... ok
[INFO] [stdout] test network::url_provider::tests::test_make_visitor_data_get_url::case_15 ... ok
[INFO] [stdout] test network::response::tests::test_from_reqwest_response_errors::case_3 ... ok
[INFO] [stdout] test network::url_provider::tests::test_make_visitor_data_get_url::case_13 ... ok
[INFO] [stdout] test network::url_provider::tests::test_make_visitor_data_get_url::case_10 ... ok
[INFO] [stdout] test network::url_provider::tests::test_network_domain_resolution::case_1 ... ok
[INFO] [stdout] test remote_data::tests::test_fetch::case_1 ... ok
[INFO] [stdout] test remote_data::tests::test_fetch_visitor_warehouse_audience::case_3 ... ok
[INFO] [stdout] test network::url_provider::tests::test_network_domain_resolution::case_2 ... ok
[INFO] [stdout] test remote_data::tests::test_fetch::case_2 ... ok
[INFO] [stdout] test remote_data::tests::test_fetch_visitor_warehouse_audience::case_4 ... ok
[INFO] [stdout] test remote_data::tests::test_fetch_visitor_warehouse_audience::case_5 ... ok
[INFO] [stdout] test remote_data::tests::test_fetch_visitor_warehouse_audience::case_6 ... ok
[INFO] [stdout] test remote_data::tests::test_fetch_visitor_warehouse_audience::case_2 ... ok
[INFO] [stdout] test remote_data::tests::test_fetch_visitor_warehouse_audience::case_1 ... ok
[INFO] [stdout] test remote_visitor_data::tests::test_fetch::case_05 ... ok
[INFO] [stdout] test remote_visitor_data::tests::test_fetch::case_06 ... ok
[INFO] [stdout] test remote_visitor_data::tests::test_fetch::case_09 ... ok
[INFO] [stdout] test remote_visitor_data::tests::test_fetch::case_07 ... ok
[INFO] [stdout] test remote_visitor_data::tests::test_fetch::case_01 ... ok
[INFO] [stdout] test remote_visitor_data::tests::test_fetch::case_02 ... ok
[INFO] [stdout] test network::response::tests::test_from_reqwest_response_success_with_headers ... ok
[INFO] [stdout] test remote_visitor_data::tests::test_fetch::case_03 ... ok
[INFO] [stdout] test storage::map_storage::tests::test_put_item_overwriting_mode::case_2 ... ok
[INFO] [stdout] test storage::map_storage::tests::test_put_item_overwriting_mode_overwriting::case_1 ... ok
[INFO] [stdout] test remote_visitor_data::tests::test_fetch::case_04 ... ok
[INFO] [stdout] test storage::map_storage::tests::test_put_one_item_normal_mode ... ok
[INFO] [stdout] test storage::map_storage::tests::test_put_item_overwriting_mode_overwriting::case_2 ... ok
[INFO] [stdout] test storage::map_storage::tests::test_put_several_items_normal_mode ... ok
[INFO] [stdout] test storage::map_storage::tests::test_new ... ok
[INFO] [stdout] test storage::map_storage::tests::test_clear ... ok
[INFO] [stdout] test storage::map_storage::tests::test_pvv_mode_merge_with_none ... ok
[INFO] [stdout] test storage::map_storage::tests::test_pvv_mode_overwrite_none ... ok
[INFO] [stdout] test remote_visitor_data::tests::test_fetch::case_11 ... ok
[INFO] [stdout] test storage::map_storage::tests::test_readable_new ... ok
[INFO] [stdout] test remote_visitor_data::tests::test_fetch::case_10 ... ok
[INFO] [stdout] test storage::map_storage::tests::test_put_item_overwriting_mode::case_1 ... ok
[INFO] [stdout] test remote_visitor_data::tests::test_fetch::case_08 ... ok
[INFO] [stdout] test storage::singleton_storage::tests::test_new ... ok
[INFO] [stdout] test storage::singleton_storage::tests::test_readable_has_item ... ok
[INFO] [stdout] test network::response::tests::test_from_reqwest_response_success_without_header_filter ... ok
[INFO] [stdout] test storage::map_storage::tests::test_pvv_mode_merge_with_previous_page_view_visit::case_1 ... ok
[INFO] [stdout] test storage::map_storage::tests::test_pvv_mode_merge_with_previous_page_view_visit::case_2 ... ok
[INFO] [stdout] test storage::map_storage::tests::test_remove ... ok
[INFO] [stdout] test storage::map_storage::tests::test_readable_one_item ... ok
[INFO] [stdout] test storage::singleton_storage::tests::test_readable_new ... ok
[INFO] [stdout] test storage::map_storage::tests::test_readable_several_items ... ok
[INFO] [stdout] test storage::singleton_storage::tests::test_set_item_normal_mode ... ok
[INFO] [stdout] test storage::vec_storage::tests::test_new ... ok
[INFO] [stdout] test storage::singleton_storage::tests::test_set_item_normal_mode_overwriting ... ok
[INFO] [stdout] test storage::singleton_storage::tests::test_set_item_overwriting_mode::case_2 ... ok
[INFO] [stdout] test storage::map_storage::tests::test_pvv_mode_overwrite_previous_page_view ... ok
[INFO] [stdout] test storage::vec_storage::tests::test_push_several_items ... ok
[INFO] [stdout] test storage::singleton_storage::tests::test_set_item_overwriting_mode_overweiting::case_2 ... ok
[INFO] [stdout] test storage::vec_storage::tests::test_push_one_item ... ok
[INFO] [stdout] test storage::singleton_storage::tests::test_set_item_overwriting_mode::case_1 ... ok
[INFO] [stdout] test storage::singleton_storage::tests::test_set_item_overwriting_mode_overweiting::case_1 ... ok
[INFO] [stdout] test storage::visitor_manager::tests::test_add_data ... ok
[INFO] [stdout] test storage::visitor_manager::tests::test_add_data_custom_data_local_only::local_only_1_false ... ok
[INFO] [stdout] test network::net_provider::tests::test_response_headers_filter::case_2 ... ok
[INFO] [stdout] test storage::visitor_manager::tests::test_add_data_marks_trackable::track_2_true ... ok
[INFO] [stdout] test storage::visitor_manager::tests::test_add_data_conversion_metadata_name_mapping ... ok
[INFO] [stdout] test storage::visitor_manager::tests::test_add_data_custom_data_mapping_identifier::is_mapping_identifier_2_true ... ok
[INFO] [stdout] test network::net_provider::tests::test_reqwest_net_provider_request_timeout ... ok
[INFO] [stdout] test network::net_provider::tests::test_reqwest_net_provider_timeout ... ok
[INFO] [stdout] test storage::visitor_manager::tests::test_add_data_marks_trackable::track_1_false ... ok
[INFO] [stdout] test targeting::conditions::browser_condition::tests::test_check::case_02 ... ok
[INFO] [stdout] test targeting::conditions::browser_condition::tests::test_check::case_03 ... ok
[INFO] [stdout] test targeting::conditions::browser_condition::tests::test_check::case_05 ... ok
[INFO] [stdout] test targeting::conditions::browser_condition::tests::test_check::case_06 ... ok
[INFO] [stdout] test targeting::conditions::browser_condition::tests::test_check::case_04 ... ok
[INFO] [stdout] test targeting::conditions::browser_condition::tests::test_check::case_07 ... ok
[INFO] [stdout] test targeting::conditions::browser_condition::tests::test_check::case_08 ... ok
[INFO] [stdout] test targeting::conditions::browser_condition::tests::test_check::case_09 ... ok
[INFO] [stdout] test targeting::conditions::browser_condition::tests::test_check::case_10 ... ok
[INFO] [stdout] test targeting::conditions::browser_condition::tests::test_check::case_11 ... ok
[INFO] [stdout] test targeting::conditions::browser_condition::tests::test_check::case_12 ... ok
[INFO] [stdout] test targeting::conditions::browser_condition::tests::test_check::case_13 ... ok
[INFO] [stdout] test targeting::conditions::conversion_condition::tests::test_check::case_1 ... ok
[INFO] [stdout] test targeting::conditions::conversion_condition::tests::test_check::case_3 ... ok
[INFO] [stdout] test targeting::conditions::conversion_condition::tests::test_check::case_2 ... ok
[INFO] [stdout] test targeting::conditions::conversion_condition::tests::test_check::case_4 ... ok
[INFO] [stdout] test targeting::conditions::conversion_condition::tests::test_check::case_5 ... ok
[INFO] [stdout] test storage::visitor_manager::tests::test_add_data_custom_data_mapping_identifier::is_mapping_identifier_1_false ... ok
[INFO] [stdout] test network::access_token_source::tests::test_get_token_after_failed_fetch_waits_for_next_fetch ... ok
[INFO] [stdout] test storage::visitor_manager::tests::test_get ... ok
[INFO] [stdout] test storage::visitor_manager::tests::test_add_data_invalid_named_custom_data_is_ignored ... ok
[INFO] [stdout] test targeting::conditions::browser_condition::tests::test_check::case_01 ... ok
[INFO] [stdout] test storage::visitor_manager::tests::test_add_data_custom_data_name_mapping ... ok
[INFO] [stdout] test targeting::conditions::conversion_condition::tests::test_check::case_6 ... ok
[INFO] [stdout] test targeting::conditions::conversion_condition::tests::test_check::case_8 ... ok
[INFO] [stdout] test targeting::conditions::cookie_condition::tests::test_check::case_1 ... ok
[INFO] [stdout] test targeting::conditions::conversion_condition::tests::test_check::case_7 ... ok
[INFO] [stdout] test storage::visitor_manager::tests::test_new ... ok
[INFO] [stdout] test storage::visitor_manager::tests::test_enumerate_visitor_codes ... ok
[INFO] [stdout] test targeting::conditions::cookie_condition::tests::test_check::case_5 ... ok
[INFO] [stdout] test storage::visitor_manager::tests::test_peek ... ok
[INFO] [stdout] test targeting::conditions::cookie_condition::tests::test_check::case_4 ... ok
[INFO] [stdout] test targeting::conditions::custom_datum::tests::test_check_among_values::case_2 ... ok
[INFO] [stdout] test storage::visitor_manager::tests::test_get_or_create ... ok
[INFO] [stdout] test targeting::conditions::cookie_condition::tests::test_check::case_7 ... ok
[INFO] [stdout] test storage::visitor_manager::tests::test_add_data_custom_data_local_only::local_only_2_true ... ok
[INFO] [stdout] test targeting::conditions::custom_datum::tests::test_check_among_values::case_3 ... ok
[INFO] [stdout] test targeting::conditions::custom_datum::tests::test_check_actual_custom_data_selection::case_2 ... ok
[INFO] [stdout] test targeting::conditions::custom_datum::tests::test_check_among_values::case_5 ... ok
[INFO] [stdout] test targeting::conditions::custom_datum::tests::test_check_among_values::case_6 ... ok
[INFO] [stdout] test targeting::conditions::cookie_condition::tests::test_check::case_3 ... ok
[INFO] [stdout] test targeting::conditions::custom_datum::tests::test_check_among_values::case_4 ... ok
[INFO] [stdout] test targeting::conditions::cookie_condition::tests::test_check::case_6 ... ok
[INFO] [stdout] test targeting::conditions::custom_datum::tests::test_check_actual_custom_data_selection::case_1 ... ok
[INFO] [stdout] test targeting::conditions::cookie_condition::tests::test_check::case_2 ... ok
[INFO] [stdout] test targeting::conditions::custom_datum::tests::test_check_among_values::case_1 ... ok
[INFO] [stdout] test targeting::conditions::custom_datum::tests::test_check_among_values::case_8 ... ok
[INFO] [stdout] test targeting::conditions::custom_datum::tests::test_check_among_values::case_9 ... ok
[INFO] [stdout] test targeting::conditions::custom_datum::tests::test_check_bool::case_1 ... ok
[INFO] [stdout] test targeting::conditions::custom_datum::tests::test_check_bool::case_2 ... ok
[INFO] [stdout] test targeting::conditions::custom_datum::tests::test_check_bool::case_4 ... ok
[INFO] [stdout] test targeting::conditions::custom_datum::tests::test_check_bool::case_3 ... ok
[INFO] [stdout] test targeting::conditions::custom_datum::tests::test_check_among_values::case_7 ... ok
[INFO] [stdout] test targeting::conditions::custom_datum::tests::test_check_custom_data_no_value::case_1 ... ok
[INFO] [stdout] test targeting::conditions::custom_datum::tests::test_check_contains::case_3 ... ok
[INFO] [stdout] test targeting::conditions::custom_datum::tests::test_check_custom_data_no_value::case_2 ... ok
[INFO] [stdout] test targeting::conditions::custom_datum::tests::test_check_contains::case_2 ... ok
[INFO] [stdout] test targeting::conditions::custom_datum::tests::test_check_no_custom_data::case_1 ... ok
[INFO] [stdout] test targeting::conditions::custom_datum::tests::test_check_contains::case_1 ... ok
[INFO] [stdout] test targeting::conditions::custom_datum::tests::test_check_number_cmp::case_2 ... ok
[INFO] [stdout] test targeting::conditions::custom_datum::tests::test_check_number_cmp::case_5 ... ok
[INFO] [stdout] test targeting::conditions::custom_datum::tests::test_check_number_cmp::case_4 ... ok
[INFO] [stdout] test targeting::conditions::custom_datum::tests::test_check_no_custom_data::case_2 ... ok
[INFO] [stdout] test targeting::conditions::custom_datum::tests::test_check_exact::case_1 ... ok
[INFO] [stdout] test targeting::conditions::custom_datum::tests::test_check_number_cmp::case_1 ... ok
[INFO] [stdout] test targeting::conditions::custom_datum::tests::test_check_exact::case_2 ... ok
[INFO] [stdout] test targeting::conditions::custom_datum::tests::test_check_regex::case_2 ... ok
[INFO] [stdout] test targeting::conditions::custom_datum::tests::test_check_number_cmp::case_3 ... ok
[INFO] [stdout] test targeting::conditions::custom_datum::tests::test_from_json::case_04 ... ok
[INFO] [stdout] test targeting::conditions::custom_datum::tests::test_from_json::case_06 ... ok
[INFO] [stdout] test targeting::conditions::custom_datum::tests::test_from_json::case_07 ... ok
[INFO] [stdout] test targeting::conditions::custom_datum::tests::test_from_json::case_08 ... ok
[INFO] [stdout] test targeting::conditions::custom_datum::tests::test_from_json::case_09 ... ok
[INFO] [stdout] test targeting::conditions::device_condition::tests::test_check::case_1 ... ok
[INFO] [stdout] test targeting::conditions::custom_datum::tests::test_from_json::case_10 ... ok
[INFO] [stdout] test targeting::conditions::custom_datum::tests::test_from_json::case_03 ... ok
[INFO] [stdout] test targeting::conditions::custom_datum::tests::test_from_json::case_05 ... ok
[INFO] [stdout] test targeting::conditions::device_condition::tests::test_check::case_2 ... ok
[INFO] [stdout] test targeting::conditions::device_condition::tests::test_check::case_5 ... ok
[INFO] [stdout] test targeting::conditions::device_condition::tests::test_check::case_3 ... ok
[INFO] [stdout] test targeting::conditions::device_condition::tests::test_check::case_4 ... ok
[INFO] [stdout] test targeting::conditions::device_condition::tests::test_check::case_6 ... ok
[INFO] [stdout] test targeting::conditions::device_condition::tests::test_check::case_7 ... ok
[INFO] [stdout] test targeting::conditions::exclusive_experiment_condition::tests::test_check::case_02 ... ok
[INFO] [stdout] test targeting::conditions::exclusive_experiment_condition::tests::test_check::case_04 ... ok
[INFO] [stdout] test targeting::conditions::exclusive_experiment_condition::tests::test_check::case_05 ... ok
[INFO] [stdout] test targeting::conditions::exclusive_experiment_condition::tests::test_check::case_06 ... ok
[INFO] [stdout] test targeting::conditions::exclusive_experiment_condition::tests::test_check::case_01 ... ok
[INFO] [stdout] test targeting::conditions::exclusive_experiment_condition::tests::test_check::case_03 ... ok
[INFO] [stdout] test targeting::conditions::exclusive_experiment_condition::tests::test_check::case_09 ... ok
[INFO] [stdout] test targeting::conditions::exclusive_experiment_condition::tests::test_check::case_10 ... ok
[INFO] [stdout] test targeting::conditions::custom_datum::tests::test_check_number_cmp::case_6 ... ok
[INFO] [stdout] test targeting::conditions::exclusive_experiment_condition::tests::test_check::case_07 ... ok
[INFO] [stdout] test targeting::conditions::custom_datum::tests::test_check_regex::case_1 ... ok
[INFO] [stdout] test targeting::conditions::custom_datum::tests::test_from_json::case_01 ... ok
[INFO] [stdout] test targeting::conditions::exclusive_experiment_condition::tests::test_check::case_11 ... ok
[INFO] [stdout] test targeting::conditions::custom_datum::tests::test_check_number_cmp::case_7 ... ok
[INFO] [stdout] test targeting::conditions::exclusive_experiment_condition::tests::test_check::case_13 ... ok
[INFO] [stdout] test targeting::conditions::exclusive_experiment_condition::tests::test_check::case_14 ... ok
[INFO] [stdout] test targeting::conditions::exclusive_experiment_condition::tests::test_check::case_15 ... ok
[INFO] [stdout] test targeting::conditions::geolocation_condition::tests::test_check::case_03 ... ok
[INFO] [stdout] test targeting::conditions::geolocation_condition::tests::test_check::case_06 ... ok
[INFO] [stdout] test targeting::conditions::geolocation_condition::tests::test_check::case_04 ... ok
[INFO] [stdout] test targeting::conditions::geolocation_condition::tests::test_check::case_05 ... ok
[INFO] [stdout] test targeting::conditions::geolocation_condition::tests::test_check::case_09 ... ok
[INFO] [stdout] test targeting::conditions::geolocation_condition::tests::test_check::case_01 ... ok
[INFO] [stdout] test targeting::conditions::exclusive_experiment_condition::tests::test_check::case_08 ... ok
[INFO] [stdout] test targeting::conditions::geolocation_condition::tests::test_check::case_12 ... ok
[INFO] [stdout] test targeting::conditions::geolocation_condition::tests::test_check::case_13 ... ok
[INFO] [stdout] test targeting::conditions::geolocation_condition::tests::test_check::case_14 ... ok
[INFO] [stdout] test targeting::conditions::geolocation_condition::tests::test_check::case_02 ... ok
[INFO] [stdout] test targeting::conditions::geolocation_condition::tests::test_check::case_07 ... ok
[INFO] [stdout] test targeting::conditions::geolocation_condition::tests::test_check::case_10 ... ok
[INFO] [stdout] test targeting::conditions::geolocation_condition::tests::test_check::case_11 ... ok
[INFO] [stdout] test targeting::conditions::exclusive_experiment_condition::tests::test_check::case_12 ... ok
[INFO] [stdout] test targeting::conditions::exclusive_experiment_condition::tests::test_check::case_16 ... ok
[INFO] [stdout] test targeting::conditions::geolocation_condition::tests::test_check::case_15 ... ok
[INFO] [stdout] test targeting::conditions::geolocation_condition::tests::test_check::case_16 ... ok
[INFO] [stdout] test targeting::conditions::kcs_heat_range_condition::tests::test_check::case_2 ... ok
[INFO] [stdout] test targeting::conditions::kcs_heat_range_condition::tests::test_check::case_7 ... ok
[INFO] [stdout] test targeting::conditions::kcs_heat_range_condition::tests::test_check::case_9 ... ok
[INFO] [stdout] test targeting::conditions::kcs_heat_range_condition::tests::test_check::case_1 ... ok
[INFO] [stdout] test targeting::conditions::kcs_heat_range_condition::tests::test_check::case_5 ... ok
[INFO] [stdout] test targeting::conditions::kcs_heat_range_condition::tests::test_check::case_3 ... ok
[INFO] [stdout] test targeting::conditions::kcs_heat_range_condition::tests::test_check::case_8 ... ok
[INFO] [stdout] test targeting::conditions::kcs_heat_range_condition::tests::test_check::case_4 ... ok
[INFO] [stdout] test targeting::conditions::kcs_heat_range_condition::tests::test_check::case_6 ... ok
[INFO] [stdout] test targeting::conditions::custom_datum::tests::test_from_json::case_02 ... ok
[INFO] [stdout] test targeting::conditions::geolocation_condition::tests::test_check::case_18 ... ok
[INFO] [stdout] test targeting::conditions::geolocation_condition::tests::test_check::case_17 ... ok
[INFO] [stdout] test targeting::conditions::geolocation_condition::tests::test_check::case_08 ... ok
[INFO] [stdout] test targeting::conditions::operating_system_condition::tests::test_check::case_06 ... ok
[INFO] [stdout] test targeting::conditions::operating_system_condition::tests::test_check::case_01 ... ok
[INFO] [stdout] test targeting::conditions::operating_system_condition::tests::test_check::case_05 ... ok
[INFO] [stdout] test targeting::conditions::operating_system_condition::tests::test_check::case_07 ... ok
[INFO] [stdout] test targeting::conditions::operating_system_condition::tests::test_check::case_04 ... ok
[INFO] [stdout] test targeting::conditions::operating_system_condition::tests::test_check::case_03 ... ok
[INFO] [stdout] test targeting::conditions::operating_system_condition::tests::test_check::case_08 ... ok
[INFO] [stdout] test targeting::conditions::operating_system_condition::tests::test_check::case_10 ... ok
[INFO] [stdout] test targeting::conditions::operating_system_condition::tests::test_check::case_02 ... ok
[INFO] [stdout] test targeting::conditions::operating_system_condition::tests::test_check::case_09 ... ok
[INFO] [stdout] test targeting::conditions::page_title_condition::tests::test_check::case_2 ... ok
[INFO] [stdout] test targeting::conditions::page_title_condition::tests::test_check::case_1 ... ok
[INFO] [stdout] test targeting::conditions::page_url_condition::tests::test_check_latest::case_2 ... ok
[INFO] [stdout] test targeting::conditions::page_url_condition::tests::test_check_latest::case_1 ... ok
[INFO] [stdout] test targeting::conditions::page_title_condition::tests::test_check::case_6 ... ok
[INFO] [stdout] test targeting::conditions::page_title_condition::tests::test_check::case_4 ... ok
[INFO] [stdout] test targeting::conditions::page_title_condition::tests::test_check::case_5 ... ok
[INFO] [stdout] test targeting::conditions::page_url_condition::tests::test_check::case_4 ... ok
[INFO] [stdout] test targeting::conditions::page_title_condition::tests::test_check_latest::case_1 ... ok
[INFO] [stdout] test targeting::conditions::page_title_condition::tests::test_check::case_3 ... ok
[INFO] [stdout] test targeting::conditions::page_view_number_condition::tests::test_check::case_5 ... ok
[INFO] [stdout] test targeting::conditions::page_title_condition::tests::test_check_latest::case_2 ... ok
[INFO] [stdout] test targeting::conditions::page_url_condition::tests::test_check::case_3 ... ok
[INFO] [stdout] test targeting::conditions::page_view_number_condition::tests::test_check::case_6 ... ok
[INFO] [stdout] test targeting::conditions::page_view_number_condition::tests::test_check::case_3 ... ok
[INFO] [stdout] test targeting::conditions::page_view_number_condition::tests::test_check::case_4 ... ok
[INFO] [stdout] test targeting::conditions::previous_page_condition::tests::test_check::case_2 ... ok
[INFO] [stdout] test targeting::conditions::previous_page_condition::tests::test_check::case_3 ... ok
[INFO] [stdout] test targeting::conditions::previous_page_condition::tests::test_check::case_5 ... ok
[INFO] [stdout] test targeting::conditions::page_url_condition::tests::test_check::case_1 ... ok
[INFO] [stdout] test targeting::conditions::previous_page_condition::tests::test_check::case_1 ... ok
[INFO] [stdout] test targeting::conditions::previous_page_condition::tests::test_check::case_4 ... ok
[INFO] [stdout] test targeting::conditions::previous_page_condition::tests::test_check::case_6 ... ok
[INFO] [stdout] test targeting::conditions::page_view_number_condition::tests::test_check::case_1 ... ok
[INFO] [stdout] test targeting::conditions::previous_page_condition::tests::test_check::case_7 ... ok
[INFO] [stdout] test targeting::conditions::sdk_language_condition::tests::test_check::case_1 ... ok
[INFO] [stdout] test targeting::conditions::page_url_condition::tests::test_check::case_2 ... ok
[INFO] [stdout] test targeting::conditions::sdk_language_condition::tests::test_check::case_4 ... ok
[INFO] [stdout] test targeting::conditions::sdk_language_condition::tests::test_check::case_5 ... ok
[INFO] [stdout] test targeting::conditions::sdk_language_condition::tests::test_check::case_3 ... ok
[INFO] [stdout] test targeting::conditions::sdk_language_condition::tests::test_check::case_2 ... ok
[INFO] [stdout] test targeting::conditions::sdk_language_condition::tests::test_check::case_9 ... ok
[INFO] [stdout] test targeting::conditions::page_view_number_condition::tests::test_check::case_2 ... ok
[INFO] [stdout] test targeting::conditions::page_view_number_condition::tests::test_check::case_7 ... ok
[INFO] [stdout] test targeting::conditions::sdk_language_condition::tests::test_check::case_8 ... ok
[INFO] [stdout] test targeting::conditions::sdk_language_condition::tests::test_check::case_7 ... ok
[INFO] [stdout] test targeting::conditions::page_view_number_condition::tests::test_check::case_8 ... ok
[INFO] [stdout] test targeting::conditions::segment_condition::tests::test_check::case_1 ... ok
[INFO] [stdout] test targeting::conditions::sdk_language_condition::tests::test_check::case_6 ... ok
[INFO] [stdout] test targeting::conditions::segment_condition::tests::test_check::case_2 ... ok
[INFO] [stdout] test targeting::conditions::target_experiment_condition::tests::test_check::case_2 ... ok
[INFO] [stdout] test targeting::conditions::target_experiment_condition::tests::test_check::case_3 ... ok
[INFO] [stdout] test targeting::conditions::segment_condition::tests::test_check::case_3 ... ok
[INFO] [stdout] test targeting::conditions::target_experiment_condition::tests::test_check::case_8 ... ok
[INFO] [stdout] test targeting::conditions::segment_condition::tests::test_check::case_4 ... ok
[INFO] [stdout] test targeting::conditions::segment_condition::tests::test_check::case_5 ... ok
[INFO] [stdout] test targeting::conditions::segment_condition::tests::test_check::case_6 ... ok
[INFO] [stdout] test targeting::conditions::target_experiment_condition::tests::test_check::case_1 ... ok
[INFO] [stdout] test targeting::conditions::target_experiment_condition::tests::test_check::case_5 ... ok
[INFO] [stdout] test targeting::conditions::segment_condition::tests::test_check::case_7 ... ok
[INFO] [stdout] test targeting::conditions::target_feature_flag_condition::tests::test_check::case_02 ... ok
[INFO] [stdout] test targeting::conditions::target_experiment_condition::tests::test_check::case_4 ... ok
[INFO] [stdout] test targeting::conditions::target_feature_flag_condition::tests::test_check::case_05 ... ok
[INFO] [stdout] test targeting::conditions::target_feature_flag_condition::tests::test_check::case_01 ... ok
[INFO] [stdout] test targeting::conditions::target_feature_flag_condition::tests::test_check::case_08 ... ok
[INFO] [stdout] test targeting::conditions::target_experiment_condition::tests::test_check::case_6 ... ok
[INFO] [stdout] test targeting::conditions::target_experiment_condition::tests::test_check::case_7 ... ok
[INFO] [stdout] test targeting::conditions::target_feature_flag_condition::tests::test_check::case_14 ... ok
[INFO] [stdout] test targeting::conditions::target_feature_flag_condition::tests::test_check::case_04 ... ok
[INFO] [stdout] test targeting::conditions::target_feature_flag_condition::tests::test_check::case_19 ... ok
[INFO] [stdout] test targeting::conditions::target_feature_flag_condition::tests::test_check::case_13 ... ok
[INFO] [stdout] test targeting::conditions::target_feature_flag_condition::tests::test_check::case_06 ... ok
[INFO] [stdout] test targeting::conditions::target_feature_flag_condition::tests::test_check::case_15 ... ok
[INFO] [stdout] test targeting::conditions::target_feature_flag_condition::tests::test_check::case_16 ... ok
[INFO] [stdout] test targeting::conditions::target_feature_flag_condition::tests::test_check::case_03 ... ok
[INFO] [stdout] test targeting::conditions::target_feature_flag_condition::tests::test_check::case_17 ... ok
[INFO] [stdout] test targeting::conditions::target_feature_flag_condition::tests::test_check::case_10 ... ok
[INFO] [stdout] test targeting::conditions::target_personalization_condition::tests::test_check::case_5 ... ok
[INFO] [stdout] test targeting::conditions::target_feature_flag_condition::tests::test_check::case_18 ... ok
[INFO] [stdout] test targeting::conditions::target_personalization_condition::tests::test_check::case_4 ... ok
[INFO] [stdout] test targeting::conditions::target_personalization_condition::tests::test_check::case_6 ... ok
[INFO] [stdout] test targeting::conditions::target_personalization_condition::tests::test_check::case_7 ... ok
[INFO] [stdout] test targeting::conditions::target_feature_flag_condition::tests::test_check::case_20 ... ok
[INFO] [stdout] test targeting::conditions::target_personalization_condition::tests::test_check::case_1 ... ok
[INFO] [stdout] test targeting::conditions::target_personalization_condition::tests::test_check::case_2 ... ok
[INFO] [stdout] test targeting::conditions::target_feature_flag_condition::tests::test_check::case_11 ... ok
[INFO] [stdout] test targeting::conditions::target_personalization_condition::tests::test_check::case_3 ... ok
[INFO] [stdout] test targeting::conditions::target_feature_flag_condition::tests::test_check::case_12 ... ok
[INFO] [stdout] test targeting::conditions::time_elapsed_since_visit_condition::tests::test_check::case_03 ... ok
[INFO] [stdout] test targeting::conditions::time_elapsed_since_visit_condition::tests::test_check::case_04 ... ok
[INFO] [stdout] test targeting::conditions::time_elapsed_since_visit_condition::tests::test_check::case_02 ... ok
[INFO] [stdout] test targeting::conditions::time_elapsed_since_visit_condition::tests::test_check::case_01 ... ok
[INFO] [stdout] test targeting::conditions::time_elapsed_since_visit_condition::tests::test_check::case_05 ... ok
[INFO] [stdout] test targeting::conditions::time_elapsed_since_visit_condition::tests::test_check::case_07 ... ok
[INFO] [stdout] test targeting::conditions::time_elapsed_since_visit_condition::tests::test_check::case_08 ... ok
[INFO] [stdout] test targeting::conditions::time_elapsed_since_visit_condition::tests::test_check::case_09 ... ok
[INFO] [stdout] test targeting::conditions::time_elapsed_since_visit_condition::tests::test_check::case_06 ... ok
[INFO] [stdout] test targeting::conditions::time_elapsed_since_visit_condition::tests::test_check::case_11 ... ok
[INFO] [stdout] test targeting::conditions::time_elapsed_since_visit_condition::tests::test_check::case_12 ... ok
[INFO] [stdout] test targeting::conditions::time_elapsed_since_visit_condition::tests::test_check::case_13 ... ok
[INFO] [stdout] test targeting::conditions::time_elapsed_since_visit_condition::tests::test_check::case_14 ... ok
[INFO] [stdout] test targeting::conditions::time_elapsed_since_visit_condition::tests::test_check::case_16 ... ok
[INFO] [stdout] test targeting::conditions::time_elapsed_since_visit_condition::tests::test_check::case_17 ... ok
[INFO] [stdout] test targeting::conditions::time_elapsed_since_visit_condition::tests::test_check::case_15 ... ok
[INFO] [stdout] test targeting::conditions::time_elapsed_since_visit_condition::tests::test_check::case_10 ... ok
[INFO] [stdout] test targeting::conditions::time_elapsed_since_visit_condition::tests::test_check::case_18 ... ok
[INFO] [stdout] test targeting::conditions::unknown_condition::tests::test_check ... ok
[INFO] [stdout] test targeting::conditions::version_condition::tests::test_application_version::case_07 ... ok
[INFO] [stdout] test targeting::conditions::version_condition::tests::test_application_version::case_02 ... ok
[INFO] [stdout] test targeting::conditions::version_condition::tests::test_application_version::case_03 ... ok
[INFO] [stdout] test targeting::conditions::version_condition::tests::test_application_version::case_04 ... ok
[INFO] [stdout] test targeting::conditions::version_condition::tests::test_application_version::case_05 ... ok
[INFO] [stdout] test targeting::conditions::version_condition::tests::test_application_version::case_06 ... ok
[INFO] [stdout] test targeting::conditions::version_condition::tests::test_application_version::case_08 ... ok
[INFO] [stdout] test targeting::conditions::version_condition::tests::test_application_version::case_01 ... ok
[INFO] [stdout] test targeting::conditions::version_condition::tests::test_application_version::case_09 ... ok
[INFO] [stdout] test targeting::conditions::version_condition::tests::test_application_version::case_10 ... ok
[INFO] [stdout] test targeting::conditions::visit_number_total_condition::tests::test_check::case_1 ... ok
[INFO] [stdout] test targeting::conditions::visit_number_today_condition::tests::test_check::case_3 ... ok
[INFO] [stdout] test targeting::conditions::visit_number_today_condition::tests::test_check::case_7 ... ok
[INFO] [stdout] test targeting::conditions::visit_number_today_condition::tests::test_check::case_2 ... ok
[INFO] [stdout] test targeting::conditions::visit_number_today_condition::tests::test_check::case_5 ... ok
[INFO] [stdout] test targeting::conditions::visit_number_today_condition::tests::test_check::case_8 ... ok
[INFO] [stdout] test targeting::conditions::visit_number_today_condition::tests::test_check::case_6 ... ok
[INFO] [stdout] test targeting::conditions::visit_number_today_condition::tests::test_check::case_1 ... ok
[INFO] [stdout] test targeting::conditions::visit_number_today_condition::tests::test_check::case_9 ... ok
[INFO] [stdout] test targeting::conditions::target_feature_flag_condition::tests::test_check::case_07 ... ok
[INFO] [stdout] test targeting::conditions::visit_number_today_condition::tests::test_check::case_4 ... ok
[INFO] [stdout] test targeting::conditions::visit_number_total_condition::tests::test_check::case_2 ... ok
[INFO] [stdout] test targeting::conditions::visit_number_total_condition::tests::test_check::case_3 ... ok
[INFO] [stdout] test targeting::conditions::visit_number_total_condition::tests::test_check::case_4 ... ok
[INFO] [stdout] test targeting::conditions::visit_number_total_condition::tests::test_check::case_5 ... ok
[INFO] [stdout] test targeting::conditions::visit_number_total_condition::tests::test_check::case_6 ... ok
[INFO] [stdout] test targeting::conditions::visitor_code_condition::tests::test_check::case_1 ... ok
[INFO] [stdout] test targeting::conditions::target_feature_flag_condition::tests::test_check::case_09 ... ok
[INFO] [stdout] test targeting::conditions::visitor_scope_condition::tests::test_assignment_threshold::case_01 ... ok
[INFO] [stdout] test targeting::conditions::visitor_scope_condition::tests::test_assignment_threshold::case_03 ... ok
[INFO] [stdout] test targeting::conditions::visitor_new_return_condition::tests::test_check::case_1 ... ok
[INFO] [stdout] test targeting::conditions::visitor_new_return_condition::tests::test_check::case_5 ... ok
[INFO] [stdout] test targeting::conditions::visitor_new_return_condition::tests::test_check::case_6 ... ok
[INFO] [stdout] test targeting::conditions::visitor_scope_condition::tests::test_assignment_threshold::case_08 ... ok
[INFO] [stdout] test targeting::conditions::visitor_scope_condition::tests::test_assignment_threshold::case_09 ... ok
[INFO] [stdout] test targeting::conditions::visitor_scope_condition::tests::test_assignment_threshold::case_10 ... ok
[INFO] [stdout] test targeting::conditions::visitor_code_condition::tests::test_check::case_2 ... ok
[INFO] [stdout] test targeting::conditions::visitor_code_condition::tests::test_check::case_3 ... ok
[INFO] [stdout] test targeting::conditions::visitor_new_return_condition::tests::test_check::case_4 ... ok
[INFO] [stdout] test targeting::conditions::visitor_scope_condition::tests::test_assignment_threshold::case_05 ... ok
[INFO] [stdout] test tracking::activity_event::tests::test_encode_query ... ok
[INFO] [stdout] test targeting::conditions::visitor_scope_condition::tests::test_assignment_threshold_no_visits::case_1 ... ok
[INFO] [stdout] test targeting::conditions::visitor_new_return_condition::tests::test_check::case_2 ... ok
[INFO] [stdout] test targeting::conditions::visitor_scope_condition::tests::test_assignment_threshold_no_visits::case_2 ... ok
[INFO] [stdout] test targeting::conditions::visitor_new_return_condition::tests::test_check::case_3 ... ok
[INFO] [stdout] test targeting::conditions::visitor_scope_condition::tests::test_assignment_threshold::case_04 ... ok
[INFO] [stdout] test targeting::conditions::visitor_scope_condition::tests::test_assignment_threshold::case_06 ... ok
[INFO] [stdout] test tracking::trackable::tests::test_once_state_cell_change_state::case_2 ... ok
[INFO] [stdout] test tracking::data_adding_context::tests::test_add_data::case_3 ... ok
[INFO] [stdout] test tracking::activity_event::tests::test_event_type ... ok
[INFO] [stdout] test tracking::data_adding_context::tests::test_add_data::case_4 ... ok
[INFO] [stdout] test tracking::data_adding_context::tests::test_add_data::case_5 ... ok
[INFO] [stdout] test targeting::conditions::visitor_scope_condition::tests::test_assignment_threshold::case_02 ... ok
[INFO] [stdout] test tracking::data_adding_context::tests::test_add_data::case_6 ... ok
[INFO] [stdout] test tracking::trackable::tests::test_once_state_cell_change_state::case_6 ... ok
[INFO] [stdout] test tracking::trackable::tests::test_once_state_cell_change_state::case_7 ... ok
[INFO] [stdout] test tracking::trackable::tests::test_once_state_cell_change_state::case_8 ... ok
[INFO] [stdout] test tracking::trackable::tests::test_once_state_cell_change_state::case_4 ... ok
[INFO] [stdout] test tracking::trackable::tests::test_once_state_cell_change_state::case_5 ... ok
[INFO] [stdout] test tracking::trackable::tests::test_resendable_state_cell_change_state::case_3 ... ok
[INFO] [stdout] test tracking::trackable::tests::test_once_state_cell_change_state::case_9 ... ok
[INFO] [stdout] test tracking::trackable::tests::test_resendable_state_cell_change_state::case_1 ... ok
[INFO] [stdout] test tracking::trackable::tests::test_once_state_cell_change_state::case_1 ... ok
[INFO] [stdout] test tracking::data_adding_context::tests::test_add_data::case_1 ... ok
[INFO] [stdout] test tracking::trackable_data_selection::tests::test_select_required_unsent_trackable_data_order ... ok
[INFO] [stdout] test tracking::data_adding_context::tests::test_add_data::case_2 ... ok
[INFO] [stdout] test targeting::targeting_tree::tests::test_from_json ... ok
[INFO] [stdout] test tracking::trackable_data_selection::tests::test_select_unsent_trackable_skips_not_unsent::state_1_TrackingState__Transmitting::selection_func_2_select_technical_unsent_trackable_data ... ok
[INFO] [stdout] test tracking::trackable_data_selection::tests::test_select_unsent_trackable_skips_not_unsent::state_2_TrackingState__Sent::selection_func_2_select_technical_unsent_trackable_data ... ok
[INFO] [stdout] test tracking::trackable_data_selection::tests::test_select_unsent_trackable_skips_not_unsent::state_2_TrackingState__Sent::selection_func_1_select_all_unsent_trackable_data ... ok
[INFO] [stdout] test targeting::conditions::visitor_scope_condition::tests::test_assignment_threshold::case_07 ... ok
[INFO] [stdout] test tracking::trackable::tests::test_once_state_cell_change_state::case_3 ... ok
[INFO] [stdout] test tracking::trackable::tests::test_resendable_state_cell_change_state::case_2 ... ok
[INFO] [stdout] test tracking::trackable_data_selection::tests::test_select_unsent_trackable_skips_not_unsent::state_1_TrackingState__Transmitting::selection_func_1_select_all_unsent_trackable_data ... ok
[INFO] [stdout] test tracking::tracking_builder::tests::test_build::case_06 ... ok
[INFO] [stdout] test tracking::tracking_builder::tests::test_build::case_03 ... ok
[INFO] [stdout] test tracking::trackable_data_selection::tests::test_select_all_unsent_trackable_data_order ... ok
[INFO] [stdout] test tracking::tracking_builder::tests::test_build::case_11 ... ok
[INFO] [stdout] test tracking::tracking_builder::tests::test_build::case_10 ... ok
[INFO] [stdout] test tracking::tracking_builder::tests::test_build::case_14 ... ok
[INFO] [stdout] test tracking::tracking_builder::tests::test_build::case_12 ... ok
[INFO] [stdout] test tracking::tracking_manager::tests::test_track_all::case_1 ... ok
[INFO] [stdout] test tracking::tracking_manager::tests::test_add_visitor_code ... ok
[INFO] [stdout] test tracking::tracking_builder::tests::test_build::case_09 ... ok
[INFO] [stdout] test tracking::tracking_manager::tests::test_track_all::case_4 ... ok
[INFO] [stdout] test tracking::tracking_manager::tests::test_track_all::case_5 ... ok
[INFO] [stdout] test tracking::tracking_manager::tests::test_track_all::case_2 ... ok
[INFO] [stdout] test tracking::tracking_manager::tests::test_track_all::case_3 ... ok
[INFO] [stdout] test tracking::tracking_manager::tests::test_track_all_probe_mode_one_visitor_per_request_after_failure_until_success ... ok
[INFO] [stdout] test tracking::tracking_builder::tests::test_build::case_01 ... ok
[INFO] [stdout] test tracking::tracking_manager::tests::test_track_all_probe_mode_skips_visitors_without_data ... ok
[INFO] [stdout] test tracking::tracking_manager::tests::test_track_visitor::case_3 ... ok
[INFO] [stdout] test tracking::tracking_manager::tests::test_track_visitor::case_1 ... ok
[INFO] [stdout] test tracking::tracking_manager::tests::test_track_all::case_6 ... ok
[INFO] [stdout] test tracking::tracking_manager::tests::test_track_visitor::case_2 ... ok
[INFO] [stdout] test tracking::tracking_manager::tests::test_track_visitor::case_4 ... ok
[INFO] [stdout] test tracking::tracking_builder::tests::test_build::case_05 ... ok
[INFO] [stdout] test tracking::tracking_builder::tests::test_build::case_02 ... ok
[INFO] [stdout] test tracking::tracking_builder::tests::test_build::case_15 ... ok
[INFO] [stdout] test tracking::tracking_manager::tests::test_track_visitor::case_5 ... ok
[INFO] [stdout] test tracking::tracking_builder::tests::test_build::case_13 ... ok
[INFO] [stdout] test tracking::tracking_builder::tests::test_build::case_04 ... ok
[INFO] [stdout] test tracking::visitor_tracking_registry::tests::test_extract_all ... ok
[INFO] [stdout] test tracking::visitor_tracking_registry::tests::test_extract_limit::case_1 ... ok
[INFO] [stdout] test tracking::tracking_manager::tests::test_track_visitor_probe_mode_not_blocked ... ok
[INFO] [stdout] test tracking::visitor_tracking_registry::tests::test_add_all_erase_to_storage_limit ... ok
[INFO] [stdout] test tracking::visitor_tracking_registry::tests::test_extract_limit::case_5 ... ok
[INFO] [stdout] test tracking::visitor_tracking_registry::tests::test_add ... ok
[INFO] [stdout] test tracking::visitor_tracking_registry::tests::test_extract_limit::case_7 ... ok
[INFO] [stdout] test tracking::visitor_tracking_registry::tests::test_add_all_erase_nonexistent_visitors ... ok
[INFO] [stdout] test tracking::visitor_tracking_registry::tests::test_extract_limit::case_2 ... ok
[INFO] [stdout] test tracking::visitor_tracking_registry::tests::test_extract_limit::case_3 ... ok
[INFO] [stdout] test tracking::visitor_tracking_registry::tests::test_extract_limit::case_8 ... ok
[INFO] [stdout] test tracking::visitor_tracking_registry::tests::test_extract_limit::case_4 ... ok
[INFO] [stdout] test tracking::visitor_tracking_registry::tests::test_extract_limit_one_by_one_drains_all ... ok
[INFO] [stdout] test tracking::visitor_tracking_registry::tests::test_extract_limit::case_6 ... ok
[INFO] [stdout] test tracking::visitor_tracking_registry::tests::test_extract_limited ... ok
[INFO] [stdout] test types::datafile::tests::test_date_modified ... ok
[INFO] [stdout] test types::datafile::tests::test_default_variation_key ... ok
[INFO] [stdout] test types::datafile::tests::test_feature_flag_environment ... ok
[INFO] [stdout] test tracking::tracking_builder::tests::test_build::case_07 ... ok
[INFO] [stdout] test utils::domain_validator::tests::test_validate_network_domain::case_03 ... ok
[INFO] [stdout] test types::datafile::tests::test_feature_flag_variations ... ok
[INFO] [stdout] test utils::domain_validator::tests::test_validate_network_domain::case_04 ... ok
[INFO] [stdout] test types::datafile::tests::test_all_feature_flags ... ok
[INFO] [stdout] test types::datafile::tests::test_default_variation ... ok
[INFO] [stdout] test utils::domain_validator::tests::test_validate_network_domain::case_07 ... ok
[INFO] [stdout] test utils::domain_validator::tests::test_validate_network_domain::case_05 ... ok
[INFO] [stdout] test utils::domain_validator::tests::test_validate_network_domain::case_06 ... ok
[INFO] [stdout] test utils::domain_validator::tests::test_validate_network_domain::case_08 ... ok
[INFO] [stdout] test utils::domain_validator::tests::test_validate_network_domain::case_13 ... ok
[INFO] [stdout] test utils::domain_validator::tests::test_validate_network_domain::case_01 ... ok
[INFO] [stdout] test utils::domain_validator::tests::test_validate_network_domain::case_02 ... ok
[INFO] [stdout] test utils::domain_validator::tests::test_validate_network_domain::case_10 ... ok
[INFO] [stdout] test utils::domain_validator::tests::test_validate_network_domain::case_09 ... ok
[INFO] [stdout] test utils::domain_validator::tests::test_validate_top_level_domain::case_02 ... ok
[INFO] [stdout] test types::datafile::tests::testrule_variations ... ok
[INFO] [stdout] test utils::domain_validator::tests::test_validate_top_level_domain::case_03 ... ok
[INFO] [stdout] test utils::domain_validator::tests::test_validate_network_domain::case_16 ... ok
[INFO] [stdout] test utils::domain_validator::tests::test_validate_network_domain::case_12 ... ok
[INFO] [stdout] test utils::domain_validator::tests::test_validate_top_level_domain::case_01 ... ok
[INFO] [stdout] test utils::domain_validator::tests::test_validate_top_level_domain::case_04 ... ok
[INFO] [stdout] test utils::domain_validator::tests::test_validate_top_level_domain::case_07 ... ok
[INFO] [stdout] test utils::domain_validator::tests::test_validate_top_level_domain::case_08 ... ok
[INFO] [stdout] test utils::domain_validator::tests::test_validate_network_domain::case_11 ... ok
[INFO] [stdout] test utils::domain_validator::tests::test_validate_top_level_domain::case_10 ... ok
[INFO] [stdout] test utils::domain_validator::tests::test_validate_network_domain::case_15 ... ok
[INFO] [stdout] test utils::domain_validator::tests::test_validate_network_domain::case_14 ... ok
[INFO] [stdout] test utils::domain_validator::tests::test_validate_top_level_domain::case_05 ... ok
[INFO] [stdout] test tracking::visitor_tracking_registry::tests::test_empty_after_initialization ... ok
[INFO] [stdout] test utils::domain_validator::tests::test_validate_top_level_domain::case_11 ... ok
[INFO] [stdout] test utils::domain_validator::tests::test_validate_top_level_domain::case_09 ... ok
[INFO] [stdout] test utils::domain_validator::tests::test_validate_top_level_domain::case_06 ... ok
[INFO] [stdout] test utils::domain_validator::tests::test_validate_top_level_domain::case_17 ... ok
[INFO] [stdout] test tracking::tracking_builder::tests::test_build::case_08 ... ok
[INFO] [stdout] test utils::domain_validator::tests::test_validate_top_level_domain::case_15 ... ok
[INFO] [stdout] test utils::domain_validator::tests::test_validate_top_level_domain::case_12 ... ok
[INFO] [stdout] test utils::domain_validator::tests::test_validate_top_level_domain::case_16 ... ok
[INFO] [stdout] test utils::domain_validator::tests::test_validate_top_level_domain::case_14 ... ok
[INFO] [stdout] test utils::domain_validator::tests::test_validate_top_level_domain::case_20 ... ok
[INFO] [stdout] test utils::domain_validator::tests::test_validate_top_level_domain::case_23 ... ok
[INFO] [stdout] test utils::domain_validator::tests::test_validate_top_level_domain::case_24 ... ok
[INFO] [stdout] test utils::domain_validator::tests::test_validate_top_level_domain::case_22 ... ok
[INFO] [stdout] test utils::domain_validator::tests::test_validate_top_level_domain::case_13 ... ok
[INFO] [stdout] test utils::hasher::tests::test_input_sensitivity::case_1 ... ok
[INFO] [stdout] test utils::domain_validator::tests::test_validate_top_level_domain::case_18 ... ok
[INFO] [stdout] test utils::domain_validator::tests::test_validate_top_level_domain::case_19 ... ok
[INFO] [stdout] test utils::domain_validator::tests::test_validate_top_level_domain::case_21 ... ok
[INFO] [stdout] test utils::hasher::tests::test_macro_equals_function_campaign_id::case_1 ... ok
[INFO] [stdout] test utils::hasher::tests::test_input_sensitivity::case_3 ... ok
[INFO] [stdout] test utils::hasher::tests::test_input_sensitivity::case_2 ... ok
[INFO] [stdout] test utils::hasher::tests::test_macro_equals_function_campaign_id::case_2 ... ok
[INFO] [stdout] test utils::hasher::tests::test_macro_equals_function_campaign_id::case_3 ... ok
[INFO] [stdout] test utils::hasher::tests::test_macro_equals_function_campaign_id::case_4 ... ok
[INFO] [stdout] test utils::hasher::tests::test_macro_equals_function_me_group::case_2 ... ok
[INFO] [stdout] test utils::hasher::tests::test_macro_equals_function_campaign_id::case_5 ... ok
[INFO] [stdout] test utils::hasher::tests::test_macro_equals_function_campaign_id_respool_time::case_4 ... ok
[INFO] [stdout] test utils::hasher::tests::test_macro_equals_function_campaign_id_respool_time::case_1 ... ok
[INFO] [stdout] test utils::hasher::tests::test_macro_equals_function_campaign_id_respool_time::case_2 ... ok
[INFO] [stdout] test utils::hasher::tests::test_macro_equals_function_campaign_id_respool_time::case_5 ... ok
[INFO] [stdout] test utils::hasher::tests::test_macro_equals_function_campaign_id_respool_time::case_3 ... ok
[INFO] [stdout] test utils::panic_utils::tests::the_panic_message_is_extracted::case_1 ... ok
[INFO] [stdout] test utils::hasher::tests::test_predefined_values::case_1 ... ok
[INFO] [stdout] test utils::hasher::tests::test_macro_equals_function_me_group::case_5 ... ok
[INFO] [stdout] test utils::hasher::tests::test_predefined_values::case_2 ... ok
[INFO] [stdout] test utils::hasher::tests::test_predefined_values::case_5 ... ok
[INFO] [stdout] test utils::panic_utils::tests::the_panic_message_is_extracted::case_2 ... ok
[INFO] [stdout] test utils::string_error::tests::error_source_is_none ... ok
[INFO] [stdout] test utils::hasher::tests::test_predefined_values::case_3 ... ok
[INFO] [stdout] test utils::string_error::tests::debug_contains_struct_name_and_message ... ok
[INFO] [stdout] test utils::hasher::tests::test_predefined_values::case_4 ... ok
[INFO] [stdout] test utils::string_generator::tests::test_generate_string_length_and_charset::case_2 ... ok
[INFO] [stdout] test utils::hasher::tests::test_macro_equals_function_me_group::case_3 ... ok
[INFO] [stdout] test utils::string_generator::tests::test_generate_string_length_and_charset::case_3 ... ok
[INFO] [stdout] test utils::string_generator::tests::test_generate_string_length_and_charset::case_1 ... ok
[INFO] [stdout] test utils::string_error::tests::display_shows_inner_message ... ok
[INFO] [stdout] test utils::panic_utils::tests::the_panic_message_is_extracted::case_3 ... ok
[INFO] [stdout] test utils::string_generator::tests::test_generate_string_length_and_charset::case_4 ... ok
[INFO] [stdout] test utils::string_generator::tests::test_nonce_generator_length_and_charset ... ok
[INFO] [stdout] test utils::url_encoder::tests::test_encode_uri_component::case_2 ... ok
[INFO] [stdout] test utils::string_generator::tests::test_string_generator_empty_charset_should_panic - should panic ... ok
[INFO] [stdout] test utils::url_encoder::tests::test_encode_uri_component::case_3 ... ok
[INFO] [stdout] test utils::string_generator::tests::test_visitor_code_generator_length_and_charset ... ok
[INFO] [stdout] test utils::visitor_code_validator::tests::test_visitor_code_validation::case_2 ... ok
[INFO] [stdout] test utils::url_encoder::tests::test_encode_uri_component::case_6 ... ok
[INFO] [stdout] test utils::string_generator::tests::test_generate_string_length_and_charset::case_5 ... ok
[INFO] [stdout] test utils::url_encoder::tests::test_returns_borrowed_for_safe_ascii ... ok
[INFO] [stdout] test utils::hasher::tests::test_macro_equals_function_me_group::case_1 ... ok
[INFO] [stdout] test utils::visitor_code_validator::tests::test_visitor_code_validation::case_1 ... ok
[INFO] [stdout] test utils::hasher::tests::test_macro_equals_function_me_group::case_4 ... ok
[INFO] [stdout] test utils::visitor_code_validator::tests::test_visitor_code_validation::case_4 ... ok
[INFO] [stdout] test utils::url_encoder::tests::test_encode_uri_component::case_1 ... ok
[INFO] [stdout] test utils::visitor_code_validator::tests::test_visitor_code_validation::case_3 ... ok
[INFO] [stdout] test utils::url_encoder::tests::test_encode_uri_component::case_4 ... ok
[INFO] [stdout] test utils::url_encoder::tests::test_encode_uri_component::case_5 ... ok
[INFO] [stdout] test storage::visitor_manager::tests::test_purge ... ok
[INFO] [stdout] test tracking::tracking_manager::tests::test_track_all_probe_mode_caps_skipped_visitors_per_tick ... ok
[INFO] [stdout] test tracking::tracking_manager::tests::test_interval_tracking ... ok
[INFO] [stdout] test network::access_token_source::tests::test_drop::polling_started_1_true ... ok
[INFO] [stdout] test network::access_token_source::tests::test_polling::case_1 ... ok
[INFO] [stdout] test tracking::visitor_tracking_registry::tests::test_add_concurrently_no_loss ... ok
[INFO] [stdout] 
[INFO] [stdout] failures:
[INFO] [stdout] 
[INFO] [stdout] ---- datafile::datafile_manager::tests::test_polling_mode_update_by_refresh_interval stdout ----
[INFO] [stdout] Kameleoon [ERROR]: Invalid data file response: RequestFailed(StringError("JSON Parse error: expected value at line 1 column 1"))
[INFO] [stdout] Kameleoon [ERROR]: Polling fetch failed: KameleoonError { code: Network, message: "Request failed: JSON Parse error: expected value at line 1 column 1" }
[INFO] [stdout] Kameleoon [ERROR]: Invalid data file response: RequestFailed(StringError("JSON Parse error: expected value at line 1 column 1"))
[INFO] [stdout] Kameleoon [ERROR]: Polling fetch failed: KameleoonError { code: Network, message: "Request failed: JSON Parse error: expected value at line 1 column 1" }
[INFO] [stdout] Kameleoon [ERROR]: Invalid data file response: RequestFailed(StringError("JSON Parse error: expected value at line 1 column 1"))
[INFO] [stdout] Kameleoon [ERROR]: Polling fetch failed: KameleoonError { code: Network, message: "Request failed: JSON Parse error: expected value at line 1 column 1" }
[INFO] [stdout] Kameleoon [ERROR]: Invalid data file response: RequestFailed(StringError("JSON Parse error: expected value at line 1 column 1"))
[INFO] [stdout] Kameleoon [ERROR]: Polling fetch failed: KameleoonError { code: Network, message: "Request failed: JSON Parse error: expected value at line 1 column 1" }
[INFO] [stdout] Kameleoon [ERROR]: Invalid data file response: RequestFailed(StringError("JSON Parse error: expected value at line 1 column 1"))
[INFO] [stdout] Kameleoon [ERROR]: Polling fetch failed: KameleoonError { code: Network, message: "Request failed: JSON Parse error: expected value at line 1 column 1" }
[INFO] [stdout] Kameleoon [ERROR]: Invalid data file response: RequestFailed(StringError("JSON Parse error: expected value at line 1 column 1"))
[INFO] [stdout] Kameleoon [ERROR]: Polling fetch failed: KameleoonError { code: Network, message: "Request failed: JSON Parse error: expected value at line 1 column 1" }
[INFO] [stdout] Kameleoon [ERROR]: Invalid data file response: RequestFailed(StringError("JSON Parse error: expected value at line 1 column 1"))
[INFO] [stdout] Kameleoon [ERROR]: Polling fetch failed: KameleoonError { code: Network, message: "Request failed: JSON Parse error: expected value at line 1 column 1" }
[INFO] [stdout] Kameleoon [ERROR]: Invalid data file response: RequestFailed(StringError("JSON Parse error: expected value at line 1 column 1"))
[INFO] [stdout] Kameleoon [ERROR]: Polling fetch failed: KameleoonError { code: Network, message: "Request failed: JSON Parse error: expected value at line 1 column 1" }
[INFO] [stdout] Kameleoon [ERROR]: Invalid data file response: RequestFailed(StringError("JSON Parse error: expected value at line 1 column 1"))
[INFO] [stdout] Kameleoon [ERROR]: Polling fetch failed: KameleoonError { code: Network, message: "Request failed: JSON Parse error: expected value at line 1 column 1" }
[INFO] [stdout] Kameleoon [ERROR]: Invalid data file response: RequestFailed(StringError("JSON Parse error: expected value at line 1 column 1"))
[INFO] [stdout] Kameleoon [ERROR]: Polling fetch failed: KameleoonError { code: Network, message: "Request failed: JSON Parse error: expected value at line 1 column 1" }
[INFO] [stdout] 
[INFO] [stdout] thread 'datafile::datafile_manager::tests::test_polling_mode_update_by_refresh_interval' (4943) panicked at src/datafile/datafile_manager.rs:859:9:
[INFO] [stdout] make_datafile_counter: 31
[INFO] [stdout] stack backtrace:
[INFO] [stdout]    0:     0x5ac97aad3001 - <<std[617be2ca0a6fd877]::sys::backtrace::BacktraceLock>::print::DisplayBacktrace as core[a373ad73a504971]::fmt::Display>::fmt
[INFO] [stdout]    1:     0x5ac97aaeca1a - core[a373ad73a504971]::fmt::write
[INFO] [stdout]    2:     0x5ac97aad81ec - <alloc[2e1b2a31b91974c5]::vec::Vec<u8> as core[a373ad73a504971]::io::write::Write>::write_fmt
[INFO] [stdout]    3:     0x5ac97aaacd76 - std[617be2ca0a6fd877]::panicking::default_hook::{closure#0}
[INFO] [stdout]    4:     0x5ac97aaca4f9 - std[617be2ca0a6fd877]::panicking::default_hook
[INFO] [stdout]    5:     0x5ac97a56a850 - test[aada8e7e76ba119b]::test_main_inner::{closure#0}
[INFO] [stdout]    6:     0x5ac97aaca822 - std[617be2ca0a6fd877]::panicking::panic_with_hook
[INFO] [stdout]    7:     0x5ac97aaace22 - std[617be2ca0a6fd877]::panicking::panic_handler::{closure#0}
[INFO] [stdout]    8:     0x5ac97aaa5829 - std[617be2ca0a6fd877]::sys::backtrace::__rust_end_short_backtrace::<std[617be2ca0a6fd877]::panicking::panic_handler::{closure#0}, !>
[INFO] [stdout]    9:     0x5ac97aaadc1d - __rustc[ea4f61d10b84890b]::rust_begin_unwind
[INFO] [stdout]   10:     0x5ac97aaed1fc - core[a373ad73a504971]::panicking::panic_fmt
[INFO] [stdout]   11:     0x5ac97a4c9e2b - kameleoon_core[f6ae86de105cea3a]::datafile::datafile_manager::tests::test_polling_mode_update_by_refresh_interval::{closure#0}
[INFO] [stdout]   12:     0x5ac97a408e0e - <tokio[dbf4c3bd6e3ad5d7]::runtime::runtime::Runtime>::block_on::<core[a373ad73a504971]::pin::Pin<&mut dyn core[a373ad73a504971]::future::future::Future<Output = ()>>>
[INFO] [stdout]   13:     0x5ac97a4f116e - <kameleoon_core[f6ae86de105cea3a]::datafile::datafile_manager::tests::test_polling_mode_update_by_refresh_interval::{closure#0} as core[a373ad73a504971]::ops::function::FnOnce<()>>::call_once
[INFO] [stdout]   14:     0x5ac97a55dc9b - test[aada8e7e76ba119b]::__rust_begin_short_backtrace::<core[a373ad73a504971]::result::Result<(), alloc[2e1b2a31b91974c5]::string::String>, fn() -> core[a373ad73a504971]::result::Result<(), alloc[2e1b2a31b91974c5]::string::String>>
[INFO] [stdout]   15:     0x5ac97a56ae75 - test[aada8e7e76ba119b]::run_test::{closure#0}
[INFO] [stdout]   16:     0x5ac97a564764 - std[617be2ca0a6fd877]::sys::backtrace::__rust_begin_short_backtrace::<test[aada8e7e76ba119b]::run_test::{closure#1}, ()>
[INFO] [stdout]   17:     0x5ac97a56df02 - <std[617be2ca0a6fd877]::thread::lifecycle::spawn_unchecked<test[aada8e7e76ba119b]::run_test::{closure#1}, ()>::{closure#1} as core[a373ad73a504971]::ops::function::FnOnce<()>>::call_once::{shim:vtable#0}
[INFO] [stdout]   18:     0x5ac97aad1eff - <std[617be2ca0a6fd877]::sys::thread::unix::Thread>::new::thread_start
[INFO] [stdout]   19:     0x7e822083bdfa - <unknown>
[INFO] [stdout]   20:     0x7e82208cf3d4 - clone
[INFO] [stdout]   21:                0x0 - <unknown>
[INFO] [stdout] 
[INFO] [stdout] ---- core_client::tests::test_add_data_track stdout ----
[INFO] [stdout] 
[INFO] [stdout] thread 'core_client::tests::test_add_data_track' (4633) panicked at src/core_client.rs:733:9:
[INFO] [stdout] assertion failed: init_kameleoon_client(client.as_ref())
[INFO] [stdout] stack backtrace:
[INFO] [stdout]    0:     0x5ac97aad3001 - <<std[617be2ca0a6fd877]::sys::backtrace::BacktraceLock>::print::DisplayBacktrace as core[a373ad73a504971]::fmt::Display>::fmt
[INFO] [stdout]    1:     0x5ac97aaeca1a - core[a373ad73a504971]::fmt::write
[INFO] [stdout]    2:     0x5ac97aad81ec - <alloc[2e1b2a31b91974c5]::vec::Vec<u8> as core[a373ad73a504971]::io::write::Write>::write_fmt
[INFO] [stdout]    3:     0x5ac97aaacd76 - std[617be2ca0a6fd877]::panicking::default_hook::{closure#0}
[INFO] [stdout]    4:     0x5ac97aaca4f9 - std[617be2ca0a6fd877]::panicking::default_hook
[INFO] [stdout]    5:     0x5ac97a56a850 - test[aada8e7e76ba119b]::test_main_inner::{closure#0}
[INFO] [stdout]    6:     0x5ac97aaca822 - std[617be2ca0a6fd877]::panicking::panic_with_hook
[INFO] [stdout]    7:     0x5ac97aaace54 - std[617be2ca0a6fd877]::panicking::panic_handler::{closure#0}
[INFO] [stdout]    8:     0x5ac97aaa5829 - std[617be2ca0a6fd877]::sys::backtrace::__rust_end_short_backtrace::<std[617be2ca0a6fd877]::panicking::panic_handler::{closure#0}, !>
[INFO] [stdout]    9:     0x5ac97aaadc1d - __rustc[ea4f61d10b84890b]::rust_begin_unwind
[INFO] [stdout]   10:     0x5ac97aaed1fc - core[a373ad73a504971]::panicking::panic_fmt
[INFO] [stdout]   11:     0x5ac97aaed1c2 - core[a373ad73a504971]::panicking::panic
[INFO] [stdout]   12:     0x5ac97a245c9d - <kameleoon_core[f6ae86de105cea3a]::core_client::tests::test_add_data_track::{closure#0} as core[a373ad73a504971]::ops::function::FnOnce<()>>::call_once
[INFO] [stdout]   13:     0x5ac97a55dc9b - test[aada8e7e76ba119b]::__rust_begin_short_backtrace::<core[a373ad73a504971]::result::Result<(), alloc[2e1b2a31b91974c5]::string::String>, fn() -> core[a373ad73a504971]::result::Result<(), alloc[2e1b2a31b91974c5]::string::String>>
[INFO] [stdout]   14:     0x5ac97a56ae75 - test[aada8e7e76ba119b]::run_test::{closure#0}
[INFO] [stdout]   15:     0x5ac97a564764 - std[617be2ca0a6fd877]::sys::backtrace::__rust_begin_short_backtrace::<test[aada8e7e76ba119b]::run_test::{closure#1}, ()>
[INFO] [stdout]   16:     0x5ac97a56df02 - <std[617be2ca0a6fd877]::thread::lifecycle::spawn_unchecked<test[aada8e7e76ba119b]::run_test::{closure#1}, ()>::{closure#1} as core[a373ad73a504971]::ops::function::FnOnce<()>>::call_once::{shim:vtable#0}
[INFO] [stdout]   17:     0x5ac97aad1eff - <std[617be2ca0a6fd877]::sys::thread::unix::Thread>::new::thread_start
[INFO] [stdout]   18:     0x7e822083bdfa - <unknown>
[INFO] [stdout]   19:     0x7e82208cf3d4 - clone
[INFO] [stdout]   20:                0x0 - <unknown>
[INFO] [stdout] 
[INFO] [stdout] ---- core_client::tests::test_get_types_datafile stdout ----
[INFO] [stdout] 
[INFO] [stdout] thread 'core_client::tests::test_get_types_datafile' (4694) panicked at src/core_client.rs:708:9:
[INFO] [stdout] assertion failed: init_kameleoon_client(client.as_ref())
[INFO] [stdout] stack backtrace:
[INFO] [stdout]    0:     0x5ac97aad3001 - <<std[617be2ca0a6fd877]::sys::backtrace::BacktraceLock>::print::DisplayBacktrace as core[a373ad73a504971]::fmt::Display>::fmt
[INFO] [stdout]    1:     0x5ac97aaeca1a - core[a373ad73a504971]::fmt::write
[INFO] [stdout]    2:     0x5ac97aad81ec - <alloc[2e1b2a31b91974c5]::vec::Vec<u8> as core[a373ad73a504971]::io::write::Write>::write_fmt
[INFO] [stdout]    3:     0x5ac97aaacd76 - std[617be2ca0a6fd877]::panicking::default_hook::{closure#0}
[INFO] [stdout]    4:     0x5ac97aaca4f9 - std[617be2ca0a6fd877]::panicking::default_hook
[INFO] [stdout]    5:     0x5ac97a56a850 - test[aada8e7e76ba119b]::test_main_inner::{closure#0}
[INFO] [stdout]    6:     0x5ac97aaca822 - std[617be2ca0a6fd877]::panicking::panic_with_hook
[INFO] [stdout]    7:     0x5ac97aaace54 - std[617be2ca0a6fd877]::panicking::panic_handler::{closure#0}
[INFO] [stdout]    8:     0x5ac97aaa5829 - std[617be2ca0a6fd877]::sys::backtrace::__rust_end_short_backtrace::<std[617be2ca0a6fd877]::panicking::panic_handler::{closure#0}, !>
[INFO] [stdout]    9:     0x5ac97aaadc1d - __rustc[ea4f61d10b84890b]::rust_begin_unwind
[INFO] [stdout]   10:     0x5ac97aaed1fc - core[a373ad73a504971]::panicking::panic_fmt
[INFO] [stdout]   11:     0x5ac97aaed1c2 - core[a373ad73a504971]::panicking::panic
[INFO] [stdout]   12:     0x5ac97a246617 - <kameleoon_core[f6ae86de105cea3a]::core_client::tests::test_get_types_datafile::{closure#0} as core[a373ad73a504971]::ops::function::FnOnce<()>>::call_once
[INFO] [stdout]   13:     0x5ac97a55dc9b - test[aada8e7e76ba119b]::__rust_begin_short_backtrace::<core[a373ad73a504971]::result::Result<(), alloc[2e1b2a31b91974c5]::string::String>, fn() -> core[a373ad73a504971]::result::Result<(), alloc[2e1b2a31b91974c5]::string::String>>
[INFO] [stdout]   14:     0x5ac97a56ae75 - test[aada8e7e76ba119b]::run_test::{closure#0}
[INFO] [stdout]   15:     0x5ac97a564764 - std[617be2ca0a6fd877]::sys::backtrace::__rust_begin_short_backtrace::<test[aada8e7e76ba119b]::run_test::{closure#1}, ()>
[INFO] [stdout]   16:     0x5ac97a56df02 - <std[617be2ca0a6fd877]::thread::lifecycle::spawn_unchecked<test[aada8e7e76ba119b]::run_test::{closure#1}, ()>::{closure#1} as core[a373ad73a504971]::ops::function::FnOnce<()>>::call_once::{shim:vtable#0}
[INFO] [stdout]   17:     0x5ac97aad1eff - <std[617be2ca0a6fd877]::sys::thread::unix::Thread>::new::thread_start
[INFO] [stdout]   18:     0x7e822083bdfa - <unknown>
[INFO] [stdout]   19:     0x7e82208cf3d4 - clone
[INFO] [stdout]   20:                0x0 - <unknown>
[INFO] [stdout] 
[INFO] [stdout] ---- core_client::tests::test_init::case_2 stdout ----
[INFO] [stdout] 
[INFO] [stdout] thread 'core_client::tests::test_init::case_2' (4753) panicked at src/core_client.rs:649:9:
[INFO] [stdout] assertion failed: ok
[INFO] [stdout] stack backtrace:
[INFO] [stdout]    0:     0x5ac97aad3001 - <<std[617be2ca0a6fd877]::sys::backtrace::BacktraceLock>::print::DisplayBacktrace as core[a373ad73a504971]::fmt::Display>::fmt
[INFO] [stdout]    1:     0x5ac97aaeca1a - core[a373ad73a504971]::fmt::write
[INFO] [stdout]    2:     0x5ac97aad81ec - <alloc[2e1b2a31b91974c5]::vec::Vec<u8> as core[a373ad73a504971]::io::write::Write>::write_fmt
[INFO] [stdout]    3:     0x5ac97aaacd76 - std[617be2ca0a6fd877]::panicking::default_hook::{closure#0}
[INFO] [stdout]    4:     0x5ac97aaca4f9 - std[617be2ca0a6fd877]::panicking::default_hook
[INFO] [stdout]    5:     0x5ac97a56a850 - test[aada8e7e76ba119b]::test_main_inner::{closure#0}
[INFO] [stdout]    6:     0x5ac97aaca822 - std[617be2ca0a6fd877]::panicking::panic_with_hook
[INFO] [stdout]    7:     0x5ac97aaace54 - std[617be2ca0a6fd877]::panicking::panic_handler::{closure#0}
[INFO] [stdout]    8:     0x5ac97aaa5829 - std[617be2ca0a6fd877]::sys::backtrace::__rust_end_short_backtrace::<std[617be2ca0a6fd877]::panicking::panic_handler::{closure#0}, !>
[INFO] [stdout]    9:     0x5ac97aaadc1d - __rustc[ea4f61d10b84890b]::rust_begin_unwind
[INFO] [stdout]   10:     0x5ac97aaed1fc - core[a373ad73a504971]::panicking::panic_fmt
[INFO] [stdout]   11:     0x5ac97aaed1c2 - core[a373ad73a504971]::panicking::panic
[INFO] [stdout]   12:     0x5ac97a2340ce - kameleoon_core[f6ae86de105cea3a]::core_client::tests::test_init
[INFO] [stdout]   13:     0x5ac97a4a23c5 - <kameleoon_core[f6ae86de105cea3a]::core_client::tests::test_init::case_2::{closure#0} as core[a373ad73a504971]::ops::function::FnOnce<()>>::call_once
[INFO] [stdout]   14:     0x5ac97a55dc9b - test[aada8e7e76ba119b]::__rust_begin_short_backtrace::<core[a373ad73a504971]::result::Result<(), alloc[2e1b2a31b91974c5]::string::String>, fn() -> core[a373ad73a504971]::result::Result<(), alloc[2e1b2a31b91974c5]::string::String>>
[INFO] [stdout]   15:     0x5ac97a56ae75 - test[aada8e7e76ba119b]::run_test::{closure#0}
[INFO] [stdout]   16:     0x5ac97a564764 - std[617be2ca0a6fd877]::sys::backtrace::__rust_begin_short_backtrace::<test[aada8e7e76ba119b]::run_test::{closure#1}, ()>
[INFO] [stdout]   17:     0x5ac97a56df02 - <std[617be2ca0a6fd877]::thread::lifecycle::spawn_unchecked<test[aada8e7e76ba119b]::run_test::{closure#1}, ()>::{closure#1} as core[a373ad73a504971]::ops::function::FnOnce<()>>::call_once::{shim:vtable#0}
[INFO] [stdout]   18:     0x5ac97aad1eff - <std[617be2ca0a6fd877]::sys::thread::unix::Thread>::new::thread_start
[INFO] [stdout]   19:     0x7e822083bdfa - <unknown>
[INFO] [stdout]   20:     0x7e82208cf3d4 - clone
[INFO] [stdout]   21:                0x0 - <unknown>
[INFO] [stdout] 
[INFO] [stdout] ---- core_client::tests::test_evaluate_audiences stdout ----
[INFO] [stdout] 
[INFO] [stdout] thread 'core_client::tests::test_evaluate_audiences' (4693) panicked at src/core_client.rs:754:9:
[INFO] [stdout] assertion failed: init_kameleoon_client(client.as_ref())
[INFO] [stdout] stack backtrace:
[INFO] [stdout]    0:     0x5ac97aad3001 - <<std[617be2ca0a6fd877]::sys::backtrace::BacktraceLock>::print::DisplayBacktrace as core[a373ad73a504971]::fmt::Display>::fmt
[INFO] [stdout]    1:     0x5ac97aaeca1a - core[a373ad73a504971]::fmt::write
[INFO] [stdout]    2:     0x5ac97aad81ec - <alloc[2e1b2a31b91974c5]::vec::Vec<u8> as core[a373ad73a504971]::io::write::Write>::write_fmt
[INFO] [stdout]    3:     0x5ac97aaacd76 - std[617be2ca0a6fd877]::panicking::default_hook::{closure#0}
[INFO] [stdout]    4:     0x5ac97aaca4f9 - std[617be2ca0a6fd877]::panicking::default_hook
[INFO] [stdout]    5:     0x5ac97a56a850 - test[aada8e7e76ba119b]::test_main_inner::{closure#0}
[INFO] [stdout]    6:     0x5ac97aaca822 - std[617be2ca0a6fd877]::panicking::panic_with_hook
[INFO] [stdout]    7:     0x5ac97aaace54 - std[617be2ca0a6fd877]::panicking::panic_handler::{closure#0}
[INFO] [stdout]    8:     0x5ac97aaa5829 - std[617be2ca0a6fd877]::sys::backtrace::__rust_end_short_backtrace::<std[617be2ca0a6fd877]::panicking::panic_handler::{closure#0}, !>
[INFO] [stdout]    9:     0x5ac97aaadc1d - __rustc[ea4f61d10b84890b]::rust_begin_unwind
[INFO] [stdout]   10:     0x5ac97aaed1fc - core[a373ad73a504971]::panicking::panic_fmt
[INFO] [stdout]   11:     0x5ac97aaed1c2 - core[a373ad73a504971]::panicking::panic
[INFO] [stdout]   12:     0x5ac97a222c67 - kameleoon_core[f6ae86de105cea3a]::core_client::tests::test_evaluate_audiences::{closure#0}
[INFO] [stdout]   13:     0x5ac97a408e0e - <tokio[dbf4c3bd6e3ad5d7]::runtime::runtime::Runtime>::block_on::<core[a373ad73a504971]::pin::Pin<&mut dyn core[a373ad73a504971]::future::future::Future<Output = ()>>>
[INFO] [stdout]   14:     0x5ac97a24602e - <kameleoon_core[f6ae86de105cea3a]::core_client::tests::test_evaluate_audiences::{closure#0} as core[a373ad73a504971]::ops::function::FnOnce<()>>::call_once
[INFO] [stdout]   15:     0x5ac97a55dc9b - test[aada8e7e76ba119b]::__rust_begin_short_backtrace::<core[a373ad73a504971]::result::Result<(), alloc[2e1b2a31b91974c5]::string::String>, fn() -> core[a373ad73a504971]::result::Result<(), alloc[2e1b2a31b91974c5]::string::String>>
[INFO] [stdout]   16:     0x5ac97a56ae75 - test[aada8e7e76ba119b]::run_test::{closure#0}
[INFO] [stdout]   17:     0x5ac97a564764 - std[617be2ca0a6fd877]::sys::backtrace::__rust_begin_short_backtrace::<test[aada8e7e76ba119b]::run_test::{closure#1}, ()>
[INFO] [stdout]   18:     0x5ac97a56df02 - <std[617be2ca0a6fd877]::thread::lifecycle::spawn_unchecked<test[aada8e7e76ba119b]::run_test::{closure#1}, ()>::{closure#1} as core[a373ad73a504971]::ops::function::FnOnce<()>>::call_once::{shim:vtable#0}
[INFO] [stdout]   19:     0x5ac97aad1eff - <std[617be2ca0a6fd877]::sys::thread::unix::Thread>::new::thread_start
[INFO] [stdout]   20:     0x7e822083bdfa - <unknown>
[INFO] [stdout]   21:     0x7e82208cf3d4 - clone
[INFO] [stdout]   22:                0x0 - <unknown>
[INFO] [stdout] 
[INFO] [stdout] ---- core_client::tests::test_run stdout ----
[INFO] [stdout] 
[INFO] [stdout] thread 'core_client::tests::test_run' (4767) panicked at src/core_client.rs:803:9:
[INFO] [stdout] assertion failed: init_kameleoon_client(client.as_ref())
[INFO] [stdout] stack backtrace:
[INFO] [stdout]    0:     0x5ac97aad3001 - <<std[617be2ca0a6fd877]::sys::backtrace::BacktraceLock>::print::DisplayBacktrace as core[a373ad73a504971]::fmt::Display>::fmt
[INFO] [stdout]    1:     0x5ac97aaeca1a - core[a373ad73a504971]::fmt::write
[INFO] [stdout]    2:     0x5ac97aad81ec - <alloc[2e1b2a31b91974c5]::vec::Vec<u8> as core[a373ad73a504971]::io::write::Write>::write_fmt
[INFO] [stdout]    3:     0x5ac97aaacd76 - std[617be2ca0a6fd877]::panicking::default_hook::{closure#0}
[INFO] [stdout]    4:     0x5ac97aaca4f9 - std[617be2ca0a6fd877]::panicking::default_hook
[INFO] [stdout]    5:     0x5ac97a56a850 - test[aada8e7e76ba119b]::test_main_inner::{closure#0}
[INFO] [stdout]    6:     0x5ac97aaca822 - std[617be2ca0a6fd877]::panicking::panic_with_hook
[INFO] [stdout]    7:     0x5ac97aaace54 - std[617be2ca0a6fd877]::panicking::panic_handler::{closure#0}
[INFO] [stdout]    8:     0x5ac97aaa5829 - std[617be2ca0a6fd877]::sys::backtrace::__rust_end_short_backtrace::<std[617be2ca0a6fd877]::panicking::panic_handler::{closure#0}, !>
[INFO] [stdout]    9:     0x5ac97aaadc1d - __rustc[ea4f61d10b84890b]::rust_begin_unwind
[INFO] [stdout]   10:     0x5ac97aaed1fc - core[a373ad73a504971]::panicking::panic_fmt
[INFO] [stdout]   11:     0x5ac97aaed1c2 - core[a373ad73a504971]::panicking::panic
[INFO] [stdout]   12:     0x5ac97a225c61 - kameleoon_core[f6ae86de105cea3a]::core_client::tests::test_run::{closure#0}
[INFO] [stdout]   13:     0x5ac97a408e0e - <tokio[dbf4c3bd6e3ad5d7]::runtime::runtime::Runtime>::block_on::<core[a373ad73a504971]::pin::Pin<&mut dyn core[a373ad73a504971]::future::future::Future<Output = ()>>>
[INFO] [stdout]   14:     0x5ac97a2469ae - <kameleoon_core[f6ae86de105cea3a]::core_client::tests::test_run::{closure#0} as core[a373ad73a504971]::ops::function::FnOnce<()>>::call_once
[INFO] [stdout]   15:     0x5ac97a55dc9b - test[aada8e7e76ba119b]::__rust_begin_short_backtrace::<core[a373ad73a504971]::result::Result<(), alloc[2e1b2a31b91974c5]::string::String>, fn() -> core[a373ad73a504971]::result::Result<(), alloc[2e1b2a31b91974c5]::string::String>>
[INFO] [stdout]   16:     0x5ac97a56ae75 - test[aada8e7e76ba119b]::run_test::{closure#0}
[INFO] [stdout]   17:     0x5ac97a564764 - std[617be2ca0a6fd877]::sys::backtrace::__rust_begin_short_backtrace::<test[aada8e7e76ba119b]::run_test::{closure#1}, ()>
[INFO] [stdout]   18:     0x5ac97a56df02 - <std[617be2ca0a6fd877]::thread::lifecycle::spawn_unchecked<test[aada8e7e76ba119b]::run_test::{closure#1}, ()>::{closure#1} as core[a373ad73a504971]::ops::function::FnOnce<()>>::call_once::{shim:vtable#0}
[INFO] [stdout]   19:     0x5ac97aad1eff - <std[617be2ca0a6fd877]::sys::thread::unix::Thread>::new::thread_start
[INFO] [stdout]   20:     0x7e822083bdfa - <unknown>
[INFO] [stdout]   21:     0x7e82208cf3d4 - clone
[INFO] [stdout]   22:                0x0 - <unknown>
[INFO] [stdout] 
[INFO] [stdout] ---- core_client::tests::test_rust_sdk_helpers stdout ----
[INFO] [stdout] 
[INFO] [stdout] thread 'core_client::tests::test_rust_sdk_helpers' (4768) panicked at src/core_client.rs:780:9:
[INFO] [stdout] assertion failed: init_kameleoon_client(client.as_ref())
[INFO] [stdout] stack backtrace:
[INFO] [stdout]    0:     0x5ac97aad3001 - <<std[617be2ca0a6fd877]::sys::backtrace::BacktraceLock>::print::DisplayBacktrace as core[a373ad73a504971]::fmt::Display>::fmt
[INFO] [stdout]    1:     0x5ac97aaeca1a - core[a373ad73a504971]::fmt::write
[INFO] [stdout]    2:     0x5ac97aad81ec - <alloc[2e1b2a31b91974c5]::vec::Vec<u8> as core[a373ad73a504971]::io::write::Write>::write_fmt
[INFO] [stdout]    3:     0x5ac97aaacd76 - std[617be2ca0a6fd877]::panicking::default_hook::{closure#0}
[INFO] [stdout]    4:     0x5ac97aaca4f9 - std[617be2ca0a6fd877]::panicking::default_hook
[INFO] [stdout]    5:     0x5ac97a56a850 - test[aada8e7e76ba119b]::test_main_inner::{closure#0}
[INFO] [stdout]    6:     0x5ac97aaca822 - std[617be2ca0a6fd877]::panicking::panic_with_hook
[INFO] [stdout]    7:     0x5ac97aaace54 - std[617be2ca0a6fd877]::panicking::panic_handler::{closure#0}
[INFO] [stdout]    8:     0x5ac97aaa5829 - std[617be2ca0a6fd877]::sys::backtrace::__rust_end_short_backtrace::<std[617be2ca0a6fd877]::panicking::panic_handler::{closure#0}, !>
[INFO] [stdout]    9:     0x5ac97aaadc1d - __rustc[ea4f61d10b84890b]::rust_begin_unwind
[INFO] [stdout]   10:     0x5ac97aaed1fc - core[a373ad73a504971]::panicking::panic_fmt
[INFO] [stdout]   11:     0x5ac97aaed1c2 - core[a373ad73a504971]::panicking::panic
[INFO] [stdout]   12:     0x5ac97a2226fd - kameleoon_core[f6ae86de105cea3a]::core_client::tests::test_rust_sdk_helpers::{closure#0}
[INFO] [stdout]   13:     0x5ac97a408e0e - <tokio[dbf4c3bd6e3ad5d7]::runtime::runtime::Runtime>::block_on::<core[a373ad73a504971]::pin::Pin<&mut dyn core[a373ad73a504971]::future::future::Future<Output = ()>>>
[INFO] [stdout]   14:     0x5ac97a245ece - <kameleoon_core[f6ae86de105cea3a]::core_client::tests::test_rust_sdk_helpers::{closure#0} as core[a373ad73a504971]::ops::function::FnOnce<()>>::call_once
[INFO] [stdout]   15:     0x5ac97a55dc9b - test[aada8e7e76ba119b]::__rust_begin_short_backtrace::<core[a373ad73a504971]::result::Result<(), alloc[2e1b2a31b91974c5]::string::String>, fn() -> core[a373ad73a504971]::result::Result<(), alloc[2e1b2a31b91974c5]::string::String>>
[INFO] [stdout]   16:     0x5ac97a56ae75 - test[aada8e7e76ba119b]::run_test::{closure#0}
[INFO] [stdout]   17:     0x5ac97a564764 - std[617be2ca0a6fd877]::sys::backtrace::__rust_begin_short_backtrace::<test[aada8e7e76ba119b]::run_test::{closure#1}, ()>
[INFO] [stdout]   18:     0x5ac97a56df02 - <std[617be2ca0a6fd877]::thread::lifecycle::spawn_unchecked<test[aada8e7e76ba119b]::run_test::{closure#1}, ()>::{closure#1} as core[a373ad73a504971]::ops::function::FnOnce<()>>::call_once::{shim:vtable#0}
[INFO] [stdout]   19:     0x5ac97aad1eff - <std[617be2ca0a6fd877]::sys::thread::unix::Thread>::new::thread_start
[INFO] [stdout]   20:     0x7e822083bdfa - <unknown>
[INFO] [stdout]   21:     0x7e82208cf3d4 - clone
[INFO] [stdout]   22:                0x0 - <unknown>
[INFO] [stdout] 
[INFO] [stdout] ---- core_client::tests::test_init::case_1 stdout ----
[INFO] [stdout] Kameleoon [WARNING]: Request 'https://sdk-config.kameleoon.eu/v3/og6g1fquwx?environment=production' failed on attempt 1/2. Error: Connection
[INFO] [stdout] Kameleoon [WARNING]: Request 'https://api.kameleoon.com/oauth/token?sdkName=test-sdk&sdkVersion=1.21.321&siteCode=og6g1fquwx' failed on attempt 1/1. Error: Connection
[INFO] [stdout] Kameleoon [WARNING]: Failed to fetch access token (Could not connect to server); next attempt in 300s
[INFO] [stdout] Kameleoon [WARNING]: Request 'https://sdk-config.kameleoon.eu/v3/og6g1fquwx?environment=production' failed on attempt 2/2. Error: Connection
[INFO] [stdout] Kameleoon [ERROR]: Fetch data file failed: Connection
[INFO] [stdout] 
[INFO] [stdout] thread 'core_client::tests::test_init::case_1' (4695) panicked at src/core_client.rs:649:9:
[INFO] [stdout] assertion failed: ok
[INFO] [stdout] stack backtrace:
[INFO] [stdout]    0:     0x5ac97aad3001 - <<std[617be2ca0a6fd877]::sys::backtrace::BacktraceLock>::print::DisplayBacktrace as core[a373ad73a504971]::fmt::Display>::fmt
[INFO] [stdout]    1:     0x5ac97aaeca1a - core[a373ad73a504971]::fmt::write
[INFO] [stdout]    2:     0x5ac97aad81ec - <alloc[2e1b2a31b91974c5]::vec::Vec<u8> as core[a373ad73a504971]::io::write::Write>::write_fmt
[INFO] [stdout]    3:     0x5ac97aaacd76 - std[617be2ca0a6fd877]::panicking::default_hook::{closure#0}
[INFO] [stdout]    4:     0x5ac97aaca4f9 - std[617be2ca0a6fd877]::panicking::default_hook
[INFO] [stdout]    5:     0x5ac97a56a850 - test[aada8e7e76ba119b]::test_main_inner::{closure#0}
[INFO] [stdout]    6:     0x5ac97aaca822 - std[617be2ca0a6fd877]::panicking::panic_with_hook
[INFO] [stdout]    7:     0x5ac97aaace54 - std[617be2ca0a6fd877]::panicking::panic_handler::{closure#0}
[INFO] [stdout]    8:     0x5ac97aaa5829 - std[617be2ca0a6fd877]::sys::backtrace::__rust_end_short_backtrace::<std[617be2ca0a6fd877]::panicking::panic_handler::{closure#0}, !>
[INFO] [stdout]    9:     0x5ac97aaadc1d - __rustc[ea4f61d10b84890b]::rust_begin_unwind
[INFO] [stdout]   10:     0x5ac97aaed1fc - core[a373ad73a504971]::panicking::panic_fmt
[INFO] [stdout]   11:     0x5ac97aaed1c2 - core[a373ad73a504971]::panicking::panic
[INFO] [stdout]   12:     0x5ac97a2340ce - kameleoon_core[f6ae86de105cea3a]::core_client::tests::test_init
[INFO] [stdout]   13:     0x5ac97a4a2395 - <kameleoon_core[f6ae86de105cea3a]::core_client::tests::test_init::case_1::{closure#0} as core[a373ad73a504971]::ops::function::FnOnce<()>>::call_once
[INFO] [stdout]   14:     0x5ac97a55dc9b - test[aada8e7e76ba119b]::__rust_begin_short_backtrace::<core[a373ad73a504971]::result::Result<(), alloc[2e1b2a31b91974c5]::string::String>, fn() -> core[a373ad73a504971]::result::Result<(), alloc[2e1b2a31b91974c5]::string::String>>
[INFO] [stdout]   15:     0x5ac97a56ae75 - test[aada8e7e76ba119b]::run_test::{closure#0}
[INFO] [stdout]   16:     0x5ac97a564764 - std[617be2ca0a6fd877]::sys::backtrace::__rust_begin_short_backtrace::<test[aada8e7e76ba119b]::run_test::{closure#1}, ()>
[INFO] [stdout]   17:     0x5ac97a56df02 - <std[617be2ca0a6fd877]::thread::lifecycle::spawn_unchecked<test[aada8e7e76ba119b]::run_test::{closure#1}, ()>::{closure#1} as core[a373ad73a504971]::ops::function::FnOnce<()>>::call_once::{shim:vtable#0}
[INFO] [stdout]   18:     0x5ac97aad1eff - <std[617be2ca0a6fd877]::sys::thread::unix::Thread>::new::thread_start
[INFO] [stdout]   19:     0x7e822083bdfa - <unknown>
[INFO] [stdout]   20:     0x7e82208cf3d4 - clone
[INFO] [stdout]   21:                0x0 - <unknown>
[INFO] [stdout] 
[INFO] [stdout] ---- network::response::tests::test_from_reqwest_response_errors::case_1 stdout ----
[INFO] [stdout] 
[INFO] [stdout] thread 'network::response::tests::test_from_reqwest_response_errors::case_1' (5833) panicked at src/network/response.rs:136:22:
[INFO] [stdout] Unexpected result: (Err(Connection), Timeout)
[INFO] [stdout] stack backtrace:
[INFO] [stdout]    0:     0x5ac97aad3001 - <<std[617be2ca0a6fd877]::sys::backtrace::BacktraceLock>::print::DisplayBacktrace as core[a373ad73a504971]::fmt::Display>::fmt
[INFO] [stdout]    1:     0x5ac97aaeca1a - core[a373ad73a504971]::fmt::write
[INFO] [stdout]    2:     0x5ac97aad81ec - <alloc[2e1b2a31b91974c5]::vec::Vec<u8> as core[a373ad73a504971]::io::write::Write>::write_fmt
[INFO] [stdout]    3:     0x5ac97aaacd76 - std[617be2ca0a6fd877]::panicking::default_hook::{closure#0}
[INFO] [stdout]    4:     0x5ac97aaca4f9 - std[617be2ca0a6fd877]::panicking::default_hook
[INFO] [stdout]    5:     0x5ac97a56a850 - test[aada8e7e76ba119b]::test_main_inner::{closure#0}
[INFO] [stdout]    6:     0x5ac97aaca822 - std[617be2ca0a6fd877]::panicking::panic_with_hook
[INFO] [stdout]    7:     0x5ac97aaace22 - std[617be2ca0a6fd877]::panicking::panic_handler::{closure#0}
[INFO] [stdout]    8:     0x5ac97aaa5829 - std[617be2ca0a6fd877]::sys::backtrace::__rust_end_short_backtrace::<std[617be2ca0a6fd877]::panicking::panic_handler::{closure#0}, !>
[INFO] [stdout]    9:     0x5ac97aaadc1d - __rustc[ea4f61d10b84890b]::rust_begin_unwind
[INFO] [stdout]   10:     0x5ac97aaed1fc - core[a373ad73a504971]::panicking::panic_fmt
[INFO] [stdout]   11:     0x5ac97a3ea1a2 - kameleoon_core[f6ae86de105cea3a]::network::response::tests::test_from_reqwest_response_errors::{closure#0}
[INFO] [stdout]   12:     0x5ac97a3ef024 - kameleoon_core[f6ae86de105cea3a]::network::response::tests::test_from_reqwest_response_errors::case_1::{closure#0}
[INFO] [stdout]   13:     0x5ac97a408e0e - <tokio[dbf4c3bd6e3ad5d7]::runtime::runtime::Runtime>::block_on::<core[a373ad73a504971]::pin::Pin<&mut dyn core[a373ad73a504971]::future::future::Future<Output = ()>>>
[INFO] [stdout]   14:     0x5ac97a40795e - <kameleoon_core[f6ae86de105cea3a]::network::response::tests::test_from_reqwest_response_errors::case_1::{closure#0} as core[a373ad73a504971]::ops::function::FnOnce<()>>::call_once
[INFO] [stdout]   15:     0x5ac97a55dc9b - test[aada8e7e76ba119b]::__rust_begin_short_backtrace::<core[a373ad73a504971]::result::Result<(), alloc[2e1b2a31b91974c5]::string::String>, fn() -> core[a373ad73a504971]::result::Result<(), alloc[2e1b2a31b91974c5]::string::String>>
[INFO] [stdout]   16:     0x5ac97a56ae75 - test[aada8e7e76ba119b]::run_test::{closure#0}
[INFO] [stdout]   17:     0x5ac97a564764 - std[617be2ca0a6fd877]::sys::backtrace::__rust_begin_short_backtrace::<test[aada8e7e76ba119b]::run_test::{closure#1}, ()>
[INFO] [stdout]   18:     0x5ac97a56df02 - <std[617be2ca0a6fd877]::thread::lifecycle::spawn_unchecked<test[aada8e7e76ba119b]::run_test::{closure#1}, ()>::{closure#1} as core[a373ad73a504971]::ops::function::FnOnce<()>>::call_once::{shim:vtable#0}
[INFO] [stdout]   19:     0x5ac97aad1eff - <std[617be2ca0a6fd877]::sys::thread::unix::Thread>::new::thread_start
[INFO] [stdout]   20:     0x7e822083bdfa - <unknown>
[INFO] [stdout]   21:     0x7e82208cf3d4 - clone
[INFO] [stdout]   22:                0x0 - <unknown>
[INFO] [stdout] 
[INFO] [stdout] 
[INFO] [stdout] failures:
[INFO] [stdout]     core_client::tests::test_add_data_track
[INFO] [stdout]     core_client::tests::test_evaluate_audiences
[INFO] [stdout]     core_client::tests::test_get_types_datafile
[INFO] [stdout]     core_client::tests::test_init::case_1
[INFO] [stdout]     core_client::tests::test_init::case_2
[INFO] [stdout]     core_client::tests::test_run
[INFO] [stdout]     core_client::tests::test_rust_sdk_helpers
[INFO] [stdout]     datafile::datafile_manager::tests::test_polling_mode_update_by_refresh_interval
[INFO] [stdout]     network::response::tests::test_from_reqwest_response_errors::case_1
[INFO] [stdout] 
[INFO] [stdout] test result: FAILED. 1123 passed; 9 failed; 0 ignored; 0 measured; 0 filtered out; finished in 1.96s
[INFO] [stdout] 
[INFO] [stderr] error: test failed, to rerun pass `--lib`
[INFO] running `Command { std: "docker" "inspect" "607be9bae2ac7aafa3fd9382603edc2456cca6a7fd60f5539c6a2489fad37266", kill_on_drop: false }`
[INFO] running `Command { std: "docker" "rm" "-f" "607be9bae2ac7aafa3fd9382603edc2456cca6a7fd60f5539c6a2489fad37266", kill_on_drop: false }`
[INFO] [stdout] 607be9bae2ac7aafa3fd9382603edc2456cca6a7fd60f5539c6a2489fad37266
