[INFO] fetching crate kaloron 0.0.1...
[INFO] testing kaloron-0.0.1 against 1.100.0-beta.1+cargoflags=--release for beta-release-1.100-2
[INFO] extracting crate kaloron 0.0.1 into /workspace/builds/worker-2-tc2/source
[INFO] started tweaking crates.io crate kaloron 0.0.1
[INFO] removed 0 missing tests
[INFO] finished tweaking crates.io crate kaloron 0.0.1
[INFO] tweaked toml for crates.io crate kaloron 0.0.1 written to /workspace/builds/worker-2-tc2/source/Cargo.toml
[INFO] validating manifest of crates.io crate kaloron 0.0.1 on toolchain 1.100.0-beta.1
[INFO] running `Command { std: CARGO_HOME="/workspace/cargo-home" RUSTUP_HOME="/workspace/rustup-home" "/workspace/cargo-home/bin/cargo" "+1.100.0-beta.1" "metadata" "--manifest-path" "Cargo.toml" "--no-deps", kill_on_drop: false }`
[INFO] crate crates.io crate kaloron 0.0.1 already has a lockfile, it will not be regenerated
[INFO] running `Command { std: CARGO_HOME="/workspace/cargo-home" RUSTUP_HOME="/workspace/rustup-home" "/workspace/cargo-home/bin/cargo" "+1.100.0-beta.1" "fetch" "--manifest-path" "Cargo.toml", kill_on_drop: false }`
[INFO] running `Command { std: "docker" "create" "-v" "/var/lib/crater-agent-workspace/builds/worker-2-tc2/source:/opt/rustwide/workdir:ro,Z" "-v" "/var/lib/crater-agent-workspace/builds/worker-2-tc2/target:/opt/rustwide/target:rw,Z" "-v" "/var/lib/crater-agent-workspace/cargo-home:/opt/rustwide/cargo-home:ro,Z" "-v" "/var/lib/crater-agent-workspace/rustup-home:/opt/rustwide/rustup-home:ro,Z" "-m" "1610612736" "--network" "none" "ghcr.io/rust-lang/crates-build-env/linux@sha256:77db811e55d90add9212f6832c23229e3de5f1c1f9905e8cb07319ea15df73ac" "sleep" "infinity", kill_on_drop: false }`
[INFO] [stdout] ae05bc791aaafaf47710378583c83ee262c9a534c2234aedeb287b8bbcc215bd
[INFO] running `Command { std: "docker" "start" "ae05bc791aaafaf47710378583c83ee262c9a534c2234aedeb287b8bbcc215bd", kill_on_drop: false }`
[INFO] running `Command { std: "docker" "inspect" "ae05bc791aaafaf47710378583c83ee262c9a534c2234aedeb287b8bbcc215bd", kill_on_drop: false }`
[INFO] running `Command { std: "docker" "exec" "-e" "SOURCE_DIR=/opt/rustwide/workdir" "-e" "CARGO_HOME=/opt/rustwide/cargo-home" "-e" "RUSTUP_HOME=/opt/rustwide/rustup-home" "-e" "CARGO_TARGET_DIR=/opt/rustwide/target" "-w" "/opt/rustwide/workdir" "--user" "0:0" "ae05bc791aaafaf47710378583c83ee262c9a534c2234aedeb287b8bbcc215bd" "/opt/rustwide/cargo-home/bin/cargo" "+1.100.0-beta.1" "metadata" "--no-deps" "--format-version=1", kill_on_drop: false }`
[INFO] running `Command { std: "docker" "inspect" "ae05bc791aaafaf47710378583c83ee262c9a534c2234aedeb287b8bbcc215bd", kill_on_drop: false }`
[INFO] running `Command { std: "docker" "exec" "-e" "SOURCE_DIR=/opt/rustwide/workdir" "-e" "CARGO_HOME=/opt/rustwide/cargo-home" "-e" "RUSTUP_HOME=/opt/rustwide/rustup-home" "-e" "CARGO_TARGET_DIR=/opt/rustwide/target" "-e" "CARGO_INCREMENTAL=0" "-e" "RUST_BACKTRACE=full" "-e" "RUSTFLAGS=--cap-lints=warn" "-e" "RUSTDOCFLAGS=--cap-lints=warn" "-w" "/opt/rustwide/workdir" "--user" "0:0" "ae05bc791aaafaf47710378583c83ee262c9a534c2234aedeb287b8bbcc215bd" "/opt/rustwide/cargo-home/bin/cargo" "+1.100.0-beta.1" "build" "--frozen" "--message-format=json" "--release", kill_on_drop: false }`
[INFO] [stderr]    Compiling constant_time_eq v0.4.2
[INFO] [stderr]    Compiling cc v1.2.58
[INFO] [stderr]    Compiling kaloron-macro v0.0.1
[INFO] [stderr]    Compiling blake3 v1.8.4
[INFO] [stderr]    Compiling kaloron v0.0.1 (/opt/rustwide/workdir)
[INFO] [stderr]     Finished `release` profile [optimized] target(s) in 6.02s
[INFO] running `Command { std: "docker" "inspect" "ae05bc791aaafaf47710378583c83ee262c9a534c2234aedeb287b8bbcc215bd", kill_on_drop: false }`
[INFO] running `Command { std: "docker" "exec" "-e" "SOURCE_DIR=/opt/rustwide/workdir" "-e" "CARGO_HOME=/opt/rustwide/cargo-home" "-e" "RUSTUP_HOME=/opt/rustwide/rustup-home" "-e" "CARGO_TARGET_DIR=/opt/rustwide/target" "-e" "CARGO_INCREMENTAL=0" "-e" "RUST_BACKTRACE=full" "-e" "RUSTFLAGS=--cap-lints=warn" "-e" "RUSTDOCFLAGS=--cap-lints=warn" "-w" "/opt/rustwide/workdir" "--user" "0:0" "ae05bc791aaafaf47710378583c83ee262c9a534c2234aedeb287b8bbcc215bd" "/opt/rustwide/cargo-home/bin/cargo" "+1.100.0-beta.1" "test" "--frozen" "--no-run" "--message-format=json" "--release", kill_on_drop: false }`
[INFO] [stderr]    Compiling kaloron v0.0.1 (/opt/rustwide/workdir)
[INFO] [stderr]     Finished `release` profile [optimized] target(s) in 5.29s
[INFO] running `Command { std: "docker" "inspect" "ae05bc791aaafaf47710378583c83ee262c9a534c2234aedeb287b8bbcc215bd", kill_on_drop: false }`
[INFO] running `Command { std: "docker" "exec" "-e" "SOURCE_DIR=/opt/rustwide/workdir" "-e" "CARGO_HOME=/opt/rustwide/cargo-home" "-e" "RUSTUP_HOME=/opt/rustwide/rustup-home" "-e" "CARGO_TARGET_DIR=/opt/rustwide/target" "-e" "CARGO_INCREMENTAL=0" "-e" "RUST_BACKTRACE=full" "-e" "RUSTFLAGS=--cap-lints=warn" "-e" "RUSTDOCFLAGS=--cap-lints=warn" "-w" "/opt/rustwide/workdir" "--user" "0:0" "ae05bc791aaafaf47710378583c83ee262c9a534c2234aedeb287b8bbcc215bd" "/opt/rustwide/cargo-home/bin/cargo" "+1.100.0-beta.1" "test" "--frozen" "--release", kill_on_drop: false }`
[INFO] [stderr]     Finished `release` profile [optimized] target(s) in 0.04s
[INFO] [stderr]      Running unittests src/lib.rs (/opt/rustwide/target/release/build/kaloron/4f467fa6a9a27dd1/out/kaloron-4f467fa6a9a27dd1)
[INFO] [stderr]      Running tests/collections.rs (/opt/rustwide/target/release/build/kaloron/abff23e6672660e5/out/collections-abff23e6672660e5)
[INFO] [stdout] 
[INFO] [stdout] running 0 tests
[INFO] [stdout] 
[INFO] [stdout] test result: ok. 0 passed; 0 failed; 0 ignored; 0 measured; 0 filtered out; finished in 0.00s
[INFO] [stdout] 
[INFO] [stdout] 
[INFO] [stdout] running 15 tests
[INFO] [stdout] test test_array_recv_rejects_length_mismatch ... ok
[INFO] [stdout] test test_array_send_and_recv_use_sequence_visitors_in_order ... ok
[INFO] [stdout] test test_generic_sequence_container_schemas_are_sequences ... ok
[INFO] [stdout] test test_vec_deque_send_and_recv_use_sequence_visitors_in_order ... ok
[INFO] [stdout] test test_btree_map_send_and_recv_use_map_visitors ... ok
[INFO] [stdout] test test_box_slice_send_and_recv_use_sequence_visitors_in_order ... ok
[INFO] [stdout] test test_file_primitive_schema_send_and_recv ... ok
[INFO] [stdout] test test_linked_list_send_and_recv_use_sequence_visitors_in_order ... ok
[INFO] [stdout] test test_map_container_schemas_are_maps ... ok
[INFO] [stdout] test test_hash_map_send_and_recv_use_map_visitors ... ok
[INFO] [stdout] test test_hash_set_recv_rejects_duplicate_elements ... ok
[INFO] [stdout] test test_btree_set_send_and_recv_use_sequence_visitors ... ok
[INFO] [stdout] test test_hash_map_recv_rejects_duplicate_keys ... ok
[INFO] [stdout] test test_hash_set_send_and_recv_use_sequence_visitors ... ok
[INFO] [stdout] test test_vec_send_and_recv_use_sequence_visitors_in_order ... ok
[INFO] [stdout] 
[INFO] [stdout] test result: ok. 15 passed; 0 failed; 0 ignored; 0 measured; 0 filtered out; finished in 0.01s
[INFO] [stdout] 
[INFO] [stderr]      Running tests/test_derive.rs (/opt/rustwide/target/release/build/kaloron/908af156406103b3/out/test_derive-908af156406103b3)
[INFO] [stdout] 
[INFO] [stdout] running 43 tests
[INFO] [stdout] test test_derive_type::unit_example::test_unit_example_has_unit_struct_shape ... ok
[INFO] [stdout] test test_derive_type::newtype_example::test_newtype_example_has_newtype_struct_shape ... ok
[INFO] [stdout] test test_derive_type::derived_example::test_derived_example_has_struct_shape ... ok
[INFO] [stdout] test test_derive_type::generic_example::test_generic_example_has_struct_shape_for_concrete_type ... ok
[INFO] [stdout] test test_derive_type::example_enum::test_example_enum_has_expected_enum_shape ... ok
[INFO] [stdout] test test_derive_type::example_enum::test_example_enum_recv_handles_all_variant_kinds ... ok
[INFO] [stdout] test test_derive_type::example_enum::test_example_enum_send_handles_all_variant_kinds ... ok
[INFO] [stdout] test test_derive_type::tuple_field_example::test_tuple_field_example_has_struct_shape_with_tuple_field ... ok
[INFO] [stdout] test test_derive_type::version_activation::test_enum_has_variant_activation_table ... ok
[INFO] [stdout] test test_derive_type::version_activation::test_inherited_version_produces_correct_activation_table ... ok
[INFO] [stdout] test test_derive_type::nested_example::test_nested_example_has_struct_shape_with_nested_type_shape ... ok
[INFO] [stdout] test test_derive_type::version_activation::test_named_variant_active_fields_at_binary_search ... ok
[INFO] [stdout] test test_derive_type::version_activation::test_named_variant_has_field_activation_table ... ok
[INFO] [stdout] test test_derive_type::version_activation::test_simple_struct_has_single_activation_entry ... ok
[INFO] [stdout] test test_derive_type::version_validation::test_recv_enum_active_unit_variant_at_boundary_succeeds ... ok
[INFO] [stdout] test test_derive_type::version_activation::test_named_struct_active_fields_at_binary_search ... ok
[INFO] [stdout] test test_derive_type::version_validation::test_send_deprecated_gated_field_active_before_introduction_fails ... ok
[INFO] [stdout] test test_derive_type::version_activation::test_named_struct_has_field_activation_table ... ok
[INFO] [stdout] test test_derive_type::version_validation::test_send_deprecated_gated_field_void_at_deprecated_version_succeeds ... ok
[INFO] [stdout] test test_derive_type::version_validation::test_recv_enum_active_newtype_variant_succeeds ... ok
[INFO] [stdout] test test_derive_type::version_validation::test_recv_enum_existing_unit_variant_succeeds ... ok
[INFO] [stdout] test test_derive_type::tuple_example::test_tuple_example_has_tuple_struct_shape ... ok
[INFO] [stdout] test test_derive_type::version_validation::test_send_enum_active_variant_succeeds ... ok
[INFO] [stdout] test test_derive_type::version_validation::test_recv_gated_struct_at_v1_sets_inactive_to_void ... FAILED
[INFO] [stdout] test test_derive_type::version_validation::test_recv_enum_not_introduced_variant_fails ... ok
[INFO] [stdout] test test_derive_type::version_validation::test_recv_enum_removed_variant_fails ... ok
[INFO] [stdout] test test_derive_type::version_validation::test_send_deprecated_gated_field_void_before_introduction_succeeds ... ok
[INFO] [stdout] test test_derive_type::version_validation::test_send_gated_struct_at_v1_with_active_temp_fails ... ok
[INFO] [stdout] test test_derive_type::version_validation::test_recv_gated_struct_at_v2_all_active ... FAILED
[INFO] [stdout] test test_derive_type::version_validation::test_recv_gated_struct_at_v1_5_sets_later_void_temp_active ... FAILED
[INFO] [stdout] test test_derive_type::version_validation::test_send_enum_existing_variant_succeeds ... ok
[INFO] [stdout] test test_derive_type::version_validation::test_send_enum_not_yet_introduced_variant_fails ... ok
[INFO] [stdout] test test_derive_type::version_validation::test_send_gated_struct_at_v1_with_active_later_fails ... ok
[INFO] [stdout] test test_derive_type::version_validation::test_recv_gated_struct_at_v3_temp_removed ... FAILED
[INFO] [stdout] test test_derive_type::version_validation::test_send_enum_removed_variant_fails ... ok
[INFO] [stdout] test test_derive_type::version_activation::test_enum_active_variants_at_binary_search ... ok
[INFO] [stdout] test test_derive_type::version_activation::test_deprecated_field_activation_table_marks_deprecated_states ... ok
[INFO] [stdout] test test_derive_type::version_validation::test_send_deprecated_gated_field_active_at_deprecated_version_succeeds ... ok
[INFO] [stdout] test test_derive_type::version_validation::test_send_gated_struct_at_v3_temp_removed_void_succeeds ... ok
[INFO] [stdout] test test_derive_type::version_validation::test_send_gated_struct_at_v2_all_active_succeeds ... ok
[INFO] [stdout] test test_derive_type::version_validation::test_send_gated_struct_at_v1_with_void_fields_succeeds ... ok
[INFO] [stdout] test test_derive_type::version_validation::test_send_gated_struct_at_v2_void_later_fails ... ok
[INFO] [stdout] test test_derive_type::version_validation::test_send_gated_struct_at_v3_temp_removed_active_fails ... ok
[INFO] [stdout] 
[INFO] [stdout] failures:
[INFO] [stdout] 
[INFO] [stdout] ---- test_derive_type::version_validation::test_recv_gated_struct_at_v1_sets_inactive_to_void stdout ----
[INFO] [stdout] 
[INFO] [stdout] thread 'test_derive_type::version_validation::test_recv_gated_struct_at_v1_sets_inactive_to_void' (432) panicked at tests/test_derive_type/version_validation.rs:539:5:
[INFO] [stdout] expected Ok, got: Err(expected inactive, got active
[INFO] [stdout] 
[INFO] [stdout] Stack backtrace:
[INFO] [stdout]    0: <anyhow::Error>::msg::<&str>
[INFO] [stdout]    1: <test_derive::test_derive_type::version_validation::test_recv_gated_struct_at_v1_sets_inactive_to_void::{closure#0} as core::ops::function::FnOnce<()>>::call_once
[INFO] [stdout]    2: test::__rust_begin_short_backtrace::<core::result::Result<(), alloc::string::String>, fn() -> core::result::Result<(), alloc::string::String>>
[INFO] [stdout]    3: test::run_test::{closure#0}
[INFO] [stdout]    4: std::sys::backtrace::__rust_begin_short_backtrace::<test::run_test::{closure#1}, ()>
[INFO] [stdout]    5: <std::thread::lifecycle::spawn_unchecked<test::run_test::{closure#1}, ()>::{closure#1} as core::ops::function::FnOnce<()>>::call_once::{shim:vtable#0}
[INFO] [stdout]    6: <std::sys::thread::unix::Thread>::new::thread_start
[INFO] [stdout]    7: <unknown>
[INFO] [stdout]    8: clone)
[INFO] [stdout] stack backtrace:
[INFO] [stdout]    0:     0x61045e339291 - <<std[617be2ca0a6fd877]::sys::backtrace::BacktraceLock>::print::DisplayBacktrace as core[a373ad73a504971]::fmt::Display>::fmt
[INFO] [stdout]    1:     0x61045e34dc4a - core[a373ad73a504971]::fmt::write
[INFO] [stdout]    2:     0x61045e33d9ac - <alloc[2e1b2a31b91974c5]::vec::Vec<u8> as core[a373ad73a504971]::io::write::Write>::write_fmt
[INFO] [stdout]    3:     0x61045e315176 - std[617be2ca0a6fd877]::panicking::default_hook::{closure#0}
[INFO] [stdout]    4:     0x61045e331909 - std[617be2ca0a6fd877]::panicking::default_hook
[INFO] [stdout]    5:     0x61045e2cc1d0 - test[aada8e7e76ba119b]::test_main_inner::{closure#0}
[INFO] [stdout]    6:     0x61045e331ac2 - std[617be2ca0a6fd877]::panicking::panic_with_hook
[INFO] [stdout]    7:     0x61045e315222 - std[617be2ca0a6fd877]::panicking::panic_handler::{closure#0}
[INFO] [stdout]    8:     0x61045e30d9a9 - std[617be2ca0a6fd877]::sys::backtrace::__rust_end_short_backtrace::<std[617be2ca0a6fd877]::panicking::panic_handler::{closure#0}, !>
[INFO] [stdout]    9:     0x61045e315f3d - __rustc[ea4f61d10b84890b]::rust_begin_unwind
[INFO] [stdout]   10:     0x61045e34e37c - core[a373ad73a504971]::panicking::panic_fmt
[INFO] [stdout]   11:     0x61045e2b83da - <test_derive[9b8a15c839bb5f2e]::test_derive_type::version_validation::test_recv_gated_struct_at_v1_sets_inactive_to_void::{closure#0} as core[a373ad73a504971]::ops::function::FnOnce<()>>::call_once
[INFO] [stdout]   12:     0x61045e2bf61b - test[aada8e7e76ba119b]::__rust_begin_short_backtrace::<core[a373ad73a504971]::result::Result<(), alloc[2e1b2a31b91974c5]::string::String>, fn() -> core[a373ad73a504971]::result::Result<(), alloc[2e1b2a31b91974c5]::string::String>>
[INFO] [stdout]   13:     0x61045e2cc7f5 - test[aada8e7e76ba119b]::run_test::{closure#0}
[INFO] [stdout]   14:     0x61045e2c60e4 - std[617be2ca0a6fd877]::sys::backtrace::__rust_begin_short_backtrace::<test[aada8e7e76ba119b]::run_test::{closure#1}, ()>
[INFO] [stdout]   15:     0x61045e2cf882 - <std[617be2ca0a6fd877]::thread::lifecycle::spawn_unchecked<test[aada8e7e76ba119b]::run_test::{closure#1}, ()>::{closure#1} as core[a373ad73a504971]::ops::function::FnOnce<()>>::call_once::{shim:vtable#0}
[INFO] [stdout]   16:     0x61045e338aef - <std[617be2ca0a6fd877]::sys::thread::unix::Thread>::new::thread_start
[INFO] [stdout]   17:     0x7d24468e0dfa - <unknown>
[INFO] [stdout]   18:     0x7d24469743d4 - clone
[INFO] [stdout]   19:                0x0 - <unknown>
[INFO] [stdout] 
[INFO] [stdout] ---- test_derive_type::version_validation::test_recv_gated_struct_at_v2_all_active stdout ----
[INFO] [stdout] 
[INFO] [stdout] thread 'test_derive_type::version_validation::test_recv_gated_struct_at_v2_all_active' (433) panicked at tests/test_derive_type/version_validation.rs:576:5:
[INFO] [stdout] assertion `left == right` failed
[INFO] [stdout]   left: Active(0)
[INFO] [stdout]  right: Active(20)
[INFO] [stdout] stack backtrace:
[INFO] [stdout]    0:     0x61045e339291 - <<std[617be2ca0a6fd877]::sys::backtrace::BacktraceLock>::print::DisplayBacktrace as core[a373ad73a504971]::fmt::Display>::fmt
[INFO] [stdout]    1:     0x61045e34dc4a - core[a373ad73a504971]::fmt::write
[INFO] [stdout]    2:     0x61045e33d9ac - <alloc[2e1b2a31b91974c5]::vec::Vec<u8> as core[a373ad73a504971]::io::write::Write>::write_fmt
[INFO] [stdout]    3:     0x61045e315176 - std[617be2ca0a6fd877]::panicking::default_hook::{closure#0}
[INFO] [stdout]    4:     0x61045e331909 - std[617be2ca0a6fd877]::panicking::default_hook
[INFO] [stdout]    5:     0x61045e2cc1d0 - test[aada8e7e76ba119b]::test_main_inner::{closure#0}
[INFO] [stdout]    6:     0x61045e331ac2 - std[617be2ca0a6fd877]::panicking::panic_with_hook
[INFO] [stdout]    7:     0x61045e315222 - std[617be2ca0a6fd877]::panicking::panic_handler::{closure#0}
[INFO] [stdout]    8:     0x61045e30d9a9 - std[617be2ca0a6fd877]::sys::backtrace::__rust_end_short_backtrace::<std[617be2ca0a6fd877]::panicking::panic_handler::{closure#0}, !>
[INFO] [stdout]    9:     0x61045e315f3d - __rustc[ea4f61d10b84890b]::rust_begin_unwind
[INFO] [stdout]   10:     0x61045e34e37c - core[a373ad73a504971]::panicking::panic_fmt
[INFO] [stdout]   11:     0x61045e34e293 - core[a373ad73a504971]::panicking::assert_failed_inner
[INFO] [stdout]   12:     0x61045e2bd634 - core[a373ad73a504971]::panicking::assert_failed::<kaloron[518f9a9cc62ef476]::gated::Gated<u32>, kaloron[518f9a9cc62ef476]::gated::Gated<u32>>
[INFO] [stdout]   13:     0x61045e2b77b5 - <test_derive[9b8a15c839bb5f2e]::test_derive_type::version_validation::test_recv_gated_struct_at_v2_all_active::{closure#0} as core[a373ad73a504971]::ops::function::FnOnce<()>>::call_once
[INFO] [stdout]   14:     0x61045e2bf61b - test[aada8e7e76ba119b]::__rust_begin_short_backtrace::<core[a373ad73a504971]::result::Result<(), alloc[2e1b2a31b91974c5]::string::String>, fn() -> core[a373ad73a504971]::result::Result<(), alloc[2e1b2a31b91974c5]::string::String>>
[INFO] [stdout]   15:     0x61045e2cc7f5 - test[aada8e7e76ba119b]::run_test::{closure#0}
[INFO] [stdout]   16:     0x61045e2c60e4 - std[617be2ca0a6fd877]::sys::backtrace::__rust_begin_short_backtrace::<test[aada8e7e76ba119b]::run_test::{closure#1}, ()>
[INFO] [stdout]   17:     0x61045e2cf882 - <std[617be2ca0a6fd877]::thread::lifecycle::spawn_unchecked<test[aada8e7e76ba119b]::run_test::{closure#1}, ()>::{closure#1} as core[a373ad73a504971]::ops::function::FnOnce<()>>::call_once::{shim:vtable#0}
[INFO] [stdout]   18:     0x61045e338aef - <std[617be2ca0a6fd877]::sys::thread::unix::Thread>::new::thread_start
[INFO] [stdout]   19:     0x7d24468e0dfa - <unknown>
[INFO] [stdout]   20:     0x7d24469743d4 - clone
[INFO] [stdout]   21:                0x0 - <unknown>
[INFO] [stdout] 
[INFO] [stdout] ---- test_derive_type::version_validation::test_recv_gated_struct_at_v1_5_sets_later_void_temp_active stdout ----
[INFO] [stdout] 
[INFO] [stdout] thread 'test_derive_type::version_validation::test_recv_gated_struct_at_v1_5_sets_later_void_temp_active' (431) panicked at tests/test_derive_type/version_validation.rs:556:5:
[INFO] [stdout] expected Ok, got: Err(expected inactive, got active
[INFO] [stdout] 
[INFO] [stdout] Stack backtrace:
[INFO] [stdout]    0: <anyhow::Error>::msg::<&str>
[INFO] [stdout]    1: <test_derive::test_derive_type::version_validation::test_recv_gated_struct_at_v1_5_sets_later_void_temp_active::{closure#0} as core::ops::function::FnOnce<()>>::call_once
[INFO] [stdout]    2: test::__rust_begin_short_backtrace::<core::result::Result<(), alloc::string::String>, fn() -> core::result::Result<(), alloc::string::String>>
[INFO] [stdout]    3: test::run_test::{closure#0}
[INFO] [stdout]    4: std::sys::backtrace::__rust_begin_short_backtrace::<test::run_test::{closure#1}, ()>
[INFO] [stdout]    5: <std::thread::lifecycle::spawn_unchecked<test::run_test::{closure#1}, ()>::{closure#1} as core::ops::function::FnOnce<()>>::call_once::{shim:vtable#0}
[INFO] [stdout]    6: <std::sys::thread::unix::Thread>::new::thread_start
[INFO] [stdout]    7: <unknown>
[INFO] [stdout]    8: clone)
[INFO] [stdout] stack backtrace:
[INFO] [stdout]    0:     0x61045e339291 - <<std[617be2ca0a6fd877]::sys::backtrace::BacktraceLock>::print::DisplayBacktrace as core[a373ad73a504971]::fmt::Display>::fmt
[INFO] [stdout]    1:     0x61045e34dc4a - core[a373ad73a504971]::fmt::write
[INFO] [stdout]    2:     0x61045e33d9ac - <alloc[2e1b2a31b91974c5]::vec::Vec<u8> as core[a373ad73a504971]::io::write::Write>::write_fmt
[INFO] [stdout]    3:     0x61045e315176 - std[617be2ca0a6fd877]::panicking::default_hook::{closure#0}
[INFO] [stdout]    4:     0x61045e331909 - std[617be2ca0a6fd877]::panicking::default_hook
[INFO] [stdout]    5:     0x61045e2cc1d0 - test[aada8e7e76ba119b]::test_main_inner::{closure#0}
[INFO] [stdout]    6:     0x61045e331ac2 - std[617be2ca0a6fd877]::panicking::panic_with_hook
[INFO] [stdout]    7:     0x61045e315222 - std[617be2ca0a6fd877]::panicking::panic_handler::{closure#0}
[INFO] [stdout]    8:     0x61045e30d9a9 - std[617be2ca0a6fd877]::sys::backtrace::__rust_end_short_backtrace::<std[617be2ca0a6fd877]::panicking::panic_handler::{closure#0}, !>
[INFO] [stdout]    9:     0x61045e315f3d - __rustc[ea4f61d10b84890b]::rust_begin_unwind
[INFO] [stdout]   10:     0x61045e34e37c - core[a373ad73a504971]::panicking::panic_fmt
[INFO] [stdout]   11:     0x61045e2b8e54 - <test_derive[9b8a15c839bb5f2e]::test_derive_type::version_validation::test_recv_gated_struct_at_v1_5_sets_later_void_temp_active::{closure#0} as core[a373ad73a504971]::ops::function::FnOnce<()>>::call_once
[INFO] [stdout]   12:     0x61045e2bf61b - test[aada8e7e76ba119b]::__rust_begin_short_backtrace::<core[a373ad73a504971]::result::Result<(), alloc[2e1b2a31b91974c5]::string::String>, fn() -> core[a373ad73a504971]::result::Result<(), alloc[2e1b2a31b91974c5]::string::String>>
[INFO] [stdout]   13:     0x61045e2cc7f5 - test[aada8e7e76ba119b]::run_test::{closure#0}
[INFO] [stdout]   14:     0x61045e2c60e4 - std[617be2ca0a6fd877]::sys::backtrace::__rust_begin_short_backtrace::<test[aada8e7e76ba119b]::run_test::{closure#1}, ()>
[INFO] [stdout]   15:     0x61045e2cf882 - <std[617be2ca0a6fd877]::thread::lifecycle::spawn_unchecked<test[aada8e7e76ba119b]::run_test::{closure#1}, ()>::{closure#1} as core[a373ad73a504971]::ops::function::FnOnce<()>>::call_once::{shim:vtable#0}
[INFO] [stdout]   16:     0x61045e338aef - <std[617be2ca0a6fd877]::sys::thread::unix::Thread>::new::thread_start
[INFO] [stdout]   17:     0x7d24468e0dfa - <unknown>
[INFO] [stdout]   18:     0x7d24469743d4 - clone
[INFO] [stdout]   19:                0x0 - <unknown>
[INFO] [stdout] 
[INFO] [stdout] ---- test_derive_type::version_validation::test_recv_gated_struct_at_v3_temp_removed stdout ----
[INFO] [stdout] 
[INFO] [stdout] thread 'test_derive_type::version_validation::test_recv_gated_struct_at_v3_temp_removed' (434) panicked at tests/test_derive_type/version_validation.rs:590:5:
[INFO] [stdout] expected Ok, got: Err(expected inactive, got active
[INFO] [stdout] 
[INFO] [stdout] Stack backtrace:
[INFO] [stdout]    0: <anyhow::Error>::msg::<&str>
[INFO] [stdout]    1: <test_derive::test_derive_type::version_validation::test_recv_gated_struct_at_v3_temp_removed::{closure#0} as core::ops::function::FnOnce<()>>::call_once
[INFO] [stdout]    2: test::__rust_begin_short_backtrace::<core::result::Result<(), alloc::string::String>, fn() -> core::result::Result<(), alloc::string::String>>
[INFO] [stdout]    3: test::run_test::{closure#0}
[INFO] [stdout]    4: std::sys::backtrace::__rust_begin_short_backtrace::<test::run_test::{closure#1}, ()>
[INFO] [stdout]    5: <std::thread::lifecycle::spawn_unchecked<test::run_test::{closure#1}, ()>::{closure#1} as core::ops::function::FnOnce<()>>::call_once::{shim:vtable#0}
[INFO] [stdout]    6: <std::sys::thread::unix::Thread>::new::thread_start
[INFO] [stdout]    7: <unknown>
[INFO] [stdout]    8: clone)
[INFO] [stdout] stack backtrace:
[INFO] [stdout]    0:     0x61045e339291 - <<std[617be2ca0a6fd877]::sys::backtrace::BacktraceLock>::print::DisplayBacktrace as core[a373ad73a504971]::fmt::Display>::fmt
[INFO] [stdout]    1:     0x61045e34dc4a - core[a373ad73a504971]::fmt::write
[INFO] [stdout]    2:     0x61045e33d9ac - <alloc[2e1b2a31b91974c5]::vec::Vec<u8> as core[a373ad73a504971]::io::write::Write>::write_fmt
[INFO] [stdout]    3:     0x61045e315176 - std[617be2ca0a6fd877]::panicking::default_hook::{closure#0}
[INFO] [stdout]    4:     0x61045e331909 - std[617be2ca0a6fd877]::panicking::default_hook
[INFO] [stdout]    5:     0x61045e2cc1d0 - test[aada8e7e76ba119b]::test_main_inner::{closure#0}
[INFO] [stdout]    6:     0x61045e331ac2 - std[617be2ca0a6fd877]::panicking::panic_with_hook
[INFO] [stdout]    7:     0x61045e315222 - std[617be2ca0a6fd877]::panicking::panic_handler::{closure#0}
[INFO] [stdout]    8:     0x61045e30d9a9 - std[617be2ca0a6fd877]::sys::backtrace::__rust_end_short_backtrace::<std[617be2ca0a6fd877]::panicking::panic_handler::{closure#0}, !>
[INFO] [stdout]    9:     0x61045e315f3d - __rustc[ea4f61d10b84890b]::rust_begin_unwind
[INFO] [stdout]   10:     0x61045e34e37c - core[a373ad73a504971]::panicking::panic_fmt
[INFO] [stdout]   11:     0x61045e2b791b - <test_derive[9b8a15c839bb5f2e]::test_derive_type::version_validation::test_recv_gated_struct_at_v3_temp_removed::{closure#0} as core[a373ad73a504971]::ops::function::FnOnce<()>>::call_once
[INFO] [stdout]   12:     0x61045e2bf61b - test[aada8e7e76ba119b]::__rust_begin_short_backtrace::<core[a373ad73a504971]::result::Result<(), alloc[2e1b2a31b91974c5]::string::String>, fn() -> core[a373ad73a504971]::result::Result<(), alloc[2e1b2a31b91974c5]::string::String>>
[INFO] [stdout]   13:     0x61045e2cc7f5 - test[aada8e7e76ba119b]::run_test::{closure#0}
[INFO] [stdout]   14:     0x61045e2c60e4 - std[617be2ca0a6fd877]::sys::backtrace::__rust_begin_short_backtrace::<test[aada8e7e76ba119b]::run_test::{closure#1}, ()>
[INFO] [stdout]   15:     0x61045e2cf882 - <std[617be2ca0a6fd877]::thread::lifecycle::spawn_unchecked<test[aada8e7e76ba119b]::run_test::{closure#1}, ()>::{closure#1} as core[a373ad73a504971]::ops::function::FnOnce<()>>::call_once::{shim:vtable#0}
[INFO] [stdout]   16:     0x61045e338aef - <std[617be2ca0a6fd877]::sys::thread::unix::Thread>::new::thread_start
[INFO] [stdout]   17:     0x7d24468e0dfa - <unknown>
[INFO] [stdout]   18:     0x7d24469743d4 - clone
[INFO] [stdout]   19:                0x0 - <unknown>
[INFO] [stdout] 
[INFO] [stdout] 
[INFO] [stdout] failures:
[INFO] [stdout]     test_derive_type::version_validation::test_recv_gated_struct_at_v1_5_sets_later_void_temp_active
[INFO] [stdout]     test_derive_type::version_validation::test_recv_gated_struct_at_v1_sets_inactive_to_void
[INFO] [stdout]     test_derive_type::version_validation::test_recv_gated_struct_at_v2_all_active
[INFO] [stdout]     test_derive_type::version_validation::test_recv_gated_struct_at_v3_temp_removed
[INFO] [stdout] 
[INFO] [stdout] test result: FAILED. 39 passed; 4 failed; 0 ignored; 0 measured; 0 filtered out; finished in 0.01s
[INFO] [stdout] 
[INFO] [stderr] error: test failed, to rerun pass `--test test_derive`
[INFO] running `Command { std: "docker" "inspect" "ae05bc791aaafaf47710378583c83ee262c9a534c2234aedeb287b8bbcc215bd", kill_on_drop: false }`
[INFO] running `Command { std: "docker" "rm" "-f" "ae05bc791aaafaf47710378583c83ee262c9a534c2234aedeb287b8bbcc215bd", kill_on_drop: false }`
[INFO] [stdout] ae05bc791aaafaf47710378583c83ee262c9a534c2234aedeb287b8bbcc215bd
