[INFO] fetching crate kali 0.1.0...
[INFO] testing kali-0.1.0 against 1.100.0-beta.1+cargoflags=--release for beta-release-1.100-2
[INFO] extracting crate kali 0.1.0 into /workspace/builds/worker-6-tc2/source
[INFO] started tweaking crates.io crate kali 0.1.0
[INFO] removed 0 missing tests
[INFO] finished tweaking crates.io crate kali 0.1.0
[INFO] tweaked toml for crates.io crate kali 0.1.0 written to /workspace/builds/worker-6-tc2/source/Cargo.toml
[INFO] validating manifest of crates.io crate kali 0.1.0 on toolchain 1.100.0-beta.1
[INFO] running `Command { std: CARGO_HOME="/workspace/cargo-home" RUSTUP_HOME="/workspace/rustup-home" "/workspace/cargo-home/bin/cargo" "+1.100.0-beta.1" "metadata" "--manifest-path" "Cargo.toml" "--no-deps", kill_on_drop: false }`
[INFO] crate crates.io crate kali 0.1.0 already has a lockfile, it will not be regenerated
[INFO] running `Command { std: CARGO_HOME="/workspace/cargo-home" RUSTUP_HOME="/workspace/rustup-home" "/workspace/cargo-home/bin/cargo" "+1.100.0-beta.1" "fetch" "--manifest-path" "Cargo.toml", kill_on_drop: false }`
[INFO] running `Command { std: "docker" "create" "-v" "/var/lib/crater-agent-workspace/builds/worker-6-tc2/source:/opt/rustwide/workdir:ro,Z" "-v" "/var/lib/crater-agent-workspace/builds/worker-6-tc2/target:/opt/rustwide/target:rw,Z" "-v" "/var/lib/crater-agent-workspace/cargo-home:/opt/rustwide/cargo-home:ro,Z" "-v" "/var/lib/crater-agent-workspace/rustup-home:/opt/rustwide/rustup-home:ro,Z" "-m" "1610612736" "--network" "none" "ghcr.io/rust-lang/crates-build-env/linux@sha256:77db811e55d90add9212f6832c23229e3de5f1c1f9905e8cb07319ea15df73ac" "sleep" "infinity", kill_on_drop: false }`
[INFO] [stdout] d0a92faedcaf00c920c472864770becacf202057b1b748dc506078d2702f68ec
[INFO] running `Command { std: "docker" "start" "d0a92faedcaf00c920c472864770becacf202057b1b748dc506078d2702f68ec", kill_on_drop: false }`
[INFO] running `Command { std: "docker" "inspect" "d0a92faedcaf00c920c472864770becacf202057b1b748dc506078d2702f68ec", kill_on_drop: false }`
[INFO] running `Command { std: "docker" "exec" "-e" "SOURCE_DIR=/opt/rustwide/workdir" "-e" "CARGO_HOME=/opt/rustwide/cargo-home" "-e" "RUSTUP_HOME=/opt/rustwide/rustup-home" "-e" "CARGO_TARGET_DIR=/opt/rustwide/target" "-w" "/opt/rustwide/workdir" "--user" "0:0" "d0a92faedcaf00c920c472864770becacf202057b1b748dc506078d2702f68ec" "/opt/rustwide/cargo-home/bin/cargo" "+1.100.0-beta.1" "metadata" "--no-deps" "--format-version=1", kill_on_drop: false }`
[INFO] running `Command { std: "docker" "inspect" "d0a92faedcaf00c920c472864770becacf202057b1b748dc506078d2702f68ec", kill_on_drop: false }`
[INFO] running `Command { std: "docker" "exec" "-e" "SOURCE_DIR=/opt/rustwide/workdir" "-e" "CARGO_HOME=/opt/rustwide/cargo-home" "-e" "RUSTUP_HOME=/opt/rustwide/rustup-home" "-e" "CARGO_TARGET_DIR=/opt/rustwide/target" "-e" "CARGO_INCREMENTAL=0" "-e" "RUST_BACKTRACE=full" "-e" "RUSTFLAGS=--cap-lints=warn" "-e" "RUSTDOCFLAGS=--cap-lints=warn" "-w" "/opt/rustwide/workdir" "--user" "0:0" "d0a92faedcaf00c920c472864770becacf202057b1b748dc506078d2702f68ec" "/opt/rustwide/cargo-home/bin/cargo" "+1.100.0-beta.1" "build" "--frozen" "--message-format=json" "--release", kill_on_drop: false }`
[INFO] [stderr]    Compiling icu_locid_transform_data v1.5.1
[INFO] [stderr]    Compiling litemap v0.7.5
[INFO] [stderr]    Compiling icu_properties_data v1.5.1
[INFO] [stderr]    Compiling smallvec v1.15.0
[INFO] [stderr]    Compiling icu_normalizer_data v1.5.1
[INFO] [stderr]    Compiling futures-core v0.3.31
[INFO] [stderr]    Compiling serde v1.0.219
[INFO] [stderr]    Compiling futures-sink v0.3.31
[INFO] [stderr]    Compiling syn v2.0.101
[INFO] [stderr]    Compiling crypto-common v0.1.6
[INFO] [stderr]    Compiling cc v1.2.19
[INFO] [stderr]    Compiling hashbrown v0.15.2
[INFO] [stderr]    Compiling num-traits v0.2.19
[INFO] [stderr]    Compiling concurrent-queue v2.5.0
[INFO] [stderr]    Compiling log v0.4.27
[INFO] [stderr]    Compiling crc-catalog v2.4.0
[INFO] [stderr]    Compiling futures-util v0.3.31
[INFO] [stderr]    Compiling digest v0.10.7
[INFO] [stderr]    Compiling crc v3.2.1
[INFO] [stderr]    Compiling spin v0.9.8
[INFO] [stderr]    Compiling futures-channel v0.3.31
[INFO] [stderr]    Compiling event-listener v5.4.0
[INFO] [stderr]    Compiling flume v0.11.1
[INFO] [stderr]    Compiling parking_lot_core v0.9.10
[INFO] [stderr]    Compiling sha2 v0.10.8
[INFO] [stderr]    Compiling parking_lot v0.12.3
[INFO] [stderr]    Compiling futures-intrusive v0.5.0
[INFO] [stderr]    Compiling indexmap v2.9.0
[INFO] [stderr]    Compiling hashlink v0.10.0
[INFO] [stderr]    Compiling atoi v2.0.0
[INFO] [stderr]    Compiling libsqlite3-sys v0.30.1
[INFO] [stderr]    Compiling futures-executor v0.3.31
[INFO] [stderr]    Compiling synstructure v0.13.1
[INFO] [stderr]    Compiling zerofrom-derive v0.1.6
[INFO] [stderr]    Compiling yoke-derive v0.7.5
[INFO] [stderr]    Compiling zerovec-derive v0.10.3
[INFO] [stderr]    Compiling displaydoc v0.2.5
[INFO] [stderr]    Compiling icu_provider_macros v1.5.0
[INFO] [stderr]    Compiling serde_derive v1.0.219
[INFO] [stderr]    Compiling thiserror-impl v2.0.12
[INFO] [stderr]    Compiling tracing-attributes v0.1.28
[INFO] [stderr]    Compiling kali-macros v0.1.0
[INFO] [stderr]    Compiling zerofrom v0.1.6
[INFO] [stderr]    Compiling yoke v0.7.5
[INFO] [stderr]    Compiling tracing v0.1.41
[INFO] [stderr]    Compiling zerovec v0.10.4
[INFO] [stderr]    Compiling thiserror v2.0.12
[INFO] [stderr]    Compiling tinystr v0.7.6
[INFO] [stderr]    Compiling icu_collections v1.5.0
[INFO] [stderr]    Compiling icu_locid v1.5.0
[INFO] [stderr]    Compiling icu_provider v1.5.0
[INFO] [stderr]    Compiling icu_locid_transform v1.5.0
[INFO] [stderr]    Compiling icu_properties v1.5.1
[INFO] [stderr]    Compiling either v1.15.0
[INFO] [stderr]    Compiling serde_urlencoded v0.7.1
[INFO] [stderr]    Compiling icu_normalizer v1.5.0
[INFO] [stderr]    Compiling idna_adapter v1.2.0
[INFO] [stderr]    Compiling idna v1.0.3
[INFO] [stderr]    Compiling url v2.5.4
[INFO] [stderr]    Compiling sqlx-core v0.8.5
[INFO] [stderr]    Compiling sqlx-sqlite v0.8.5
[INFO] [stderr]    Compiling sqlx v0.8.5
[INFO] [stderr]    Compiling kali v0.1.0 (/opt/rustwide/workdir)
[INFO] [stderr]     Finished `release` profile [optimized] target(s) in 48.84s
[INFO] running `Command { std: "docker" "inspect" "d0a92faedcaf00c920c472864770becacf202057b1b748dc506078d2702f68ec", kill_on_drop: false }`
[INFO] running `Command { std: "docker" "exec" "-e" "SOURCE_DIR=/opt/rustwide/workdir" "-e" "CARGO_HOME=/opt/rustwide/cargo-home" "-e" "RUSTUP_HOME=/opt/rustwide/rustup-home" "-e" "CARGO_TARGET_DIR=/opt/rustwide/target" "-e" "CARGO_INCREMENTAL=0" "-e" "RUST_BACKTRACE=full" "-e" "RUSTFLAGS=--cap-lints=warn" "-e" "RUSTDOCFLAGS=--cap-lints=warn" "-w" "/opt/rustwide/workdir" "--user" "0:0" "d0a92faedcaf00c920c472864770becacf202057b1b748dc506078d2702f68ec" "/opt/rustwide/cargo-home/bin/cargo" "+1.100.0-beta.1" "test" "--frozen" "--no-run" "--message-format=json" "--release", kill_on_drop: false }`
[INFO] [stderr]    Compiling stable_deref_trait v1.2.0
[INFO] [stderr]    Compiling litemap v0.7.5
[INFO] [stderr]    Compiling writeable v0.5.5
[INFO] [stderr]    Compiling icu_locid_transform_data v1.5.1
[INFO] [stderr]    Compiling smallvec v1.15.0
[INFO] [stderr]    Compiling icu_properties_data v1.5.1
[INFO] [stderr]    Compiling typenum v1.18.0
[INFO] [stderr]    Compiling futures-core v0.3.31
[INFO] [stderr]    Compiling lock_api v0.4.12
[INFO] [stderr]    Compiling icu_normalizer_data v1.5.1
[INFO] [stderr]    Compiling zerofrom v0.1.6
[INFO] [stderr]    Compiling serde v1.0.219
[INFO] [stderr]    Compiling crossbeam-utils v0.8.21
[INFO] [stderr]    Compiling write16 v1.0.0
[INFO] [stderr]    Compiling futures-sink v0.3.31
[INFO] [stderr]    Compiling utf16_iter v1.0.5
[INFO] [stderr]    Compiling slab v0.4.9
[INFO] [stderr]    Compiling parking_lot_core v0.9.10
[INFO] [stderr]    Compiling percent-encoding v2.3.1
[INFO] [stderr]    Compiling memchr v2.7.4
[INFO] [stderr]    Compiling foldhash v0.1.5
[INFO] [stderr]    Compiling mio v1.0.3
[INFO] [stderr]    Compiling yoke v0.7.5
[INFO] [stderr]    Compiling socket2 v0.5.9
[INFO] [stderr]    Compiling pin-utils v0.1.0
[INFO] [stderr]    Compiling itoa v1.0.15
[INFO] [stderr]    Compiling form_urlencoded v1.2.1
[INFO] [stderr]    Compiling hashbrown v0.15.2
[INFO] [stderr]    Compiling bytes v1.10.1
[INFO] [stderr]    Compiling futures-io v0.3.31
[INFO] [stderr]    Compiling ryu v1.0.20
[INFO] [stderr]    Compiling futures-task v0.3.31
[INFO] [stderr]    Compiling zerovec v0.10.4
[INFO] [stderr]    Compiling tracing-core v0.1.33
[INFO] [stderr]    Compiling serde_json v1.0.140
[INFO] [stderr]    Compiling thiserror v2.0.12
[INFO] [stderr]    Compiling num-traits v0.2.19
[INFO] [stderr]    Compiling getrandom v0.3.2
[INFO] [stderr]    Compiling log v0.4.27
[INFO] [stderr]    Compiling rustix v1.0.5
[INFO] [stderr]    Compiling crc-catalog v2.4.0
[INFO] [stderr]    Compiling parking_lot v0.12.3
[INFO] [stderr]    Compiling crc v3.2.1
[INFO] [stderr]    Compiling concurrent-queue v2.5.0
[INFO] [stderr]    Compiling crossbeam-queue v0.3.12
[INFO] [stderr]    Compiling spin v0.9.8
[INFO] [stderr]    Compiling libsqlite3-sys v0.30.1
[INFO] [stderr]    Compiling futures-util v0.3.31
[INFO] [stderr]    Compiling futures-intrusive v0.5.0
[INFO] [stderr]    Compiling event-listener v5.4.0
[INFO] [stderr]    Compiling tracing v0.1.41
[INFO] [stderr]    Compiling generic-array v0.14.7
[INFO] [stderr]    Compiling linux-raw-sys v0.9.4
[INFO] [stderr]    Compiling tokio v1.44.2
[INFO] [stderr]    Compiling base64 v0.22.1
[INFO] [stderr]    Compiling indexmap v2.9.0
[INFO] [stderr]    Compiling hashlink v0.10.0
[INFO] [stderr]    Compiling bitflags v2.9.0
[INFO] [stderr]    Compiling flume v0.11.1
[INFO] [stderr]    Compiling futures-channel v0.3.31
[INFO] [stderr]    Compiling fastrand v2.3.0
[INFO] [stderr]    Compiling tinystr v0.7.6
[INFO] [stderr]    Compiling icu_collections v1.5.0
[INFO] [stderr]    Compiling atoi v2.0.0
[INFO] [stderr]    Compiling crypto-common v0.1.6
[INFO] [stderr]    Compiling block-buffer v0.10.4
[INFO] [stderr]    Compiling digest v0.10.7
[INFO] [stderr]    Compiling icu_locid v1.5.0
[INFO] [stderr]    Compiling sha2 v0.10.8
[INFO] [stderr]    Compiling icu_provider v1.5.0
[INFO] [stderr]    Compiling icu_locid_transform v1.5.0
[INFO] [stderr]    Compiling icu_properties v1.5.1
[INFO] [stderr]    Compiling either v1.15.0
[INFO] [stderr]    Compiling serde_urlencoded v0.7.1
[INFO] [stderr]    Compiling tempfile v3.19.1
[INFO] [stderr]    Compiling futures-executor v0.3.31
[INFO] [stderr]    Compiling tokio-stream v0.1.17
[INFO] [stderr]    Compiling icu_normalizer v1.5.0
[INFO] [stderr]    Compiling idna_adapter v1.2.0
[INFO] [stderr]    Compiling idna v1.0.3
[INFO] [stderr]    Compiling url v2.5.4
[INFO] [stderr]    Compiling sqlx-core v0.8.5
[INFO] [stderr]    Compiling sqlx-sqlite v0.8.5
[INFO] [stderr]    Compiling sqlx-macros-core v0.8.5
[INFO] [stderr]    Compiling sqlx-macros v0.8.5
[INFO] [stderr]    Compiling sqlx v0.8.5
[INFO] [stderr]    Compiling kali v0.1.0 (/opt/rustwide/workdir)
[INFO] [stderr]     Finished `release` profile [optimized] target(s) in 12.16s
[INFO] running `Command { std: "docker" "inspect" "d0a92faedcaf00c920c472864770becacf202057b1b748dc506078d2702f68ec", kill_on_drop: false }`
[INFO] running `Command { std: "docker" "exec" "-e" "SOURCE_DIR=/opt/rustwide/workdir" "-e" "CARGO_HOME=/opt/rustwide/cargo-home" "-e" "RUSTUP_HOME=/opt/rustwide/rustup-home" "-e" "CARGO_TARGET_DIR=/opt/rustwide/target" "-e" "CARGO_INCREMENTAL=0" "-e" "RUST_BACKTRACE=full" "-e" "RUSTFLAGS=--cap-lints=warn" "-e" "RUSTDOCFLAGS=--cap-lints=warn" "-w" "/opt/rustwide/workdir" "--user" "0:0" "d0a92faedcaf00c920c472864770becacf202057b1b748dc506078d2702f68ec" "/opt/rustwide/cargo-home/bin/cargo" "+1.100.0-beta.1" "test" "--frozen" "--release", kill_on_drop: false }`
[INFO] [stderr]     Finished `release` profile [optimized] target(s) in 0.19s
[INFO] [stderr]      Running unittests src/lib.rs (/opt/rustwide/target/release/build/kali/ae5efc072f1a1d75/out/kali-ae5efc072f1a1d75)
[INFO] [stdout] 
[INFO] [stdout] running 0 tests
[INFO] [stdout] 
[INFO] [stdout] test result: ok. 0 passed; 0 failed; 0 ignored; 0 measured; 0 filtered out; finished in 0.00s
[INFO] [stdout] 
[INFO] [stderr]      Running tests/query_builder.rs (/opt/rustwide/target/release/build/kali/930582fcc032fb0a/out/query_builder-930582fcc032fb0a)
[INFO] [stdout] 
[INFO] [stdout] running 6 tests
[INFO] [stdout] test insert_into ... FAILED
[INFO] [stdout] test update ... FAILED
[INFO] [stdout] test returning ... FAILED
[INFO] [stdout] test on_conflict ... FAILED
[INFO] [stdout] test select_from ... FAILED
[INFO] [stdout] test delete ... FAILED
[INFO] [stdout] 
[INFO] [stdout] failures:
[INFO] [stdout] 
[INFO] [stdout] ---- insert_into stdout ----
[INFO] [stdout] 
[INFO] [stdout] thread 'insert_into' (2540) panicked at /opt/rustwide/cargo-home/registry/src/index.crates.io-1949cf8c6b5b557f/sqlx-sqlite-0.8.5/src/testing/mod.rs:45:14:
[INFO] [stdout] failed to create folders: Os { code: 30, kind: ReadOnlyFilesystem, message: "Read-only file system" }
[INFO] [stdout] stack backtrace:
[INFO] [stdout]    0:     0x60e75139f111 - <<std[617be2ca0a6fd877]::sys::backtrace::BacktraceLock>::print::DisplayBacktrace as core[a373ad73a504971]::fmt::Display>::fmt
[INFO] [stdout]    1:     0x60e7513b44aa - core[a373ad73a504971]::fmt::write
[INFO] [stdout]    2:     0x60e7513a399c - <alloc[2e1b2a31b91974c5]::vec::Vec<u8> as core[a373ad73a504971]::io::write::Write>::write_fmt
[INFO] [stdout]    3:     0x60e751379d96 - std[617be2ca0a6fd877]::panicking::default_hook::{closure#0}
[INFO] [stdout]    4:     0x60e7513971a9 - std[617be2ca0a6fd877]::panicking::default_hook
[INFO] [stdout]    5:     0x60e75111eab0 - test[aada8e7e76ba119b]::test_main_inner::{closure#0}
[INFO] [stdout]    6:     0x60e7513974d2 - std[617be2ca0a6fd877]::panicking::panic_with_hook
[INFO] [stdout]    7:     0x60e751379e42 - std[617be2ca0a6fd877]::panicking::panic_handler::{closure#0}
[INFO] [stdout]    8:     0x60e751372479 - std[617be2ca0a6fd877]::sys::backtrace::__rust_end_short_backtrace::<std[617be2ca0a6fd877]::panicking::panic_handler::{closure#0}, !>
[INFO] [stdout]    9:     0x60e75137ab5d - __rustc[ea4f61d10b84890b]::rust_begin_unwind
[INFO] [stdout]   10:     0x60e7513b4c0c - core[a373ad73a504971]::panicking::panic_fmt
[INFO] [stdout]   11:     0x60e7513b49e2 - core[a373ad73a504971]::result::unwrap_failed
[INFO] [stdout]   12:     0x60e75117ea4b - <sqlx_sqlite[ad7abc2f9f20a4d9]::database::Sqlite as sqlx_core[ebe8752c20d0686b]::testing::TestSupport>::test_context::{closure#0}
[INFO] [stdout]   13:     0x60e7510a4344 - sqlx_core[ebe8752c20d0686b]::testing::run_test::<sqlx_sqlite[ad7abc2f9f20a4d9]::database::Sqlite, sqlx_core[ebe8752c20d0686b]::testing::run_test_with_pool<sqlx_sqlite[ad7abc2f9f20a4d9]::database::Sqlite, fn(sqlx_core[ebe8752c20d0686b]::pool::Pool<sqlx_sqlite[ad7abc2f9f20a4d9]::database::Sqlite>) -> query_builder[1f1be0e997471e52]::insert_into::insert_into::{closure#0}, query_builder[1f1be0e997471e52]::insert_into::insert_into::{closure#0}>::{closure#0}, sqlx_core[ebe8752c20d0686b]::testing::run_test_with_pool<sqlx_sqlite[ad7abc2f9f20a4d9]::database::Sqlite, fn(sqlx_core[ebe8752c20d0686b]::pool::Pool<sqlx_sqlite[ad7abc2f9f20a4d9]::database::Sqlite>) -> query_builder[1f1be0e997471e52]::insert_into::insert_into::{closure#0}, query_builder[1f1be0e997471e52]::insert_into::insert_into::{closure#0}>::{closure#0}::{closure#0}>::{closure#0}
[INFO] [stdout]   14:     0x60e7510c7103 - <tokio[a5602193ce3d1797]::runtime::scheduler::current_thread::Context>::enter::<core[a373ad73a504971]::task::poll::Poll<core[a373ad73a504971]::result::Result<(), anyhow[adfb42d70d899e6e]::Error>>, <tokio[a5602193ce3d1797]::runtime::scheduler::current_thread::CoreGuard>::block_on<core[a373ad73a504971]::pin::Pin<&mut sqlx_core[ebe8752c20d0686b]::testing::run_test<sqlx_sqlite[ad7abc2f9f20a4d9]::database::Sqlite, sqlx_core[ebe8752c20d0686b]::testing::run_test_with_pool<sqlx_sqlite[ad7abc2f9f20a4d9]::database::Sqlite, fn(sqlx_core[ebe8752c20d0686b]::pool::Pool<sqlx_sqlite[ad7abc2f9f20a4d9]::database::Sqlite>) -> query_builder[1f1be0e997471e52]::insert_into::insert_into::{closure#0}, query_builder[1f1be0e997471e52]::insert_into::insert_into::{closure#0}>::{closure#0}, sqlx_core[ebe8752c20d0686b]::testing::run_test_with_pool<sqlx_sqlite[ad7abc2f9f20a4d9]::database::Sqlite, fn(sqlx_core[ebe8752c20d0686b]::pool::Pool<sqlx_sqlite[ad7abc2f9f20a4d9]::database::Sqlite>) -> query_builder[1f1be0e997471e52]::insert_into::insert_into::{closure#0}, query_builder[1f1be0e997471e52]::insert_into::insert_into::{closure#0}>::{closure#0}::{closure#0}>::{closure#0}>>::{closure#0}::{closure#0}>
[INFO] [stdout]   15:     0x60e7510d012f - <std[617be2ca0a6fd877]::thread::local::LocalKey<tokio[a5602193ce3d1797]::runtime::context::Context>>::with::<tokio[a5602193ce3d1797]::runtime::context::set_scheduler<(alloc[2e1b2a31b91974c5]::boxed::Box<tokio[a5602193ce3d1797]::runtime::scheduler::current_thread::Core>, core[a373ad73a504971]::option::Option<core[a373ad73a504971]::result::Result<(), anyhow[adfb42d70d899e6e]::Error>>), <tokio[a5602193ce3d1797]::runtime::scheduler::current_thread::CoreGuard>::enter<<tokio[a5602193ce3d1797]::runtime::scheduler::current_thread::CoreGuard>::block_on<core[a373ad73a504971]::pin::Pin<&mut sqlx_core[ebe8752c20d0686b]::testing::run_test<sqlx_sqlite[ad7abc2f9f20a4d9]::database::Sqlite, sqlx_core[ebe8752c20d0686b]::testing::run_test_with_pool<sqlx_sqlite[ad7abc2f9f20a4d9]::database::Sqlite, fn(sqlx_core[ebe8752c20d0686b]::pool::Pool<sqlx_sqlite[ad7abc2f9f20a4d9]::database::Sqlite>) -> query_builder[1f1be0e997471e52]::insert_into::insert_into::{closure#0}, query_builder[1f1be0e997471e52]::insert_into::insert_into::{closure#0}>::{closure#0}, sqlx_core[ebe8752c20d0686b]::testing::run_test_with_pool<sqlx_sqlite[ad7abc2f9f20a4d9]::database::Sqlite, fn(sqlx_core[ebe8752c20d0686b]::pool::Pool<sqlx_sqlite[ad7abc2f9f20a4d9]::database::Sqlite>) -> query_builder[1f1be0e997471e52]::insert_into::insert_into::{closure#0}, query_builder[1f1be0e997471e52]::insert_into::insert_into::{closure#0}>::{closure#0}::{closure#0}>::{closure#0}>>::{closure#0}, core[a373ad73a504971]::option::Option<core[a373ad73a504971]::result::Result<(), anyhow[adfb42d70d899e6e]::Error>>>::{closure#0}>::{closure#0}, (alloc[2e1b2a31b91974c5]::boxed::Box<tokio[a5602193ce3d1797]::runtime::scheduler::current_thread::Core>, core[a373ad73a504971]::option::Option<core[a373ad73a504971]::result::Result<(), anyhow[adfb42d70d899e6e]::Error>>)>
[INFO] [stdout]   16:     0x60e7510c81cd - <tokio[a5602193ce3d1797]::runtime::scheduler::current_thread::CoreGuard>::block_on::<core[a373ad73a504971]::pin::Pin<&mut sqlx_core[ebe8752c20d0686b]::testing::run_test<sqlx_sqlite[ad7abc2f9f20a4d9]::database::Sqlite, sqlx_core[ebe8752c20d0686b]::testing::run_test_with_pool<sqlx_sqlite[ad7abc2f9f20a4d9]::database::Sqlite, fn(sqlx_core[ebe8752c20d0686b]::pool::Pool<sqlx_sqlite[ad7abc2f9f20a4d9]::database::Sqlite>) -> query_builder[1f1be0e997471e52]::insert_into::insert_into::{closure#0}, query_builder[1f1be0e997471e52]::insert_into::insert_into::{closure#0}>::{closure#0}, sqlx_core[ebe8752c20d0686b]::testing::run_test_with_pool<sqlx_sqlite[ad7abc2f9f20a4d9]::database::Sqlite, fn(sqlx_core[ebe8752c20d0686b]::pool::Pool<sqlx_sqlite[ad7abc2f9f20a4d9]::database::Sqlite>) -> query_builder[1f1be0e997471e52]::insert_into::insert_into::{closure#0}, query_builder[1f1be0e997471e52]::insert_into::insert_into::{closure#0}>::{closure#0}::{closure#0}>::{closure#0}>>
[INFO] [stdout]   17:     0x60e7510d1499 - tokio[a5602193ce3d1797]::runtime::context::runtime::enter_runtime::<<tokio[a5602193ce3d1797]::runtime::scheduler::current_thread::CurrentThread>::block_on<sqlx_core[ebe8752c20d0686b]::testing::run_test<sqlx_sqlite[ad7abc2f9f20a4d9]::database::Sqlite, sqlx_core[ebe8752c20d0686b]::testing::run_test_with_pool<sqlx_sqlite[ad7abc2f9f20a4d9]::database::Sqlite, fn(sqlx_core[ebe8752c20d0686b]::pool::Pool<sqlx_sqlite[ad7abc2f9f20a4d9]::database::Sqlite>) -> query_builder[1f1be0e997471e52]::insert_into::insert_into::{closure#0}, query_builder[1f1be0e997471e52]::insert_into::insert_into::{closure#0}>::{closure#0}, sqlx_core[ebe8752c20d0686b]::testing::run_test_with_pool<sqlx_sqlite[ad7abc2f9f20a4d9]::database::Sqlite, fn(sqlx_core[ebe8752c20d0686b]::pool::Pool<sqlx_sqlite[ad7abc2f9f20a4d9]::database::Sqlite>) -> query_builder[1f1be0e997471e52]::insert_into::insert_into::{closure#0}, query_builder[1f1be0e997471e52]::insert_into::insert_into::{closure#0}>::{closure#0}::{closure#0}>::{closure#0}>::{closure#0}, core[a373ad73a504971]::result::Result<(), anyhow[adfb42d70d899e6e]::Error>>
[INFO] [stdout]   18:     0x60e7510e78f9 - <tokio[a5602193ce3d1797]::runtime::runtime::Runtime>::block_on::<sqlx_core[ebe8752c20d0686b]::testing::run_test<sqlx_sqlite[ad7abc2f9f20a4d9]::database::Sqlite, sqlx_core[ebe8752c20d0686b]::testing::run_test_with_pool<sqlx_sqlite[ad7abc2f9f20a4d9]::database::Sqlite, fn(sqlx_core[ebe8752c20d0686b]::pool::Pool<sqlx_sqlite[ad7abc2f9f20a4d9]::database::Sqlite>) -> query_builder[1f1be0e997471e52]::insert_into::insert_into::{closure#0}, query_builder[1f1be0e997471e52]::insert_into::insert_into::{closure#0}>::{closure#0}, sqlx_core[ebe8752c20d0686b]::testing::run_test_with_pool<sqlx_sqlite[ad7abc2f9f20a4d9]::database::Sqlite, fn(sqlx_core[ebe8752c20d0686b]::pool::Pool<sqlx_sqlite[ad7abc2f9f20a4d9]::database::Sqlite>) -> query_builder[1f1be0e997471e52]::insert_into::insert_into::{closure#0}, query_builder[1f1be0e997471e52]::insert_into::insert_into::{closure#0}>::{closure#0}::{closure#0}>::{closure#0}>
[INFO] [stdout]   19:     0x60e7510fd10c - sqlx_core[ebe8752c20d0686b]::rt::test_block_on::<sqlx_core[ebe8752c20d0686b]::testing::run_test<sqlx_sqlite[ad7abc2f9f20a4d9]::database::Sqlite, sqlx_core[ebe8752c20d0686b]::testing::run_test_with_pool<sqlx_sqlite[ad7abc2f9f20a4d9]::database::Sqlite, fn(sqlx_core[ebe8752c20d0686b]::pool::Pool<sqlx_sqlite[ad7abc2f9f20a4d9]::database::Sqlite>) -> query_builder[1f1be0e997471e52]::insert_into::insert_into::{closure#0}, query_builder[1f1be0e997471e52]::insert_into::insert_into::{closure#0}>::{closure#0}, sqlx_core[ebe8752c20d0686b]::testing::run_test_with_pool<sqlx_sqlite[ad7abc2f9f20a4d9]::database::Sqlite, fn(sqlx_core[ebe8752c20d0686b]::pool::Pool<sqlx_sqlite[ad7abc2f9f20a4d9]::database::Sqlite>) -> query_builder[1f1be0e997471e52]::insert_into::insert_into::{closure#0}, query_builder[1f1be0e997471e52]::insert_into::insert_into::{closure#0}>::{closure#0}::{closure#0}>::{closure#0}>
[INFO] [stdout]   20:     0x60e7511052f2 - <query_builder[1f1be0e997471e52]::insert_into::{closure#0} as core[a373ad73a504971]::ops::function::FnOnce<()>>::call_once
[INFO] [stdout]   21:     0x60e751111efb - test[aada8e7e76ba119b]::__rust_begin_short_backtrace::<core[a373ad73a504971]::result::Result<(), alloc[2e1b2a31b91974c5]::string::String>, fn() -> core[a373ad73a504971]::result::Result<(), alloc[2e1b2a31b91974c5]::string::String>>
[INFO] [stdout]   22:     0x60e75111f0d5 - test[aada8e7e76ba119b]::run_test::{closure#0}
[INFO] [stdout]   23:     0x60e7511189c4 - std[617be2ca0a6fd877]::sys::backtrace::__rust_begin_short_backtrace::<test[aada8e7e76ba119b]::run_test::{closure#1}, ()>
[INFO] [stdout]   24:     0x60e751122162 - <std[617be2ca0a6fd877]::thread::lifecycle::spawn_unchecked<test[aada8e7e76ba119b]::run_test::{closure#1}, ()>::{closure#1} as core[a373ad73a504971]::ops::function::FnOnce<()>>::call_once::{shim:vtable#0}
[INFO] [stdout]   25:     0x60e75139e92f - <std[617be2ca0a6fd877]::sys::thread::unix::Thread>::new::thread_start
[INFO] [stdout]   26:     0x7935cc96cdfa - <unknown>
[INFO] [stdout]   27:     0x7935cca003d4 - clone
[INFO] [stdout]   28:                0x0 - <unknown>
[INFO] [stdout] 
[INFO] [stdout] ---- update stdout ----
[INFO] [stdout] 
[INFO] [stdout] thread 'update' (2544) panicked at /opt/rustwide/cargo-home/registry/src/index.crates.io-1949cf8c6b5b557f/sqlx-sqlite-0.8.5/src/testing/mod.rs:45:14:
[INFO] [stdout] failed to create folders: Os { code: 30, kind: ReadOnlyFilesystem, message: "Read-only file system" }
[INFO] [stdout] stack backtrace:
[INFO] [stdout]    0:     0x60e75139f111 - <<std[617be2ca0a6fd877]::sys::backtrace::BacktraceLock>::print::DisplayBacktrace as core[a373ad73a504971]::fmt::Display>::fmt
[INFO] [stdout]    1:     0x60e7513b44aa - core[a373ad73a504971]::fmt::write
[INFO] [stdout]    2:     0x60e7513a399c - <alloc[2e1b2a31b91974c5]::vec::Vec<u8> as core[a373ad73a504971]::io::write::Write>::write_fmt
[INFO] [stdout]    3:     0x60e751379d96 - std[617be2ca0a6fd877]::panicking::default_hook::{closure#0}
[INFO] [stdout]    4:     0x60e7513971a9 - std[617be2ca0a6fd877]::panicking::default_hook
[INFO] [stderr] error: test failed, to rerun pass `--test query_builder`
[INFO] [stdout]    5:     0x60e75111eab0 - test[aada8e7e76ba119b]::test_main_inner::{closure#0}
[INFO] [stdout]    6:     0x60e7513974d2 - std[617be2ca0a6fd877]::panicking::panic_with_hook
[INFO] [stdout]    7:     0x60e751379e42 - std[617be2ca0a6fd877]::panicking::panic_handler::{closure#0}
[INFO] [stdout]    8:     0x60e751372479 - std[617be2ca0a6fd877]::sys::backtrace::__rust_end_short_backtrace::<std[617be2ca0a6fd877]::panicking::panic_handler::{closure#0}, !>
[INFO] [stdout]    9:     0x60e75137ab5d - __rustc[ea4f61d10b84890b]::rust_begin_unwind
[INFO] [stdout]   10:     0x60e7513b4c0c - core[a373ad73a504971]::panicking::panic_fmt
[INFO] [stdout]   11:     0x60e7513b49e2 - core[a373ad73a504971]::result::unwrap_failed
[INFO] [stdout]   12:     0x60e75117ea4b - <sqlx_sqlite[ad7abc2f9f20a4d9]::database::Sqlite as sqlx_core[ebe8752c20d0686b]::testing::TestSupport>::test_context::{closure#0}
[INFO] [stdout]   13:     0x60e7510a92f4 - sqlx_core[ebe8752c20d0686b]::testing::run_test::<sqlx_sqlite[ad7abc2f9f20a4d9]::database::Sqlite, sqlx_core[ebe8752c20d0686b]::testing::run_test_with_pool<sqlx_sqlite[ad7abc2f9f20a4d9]::database::Sqlite, fn(sqlx_core[ebe8752c20d0686b]::pool::Pool<sqlx_sqlite[ad7abc2f9f20a4d9]::database::Sqlite>) -> query_builder[1f1be0e997471e52]::update::update::{closure#0}, query_builder[1f1be0e997471e52]::update::update::{closure#0}>::{closure#0}, sqlx_core[ebe8752c20d0686b]::testing::run_test_with_pool<sqlx_sqlite[ad7abc2f9f20a4d9]::database::Sqlite, fn(sqlx_core[ebe8752c20d0686b]::pool::Pool<sqlx_sqlite[ad7abc2f9f20a4d9]::database::Sqlite>) -> query_builder[1f1be0e997471e52]::update::update::{closure#0}, query_builder[1f1be0e997471e52]::update::update::{closure#0}>::{closure#0}::{closure#0}>::{closure#0}
[INFO] [stdout]   14:     0x60e7510c7883 - <tokio[a5602193ce3d1797]::runtime::scheduler::current_thread::Context>::enter::<core[a373ad73a504971]::task::poll::Poll<core[a373ad73a504971]::result::Result<(), anyhow[adfb42d70d899e6e]::Error>>, <tokio[a5602193ce3d1797]::runtime::scheduler::current_thread::CoreGuard>::block_on<core[a373ad73a504971]::pin::Pin<&mut sqlx_core[ebe8752c20d0686b]::testing::run_test<sqlx_sqlite[ad7abc2f9f20a4d9]::database::Sqlite, sqlx_core[ebe8752c20d0686b]::testing::run_test_with_pool<sqlx_sqlite[ad7abc2f9f20a4d9]::database::Sqlite, fn(sqlx_core[ebe8752c20d0686b]::pool::Pool<sqlx_sqlite[ad7abc2f9f20a4d9]::database::Sqlite>) -> query_builder[1f1be0e997471e52]::update::update::{closure#0}, query_builder[1f1be0e997471e52]::update::update::{closure#0}>::{closure#0}, sqlx_core[ebe8752c20d0686b]::testing::run_test_with_pool<sqlx_sqlite[ad7abc2f9f20a4d9]::database::Sqlite, fn(sqlx_core[ebe8752c20d0686b]::pool::Pool<sqlx_sqlite[ad7abc2f9f20a4d9]::database::Sqlite>) -> query_builder[1f1be0e997471e52]::update::update::{closure#0}, query_builder[1f1be0e997471e52]::update::update::{closure#0}>::{closure#0}::{closure#0}>::{closure#0}>>::{closure#0}::{closure#0}>
[INFO] [stdout]   15:     0x60e7510d08af - <std[617be2ca0a6fd877]::thread::local::LocalKey<tokio[a5602193ce3d1797]::runtime::context::Context>>::with::<tokio[a5602193ce3d1797]::runtime::context::set_scheduler<(alloc[2e1b2a31b91974c5]::boxed::Box<tokio[a5602193ce3d1797]::runtime::scheduler::current_thread::Core>, core[a373ad73a504971]::option::Option<core[a373ad73a504971]::result::Result<(), anyhow[adfb42d70d899e6e]::Error>>), <tokio[a5602193ce3d1797]::runtime::scheduler::current_thread::CoreGuard>::enter<<tokio[a5602193ce3d1797]::runtime::scheduler::current_thread::CoreGuard>::block_on<core[a373ad73a504971]::pin::Pin<&mut sqlx_core[ebe8752c20d0686b]::testing::run_test<sqlx_sqlite[ad7abc2f9f20a4d9]::database::Sqlite, sqlx_core[ebe8752c20d0686b]::testing::run_test_with_pool<sqlx_sqlite[ad7abc2f9f20a4d9]::database::Sqlite, fn(sqlx_core[ebe8752c20d0686b]::pool::Pool<sqlx_sqlite[ad7abc2f9f20a4d9]::database::Sqlite>) -> query_builder[1f1be0e997471e52]::update::update::{closure#0}, query_builder[1f1be0e997471e52]::update::update::{closure#0}>::{closure#0}, sqlx_core[ebe8752c20d0686b]::testing::run_test_with_pool<sqlx_sqlite[ad7abc2f9f20a4d9]::database::Sqlite, fn(sqlx_core[ebe8752c20d0686b]::pool::Pool<sqlx_sqlite[ad7abc2f9f20a4d9]::database::Sqlite>) -> query_builder[1f1be0e997471e52]::update::update::{closure#0}, query_builder[1f1be0e997471e52]::update::update::{closure#0}>::{closure#0}::{closure#0}>::{closure#0}>>::{closure#0}, core[a373ad73a504971]::option::Option<core[a373ad73a504971]::result::Result<(), anyhow[adfb42d70d899e6e]::Error>>>::{closure#0}>::{closure#0}, (alloc[2e1b2a31b91974c5]::boxed::Box<tokio[a5602193ce3d1797]::runtime::scheduler::current_thread::Core>, core[a373ad73a504971]::option::Option<core[a373ad73a504971]::result::Result<(), anyhow[adfb42d70d899e6e]::Error>>)>
[INFO] [stdout]   16:     0x60e7510c884d - <tokio[a5602193ce3d1797]::runtime::scheduler::current_thread::CoreGuard>::block_on::<core[a373ad73a504971]::pin::Pin<&mut sqlx_core[ebe8752c20d0686b]::testing::run_test<sqlx_sqlite[ad7abc2f9f20a4d9]::database::Sqlite, sqlx_core[ebe8752c20d0686b]::testing::run_test_with_pool<sqlx_sqlite[ad7abc2f9f20a4d9]::database::Sqlite, fn(sqlx_core[ebe8752c20d0686b]::pool::Pool<sqlx_sqlite[ad7abc2f9f20a4d9]::database::Sqlite>) -> query_builder[1f1be0e997471e52]::update::update::{closure#0}, query_builder[1f1be0e997471e52]::update::update::{closure#0}>::{closure#0}, sqlx_core[ebe8752c20d0686b]::testing::run_test_with_pool<sqlx_sqlite[ad7abc2f9f20a4d9]::database::Sqlite, fn(sqlx_core[ebe8752c20d0686b]::pool::Pool<sqlx_sqlite[ad7abc2f9f20a4d9]::database::Sqlite>) -> query_builder[1f1be0e997471e52]::update::update::{closure#0}, query_builder[1f1be0e997471e52]::update::update::{closure#0}>::{closure#0}::{closure#0}>::{closure#0}>>
[INFO] [stdout]   17:     0x60e7510d27d9 - tokio[a5602193ce3d1797]::runtime::context::runtime::enter_runtime::<<tokio[a5602193ce3d1797]::runtime::scheduler::current_thread::CurrentThread>::block_on<sqlx_core[ebe8752c20d0686b]::testing::run_test<sqlx_sqlite[ad7abc2f9f20a4d9]::database::Sqlite, sqlx_core[ebe8752c20d0686b]::testing::run_test_with_pool<sqlx_sqlite[ad7abc2f9f20a4d9]::database::Sqlite, fn(sqlx_core[ebe8752c20d0686b]::pool::Pool<sqlx_sqlite[ad7abc2f9f20a4d9]::database::Sqlite>) -> query_builder[1f1be0e997471e52]::update::update::{closure#0}, query_builder[1f1be0e997471e52]::update::update::{closure#0}>::{closure#0}, sqlx_core[ebe8752c20d0686b]::testing::run_test_with_pool<sqlx_sqlite[ad7abc2f9f20a4d9]::database::Sqlite, fn(sqlx_core[ebe8752c20d0686b]::pool::Pool<sqlx_sqlite[ad7abc2f9f20a4d9]::database::Sqlite>) -> query_builder[1f1be0e997471e52]::update::update::{closure#0}, query_builder[1f1be0e997471e52]::update::update::{closure#0}>::{closure#0}::{closure#0}>::{closure#0}>::{closure#0}, core[a373ad73a504971]::result::Result<(), anyhow[adfb42d70d899e6e]::Error>>
[INFO] [stdout]   18:     0x60e7510e7df9 - <tokio[a5602193ce3d1797]::runtime::runtime::Runtime>::block_on::<sqlx_core[ebe8752c20d0686b]::testing::run_test<sqlx_sqlite[ad7abc2f9f20a4d9]::database::Sqlite, sqlx_core[ebe8752c20d0686b]::testing::run_test_with_pool<sqlx_sqlite[ad7abc2f9f20a4d9]::database::Sqlite, fn(sqlx_core[ebe8752c20d0686b]::pool::Pool<sqlx_sqlite[ad7abc2f9f20a4d9]::database::Sqlite>) -> query_builder[1f1be0e997471e52]::update::update::{closure#0}, query_builder[1f1be0e997471e52]::update::update::{closure#0}>::{closure#0}, sqlx_core[ebe8752c20d0686b]::testing::run_test_with_pool<sqlx_sqlite[ad7abc2f9f20a4d9]::database::Sqlite, fn(sqlx_core[ebe8752c20d0686b]::pool::Pool<sqlx_sqlite[ad7abc2f9f20a4d9]::database::Sqlite>) -> query_builder[1f1be0e997471e52]::update::update::{closure#0}, query_builder[1f1be0e997471e52]::update::update::{closure#0}>::{closure#0}::{closure#0}>::{closure#0}>
[INFO] [stdout]   19:     0x60e7510fd5cc - sqlx_core[ebe8752c20d0686b]::rt::test_block_on::<sqlx_core[ebe8752c20d0686b]::testing::run_test<sqlx_sqlite[ad7abc2f9f20a4d9]::database::Sqlite, sqlx_core[ebe8752c20d0686b]::testing::run_test_with_pool<sqlx_sqlite[ad7abc2f9f20a4d9]::database::Sqlite, fn(sqlx_core[ebe8752c20d0686b]::pool::Pool<sqlx_sqlite[ad7abc2f9f20a4d9]::database::Sqlite>) -> query_builder[1f1be0e997471e52]::update::update::{closure#0}, query_builder[1f1be0e997471e52]::update::update::{closure#0}>::{closure#0}, sqlx_core[ebe8752c20d0686b]::testing::run_test_with_pool<sqlx_sqlite[ad7abc2f9f20a4d9]::database::Sqlite, fn(sqlx_core[ebe8752c20d0686b]::pool::Pool<sqlx_sqlite[ad7abc2f9f20a4d9]::database::Sqlite>) -> query_builder[1f1be0e997471e52]::update::update::{closure#0}, query_builder[1f1be0e997471e52]::update::update::{closure#0}>::{closure#0}::{closure#0}>::{closure#0}>
[INFO] [stdout]   20:     0x60e7511057b2 - <query_builder[1f1be0e997471e52]::update::{closure#0} as core[a373ad73a504971]::ops::function::FnOnce<()>>::call_once
[INFO] [stdout]   21:     0x60e751111efb - test[aada8e7e76ba119b]::__rust_begin_short_backtrace::<core[a373ad73a504971]::result::Result<(), alloc[2e1b2a31b91974c5]::string::String>, fn() -> core[a373ad73a504971]::result::Result<(), alloc[2e1b2a31b91974c5]::string::String>>
[INFO] [stdout]   22:     0x60e75111f0d5 - test[aada8e7e76ba119b]::run_test::{closure#0}
[INFO] [stdout]   23:     0x60e7511189c4 - std[617be2ca0a6fd877]::sys::backtrace::__rust_begin_short_backtrace::<test[aada8e7e76ba119b]::run_test::{closure#1}, ()>
[INFO] [stdout]   24:     0x60e751122162 - <std[617be2ca0a6fd877]::thread::lifecycle::spawn_unchecked<test[aada8e7e76ba119b]::run_test::{closure#1}, ()>::{closure#1} as core[a373ad73a504971]::ops::function::FnOnce<()>>::call_once::{shim:vtable#0}
[INFO] [stdout]   25:     0x60e75139e92f - <std[617be2ca0a6fd877]::sys::thread::unix::Thread>::new::thread_start
[INFO] [stdout]   26:     0x7935cc96cdfa - <unknown>
[INFO] [stdout]   27:     0x7935cca003d4 - clone
[INFO] [stdout]   28:                0x0 - <unknown>
[INFO] [stdout] 
[INFO] [stdout] ---- returning stdout ----
[INFO] [stdout] 
[INFO] [stdout] thread 'returning' (2542) panicked at /opt/rustwide/cargo-home/registry/src/index.crates.io-1949cf8c6b5b557f/sqlx-sqlite-0.8.5/src/testing/mod.rs:45:14:
[INFO] [stdout] failed to create folders: Os { code: 30, kind: ReadOnlyFilesystem, message: "Read-only file system" }
[INFO] [stdout] stack backtrace:
[INFO] [stdout]    0:     0x60e75139f111 - <<std[617be2ca0a6fd877]::sys::backtrace::BacktraceLock>::print::DisplayBacktrace as core[a373ad73a504971]::fmt::Display>::fmt
[INFO] [stdout]    1:     0x60e7513b44aa - core[a373ad73a504971]::fmt::write
[INFO] [stdout]    2:     0x60e7513a399c - <alloc[2e1b2a31b91974c5]::vec::Vec<u8> as core[a373ad73a504971]::io::write::Write>::write_fmt
[INFO] [stdout]    3:     0x60e751379d96 - std[617be2ca0a6fd877]::panicking::default_hook::{closure#0}
[INFO] [stdout]    4:     0x60e7513971a9 - std[617be2ca0a6fd877]::panicking::default_hook
[INFO] [stdout]    5:     0x60e75111eab0 - test[aada8e7e76ba119b]::test_main_inner::{closure#0}
[INFO] [stdout]    6:     0x60e7513974d2 - std[617be2ca0a6fd877]::panicking::panic_with_hook
[INFO] [stdout]    7:     0x60e751379e42 - std[617be2ca0a6fd877]::panicking::panic_handler::{closure#0}
[INFO] [stdout]    8:     0x60e751372479 - std[617be2ca0a6fd877]::sys::backtrace::__rust_end_short_backtrace::<std[617be2ca0a6fd877]::panicking::panic_handler::{closure#0}, !>
[INFO] [stdout]    9:     0x60e75137ab5d - __rustc[ea4f61d10b84890b]::rust_begin_unwind
[INFO] [stdout]   10:     0x60e7513b4c0c - core[a373ad73a504971]::panicking::panic_fmt
[INFO] [stdout]   11:     0x60e7513b49e2 - core[a373ad73a504971]::result::unwrap_failed
[INFO] [stdout]   12:     0x60e75117ea4b - <sqlx_sqlite[ad7abc2f9f20a4d9]::database::Sqlite as sqlx_core[ebe8752c20d0686b]::testing::TestSupport>::test_context::{closure#0}
[INFO] [stdout]   13:     0x60e7510aab6c - sqlx_core[ebe8752c20d0686b]::testing::run_test::<sqlx_sqlite[ad7abc2f9f20a4d9]::database::Sqlite, sqlx_core[ebe8752c20d0686b]::testing::run_test_with_pool<sqlx_sqlite[ad7abc2f9f20a4d9]::database::Sqlite, fn(sqlx_core[ebe8752c20d0686b]::pool::Pool<sqlx_sqlite[ad7abc2f9f20a4d9]::database::Sqlite>) -> query_builder[1f1be0e997471e52]::returning::returning::{closure#0}, query_builder[1f1be0e997471e52]::returning::returning::{closure#0}>::{closure#0}, sqlx_core[ebe8752c20d0686b]::testing::run_test_with_pool<sqlx_sqlite[ad7abc2f9f20a4d9]::database::Sqlite, fn(sqlx_core[ebe8752c20d0686b]::pool::Pool<sqlx_sqlite[ad7abc2f9f20a4d9]::database::Sqlite>) -> query_builder[1f1be0e997471e52]::returning::returning::{closure#0}, query_builder[1f1be0e997471e52]::returning::returning::{closure#0}>::{closure#0}::{closure#0}>::{closure#0}
[INFO] [stdout]   14:     0x60e7510c7a63 - <tokio[a5602193ce3d1797]::runtime::scheduler::current_thread::Context>::enter::<core[a373ad73a504971]::task::poll::Poll<core[a373ad73a504971]::result::Result<(), anyhow[adfb42d70d899e6e]::Error>>, <tokio[a5602193ce3d1797]::runtime::scheduler::current_thread::CoreGuard>::block_on<core[a373ad73a504971]::pin::Pin<&mut sqlx_core[ebe8752c20d0686b]::testing::run_test<sqlx_sqlite[ad7abc2f9f20a4d9]::database::Sqlite, sqlx_core[ebe8752c20d0686b]::testing::run_test_with_pool<sqlx_sqlite[ad7abc2f9f20a4d9]::database::Sqlite, fn(sqlx_core[ebe8752c20d0686b]::pool::Pool<sqlx_sqlite[ad7abc2f9f20a4d9]::database::Sqlite>) -> query_builder[1f1be0e997471e52]::returning::returning::{closure#0}, query_builder[1f1be0e997471e52]::returning::returning::{closure#0}>::{closure#0}, sqlx_core[ebe8752c20d0686b]::testing::run_test_with_pool<sqlx_sqlite[ad7abc2f9f20a4d9]::database::Sqlite, fn(sqlx_core[ebe8752c20d0686b]::pool::Pool<sqlx_sqlite[ad7abc2f9f20a4d9]::database::Sqlite>) -> query_builder[1f1be0e997471e52]::returning::returning::{closure#0}, query_builder[1f1be0e997471e52]::returning::returning::{closure#0}>::{closure#0}::{closure#0}>::{closure#0}>>::{closure#0}::{closure#0}>
[INFO] [stdout]   15:     0x60e7510d0a8f - <std[617be2ca0a6fd877]::thread::local::LocalKey<tokio[a5602193ce3d1797]::runtime::context::Context>>::with::<tokio[a5602193ce3d1797]::runtime::context::set_scheduler<(alloc[2e1b2a31b91974c5]::boxed::Box<tokio[a5602193ce3d1797]::runtime::scheduler::current_thread::Core>, core[a373ad73a504971]::option::Option<core[a373ad73a504971]::result::Result<(), anyhow[adfb42d70d899e6e]::Error>>), <tokio[a5602193ce3d1797]::runtime::scheduler::current_thread::CoreGuard>::enter<<tokio[a5602193ce3d1797]::runtime::scheduler::current_thread::CoreGuard>::block_on<core[a373ad73a504971]::pin::Pin<&mut sqlx_core[ebe8752c20d0686b]::testing::run_test<sqlx_sqlite[ad7abc2f9f20a4d9]::database::Sqlite, sqlx_core[ebe8752c20d0686b]::testing::run_test_with_pool<sqlx_sqlite[ad7abc2f9f20a4d9]::database::Sqlite, fn(sqlx_core[ebe8752c20d0686b]::pool::Pool<sqlx_sqlite[ad7abc2f9f20a4d9]::database::Sqlite>) -> query_builder[1f1be0e997471e52]::returning::returning::{closure#0}, query_builder[1f1be0e997471e52]::returning::returning::{closure#0}>::{closure#0}, sqlx_core[ebe8752c20d0686b]::testing::run_test_with_pool<sqlx_sqlite[ad7abc2f9f20a4d9]::database::Sqlite, fn(sqlx_core[ebe8752c20d0686b]::pool::Pool<sqlx_sqlite[ad7abc2f9f20a4d9]::database::Sqlite>) -> query_builder[1f1be0e997471e52]::returning::returning::{closure#0}, query_builder[1f1be0e997471e52]::returning::returning::{closure#0}>::{closure#0}::{closure#0}>::{closure#0}>>::{closure#0}, core[a373ad73a504971]::option::Option<core[a373ad73a504971]::result::Result<(), anyhow[adfb42d70d899e6e]::Error>>>::{closure#0}>::{closure#0}, (alloc[2e1b2a31b91974c5]::boxed::Box<tokio[a5602193ce3d1797]::runtime::scheduler::current_thread::Core>, core[a373ad73a504971]::option::Option<core[a373ad73a504971]::result::Result<(), anyhow[adfb42d70d899e6e]::Error>>)>
[INFO] [stdout]   16:     0x60e7510c89ed - <tokio[a5602193ce3d1797]::runtime::scheduler::current_thread::CoreGuard>::block_on::<core[a373ad73a504971]::pin::Pin<&mut sqlx_core[ebe8752c20d0686b]::testing::run_test<sqlx_sqlite[ad7abc2f9f20a4d9]::database::Sqlite, sqlx_core[ebe8752c20d0686b]::testing::run_test_with_pool<sqlx_sqlite[ad7abc2f9f20a4d9]::database::Sqlite, fn(sqlx_core[ebe8752c20d0686b]::pool::Pool<sqlx_sqlite[ad7abc2f9f20a4d9]::database::Sqlite>) -> query_builder[1f1be0e997471e52]::returning::returning::{closure#0}, query_builder[1f1be0e997471e52]::returning::returning::{closure#0}>::{closure#0}, sqlx_core[ebe8752c20d0686b]::testing::run_test_with_pool<sqlx_sqlite[ad7abc2f9f20a4d9]::database::Sqlite, fn(sqlx_core[ebe8752c20d0686b]::pool::Pool<sqlx_sqlite[ad7abc2f9f20a4d9]::database::Sqlite>) -> query_builder[1f1be0e997471e52]::returning::returning::{closure#0}, query_builder[1f1be0e997471e52]::returning::returning::{closure#0}>::{closure#0}::{closure#0}>::{closure#0}>>
[INFO] [stdout]   17:     0x60e7510d2ca9 - tokio[a5602193ce3d1797]::runtime::context::runtime::enter_runtime::<<tokio[a5602193ce3d1797]::runtime::scheduler::current_thread::CurrentThread>::block_on<sqlx_core[ebe8752c20d0686b]::testing::run_test<sqlx_sqlite[ad7abc2f9f20a4d9]::database::Sqlite, sqlx_core[ebe8752c20d0686b]::testing::run_test_with_pool<sqlx_sqlite[ad7abc2f9f20a4d9]::database::Sqlite, fn(sqlx_core[ebe8752c20d0686b]::pool::Pool<sqlx_sqlite[ad7abc2f9f20a4d9]::database::Sqlite>) -> query_builder[1f1be0e997471e52]::returning::returning::{closure#0}, query_builder[1f1be0e997471e52]::returning::returning::{closure#0}>::{closure#0}, sqlx_core[ebe8752c20d0686b]::testing::run_test_with_pool<sqlx_sqlite[ad7abc2f9f20a4d9]::database::Sqlite, fn(sqlx_core[ebe8752c20d0686b]::pool::Pool<sqlx_sqlite[ad7abc2f9f20a4d9]::database::Sqlite>) -> query_builder[1f1be0e997471e52]::returning::returning::{closure#0}, query_builder[1f1be0e997471e52]::returning::returning::{closure#0}>::{closure#0}::{closure#0}>::{closure#0}>::{closure#0}, core[a373ad73a504971]::result::Result<(), anyhow[adfb42d70d899e6e]::Error>>
[INFO] [stdout]   18:     0x60e7510e7f39 - <tokio[a5602193ce3d1797]::runtime::runtime::Runtime>::block_on::<sqlx_core[ebe8752c20d0686b]::testing::run_test<sqlx_sqlite[ad7abc2f9f20a4d9]::database::Sqlite, sqlx_core[ebe8752c20d0686b]::testing::run_test_with_pool<sqlx_sqlite[ad7abc2f9f20a4d9]::database::Sqlite, fn(sqlx_core[ebe8752c20d0686b]::pool::Pool<sqlx_sqlite[ad7abc2f9f20a4d9]::database::Sqlite>) -> query_builder[1f1be0e997471e52]::returning::returning::{closure#0}, query_builder[1f1be0e997471e52]::returning::returning::{closure#0}>::{closure#0}, sqlx_core[ebe8752c20d0686b]::testing::run_test_with_pool<sqlx_sqlite[ad7abc2f9f20a4d9]::database::Sqlite, fn(sqlx_core[ebe8752c20d0686b]::pool::Pool<sqlx_sqlite[ad7abc2f9f20a4d9]::database::Sqlite>) -> query_builder[1f1be0e997471e52]::returning::returning::{closure#0}, query_builder[1f1be0e997471e52]::returning::returning::{closure#0}>::{closure#0}::{closure#0}>::{closure#0}>
[INFO] [stdout]   19:     0x60e7510fd6fc - sqlx_core[ebe8752c20d0686b]::rt::test_block_on::<sqlx_core[ebe8752c20d0686b]::testing::run_test<sqlx_sqlite[ad7abc2f9f20a4d9]::database::Sqlite, sqlx_core[ebe8752c20d0686b]::testing::run_test_with_pool<sqlx_sqlite[ad7abc2f9f20a4d9]::database::Sqlite, fn(sqlx_core[ebe8752c20d0686b]::pool::Pool<sqlx_sqlite[ad7abc2f9f20a4d9]::database::Sqlite>) -> query_builder[1f1be0e997471e52]::returning::returning::{closure#0}, query_builder[1f1be0e997471e52]::returning::returning::{closure#0}>::{closure#0}, sqlx_core[ebe8752c20d0686b]::testing::run_test_with_pool<sqlx_sqlite[ad7abc2f9f20a4d9]::database::Sqlite, fn(sqlx_core[ebe8752c20d0686b]::pool::Pool<sqlx_sqlite[ad7abc2f9f20a4d9]::database::Sqlite>) -> query_builder[1f1be0e997471e52]::returning::returning::{closure#0}, query_builder[1f1be0e997471e52]::returning::returning::{closure#0}>::{closure#0}::{closure#0}>::{closure#0}>
[INFO] [stdout]   20:     0x60e7511058e2 - <query_builder[1f1be0e997471e52]::returning::{closure#0} as core[a373ad73a504971]::ops::function::FnOnce<()>>::call_once
[INFO] [stdout]   21:     0x60e751111efb - test[aada8e7e76ba119b]::__rust_begin_short_backtrace::<core[a373ad73a504971]::result::Result<(), alloc[2e1b2a31b91974c5]::string::String>, fn() -> core[a373ad73a504971]::result::Result<(), alloc[2e1b2a31b91974c5]::string::String>>
[INFO] [stdout]   22:     0x60e75111f0d5 - test[aada8e7e76ba119b]::run_test::{closure#0}
[INFO] [stdout]   23:     0x60e7511189c4 - std[617be2ca0a6fd877]::sys::backtrace::__rust_begin_short_backtrace::<test[aada8e7e76ba119b]::run_test::{closure#1}, ()>
[INFO] [stdout]   24:     0x60e751122162 - <std[617be2ca0a6fd877]::thread::lifecycle::spawn_unchecked<test[aada8e7e76ba119b]::run_test::{closure#1}, ()>::{closure#1} as core[a373ad73a504971]::ops::function::FnOnce<()>>::call_once::{shim:vtable#0}
[INFO] [stdout]   25:     0x60e75139e92f - <std[617be2ca0a6fd877]::sys::thread::unix::Thread>::new::thread_start
[INFO] [stdout]   26:     0x7935cc96cdfa - <unknown>
[INFO] [stdout]   27:     0x7935cca003d4 - clone
[INFO] [stdout]   28:                0x0 - <unknown>
[INFO] [stdout] 
[INFO] [stdout] ---- on_conflict stdout ----
[INFO] [stdout] 
[INFO] [stdout] thread 'on_conflict' (2541) panicked at /opt/rustwide/cargo-home/registry/src/index.crates.io-1949cf8c6b5b557f/sqlx-sqlite-0.8.5/src/testing/mod.rs:45:14:
[INFO] [stdout] failed to create folders: Os { code: 30, kind: ReadOnlyFilesystem, message: "Read-only file system" }
[INFO] [stdout] stack backtrace:
[INFO] [stdout]    0:     0x60e75139f111 - <<std[617be2ca0a6fd877]::sys::backtrace::BacktraceLock>::print::DisplayBacktrace as core[a373ad73a504971]::fmt::Display>::fmt
[INFO] [stdout]    1:     0x60e7513b44aa - core[a373ad73a504971]::fmt::write
[INFO] [stdout]    2:     0x60e7513a399c - <alloc[2e1b2a31b91974c5]::vec::Vec<u8> as core[a373ad73a504971]::io::write::Write>::write_fmt
[INFO] [stdout]    3:     0x60e751379d96 - std[617be2ca0a6fd877]::panicking::default_hook::{closure#0}
[INFO] [stdout]    4:     0x60e7513971a9 - std[617be2ca0a6fd877]::panicking::default_hook
[INFO] [stdout]    5:     0x60e75111eab0 - test[aada8e7e76ba119b]::test_main_inner::{closure#0}
[INFO] [stdout]    6:     0x60e7513974d2 - std[617be2ca0a6fd877]::panicking::panic_with_hook
[INFO] [stdout]    7:     0x60e751379e42 - std[617be2ca0a6fd877]::panicking::panic_handler::{closure#0}
[INFO] [stdout]    8:     0x60e751372479 - std[617be2ca0a6fd877]::sys::backtrace::__rust_end_short_backtrace::<std[617be2ca0a6fd877]::panicking::panic_handler::{closure#0}, !>
[INFO] [stdout]    9:     0x60e75137ab5d - __rustc[ea4f61d10b84890b]::rust_begin_unwind
[INFO] [stdout]   10:     0x60e7513b4c0c - core[a373ad73a504971]::panicking::panic_fmt
[INFO] [stdout]   11:     0x60e7513b49e2 - core[a373ad73a504971]::result::unwrap_failed
[INFO] [stdout]   12:     0x60e75117ea4b - <sqlx_sqlite[ad7abc2f9f20a4d9]::database::Sqlite as sqlx_core[ebe8752c20d0686b]::testing::TestSupport>::test_context::{closure#0}
[INFO] [stdout]   13:     0x60e7510a5859 - sqlx_core[ebe8752c20d0686b]::testing::run_test::<sqlx_sqlite[ad7abc2f9f20a4d9]::database::Sqlite, sqlx_core[ebe8752c20d0686b]::testing::run_test_with_pool<sqlx_sqlite[ad7abc2f9f20a4d9]::database::Sqlite, fn(sqlx_core[ebe8752c20d0686b]::pool::Pool<sqlx_sqlite[ad7abc2f9f20a4d9]::database::Sqlite>) -> query_builder[1f1be0e997471e52]::on_conflict::on_conflict::{closure#0}, query_builder[1f1be0e997471e52]::on_conflict::on_conflict::{closure#0}>::{closure#0}, sqlx_core[ebe8752c20d0686b]::testing::run_test_with_pool<sqlx_sqlite[ad7abc2f9f20a4d9]::database::Sqlite, fn(sqlx_core[ebe8752c20d0686b]::pool::Pool<sqlx_sqlite[ad7abc2f9f20a4d9]::database::Sqlite>) -> query_builder[1f1be0e997471e52]::on_conflict::on_conflict::{closure#0}, query_builder[1f1be0e997471e52]::on_conflict::on_conflict::{closure#0}>::{closure#0}::{closure#0}>::{closure#0}
[INFO] [stdout]   14:     0x60e7510c72e3 - <tokio[a5602193ce3d1797]::runtime::scheduler::current_thread::Context>::enter::<core[a373ad73a504971]::task::poll::Poll<core[a373ad73a504971]::result::Result<(), anyhow[adfb42d70d899e6e]::Error>>, <tokio[a5602193ce3d1797]::runtime::scheduler::current_thread::CoreGuard>::block_on<core[a373ad73a504971]::pin::Pin<&mut sqlx_core[ebe8752c20d0686b]::testing::run_test<sqlx_sqlite[ad7abc2f9f20a4d9]::database::Sqlite, sqlx_core[ebe8752c20d0686b]::testing::run_test_with_pool<sqlx_sqlite[ad7abc2f9f20a4d9]::database::Sqlite, fn(sqlx_core[ebe8752c20d0686b]::pool::Pool<sqlx_sqlite[ad7abc2f9f20a4d9]::database::Sqlite>) -> query_builder[1f1be0e997471e52]::on_conflict::on_conflict::{closure#0}, query_builder[1f1be0e997471e52]::on_conflict::on_conflict::{closure#0}>::{closure#0}, sqlx_core[ebe8752c20d0686b]::testing::run_test_with_pool<sqlx_sqlite[ad7abc2f9f20a4d9]::database::Sqlite, fn(sqlx_core[ebe8752c20d0686b]::pool::Pool<sqlx_sqlite[ad7abc2f9f20a4d9]::database::Sqlite>) -> query_builder[1f1be0e997471e52]::on_conflict::on_conflict::{closure#0}, query_builder[1f1be0e997471e52]::on_conflict::on_conflict::{closure#0}>::{closure#0}::{closure#0}>::{closure#0}>>::{closure#0}::{closure#0}>
[INFO] [stdout]   15:     0x60e7510d030f - <std[617be2ca0a6fd877]::thread::local::LocalKey<tokio[a5602193ce3d1797]::runtime::context::Context>>::with::<tokio[a5602193ce3d1797]::runtime::context::set_scheduler<(alloc[2e1b2a31b91974c5]::boxed::Box<tokio[a5602193ce3d1797]::runtime::scheduler::current_thread::Core>, core[a373ad73a504971]::option::Option<core[a373ad73a504971]::result::Result<(), anyhow[adfb42d70d899e6e]::Error>>), <tokio[a5602193ce3d1797]::runtime::scheduler::current_thread::CoreGuard>::enter<<tokio[a5602193ce3d1797]::runtime::scheduler::current_thread::CoreGuard>::block_on<core[a373ad73a504971]::pin::Pin<&mut sqlx_core[ebe8752c20d0686b]::testing::run_test<sqlx_sqlite[ad7abc2f9f20a4d9]::database::Sqlite, sqlx_core[ebe8752c20d0686b]::testing::run_test_with_pool<sqlx_sqlite[ad7abc2f9f20a4d9]::database::Sqlite, fn(sqlx_core[ebe8752c20d0686b]::pool::Pool<sqlx_sqlite[ad7abc2f9f20a4d9]::database::Sqlite>) -> query_builder[1f1be0e997471e52]::on_conflict::on_conflict::{closure#0}, query_builder[1f1be0e997471e52]::on_conflict::on_conflict::{closure#0}>::{closure#0}, sqlx_core[ebe8752c20d0686b]::testing::run_test_with_pool<sqlx_sqlite[ad7abc2f9f20a4d9]::database::Sqlite, fn(sqlx_core[ebe8752c20d0686b]::pool::Pool<sqlx_sqlite[ad7abc2f9f20a4d9]::database::Sqlite>) -> query_builder[1f1be0e997471e52]::on_conflict::on_conflict::{closure#0}, query_builder[1f1be0e997471e52]::on_conflict::on_conflict::{closure#0}>::{closure#0}::{closure#0}>::{closure#0}>>::{closure#0}, core[a373ad73a504971]::option::Option<core[a373ad73a504971]::result::Result<(), anyhow[adfb42d70d899e6e]::Error>>>::{closure#0}>::{closure#0}, (alloc[2e1b2a31b91974c5]::boxed::Box<tokio[a5602193ce3d1797]::runtime::scheduler::current_thread::Core>, core[a373ad73a504971]::option::Option<core[a373ad73a504971]::result::Result<(), anyhow[adfb42d70d899e6e]::Error>>)>
[INFO] [stdout]   16:     0x60e7510c836d - <tokio[a5602193ce3d1797]::runtime::scheduler::current_thread::CoreGuard>::block_on::<core[a373ad73a504971]::pin::Pin<&mut sqlx_core[ebe8752c20d0686b]::testing::run_test<sqlx_sqlite[ad7abc2f9f20a4d9]::database::Sqlite, sqlx_core[ebe8752c20d0686b]::testing::run_test_with_pool<sqlx_sqlite[ad7abc2f9f20a4d9]::database::Sqlite, fn(sqlx_core[ebe8752c20d0686b]::pool::Pool<sqlx_sqlite[ad7abc2f9f20a4d9]::database::Sqlite>) -> query_builder[1f1be0e997471e52]::on_conflict::on_conflict::{closure#0}, query_builder[1f1be0e997471e52]::on_conflict::on_conflict::{closure#0}>::{closure#0}, sqlx_core[ebe8752c20d0686b]::testing::run_test_with_pool<sqlx_sqlite[ad7abc2f9f20a4d9]::database::Sqlite, fn(sqlx_core[ebe8752c20d0686b]::pool::Pool<sqlx_sqlite[ad7abc2f9f20a4d9]::database::Sqlite>) -> query_builder[1f1be0e997471e52]::on_conflict::on_conflict::{closure#0}, query_builder[1f1be0e997471e52]::on_conflict::on_conflict::{closure#0}>::{closure#0}::{closure#0}>::{closure#0}>>
[INFO] [stdout]   17:     0x60e7510d1969 - tokio[a5602193ce3d1797]::runtime::context::runtime::enter_runtime::<<tokio[a5602193ce3d1797]::runtime::scheduler::current_thread::CurrentThread>::block_on<sqlx_core[ebe8752c20d0686b]::testing::run_test<sqlx_sqlite[ad7abc2f9f20a4d9]::database::Sqlite, sqlx_core[ebe8752c20d0686b]::testing::run_test_with_pool<sqlx_sqlite[ad7abc2f9f20a4d9]::database::Sqlite, fn(sqlx_core[ebe8752c20d0686b]::pool::Pool<sqlx_sqlite[ad7abc2f9f20a4d9]::database::Sqlite>) -> query_builder[1f1be0e997471e52]::on_conflict::on_conflict::{closure#0}, query_builder[1f1be0e997471e52]::on_conflict::on_conflict::{closure#0}>::{closure#0}, sqlx_core[ebe8752c20d0686b]::testing::run_test_with_pool<sqlx_sqlite[ad7abc2f9f20a4d9]::database::Sqlite, fn(sqlx_core[ebe8752c20d0686b]::pool::Pool<sqlx_sqlite[ad7abc2f9f20a4d9]::database::Sqlite>) -> query_builder[1f1be0e997471e52]::on_conflict::on_conflict::{closure#0}, query_builder[1f1be0e997471e52]::on_conflict::on_conflict::{closure#0}>::{closure#0}::{closure#0}>::{closure#0}>::{closure#0}, core[a373ad73a504971]::result::Result<(), anyhow[adfb42d70d899e6e]::Error>>
[INFO] [stdout]   18:     0x60e7510e7a39 - <tokio[a5602193ce3d1797]::runtime::runtime::Runtime>::block_on::<sqlx_core[ebe8752c20d0686b]::testing::run_test<sqlx_sqlite[ad7abc2f9f20a4d9]::database::Sqlite, sqlx_core[ebe8752c20d0686b]::testing::run_test_with_pool<sqlx_sqlite[ad7abc2f9f20a4d9]::database::Sqlite, fn(sqlx_core[ebe8752c20d0686b]::pool::Pool<sqlx_sqlite[ad7abc2f9f20a4d9]::database::Sqlite>) -> query_builder[1f1be0e997471e52]::on_conflict::on_conflict::{closure#0}, query_builder[1f1be0e997471e52]::on_conflict::on_conflict::{closure#0}>::{closure#0}, sqlx_core[ebe8752c20d0686b]::testing::run_test_with_pool<sqlx_sqlite[ad7abc2f9f20a4d9]::database::Sqlite, fn(sqlx_core[ebe8752c20d0686b]::pool::Pool<sqlx_sqlite[ad7abc2f9f20a4d9]::database::Sqlite>) -> query_builder[1f1be0e997471e52]::on_conflict::on_conflict::{closure#0}, query_builder[1f1be0e997471e52]::on_conflict::on_conflict::{closure#0}>::{closure#0}::{closure#0}>::{closure#0}>
[INFO] [stdout]   19:     0x60e7510fd23c - sqlx_core[ebe8752c20d0686b]::rt::test_block_on::<sqlx_core[ebe8752c20d0686b]::testing::run_test<sqlx_sqlite[ad7abc2f9f20a4d9]::database::Sqlite, sqlx_core[ebe8752c20d0686b]::testing::run_test_with_pool<sqlx_sqlite[ad7abc2f9f20a4d9]::database::Sqlite, fn(sqlx_core[ebe8752c20d0686b]::pool::Pool<sqlx_sqlite[ad7abc2f9f20a4d9]::database::Sqlite>) -> query_builder[1f1be0e997471e52]::on_conflict::on_conflict::{closure#0}, query_builder[1f1be0e997471e52]::on_conflict::on_conflict::{closure#0}>::{closure#0}, sqlx_core[ebe8752c20d0686b]::testing::run_test_with_pool<sqlx_sqlite[ad7abc2f9f20a4d9]::database::Sqlite, fn(sqlx_core[ebe8752c20d0686b]::pool::Pool<sqlx_sqlite[ad7abc2f9f20a4d9]::database::Sqlite>) -> query_builder[1f1be0e997471e52]::on_conflict::on_conflict::{closure#0}, query_builder[1f1be0e997471e52]::on_conflict::on_conflict::{closure#0}>::{closure#0}::{closure#0}>::{closure#0}>
[INFO] [stdout]   20:     0x60e751105422 - <query_builder[1f1be0e997471e52]::on_conflict::{closure#0} as core[a373ad73a504971]::ops::function::FnOnce<()>>::call_once
[INFO] [stdout]   21:     0x60e751111efb - test[aada8e7e76ba119b]::__rust_begin_short_backtrace::<core[a373ad73a504971]::result::Result<(), alloc[2e1b2a31b91974c5]::string::String>, fn() -> core[a373ad73a504971]::result::Result<(), alloc[2e1b2a31b91974c5]::string::String>>
[INFO] [stdout]   22:     0x60e75111f0d5 - test[aada8e7e76ba119b]::run_test::{closure#0}
[INFO] [stdout]   23:     0x60e7511189c4 - std[617be2ca0a6fd877]::sys::backtrace::__rust_begin_short_backtrace::<test[aada8e7e76ba119b]::run_test::{closure#1}, ()>
[INFO] [stdout]   24:     0x60e751122162 - <std[617be2ca0a6fd877]::thread::lifecycle::spawn_unchecked<test[aada8e7e76ba119b]::run_test::{closure#1}, ()>::{closure#1} as core[a373ad73a504971]::ops::function::FnOnce<()>>::call_once::{shim:vtable#0}
[INFO] [stdout]   25:     0x60e75139e92f - <std[617be2ca0a6fd877]::sys::thread::unix::Thread>::new::thread_start
[INFO] [stdout]   26:     0x7935cc96cdfa - <unknown>
[INFO] [stdout]   27:     0x7935cca003d4 - clone
[INFO] [stdout]   28:                0x0 - <unknown>
[INFO] [stdout] 
[INFO] [stdout] ---- select_from stdout ----
[INFO] [stdout] 
[INFO] [stdout] thread 'select_from' (2543) panicked at /opt/rustwide/cargo-home/registry/src/index.crates.io-1949cf8c6b5b557f/sqlx-sqlite-0.8.5/src/testing/mod.rs:45:14:
[INFO] [stdout] failed to create folders: Os { code: 30, kind: ReadOnlyFilesystem, message: "Read-only file system" }
[INFO] [stdout] stack backtrace:
[INFO] [stdout]    0:     0x60e75139f111 - <<std[617be2ca0a6fd877]::sys::backtrace::BacktraceLock>::print::DisplayBacktrace as core[a373ad73a504971]::fmt::Display>::fmt
[INFO] [stdout]    1:     0x60e7513b44aa - core[a373ad73a504971]::fmt::write
[INFO] [stdout]    2:     0x60e7513a399c - <alloc[2e1b2a31b91974c5]::vec::Vec<u8> as core[a373ad73a504971]::io::write::Write>::write_fmt
[INFO] [stdout]    3:     0x60e751379d96 - std[617be2ca0a6fd877]::panicking::default_hook::{closure#0}
[INFO] [stdout]    4:     0x60e7513971a9 - std[617be2ca0a6fd877]::panicking::default_hook
[INFO] [stdout]    5:     0x60e75111eab0 - test[aada8e7e76ba119b]::test_main_inner::{closure#0}
[INFO] [stdout]    6:     0x60e7513974d2 - std[617be2ca0a6fd877]::panicking::panic_with_hook
[INFO] [stdout]    7:     0x60e751379e42 - std[617be2ca0a6fd877]::panicking::panic_handler::{closure#0}
[INFO] [stdout]    8:     0x60e751372479 - std[617be2ca0a6fd877]::sys::backtrace::__rust_end_short_backtrace::<std[617be2ca0a6fd877]::panicking::panic_handler::{closure#0}, !>
[INFO] [stdout]    9:     0x60e75137ab5d - __rustc[ea4f61d10b84890b]::rust_begin_unwind
[INFO] [stdout]   10:     0x60e7513b4c0c - core[a373ad73a504971]::panicking::panic_fmt
[INFO] [stdout]   11:     0x60e7513b49e2 - core[a373ad73a504971]::result::unwrap_failed
[INFO] [stdout]   12:     0x60e75117ea4b - <sqlx_sqlite[ad7abc2f9f20a4d9]::database::Sqlite as sqlx_core[ebe8752c20d0686b]::testing::TestSupport>::test_context::{closure#0}
[INFO] [stdout]   13:     0x60e7510a6d93 - sqlx_core[ebe8752c20d0686b]::testing::run_test::<sqlx_sqlite[ad7abc2f9f20a4d9]::database::Sqlite, sqlx_core[ebe8752c20d0686b]::testing::run_test_with_pool<sqlx_sqlite[ad7abc2f9f20a4d9]::database::Sqlite, fn(sqlx_core[ebe8752c20d0686b]::pool::Pool<sqlx_sqlite[ad7abc2f9f20a4d9]::database::Sqlite>) -> query_builder[1f1be0e997471e52]::select_from::select_from::{closure#0}, query_builder[1f1be0e997471e52]::select_from::select_from::{closure#0}>::{closure#0}, sqlx_core[ebe8752c20d0686b]::testing::run_test_with_pool<sqlx_sqlite[ad7abc2f9f20a4d9]::database::Sqlite, fn(sqlx_core[ebe8752c20d0686b]::pool::Pool<sqlx_sqlite[ad7abc2f9f20a4d9]::database::Sqlite>) -> query_builder[1f1be0e997471e52]::select_from::select_from::{closure#0}, query_builder[1f1be0e997471e52]::select_from::select_from::{closure#0}>::{closure#0}::{closure#0}>::{closure#0}
[INFO] [stdout]   14:     0x60e7510c74c3 - <tokio[a5602193ce3d1797]::runtime::scheduler::current_thread::Context>::enter::<core[a373ad73a504971]::task::poll::Poll<core[a373ad73a504971]::result::Result<(), anyhow[adfb42d70d899e6e]::Error>>, <tokio[a5602193ce3d1797]::runtime::scheduler::current_thread::CoreGuard>::block_on<core[a373ad73a504971]::pin::Pin<&mut sqlx_core[ebe8752c20d0686b]::testing::run_test<sqlx_sqlite[ad7abc2f9f20a4d9]::database::Sqlite, sqlx_core[ebe8752c20d0686b]::testing::run_test_with_pool<sqlx_sqlite[ad7abc2f9f20a4d9]::database::Sqlite, fn(sqlx_core[ebe8752c20d0686b]::pool::Pool<sqlx_sqlite[ad7abc2f9f20a4d9]::database::Sqlite>) -> query_builder[1f1be0e997471e52]::select_from::select_from::{closure#0}, query_builder[1f1be0e997471e52]::select_from::select_from::{closure#0}>::{closure#0}, sqlx_core[ebe8752c20d0686b]::testing::run_test_with_pool<sqlx_sqlite[ad7abc2f9f20a4d9]::database::Sqlite, fn(sqlx_core[ebe8752c20d0686b]::pool::Pool<sqlx_sqlite[ad7abc2f9f20a4d9]::database::Sqlite>) -> query_builder[1f1be0e997471e52]::select_from::select_from::{closure#0}, query_builder[1f1be0e997471e52]::select_from::select_from::{closure#0}>::{closure#0}::{closure#0}>::{closure#0}>>::{closure#0}::{closure#0}>
[INFO] [stdout]   15:     0x60e7510d04ef - <std[617be2ca0a6fd877]::thread::local::LocalKey<tokio[a5602193ce3d1797]::runtime::context::Context>>::with::<tokio[a5602193ce3d1797]::runtime::context::set_scheduler<(alloc[2e1b2a31b91974c5]::boxed::Box<tokio[a5602193ce3d1797]::runtime::scheduler::current_thread::Core>, core[a373ad73a504971]::option::Option<core[a373ad73a504971]::result::Result<(), anyhow[adfb42d70d899e6e]::Error>>), <tokio[a5602193ce3d1797]::runtime::scheduler::current_thread::CoreGuard>::enter<<tokio[a5602193ce3d1797]::runtime::scheduler::current_thread::CoreGuard>::block_on<core[a373ad73a504971]::pin::Pin<&mut sqlx_core[ebe8752c20d0686b]::testing::run_test<sqlx_sqlite[ad7abc2f9f20a4d9]::database::Sqlite, sqlx_core[ebe8752c20d0686b]::testing::run_test_with_pool<sqlx_sqlite[ad7abc2f9f20a4d9]::database::Sqlite, fn(sqlx_core[ebe8752c20d0686b]::pool::Pool<sqlx_sqlite[ad7abc2f9f20a4d9]::database::Sqlite>) -> query_builder[1f1be0e997471e52]::select_from::select_from::{closure#0}, query_builder[1f1be0e997471e52]::select_from::select_from::{closure#0}>::{closure#0}, sqlx_core[ebe8752c20d0686b]::testing::run_test_with_pool<sqlx_sqlite[ad7abc2f9f20a4d9]::database::Sqlite, fn(sqlx_core[ebe8752c20d0686b]::pool::Pool<sqlx_sqlite[ad7abc2f9f20a4d9]::database::Sqlite>) -> query_builder[1f1be0e997471e52]::select_from::select_from::{closure#0}, query_builder[1f1be0e997471e52]::select_from::select_from::{closure#0}>::{closure#0}::{closure#0}>::{closure#0}>>::{closure#0}, core[a373ad73a504971]::option::Option<core[a373ad73a504971]::result::Result<(), anyhow[adfb42d70d899e6e]::Error>>>::{closure#0}>::{closure#0}, (alloc[2e1b2a31b91974c5]::boxed::Box<tokio[a5602193ce3d1797]::runtime::scheduler::current_thread::Core>, core[a373ad73a504971]::option::Option<core[a373ad73a504971]::result::Result<(), anyhow[adfb42d70d899e6e]::Error>>)>
[INFO] [stdout]   16:     0x60e7510c850d - <tokio[a5602193ce3d1797]::runtime::scheduler::current_thread::CoreGuard>::block_on::<core[a373ad73a504971]::pin::Pin<&mut sqlx_core[ebe8752c20d0686b]::testing::run_test<sqlx_sqlite[ad7abc2f9f20a4d9]::database::Sqlite, sqlx_core[ebe8752c20d0686b]::testing::run_test_with_pool<sqlx_sqlite[ad7abc2f9f20a4d9]::database::Sqlite, fn(sqlx_core[ebe8752c20d0686b]::pool::Pool<sqlx_sqlite[ad7abc2f9f20a4d9]::database::Sqlite>) -> query_builder[1f1be0e997471e52]::select_from::select_from::{closure#0}, query_builder[1f1be0e997471e52]::select_from::select_from::{closure#0}>::{closure#0}, sqlx_core[ebe8752c20d0686b]::testing::run_test_with_pool<sqlx_sqlite[ad7abc2f9f20a4d9]::database::Sqlite, fn(sqlx_core[ebe8752c20d0686b]::pool::Pool<sqlx_sqlite[ad7abc2f9f20a4d9]::database::Sqlite>) -> query_builder[1f1be0e997471e52]::select_from::select_from::{closure#0}, query_builder[1f1be0e997471e52]::select_from::select_from::{closure#0}>::{closure#0}::{closure#0}>::{closure#0}>>
[INFO] [stdout]   17:     0x60e7510d1e39 - tokio[a5602193ce3d1797]::runtime::context::runtime::enter_runtime::<<tokio[a5602193ce3d1797]::runtime::scheduler::current_thread::CurrentThread>::block_on<sqlx_core[ebe8752c20d0686b]::testing::run_test<sqlx_sqlite[ad7abc2f9f20a4d9]::database::Sqlite, sqlx_core[ebe8752c20d0686b]::testing::run_test_with_pool<sqlx_sqlite[ad7abc2f9f20a4d9]::database::Sqlite, fn(sqlx_core[ebe8752c20d0686b]::pool::Pool<sqlx_sqlite[ad7abc2f9f20a4d9]::database::Sqlite>) -> query_builder[1f1be0e997471e52]::select_from::select_from::{closure#0}, query_builder[1f1be0e997471e52]::select_from::select_from::{closure#0}>::{closure#0}, sqlx_core[ebe8752c20d0686b]::testing::run_test_with_pool<sqlx_sqlite[ad7abc2f9f20a4d9]::database::Sqlite, fn(sqlx_core[ebe8752c20d0686b]::pool::Pool<sqlx_sqlite[ad7abc2f9f20a4d9]::database::Sqlite>) -> query_builder[1f1be0e997471e52]::select_from::select_from::{closure#0}, query_builder[1f1be0e997471e52]::select_from::select_from::{closure#0}>::{closure#0}::{closure#0}>::{closure#0}>::{closure#0}, core[a373ad73a504971]::result::Result<(), anyhow[adfb42d70d899e6e]::Error>>
[INFO] [stdout]   18:     0x60e7510e7b79 - <tokio[a5602193ce3d1797]::runtime::runtime::Runtime>::block_on::<sqlx_core[ebe8752c20d0686b]::testing::run_test<sqlx_sqlite[ad7abc2f9f20a4d9]::database::Sqlite, sqlx_core[ebe8752c20d0686b]::testing::run_test_with_pool<sqlx_sqlite[ad7abc2f9f20a4d9]::database::Sqlite, fn(sqlx_core[ebe8752c20d0686b]::pool::Pool<sqlx_sqlite[ad7abc2f9f20a4d9]::database::Sqlite>) -> query_builder[1f1be0e997471e52]::select_from::select_from::{closure#0}, query_builder[1f1be0e997471e52]::select_from::select_from::{closure#0}>::{closure#0}, sqlx_core[ebe8752c20d0686b]::testing::run_test_with_pool<sqlx_sqlite[ad7abc2f9f20a4d9]::database::Sqlite, fn(sqlx_core[ebe8752c20d0686b]::pool::Pool<sqlx_sqlite[ad7abc2f9f20a4d9]::database::Sqlite>) -> query_builder[1f1be0e997471e52]::select_from::select_from::{closure#0}, query_builder[1f1be0e997471e52]::select_from::select_from::{closure#0}>::{closure#0}::{closure#0}>::{closure#0}>
[INFO] [stdout]   19:     0x60e7510fd36c - sqlx_core[ebe8752c20d0686b]::rt::test_block_on::<sqlx_core[ebe8752c20d0686b]::testing::run_test<sqlx_sqlite[ad7abc2f9f20a4d9]::database::Sqlite, sqlx_core[ebe8752c20d0686b]::testing::run_test_with_pool<sqlx_sqlite[ad7abc2f9f20a4d9]::database::Sqlite, fn(sqlx_core[ebe8752c20d0686b]::pool::Pool<sqlx_sqlite[ad7abc2f9f20a4d9]::database::Sqlite>) -> query_builder[1f1be0e997471e52]::select_from::select_from::{closure#0}, query_builder[1f1be0e997471e52]::select_from::select_from::{closure#0}>::{closure#0}, sqlx_core[ebe8752c20d0686b]::testing::run_test_with_pool<sqlx_sqlite[ad7abc2f9f20a4d9]::database::Sqlite, fn(sqlx_core[ebe8752c20d0686b]::pool::Pool<sqlx_sqlite[ad7abc2f9f20a4d9]::database::Sqlite>) -> query_builder[1f1be0e997471e52]::select_from::select_from::{closure#0}, query_builder[1f1be0e997471e52]::select_from::select_from::{closure#0}>::{closure#0}::{closure#0}>::{closure#0}>
[INFO] [stdout]   20:     0x60e751105552 - <query_builder[1f1be0e997471e52]::select_from::{closure#0} as core[a373ad73a504971]::ops::function::FnOnce<()>>::call_once
[INFO] [stdout]   21:     0x60e751111efb - test[aada8e7e76ba119b]::__rust_begin_short_backtrace::<core[a373ad73a504971]::result::Result<(), alloc[2e1b2a31b91974c5]::string::String>, fn() -> core[a373ad73a504971]::result::Result<(), alloc[2e1b2a31b91974c5]::string::String>>
[INFO] [stdout]   22:     0x60e75111f0d5 - test[aada8e7e76ba119b]::run_test::{closure#0}
[INFO] [stdout]   23:     0x60e7511189c4 - std[617be2ca0a6fd877]::sys::backtrace::__rust_begin_short_backtrace::<test[aada8e7e76ba119b]::run_test::{closure#1}, ()>
[INFO] [stdout]   24:     0x60e751122162 - <std[617be2ca0a6fd877]::thread::lifecycle::spawn_unchecked<test[aada8e7e76ba119b]::run_test::{closure#1}, ()>::{closure#1} as core[a373ad73a504971]::ops::function::FnOnce<()>>::call_once::{shim:vtable#0}
[INFO] [stdout]   25:     0x60e75139e92f - <std[617be2ca0a6fd877]::sys::thread::unix::Thread>::new::thread_start
[INFO] [stdout]   26:     0x7935cc96cdfa - <unknown>
[INFO] [stdout]   27:     0x7935cca003d4 - clone
[INFO] [stdout]   28:                0x0 - <unknown>
[INFO] [stdout] 
[INFO] [stdout] ---- delete stdout ----
[INFO] [stdout] 
[INFO] [stdout] thread 'delete' (2539) panicked at /opt/rustwide/cargo-home/registry/src/index.crates.io-1949cf8c6b5b557f/sqlx-sqlite-0.8.5/src/testing/mod.rs:45:14:
[INFO] [stdout] failed to create folders: Os { code: 30, kind: ReadOnlyFilesystem, message: "Read-only file system" }
[INFO] [stdout] stack backtrace:
[INFO] [stdout]    0:     0x60e75139f111 - <<std[617be2ca0a6fd877]::sys::backtrace::BacktraceLock>::print::DisplayBacktrace as core[a373ad73a504971]::fmt::Display>::fmt
[INFO] [stdout]    1:     0x60e7513b44aa - core[a373ad73a504971]::fmt::write
[INFO] [stdout]    2:     0x60e7513a399c - <alloc[2e1b2a31b91974c5]::vec::Vec<u8> as core[a373ad73a504971]::io::write::Write>::write_fmt
[INFO] [stdout]    3:     0x60e751379d96 - std[617be2ca0a6fd877]::panicking::default_hook::{closure#0}
[INFO] [stdout]    4:     0x60e7513971a9 - std[617be2ca0a6fd877]::panicking::default_hook
[INFO] [stdout]    5:     0x60e75111eab0 - test[aada8e7e76ba119b]::test_main_inner::{closure#0}
[INFO] [stdout]    6:     0x60e7513974d2 - std[617be2ca0a6fd877]::panicking::panic_with_hook
[INFO] [stdout]    7:     0x60e751379e42 - std[617be2ca0a6fd877]::panicking::panic_handler::{closure#0}
[INFO] [stdout]    8:     0x60e751372479 - std[617be2ca0a6fd877]::sys::backtrace::__rust_end_short_backtrace::<std[617be2ca0a6fd877]::panicking::panic_handler::{closure#0}, !>
[INFO] [stdout]    9:     0x60e75137ab5d - __rustc[ea4f61d10b84890b]::rust_begin_unwind
[INFO] [stdout]   10:     0x60e7513b4c0c - core[a373ad73a504971]::panicking::panic_fmt
[INFO] [stdout]   11:     0x60e7513b49e2 - core[a373ad73a504971]::result::unwrap_failed
[INFO] [stdout]   12:     0x60e75117ea4b - <sqlx_sqlite[ad7abc2f9f20a4d9]::database::Sqlite as sqlx_core[ebe8752c20d0686b]::testing::TestSupport>::test_context::{closure#0}
[INFO] [stdout]   13:     0x60e7510a7b84 - sqlx_core[ebe8752c20d0686b]::testing::run_test::<sqlx_sqlite[ad7abc2f9f20a4d9]::database::Sqlite, sqlx_core[ebe8752c20d0686b]::testing::run_test_with_pool<sqlx_sqlite[ad7abc2f9f20a4d9]::database::Sqlite, fn(sqlx_core[ebe8752c20d0686b]::pool::Pool<sqlx_sqlite[ad7abc2f9f20a4d9]::database::Sqlite>) -> query_builder[1f1be0e997471e52]::delete::delete::{closure#0}, query_builder[1f1be0e997471e52]::delete::delete::{closure#0}>::{closure#0}, sqlx_core[ebe8752c20d0686b]::testing::run_test_with_pool<sqlx_sqlite[ad7abc2f9f20a4d9]::database::Sqlite, fn(sqlx_core[ebe8752c20d0686b]::pool::Pool<sqlx_sqlite[ad7abc2f9f20a4d9]::database::Sqlite>) -> query_builder[1f1be0e997471e52]::delete::delete::{closure#0}, query_builder[1f1be0e997471e52]::delete::delete::{closure#0}>::{closure#0}::{closure#0}>::{closure#0}
[INFO] [stdout]   14:     0x60e7510c76a3 - <tokio[a5602193ce3d1797]::runtime::scheduler::current_thread::Context>::enter::<core[a373ad73a504971]::task::poll::Poll<core[a373ad73a504971]::result::Result<(), anyhow[adfb42d70d899e6e]::Error>>, <tokio[a5602193ce3d1797]::runtime::scheduler::current_thread::CoreGuard>::block_on<core[a373ad73a504971]::pin::Pin<&mut sqlx_core[ebe8752c20d0686b]::testing::run_test<sqlx_sqlite[ad7abc2f9f20a4d9]::database::Sqlite, sqlx_core[ebe8752c20d0686b]::testing::run_test_with_pool<sqlx_sqlite[ad7abc2f9f20a4d9]::database::Sqlite, fn(sqlx_core[ebe8752c20d0686b]::pool::Pool<sqlx_sqlite[ad7abc2f9f20a4d9]::database::Sqlite>) -> query_builder[1f1be0e997471e52]::delete::delete::{closure#0}, query_builder[1f1be0e997471e52]::delete::delete::{closure#0}>::{closure#0}, sqlx_core[ebe8752c20d0686b]::testing::run_test_with_pool<sqlx_sqlite[ad7abc2f9f20a4d9]::database::Sqlite, fn(sqlx_core[ebe8752c20d0686b]::pool::Pool<sqlx_sqlite[ad7abc2f9f20a4d9]::database::Sqlite>) -> query_builder[1f1be0e997471e52]::delete::delete::{closure#0}, query_builder[1f1be0e997471e52]::delete::delete::{closure#0}>::{closure#0}::{closure#0}>::{closure#0}>>::{closure#0}::{closure#0}>
[INFO] [stdout]   15:     0x60e7510d06cf - <std[617be2ca0a6fd877]::thread::local::LocalKey<tokio[a5602193ce3d1797]::runtime::context::Context>>::with::<tokio[a5602193ce3d1797]::runtime::context::set_scheduler<(alloc[2e1b2a31b91974c5]::boxed::Box<tokio[a5602193ce3d1797]::runtime::scheduler::current_thread::Core>, core[a373ad73a504971]::option::Option<core[a373ad73a504971]::result::Result<(), anyhow[adfb42d70d899e6e]::Error>>), <tokio[a5602193ce3d1797]::runtime::scheduler::current_thread::CoreGuard>::enter<<tokio[a5602193ce3d1797]::runtime::scheduler::current_thread::CoreGuard>::block_on<core[a373ad73a504971]::pin::Pin<&mut sqlx_core[ebe8752c20d0686b]::testing::run_test<sqlx_sqlite[ad7abc2f9f20a4d9]::database::Sqlite, sqlx_core[ebe8752c20d0686b]::testing::run_test_with_pool<sqlx_sqlite[ad7abc2f9f20a4d9]::database::Sqlite, fn(sqlx_core[ebe8752c20d0686b]::pool::Pool<sqlx_sqlite[ad7abc2f9f20a4d9]::database::Sqlite>) -> query_builder[1f1be0e997471e52]::delete::delete::{closure#0}, query_builder[1f1be0e997471e52]::delete::delete::{closure#0}>::{closure#0}, sqlx_core[ebe8752c20d0686b]::testing::run_test_with_pool<sqlx_sqlite[ad7abc2f9f20a4d9]::database::Sqlite, fn(sqlx_core[ebe8752c20d0686b]::pool::Pool<sqlx_sqlite[ad7abc2f9f20a4d9]::database::Sqlite>) -> query_builder[1f1be0e997471e52]::delete::delete::{closure#0}, query_builder[1f1be0e997471e52]::delete::delete::{closure#0}>::{closure#0}::{closure#0}>::{closure#0}>>::{closure#0}, core[a373ad73a504971]::option::Option<core[a373ad73a504971]::result::Result<(), anyhow[adfb42d70d899e6e]::Error>>>::{closure#0}>::{closure#0}, (alloc[2e1b2a31b91974c5]::boxed::Box<tokio[a5602193ce3d1797]::runtime::scheduler::current_thread::Core>, core[a373ad73a504971]::option::Option<core[a373ad73a504971]::result::Result<(), anyhow[adfb42d70d899e6e]::Error>>)>
[INFO] [stdout]   16:     0x60e7510c86ad - <tokio[a5602193ce3d1797]::runtime::scheduler::current_thread::CoreGuard>::block_on::<core[a373ad73a504971]::pin::Pin<&mut sqlx_core[ebe8752c20d0686b]::testing::run_test<sqlx_sqlite[ad7abc2f9f20a4d9]::database::Sqlite, sqlx_core[ebe8752c20d0686b]::testing::run_test_with_pool<sqlx_sqlite[ad7abc2f9f20a4d9]::database::Sqlite, fn(sqlx_core[ebe8752c20d0686b]::pool::Pool<sqlx_sqlite[ad7abc2f9f20a4d9]::database::Sqlite>) -> query_builder[1f1be0e997471e52]::delete::delete::{closure#0}, query_builder[1f1be0e997471e52]::delete::delete::{closure#0}>::{closure#0}, sqlx_core[ebe8752c20d0686b]::testing::run_test_with_pool<sqlx_sqlite[ad7abc2f9f20a4d9]::database::Sqlite, fn(sqlx_core[ebe8752c20d0686b]::pool::Pool<sqlx_sqlite[ad7abc2f9f20a4d9]::database::Sqlite>) -> query_builder[1f1be0e997471e52]::delete::delete::{closure#0}, query_builder[1f1be0e997471e52]::delete::delete::{closure#0}>::{closure#0}::{closure#0}>::{closure#0}>>
[INFO] [stdout]   17:     0x60e7510d2309 - tokio[a5602193ce3d1797]::runtime::context::runtime::enter_runtime::<<tokio[a5602193ce3d1797]::runtime::scheduler::current_thread::CurrentThread>::block_on<sqlx_core[ebe8752c20d0686b]::testing::run_test<sqlx_sqlite[ad7abc2f9f20a4d9]::database::Sqlite, sqlx_core[ebe8752c20d0686b]::testing::run_test_with_pool<sqlx_sqlite[ad7abc2f9f20a4d9]::database::Sqlite, fn(sqlx_core[ebe8752c20d0686b]::pool::Pool<sqlx_sqlite[ad7abc2f9f20a4d9]::database::Sqlite>) -> query_builder[1f1be0e997471e52]::delete::delete::{closure#0}, query_builder[1f1be0e997471e52]::delete::delete::{closure#0}>::{closure#0}, sqlx_core[ebe8752c20d0686b]::testing::run_test_with_pool<sqlx_sqlite[ad7abc2f9f20a4d9]::database::Sqlite, fn(sqlx_core[ebe8752c20d0686b]::pool::Pool<sqlx_sqlite[ad7abc2f9f20a4d9]::database::Sqlite>) -> query_builder[1f1be0e997471e52]::delete::delete::{closure#0}, query_builder[1f1be0e997471e52]::delete::delete::{closure#0}>::{closure#0}::{closure#0}>::{closure#0}>::{closure#0}, core[a373ad73a504971]::result::Result<(), anyhow[adfb42d70d899e6e]::Error>>
[INFO] [stdout]   18:     0x60e7510e7cb9 - <tokio[a5602193ce3d1797]::runtime::runtime::Runtime>::block_on::<sqlx_core[ebe8752c20d0686b]::testing::run_test<sqlx_sqlite[ad7abc2f9f20a4d9]::database::Sqlite, sqlx_core[ebe8752c20d0686b]::testing::run_test_with_pool<sqlx_sqlite[ad7abc2f9f20a4d9]::database::Sqlite, fn(sqlx_core[ebe8752c20d0686b]::pool::Pool<sqlx_sqlite[ad7abc2f9f20a4d9]::database::Sqlite>) -> query_builder[1f1be0e997471e52]::delete::delete::{closure#0}, query_builder[1f1be0e997471e52]::delete::delete::{closure#0}>::{closure#0}, sqlx_core[ebe8752c20d0686b]::testing::run_test_with_pool<sqlx_sqlite[ad7abc2f9f20a4d9]::database::Sqlite, fn(sqlx_core[ebe8752c20d0686b]::pool::Pool<sqlx_sqlite[ad7abc2f9f20a4d9]::database::Sqlite>) -> query_builder[1f1be0e997471e52]::delete::delete::{closure#0}, query_builder[1f1be0e997471e52]::delete::delete::{closure#0}>::{closure#0}::{closure#0}>::{closure#0}>
[INFO] [stdout]   19:     0x60e7510fd49c - sqlx_core[ebe8752c20d0686b]::rt::test_block_on::<sqlx_core[ebe8752c20d0686b]::testing::run_test<sqlx_sqlite[ad7abc2f9f20a4d9]::database::Sqlite, sqlx_core[ebe8752c20d0686b]::testing::run_test_with_pool<sqlx_sqlite[ad7abc2f9f20a4d9]::database::Sqlite, fn(sqlx_core[ebe8752c20d0686b]::pool::Pool<sqlx_sqlite[ad7abc2f9f20a4d9]::database::Sqlite>) -> query_builder[1f1be0e997471e52]::delete::delete::{closure#0}, query_builder[1f1be0e997471e52]::delete::delete::{closure#0}>::{closure#0}, sqlx_core[ebe8752c20d0686b]::testing::run_test_with_pool<sqlx_sqlite[ad7abc2f9f20a4d9]::database::Sqlite, fn(sqlx_core[ebe8752c20d0686b]::pool::Pool<sqlx_sqlite[ad7abc2f9f20a4d9]::database::Sqlite>) -> query_builder[1f1be0e997471e52]::delete::delete::{closure#0}, query_builder[1f1be0e997471e52]::delete::delete::{closure#0}>::{closure#0}::{closure#0}>::{closure#0}>
[INFO] [stdout]   20:     0x60e751105682 - <query_builder[1f1be0e997471e52]::delete::{closure#0} as core[a373ad73a504971]::ops::function::FnOnce<()>>::call_once
[INFO] [stdout]   21:     0x60e751111efb - test[aada8e7e76ba119b]::__rust_begin_short_backtrace::<core[a373ad73a504971]::result::Result<(), alloc[2e1b2a31b91974c5]::string::String>, fn() -> core[a373ad73a504971]::result::Result<(), alloc[2e1b2a31b91974c5]::string::String>>
[INFO] [stdout]   22:     0x60e75111f0d5 - test[aada8e7e76ba119b]::run_test::{closure#0}
[INFO] [stdout]   23:     0x60e7511189c4 - std[617be2ca0a6fd877]::sys::backtrace::__rust_begin_short_backtrace::<test[aada8e7e76ba119b]::run_test::{closure#1}, ()>
[INFO] [stdout]   24:     0x60e751122162 - <std[617be2ca0a6fd877]::thread::lifecycle::spawn_unchecked<test[aada8e7e76ba119b]::run_test::{closure#1}, ()>::{closure#1} as core[a373ad73a504971]::ops::function::FnOnce<()>>::call_once::{shim:vtable#0}
[INFO] [stdout]   25:     0x60e75139e92f - <std[617be2ca0a6fd877]::sys::thread::unix::Thread>::new::thread_start
[INFO] [stdout]   26:     0x7935cc96cdfa - <unknown>
[INFO] [stdout]   27:     0x7935cca003d4 - clone
[INFO] [stdout]   28:                0x0 - <unknown>
[INFO] [stdout] 
[INFO] [stdout] 
[INFO] [stdout] failures:
[INFO] [stdout]     delete
[INFO] [stdout]     insert_into
[INFO] [stdout]     on_conflict
[INFO] [stdout]     returning
[INFO] [stdout]     select_from
[INFO] [stdout]     update
[INFO] [stdout] 
[INFO] [stdout] test result: FAILED. 0 passed; 6 failed; 0 ignored; 0 measured; 0 filtered out; finished in 0.00s
[INFO] [stdout] 
[INFO] running `Command { std: "docker" "inspect" "d0a92faedcaf00c920c472864770becacf202057b1b748dc506078d2702f68ec", kill_on_drop: false }`
[INFO] running `Command { std: "docker" "rm" "-f" "d0a92faedcaf00c920c472864770becacf202057b1b748dc506078d2702f68ec", kill_on_drop: false }`
[INFO] [stdout] d0a92faedcaf00c920c472864770becacf202057b1b748dc506078d2702f68ec
