[INFO] fetching crate kalax 0.1.1...
[INFO] testing kalax-0.1.1 against 1.99.0-beta.8+cargoflags=--release for beta-release-1.100-2
[INFO] extracting crate kalax 0.1.1 into /workspace/builds/worker-5-tc1/source
[INFO] started tweaking crates.io crate kalax 0.1.1
[INFO] finished tweaking crates.io crate kalax 0.1.1
[INFO] tweaked toml for crates.io crate kalax 0.1.1 written to /workspace/builds/worker-5-tc1/source/Cargo.toml
[INFO] validating manifest of crates.io crate kalax 0.1.1 on toolchain 1.99.0-beta.8
[INFO] running `Command { std: CARGO_HOME="/workspace/cargo-home" RUSTUP_HOME="/workspace/rustup-home" "/workspace/cargo-home/bin/cargo" "+1.99.0-beta.8" "metadata" "--manifest-path" "Cargo.toml" "--no-deps", kill_on_drop: false }`
[INFO] crate crates.io crate kalax 0.1.1 already has a lockfile, it will not be regenerated
[INFO] running `Command { std: CARGO_HOME="/workspace/cargo-home" RUSTUP_HOME="/workspace/rustup-home" "/workspace/cargo-home/bin/cargo" "+1.99.0-beta.8" "fetch" "--manifest-path" "Cargo.toml", kill_on_drop: false }`
[INFO] [stderr]     Updating crates.io index
[INFO] [stderr]  Downloading crates ...
[INFO] [stderr]   Downloaded serdeio v0.5.0
[INFO] running `Command { std: "docker" "create" "-v" "/var/lib/crater-agent-workspace/builds/worker-5-tc1/source:/opt/rustwide/workdir:ro,Z" "-v" "/var/lib/crater-agent-workspace/builds/worker-5-tc1/target:/opt/rustwide/target:rw,Z" "-v" "/var/lib/crater-agent-workspace/cargo-home:/opt/rustwide/cargo-home:ro,Z" "-v" "/var/lib/crater-agent-workspace/rustup-home:/opt/rustwide/rustup-home:ro,Z" "-m" "1610612736" "--network" "none" "ghcr.io/rust-lang/crates-build-env/linux@sha256:77db811e55d90add9212f6832c23229e3de5f1c1f9905e8cb07319ea15df73ac" "sleep" "infinity", kill_on_drop: false }`
[INFO] [stdout] 5da42c827f548053e87ee8252cc179e2ad7e5d4787ab5cafd74ffd1aa5c3b90b
[INFO] running `Command { std: "docker" "start" "5da42c827f548053e87ee8252cc179e2ad7e5d4787ab5cafd74ffd1aa5c3b90b", kill_on_drop: false }`
[INFO] running `Command { std: "docker" "inspect" "5da42c827f548053e87ee8252cc179e2ad7e5d4787ab5cafd74ffd1aa5c3b90b", kill_on_drop: false }`
[INFO] running `Command { std: "docker" "exec" "-e" "SOURCE_DIR=/opt/rustwide/workdir" "-e" "CARGO_HOME=/opt/rustwide/cargo-home" "-e" "RUSTUP_HOME=/opt/rustwide/rustup-home" "-e" "CARGO_TARGET_DIR=/opt/rustwide/target" "-w" "/opt/rustwide/workdir" "--user" "0:0" "5da42c827f548053e87ee8252cc179e2ad7e5d4787ab5cafd74ffd1aa5c3b90b" "/opt/rustwide/cargo-home/bin/cargo" "+1.99.0-beta.8" "metadata" "--no-deps" "--format-version=1", kill_on_drop: false }`
[INFO] running `Command { std: "docker" "inspect" "5da42c827f548053e87ee8252cc179e2ad7e5d4787ab5cafd74ffd1aa5c3b90b", kill_on_drop: false }`
[INFO] running `Command { std: "docker" "exec" "-e" "SOURCE_DIR=/opt/rustwide/workdir" "-e" "CARGO_HOME=/opt/rustwide/cargo-home" "-e" "RUSTUP_HOME=/opt/rustwide/rustup-home" "-e" "CARGO_TARGET_DIR=/opt/rustwide/target" "-e" "CARGO_INCREMENTAL=0" "-e" "RUST_BACKTRACE=full" "-e" "RUSTFLAGS=--cap-lints=warn" "-e" "RUSTDOCFLAGS=--cap-lints=warn" "-w" "/opt/rustwide/workdir" "--user" "0:0" "5da42c827f548053e87ee8252cc179e2ad7e5d4787ab5cafd74ffd1aa5c3b90b" "/opt/rustwide/cargo-home/bin/cargo" "+1.99.0-beta.8" "build" "--frozen" "--message-format=json" "--release", kill_on_drop: false }`
[INFO] [stderr]    Compiling kalax v0.1.1 (/opt/rustwide/workdir)
[INFO] [stderr]     Finished `release` profile [optimized] target(s) in 1.62s
[INFO] running `Command { std: "docker" "inspect" "5da42c827f548053e87ee8252cc179e2ad7e5d4787ab5cafd74ffd1aa5c3b90b", kill_on_drop: false }`
[INFO] running `Command { std: "docker" "exec" "-e" "SOURCE_DIR=/opt/rustwide/workdir" "-e" "CARGO_HOME=/opt/rustwide/cargo-home" "-e" "RUSTUP_HOME=/opt/rustwide/rustup-home" "-e" "CARGO_TARGET_DIR=/opt/rustwide/target" "-e" "CARGO_INCREMENTAL=0" "-e" "RUST_BACKTRACE=full" "-e" "RUSTFLAGS=--cap-lints=warn" "-e" "RUSTDOCFLAGS=--cap-lints=warn" "-w" "/opt/rustwide/workdir" "--user" "0:0" "5da42c827f548053e87ee8252cc179e2ad7e5d4787ab5cafd74ffd1aa5c3b90b" "/opt/rustwide/cargo-home/bin/cargo" "+1.99.0-beta.8" "test" "--frozen" "--no-run" "--message-format=json" "--release", kill_on_drop: false }`
[INFO] [stderr]    Compiling syn v2.0.114
[INFO] [stderr]    Compiling csv-core v0.1.13
[INFO] [stderr]    Compiling serde_json v1.0.149
[INFO] [stderr]    Compiling csv v1.4.0
[INFO] [stderr]    Compiling serde_derive v1.0.228
[INFO] [stderr]    Compiling thiserror-impl v2.0.17
[INFO] [stderr]    Compiling thiserror v2.0.17
[INFO] [stderr]    Compiling serde v1.0.228
[INFO] [stderr]    Compiling serdeio v0.5.0
[INFO] [stderr]    Compiling kalax v0.1.1 (/opt/rustwide/workdir)
[INFO] [stderr]     Finished `release` profile [optimized] target(s) in 12.12s
[INFO] running `Command { std: "docker" "inspect" "5da42c827f548053e87ee8252cc179e2ad7e5d4787ab5cafd74ffd1aa5c3b90b", kill_on_drop: false }`
[INFO] running `Command { std: "docker" "exec" "-e" "SOURCE_DIR=/opt/rustwide/workdir" "-e" "CARGO_HOME=/opt/rustwide/cargo-home" "-e" "RUSTUP_HOME=/opt/rustwide/rustup-home" "-e" "CARGO_TARGET_DIR=/opt/rustwide/target" "-e" "CARGO_INCREMENTAL=0" "-e" "RUST_BACKTRACE=full" "-e" "RUSTFLAGS=--cap-lints=warn" "-e" "RUSTDOCFLAGS=--cap-lints=warn" "-w" "/opt/rustwide/workdir" "--user" "0:0" "5da42c827f548053e87ee8252cc179e2ad7e5d4787ab5cafd74ffd1aa5c3b90b" "/opt/rustwide/cargo-home/bin/cargo" "+1.99.0-beta.8" "test" "--frozen" "--release", kill_on_drop: false }`
[INFO] [stderr]     Finished `release` profile [optimized] target(s) in 0.06s
[INFO] [stdout] 
[INFO] [stderr]      Running unittests src/lib.rs (/opt/rustwide/target/release/deps/kalax-f6a885541281a5f8)
[INFO] [stdout] running 11 tests
[INFO] [stdout] test features::minimal::oop::tests::test_root_mean_square ... ok
[INFO] [stdout] test features::minimal::oop::tests::test_variance ... ok
[INFO] [stdout] test features::minimal::oop::tests::test_median ... ok
[INFO] [stdout] test features::minimal::oop::tests::test_mean ... ok
[INFO] [stdout] test features::minimal::oop::tests::test_standard_deviation ... ok
[INFO] [stdout] test features::minimal::oop::tests::test_sum_values ... ok
[INFO] [stdout] test features::minimal::oop::tests::test_minimum ... ok
[INFO] [stdout] test features::minimal::oop::tests::test_absolute_maximum ... ok
[INFO] [stdout] test features::minimal::oop::tests::test_maximum ... ok
[INFO] [stdout] test extractor::tests::test_minimal_extractor ... FAILED
[INFO] [stdout] test features::minimal::oop::tests::test_length ... ok
[INFO] [stdout] 
[INFO] [stdout] failures:
[INFO] [stdout] 
[INFO] [stdout] ---- extractor::tests::test_minimal_extractor stdout ----
[INFO] [stdout] 
[INFO] [stdout] thread 'extractor::tests::test_minimal_extractor' (356) panicked at src/extractor.rs:77:14:
[INFO] [stdout] failed to read sp500 raw data: Io(Os { code: 2, kind: NotFound, message: "No such file or directory" })
[INFO] [stdout] stack backtrace:
[INFO] [stdout]    0:     0x597879d73981 - <<std[70759c8f55707aa4]::sys::backtrace::BacktraceLock>::print::DisplayBacktrace as core[df12db4294e9bfd3]::fmt::Display>::fmt
[INFO] [stdout]    1:     0x597879d89baa - core[df12db4294e9bfd3]::fmt::write
[INFO] [stdout]    2:     0x597879d77e6c - <alloc[2182bb758b4b3781]::vec::Vec<u8> as core[df12db4294e9bfd3]::io::write::Write>::write_fmt
[INFO] [stdout]    3:     0x597879d4f826 - std[70759c8f55707aa4]::panicking::default_hook::{closure#0}
[INFO] [stdout]    4:     0x597879d6bbf9 - std[70759c8f55707aa4]::panicking::default_hook
[INFO] [stdout]    5:     0x597879cf7690 - test[9d35eded1c95d3be]::test_main_inner::<test[9d35eded1c95d3be]::test_main_static::{closure#0}>::{closure#0}
[INFO] [stdout]    6:     0x597879d6bf22 - std[70759c8f55707aa4]::panicking::panic_with_hook
[INFO] [stdout]    7:     0x597879d4f8d2 - std[70759c8f55707aa4]::panicking::panic_handler::{closure#0}
[INFO] [stdout]    8:     0x597879d484c9 - std[70759c8f55707aa4]::sys::backtrace::__rust_end_short_backtrace::<std[70759c8f55707aa4]::panicking::panic_handler::{closure#0}, !>
[INFO] [stdout]    9:     0x597879d504cd - __rustc[8fa7c3cbc660c2b3]::rust_begin_unwind
[INFO] [stdout]   10:     0x597879d8a2dc - core[df12db4294e9bfd3]::panicking::panic_fmt
[INFO] [stdout]   11:     0x597879d8a0b2 - core[df12db4294e9bfd3]::result::unwrap_failed
[INFO] [stdout]   12:     0x597879cd536d - kalax[6af758e1318c0cdf]::extractor::tests::test_minimal_extractor
[INFO] [stdout]   13:     0x597879cd92e9 - <kalax[6af758e1318c0cdf]::extractor::tests::test_minimal_extractor::{closure#0} as core[df12db4294e9bfd3]::ops::function::FnOnce<()>>::call_once
[INFO] [stdout]   14:     0x597879cea97b - test[9d35eded1c95d3be]::__rust_begin_short_backtrace::<core[df12db4294e9bfd3]::result::Result<(), alloc[2182bb758b4b3781]::string::String>, fn() -> core[df12db4294e9bfd3]::result::Result<(), alloc[2182bb758b4b3781]::string::String>>
[INFO] [stdout]   15:     0x597879cf7fe5 - test[9d35eded1c95d3be]::run_test::{closure#0}
[INFO] [stdout]   16:     0x597879cf18a4 - std[70759c8f55707aa4]::sys::backtrace::__rust_begin_short_backtrace::<test[9d35eded1c95d3be]::run_test::{closure#1}, ()>
[INFO] [stdout]   17:     0x597879cfb142 - <std[70759c8f55707aa4]::thread::lifecycle::spawn_unchecked<test[9d35eded1c95d3be]::run_test::{closure#1}, ()>::{closure#1} as core[df12db4294e9bfd3]::ops::function::FnOnce<()>>::call_once::{shim:vtable#0}
[INFO] [stdout]   18:     0x597879d72ed9 - <std[70759c8f55707aa4]::sys::thread::unix::Thread>::new::thread_start
[INFO] [stdout]   19:     0x78619ef67dfa - <unknown>
[INFO] [stdout]   20:     0x78619effb3d4 - clone
[INFO] [stdout]   21:                0x0 - <unknown>
[INFO] [stdout] 
[INFO] [stdout] 
[INFO] [stdout] failures:
[INFO] [stdout]     extractor::tests::test_minimal_extractor
[INFO] [stdout] 
[INFO] [stdout] test result: FAILED. 10 passed; 1 failed; 0 ignored; 0 measured; 0 filtered out; finished in 0.10s
[INFO] [stdout] 
[INFO] [stderr] error: test failed, to rerun pass `--lib`
[INFO] running `Command { std: "docker" "inspect" "5da42c827f548053e87ee8252cc179e2ad7e5d4787ab5cafd74ffd1aa5c3b90b", kill_on_drop: false }`
[INFO] running `Command { std: "docker" "rm" "-f" "5da42c827f548053e87ee8252cc179e2ad7e5d4787ab5cafd74ffd1aa5c3b90b", kill_on_drop: false }`
[INFO] [stdout] 5da42c827f548053e87ee8252cc179e2ad7e5d4787ab5cafd74ffd1aa5c3b90b
