[INFO] fetching crate kalamos 0.1.0...
[INFO] testing kalamos-0.1.0 against 1.99.0-beta.8+cargoflags=--release for beta-release-1.100-2
[INFO] extracting crate kalamos 0.1.0 into /workspace/builds/worker-6-tc1/source
[INFO] started tweaking crates.io crate kalamos 0.1.0
[INFO] removed 0 missing tests
[INFO] finished tweaking crates.io crate kalamos 0.1.0
[INFO] tweaked toml for crates.io crate kalamos 0.1.0 written to /workspace/builds/worker-6-tc1/source/Cargo.toml
[INFO] validating manifest of crates.io crate kalamos 0.1.0 on toolchain 1.99.0-beta.8
[INFO] running `Command { std: CARGO_HOME="/workspace/cargo-home" RUSTUP_HOME="/workspace/rustup-home" "/workspace/cargo-home/bin/cargo" "+1.99.0-beta.8" "metadata" "--manifest-path" "Cargo.toml" "--no-deps", kill_on_drop: false }`
[INFO] crate crates.io crate kalamos 0.1.0 already has a lockfile, it will not be regenerated
[INFO] running `Command { std: CARGO_HOME="/workspace/cargo-home" RUSTUP_HOME="/workspace/rustup-home" "/workspace/cargo-home/bin/cargo" "+1.99.0-beta.8" "fetch" "--manifest-path" "Cargo.toml", kill_on_drop: false }`
[INFO] [stderr]     Updating crates.io index
[INFO] [stderr]  Downloading crates ...
[INFO] [stderr]   Downloaded plist v1.10.0
[INFO] [stderr]   Downloaded cosmic_undo_2 v0.2.0
[INFO] [stderr]   Downloaded modit v0.1.5
[INFO] [stderr]   Downloaded cc v1.2.66
[INFO] [stderr]   Downloaded zerocopy-derive v0.8.53
[INFO] [stderr]   Downloaded zerocopy v0.8.53
[INFO] [stderr]   Downloaded swash v0.2.9
[INFO] running `Command { std: "docker" "create" "-v" "/var/lib/crater-agent-workspace/builds/worker-6-tc1/source:/opt/rustwide/workdir:ro,Z" "-v" "/var/lib/crater-agent-workspace/builds/worker-6-tc1/target:/opt/rustwide/target:rw,Z" "-v" "/var/lib/crater-agent-workspace/cargo-home:/opt/rustwide/cargo-home:ro,Z" "-v" "/var/lib/crater-agent-workspace/rustup-home:/opt/rustwide/rustup-home:ro,Z" "-m" "1610612736" "--network" "none" "ghcr.io/rust-lang/crates-build-env/linux@sha256:77db811e55d90add9212f6832c23229e3de5f1c1f9905e8cb07319ea15df73ac" "sleep" "infinity", kill_on_drop: false }`
[INFO] [stdout] e8958355a27c76ac52a5452d2a236d8c693afc5a4c4b7687afb289fc2f3d147f
[INFO] running `Command { std: "docker" "start" "e8958355a27c76ac52a5452d2a236d8c693afc5a4c4b7687afb289fc2f3d147f", kill_on_drop: false }`
[INFO] running `Command { std: "docker" "inspect" "e8958355a27c76ac52a5452d2a236d8c693afc5a4c4b7687afb289fc2f3d147f", kill_on_drop: false }`
[INFO] running `Command { std: "docker" "exec" "-e" "SOURCE_DIR=/opt/rustwide/workdir" "-e" "CARGO_HOME=/opt/rustwide/cargo-home" "-e" "RUSTUP_HOME=/opt/rustwide/rustup-home" "-e" "CARGO_TARGET_DIR=/opt/rustwide/target" "-w" "/opt/rustwide/workdir" "--user" "0:0" "e8958355a27c76ac52a5452d2a236d8c693afc5a4c4b7687afb289fc2f3d147f" "/opt/rustwide/cargo-home/bin/cargo" "+1.99.0-beta.8" "metadata" "--no-deps" "--format-version=1", kill_on_drop: false }`
[INFO] running `Command { std: "docker" "inspect" "e8958355a27c76ac52a5452d2a236d8c693afc5a4c4b7687afb289fc2f3d147f", kill_on_drop: false }`
[INFO] running `Command { std: "docker" "exec" "-e" "SOURCE_DIR=/opt/rustwide/workdir" "-e" "CARGO_HOME=/opt/rustwide/cargo-home" "-e" "RUSTUP_HOME=/opt/rustwide/rustup-home" "-e" "CARGO_TARGET_DIR=/opt/rustwide/target" "-e" "CARGO_INCREMENTAL=0" "-e" "RUST_BACKTRACE=full" "-e" "RUSTFLAGS=--cap-lints=warn" "-e" "RUSTDOCFLAGS=--cap-lints=warn" "-w" "/opt/rustwide/workdir" "--user" "0:0" "e8958355a27c76ac52a5452d2a236d8c693afc5a4c4b7687afb289fc2f3d147f" "/opt/rustwide/cargo-home/bin/cargo" "+1.99.0-beta.8" "build" "--frozen" "--message-format=json" "--release", kill_on_drop: false }`
[INFO] [stderr]    Compiling roxmltree v0.20.0
[INFO] [stderr]    Compiling zeno v0.3.3
[INFO] [stderr]    Compiling yazi v0.2.1
[INFO] [stderr]    Compiling linebender_resource_handle v0.1.1
[INFO] [stderr]    Compiling self_cell v1.2.2
[INFO] [stderr]    Compiling unicode-bidi v0.3.18
[INFO] [stderr]    Compiling slotmap v1.1.1
[INFO] [stderr]    Compiling rustc-hash v2.1.3
[INFO] [stderr]    Compiling smol_str v0.3.6
[INFO] [stderr]    Compiling rangemap v1.7.1
[INFO] [stderr]    Compiling sys-locale v0.3.2
[INFO] [stderr]    Compiling unicode-script v0.5.8
[INFO] [stderr]    Compiling core_maths v0.1.1
[INFO] [stderr]    Compiling bytemuck_derive v1.10.2
[INFO] [stderr]    Compiling ttf-parser v0.25.1
[INFO] [stderr]    Compiling bytemuck v1.25.0
[INFO] [stderr]    Compiling fontconfig-parser v0.5.8
[INFO] [stderr]    Compiling font-types v0.11.3
[INFO] [stderr]    Compiling read-fonts v0.37.0
[INFO] [stderr]    Compiling read-fonts v0.39.2
[INFO] [stderr]    Compiling fontdb v0.23.0
[INFO] [stderr]    Compiling harfrust v0.5.2
[INFO] [stderr]    Compiling skrifa v0.40.0
[INFO] [stderr]    Compiling skrifa v0.42.1
[INFO] [stderr]    Compiling swash v0.2.9
[INFO] [stderr]    Compiling kalamos v0.1.0 (/opt/rustwide/workdir)
[INFO] [stderr]     Finished `release` profile [optimized] target(s) in 1m 19s
[INFO] running `Command { std: "docker" "inspect" "e8958355a27c76ac52a5452d2a236d8c693afc5a4c4b7687afb289fc2f3d147f", kill_on_drop: false }`
[INFO] running `Command { std: "docker" "exec" "-e" "SOURCE_DIR=/opt/rustwide/workdir" "-e" "CARGO_HOME=/opt/rustwide/cargo-home" "-e" "RUSTUP_HOME=/opt/rustwide/rustup-home" "-e" "CARGO_TARGET_DIR=/opt/rustwide/target" "-e" "CARGO_INCREMENTAL=0" "-e" "RUST_BACKTRACE=full" "-e" "RUSTFLAGS=--cap-lints=warn" "-e" "RUSTDOCFLAGS=--cap-lints=warn" "-w" "/opt/rustwide/workdir" "--user" "0:0" "e8958355a27c76ac52a5452d2a236d8c693afc5a4c4b7687afb289fc2f3d147f" "/opt/rustwide/cargo-home/bin/cargo" "+1.99.0-beta.8" "test" "--frozen" "--no-run" "--message-format=json" "--release", kill_on_drop: false }`
[INFO] [stderr]    Compiling syn v2.0.118
[INFO] [stderr]    Compiling zerocopy v0.8.53
[INFO] [stderr]    Compiling simd-adler32 v0.3.9
[INFO] [stderr]    Compiling cc v1.2.66
[INFO] [stderr]    Compiling either v1.16.0
[INFO] [stderr]    Compiling serde_json v1.0.150
[INFO] [stderr]    Compiling clap_builder v4.6.0
[INFO] [stderr]    Compiling regex-automata v0.4.14
[INFO] [stderr]    Compiling page_size v0.6.0
[INFO] [stderr]    Compiling miniz_oxide v0.8.9
[INFO] [stderr]    Compiling fdeflate v0.3.7
[INFO] [stderr]    Compiling itertools v0.13.0
[INFO] [stderr]    Compiling flate2 v1.1.9
[INFO] [stderr]    Compiling alloca v0.4.0
[INFO] [stderr]    Compiling png v0.17.16
[INFO] [stderr]    Compiling regex v1.12.4
[INFO] [stderr]    Compiling criterion-plot v0.8.2
[INFO] [stderr]    Compiling clap v4.6.1
[INFO] [stderr]    Compiling bytemuck_derive v1.10.2
[INFO] [stderr]    Compiling zerocopy-derive v0.8.53
[INFO] [stderr]    Compiling serde_derive v1.0.228
[INFO] [stderr]    Compiling bytemuck v1.25.0
[INFO] [stderr]    Compiling font-types v0.11.3
[INFO] [stderr]    Compiling tiny-skia-path v0.11.4
[INFO] [stderr]    Compiling read-fonts v0.37.0
[INFO] [stderr]    Compiling read-fonts v0.39.2
[INFO] [stderr]    Compiling tiny-skia v0.11.4
[INFO] [stderr]    Compiling serde v1.0.228
[INFO] [stderr]    Compiling tinytemplate v1.2.1
[INFO] [stderr]    Compiling half v2.7.1
[INFO] [stderr]    Compiling ciborium-ll v0.2.2
[INFO] [stderr]    Compiling ciborium v0.2.2
[INFO] [stderr]    Compiling criterion v0.8.2
[INFO] [stderr]    Compiling skrifa v0.40.0
[INFO] [stderr]    Compiling harfrust v0.5.2
[INFO] [stderr]    Compiling skrifa v0.42.1
[INFO] [stderr]    Compiling swash v0.2.9
[INFO] [stderr]    Compiling kalamos v0.1.0 (/opt/rustwide/workdir)
[INFO] [stdout] warning: unused import: `std::path::PathBuf`
[INFO] [stdout]  --> tests/ellipsize_rendering.rs:1:5
[INFO] [stdout]   |
[INFO] [stdout] 1 | use std::path::PathBuf;
[INFO] [stdout]   |     ^^^^^^^^^^^^^^^^^^
[INFO] [stdout]   |
[INFO] [stdout]   = note: `#[warn(unused_imports)]` (part of `#[warn(unused)]`) on by default
[INFO] [stdout] 
[INFO] [stdout] 
[INFO] [stdout] warning: unused imports: `Buffer`, `FontSystem`, `Metrics`, `Shaping`, and `fontdb::Database`
[INFO] [stdout]  --> tests/ellipsize_rendering.rs:5:5
[INFO] [stdout]   |
[INFO] [stdout] 5 |     fontdb::Database, Align, Attrs, Buffer, Ellipsize, EllipsizeHeightLimit, Family, FontSystem,
[INFO] [stdout]   |     ^^^^^^^^^^^^^^^^                ^^^^^^                                           ^^^^^^^^^^
[INFO] [stdout] 6 |     Metrics, Shaping, Wrap,
[INFO] [stdout]   |     ^^^^^^^  ^^^^^^^
[INFO] [stdout] 
[INFO] [stdout] 
[INFO] [stdout] warning: methods `rich_text`, `wrap`, `ellipsize`, and `alignment` are never used
[INFO] [stdout]    --> tests/common/mod.rs:72:12
[INFO] [stdout]     |
[INFO] [stdout]  59 | impl DrawTestCfg {
[INFO] [stdout]     | ---------------- methods in this implementation
[INFO] [stdout] ...
[INFO] [stdout]  72 |     pub fn rich_text(
[INFO] [stdout]     |            ^^^^^^^^^
[INFO] [stdout] ...
[INFO] [stdout] 102 |     pub fn wrap(mut self, wrap: Wrap) -> Self {
[INFO] [stdout]     |            ^^^^
[INFO] [stdout] ...
[INFO] [stdout] 107 |     pub fn ellipsize(mut self, ellipsize: Ellipsize) -> Self {
[INFO] [stdout]     |            ^^^^^^^^^
[INFO] [stdout] ...
[INFO] [stdout] 112 |     pub fn alignment(mut self, alignment: Option<Align>) -> Self {
[INFO] [stdout]     |            ^^^^^^^^^
[INFO] [stdout]     |
[INFO] [stdout]     = note: `#[warn(dead_code)]` (part of `#[warn(unused)]`) on by default
[INFO] [stdout] 
[INFO] [stdout] 
[INFO] [stdout] warning: methods `text`, `wrap`, `ellipsize`, and `alignment` are never used
[INFO] [stdout]    --> tests/common/mod.rs:67:12
[INFO] [stdout]     |
[INFO] [stdout]  59 | impl DrawTestCfg {
[INFO] [stdout]     | ---------------- methods in this implementation
[INFO] [stdout] ...
[INFO] [stdout]  67 |     pub fn text(mut self, text: impl Into<String>) -> Self {
[INFO] [stdout]     |            ^^^^
[INFO] [stdout] ...
[INFO] [stdout] 102 |     pub fn wrap(mut self, wrap: Wrap) -> Self {
[INFO] [stdout]     |            ^^^^
[INFO] [stdout] ...
[INFO] [stdout] 107 |     pub fn ellipsize(mut self, ellipsize: Ellipsize) -> Self {
[INFO] [stdout]     |            ^^^^^^^^^
[INFO] [stdout] ...
[INFO] [stdout] 112 |     pub fn alignment(mut self, alignment: Option<Align>) -> Self {
[INFO] [stdout]     |            ^^^^^^^^^
[INFO] [stdout]     |
[INFO] [stdout]     = note: `#[warn(dead_code)]` (part of `#[warn(unused)]`) on by default
[INFO] [stdout] 
[INFO] [stdout] 
[INFO] [stderr]     Finished `release` profile [optimized] target(s) in 1m 34s
[INFO] running `Command { std: "docker" "inspect" "e8958355a27c76ac52a5452d2a236d8c693afc5a4c4b7687afb289fc2f3d147f", kill_on_drop: false }`
[INFO] running `Command { std: "docker" "exec" "-e" "SOURCE_DIR=/opt/rustwide/workdir" "-e" "CARGO_HOME=/opt/rustwide/cargo-home" "-e" "RUSTUP_HOME=/opt/rustwide/rustup-home" "-e" "CARGO_TARGET_DIR=/opt/rustwide/target" "-e" "CARGO_INCREMENTAL=0" "-e" "RUST_BACKTRACE=full" "-e" "RUSTFLAGS=--cap-lints=warn" "-e" "RUSTDOCFLAGS=--cap-lints=warn" "-w" "/opt/rustwide/workdir" "--user" "0:0" "e8958355a27c76ac52a5452d2a236d8c693afc5a4c4b7687afb289fc2f3d147f" "/opt/rustwide/cargo-home/bin/cargo" "+1.99.0-beta.8" "test" "--frozen" "--release", kill_on_drop: false }`
[INFO] [stderr] warning: unused import: `std::path::PathBuf`
[INFO] [stderr]  --> tests/ellipsize_rendering.rs:1:5
[INFO] [stderr]   |
[INFO] [stderr] 1 | use std::path::PathBuf;
[INFO] [stderr]   |     ^^^^^^^^^^^^^^^^^^
[INFO] [stderr]   |
[INFO] [stderr]   = note: `#[warn(unused_imports)]` (part of `#[warn(unused)]`) on by default
[INFO] [stderr] 
[INFO] [stderr] warning: unused imports: `Buffer`, `FontSystem`, `Metrics`, `Shaping`, and `fontdb::Database`
[INFO] [stderr]  --> tests/ellipsize_rendering.rs:5:5
[INFO] [stderr]   |
[INFO] [stderr] 5 |     fontdb::Database, Align, Attrs, Buffer, Ellipsize, EllipsizeHeightLimit, Family, FontSystem,
[INFO] [stderr]   |     ^^^^^^^^^^^^^^^^                ^^^^^^                                           ^^^^^^^^^^
[INFO] [stderr] 6 |     Metrics, Shaping, Wrap,
[INFO] [stderr]   |     ^^^^^^^  ^^^^^^^
[INFO] [stderr] 
[INFO] [stderr] warning: methods `rich_text`, `wrap`, `ellipsize`, and `alignment` are never used
[INFO] [stderr]    --> tests/common/mod.rs:72:12
[INFO] [stderr]     |
[INFO] [stderr]  59 | impl DrawTestCfg {
[INFO] [stderr]     | ---------------- methods in this implementation
[INFO] [stderr] ...
[INFO] [stderr]  72 |     pub fn rich_text(
[INFO] [stderr]     |            ^^^^^^^^^
[INFO] [stderr] ...
[INFO] [stderr] 102 |     pub fn wrap(mut self, wrap: Wrap) -> Self {
[INFO] [stderr]     |            ^^^^
[INFO] [stderr] ...
[INFO] [stderr] 107 |     pub fn ellipsize(mut self, ellipsize: Ellipsize) -> Self {
[INFO] [stderr]     |            ^^^^^^^^^
[INFO] [stderr] ...
[INFO] [stderr] 112 |     pub fn alignment(mut self, alignment: Option<Align>) -> Self {
[INFO] [stderr]     |            ^^^^^^^^^
[INFO] [stderr]     |
[INFO] [stderr]     = note: `#[warn(dead_code)]` (part of `#[warn(unused)]`) on by default
[INFO] [stderr] 
[INFO] [stderr] warning: methods `text`, `wrap`, `ellipsize`, and `alignment` are never used
[INFO] [stderr]    --> tests/common/mod.rs:67:12
[INFO] [stderr]     |
[INFO] [stderr]  59 | impl DrawTestCfg {
[INFO] [stderr]     | ---------------- methods in this implementation
[INFO] [stderr] ...
[INFO] [stderr]  67 |     pub fn text(mut self, text: impl Into<String>) -> Self {
[INFO] [stderr]     |            ^^^^
[INFO] [stderr] ...
[INFO] [stderr] 102 |     pub fn wrap(mut self, wrap: Wrap) -> Self {
[INFO] [stderr]     |            ^^^^
[INFO] [stderr] ...
[INFO] [stderr] 107 |     pub fn ellipsize(mut self, ellipsize: Ellipsize) -> Self {
[INFO] [stderr]     |            ^^^^^^^^^
[INFO] [stderr] ...
[INFO] [stderr] 112 |     pub fn alignment(mut self, alignment: Option<Align>) -> Self {
[INFO] [stderr]     |            ^^^^^^^^^
[INFO] [stderr]     |
[INFO] [stderr]     = note: `#[warn(dead_code)]` (part of `#[warn(unused)]`) on by default
[INFO] [stderr] 
[INFO] [stderr] warning: `kalamos` (test "ellipsize_rendering") generated 2 warnings (run `cargo fix --test "ellipsize_rendering" -p kalamos` to apply 2 suggestions)
[INFO] [stderr] warning: `kalamos` (test "shaping_and_rendering") generated 1 warning
[INFO] [stderr] warning: `kalamos` (test "text_decorations") generated 1 warning
[INFO] [stderr]     Finished `release` profile [optimized] target(s) in 0.16s
[INFO] [stderr]      Running unittests src/lib.rs (/opt/rustwide/target/release/deps/kalamos-3c7c9d1f3b8346be)
[INFO] [stdout] 
[INFO] [stdout] running 4 tests
[INFO] [stdout] test glyph_cache::test_subpixel_bins ... ok
[INFO] [stdout] test line_ending::test_line_iter ... ok
[INFO] [stdout] test font::test::test_fonts_load_time ... FAILED
[INFO] [stdout] test swash::test::no_coord_leakage_across_fonts ... ok
[INFO] [stdout] 
[INFO] [stdout] failures:
[INFO] [stdout] 
[INFO] [stdout] ---- font::test::test_fonts_load_time stdout ----
[INFO] [stdout] 
[INFO] [stdout] thread 'font::test::test_fonts_load_time' (2007) panicked at src/font/mod.rs:257:35:
[INFO] [stdout] Local available
[INFO] [stdout] stack backtrace:
[INFO] [stdout]    0:     0x60672fa20931 - <<std[70759c8f55707aa4]::sys::backtrace::BacktraceLock>::print::DisplayBacktrace as core[df12db4294e9bfd3]::fmt::Display>::fmt
[INFO] [stdout]    1:     0x60672fa36b4a - core[df12db4294e9bfd3]::fmt::write
[INFO] [stdout]    2:     0x60672fa250bc - <alloc[2182bb758b4b3781]::vec::Vec<u8> as core[df12db4294e9bfd3]::io::write::Write>::write_fmt
[INFO] [stdout]    3:     0x60672f9fbad6 - std[70759c8f55707aa4]::panicking::default_hook::{closure#0}
[INFO] [stdout]    4:     0x60672fa186a9 - std[70759c8f55707aa4]::panicking::default_hook
[INFO] [stdout]    5:     0x60672f89f420 - test[9d35eded1c95d3be]::test_main_inner::<test[9d35eded1c95d3be]::test_main_static::{closure#0}>::{closure#0}
[INFO] [stdout]    6:     0x60672fa18862 - std[70759c8f55707aa4]::panicking::panic_with_hook
[INFO] [stdout]    7:     0x60672f9fbb82 - std[70759c8f55707aa4]::panicking::panic_handler::{closure#0}
[INFO] [stdout]    8:     0x60672f9f46d9 - std[70759c8f55707aa4]::sys::backtrace::__rust_end_short_backtrace::<std[70759c8f55707aa4]::panicking::panic_handler::{closure#0}, !>
[INFO] [stdout]    9:     0x60672f9fc77d - __rustc[8fa7c3cbc660c2b3]::rust_begin_unwind
[INFO] [stdout]   10:     0x60672fa3727c - core[df12db4294e9bfd3]::panicking::panic_fmt
[INFO] [stdout]   11:     0x60672fa36fd4 - core[df12db4294e9bfd3]::option::expect_failed
[INFO] [stdout]   12:     0x60672f88c0a2 - kalamos[6739a0c7e92a2c41]::font::test::test_fonts_load_time
[INFO] [stdout]   13:     0x60672f88e5b9 - <kalamos[6739a0c7e92a2c41]::font::test::test_fonts_load_time::{closure#0} as core[df12db4294e9bfd3]::ops::function::FnOnce<()>>::call_once
[INFO] [stdout]   14:     0x60672f89270b - test[9d35eded1c95d3be]::__rust_begin_short_backtrace::<core[df12db4294e9bfd3]::result::Result<(), alloc[2182bb758b4b3781]::string::String>, fn() -> core[df12db4294e9bfd3]::result::Result<(), alloc[2182bb758b4b3781]::string::String>>
[INFO] [stdout]   15:     0x60672f89fd75 - test[9d35eded1c95d3be]::run_test::{closure#0}
[INFO] [stdout]   16:     0x60672f899634 - std[70759c8f55707aa4]::sys::backtrace::__rust_begin_short_backtrace::<test[9d35eded1c95d3be]::run_test::{closure#1}, ()>
[INFO] [stdout]   17:     0x60672f8a2ed2 - <std[70759c8f55707aa4]::thread::lifecycle::spawn_unchecked<test[9d35eded1c95d3be]::run_test::{closure#1}, ()>::{closure#1} as core[df12db4294e9bfd3]::ops::function::FnOnce<()>>::call_once::{shim:vtable#0}
[INFO] [stdout]   18:     0x60672fa1fb79 - <std[70759c8f55707aa4]::sys::thread::unix::Thread>::new::thread_start
[INFO] [stdout]   19:     0x7282906c1dfa - <unknown>
[INFO] [stdout]   20:     0x7282907553d4 - clone
[INFO] [stdout]   21:                0x0 - <unknown>
[INFO] [stdout] 
[INFO] [stdout] 
[INFO] [stdout] failures:
[INFO] [stdout]     font::test::test_fonts_load_time
[INFO] [stdout] 
[INFO] [stdout] test result: FAILED. 3 passed; 1 failed; 0 ignored; 0 measured; 0 filtered out; finished in 0.01s
[INFO] [stdout] 
[INFO] [stderr] error: test failed, to rerun pass `--lib`
[INFO] running `Command { std: "docker" "inspect" "e8958355a27c76ac52a5452d2a236d8c693afc5a4c4b7687afb289fc2f3d147f", kill_on_drop: false }`
[INFO] running `Command { std: "docker" "rm" "-f" "e8958355a27c76ac52a5452d2a236d8c693afc5a4c4b7687afb289fc2f3d147f", kill_on_drop: false }`
[INFO] [stdout] e8958355a27c76ac52a5452d2a236d8c693afc5a4c4b7687afb289fc2f3d147f
