[INFO] fetching crate kafka-http 0.1.2...
[INFO] testing kafka-http-0.1.2 against 1.100.0-beta.1+cargoflags=--release for beta-release-1.100-2
[INFO] extracting crate kafka-http 0.1.2 into /workspace/builds/worker-5-tc2/source
[INFO] started tweaking crates.io crate kafka-http 0.1.2
[INFO] removed 0 missing tests
[INFO] finished tweaking crates.io crate kafka-http 0.1.2
[INFO] tweaked toml for crates.io crate kafka-http 0.1.2 written to /workspace/builds/worker-5-tc2/source/Cargo.toml
[INFO] validating manifest of crates.io crate kafka-http 0.1.2 on toolchain 1.100.0-beta.1
[INFO] running `Command { std: CARGO_HOME="/workspace/cargo-home" RUSTUP_HOME="/workspace/rustup-home" "/workspace/cargo-home/bin/cargo" "+1.100.0-beta.1" "metadata" "--manifest-path" "Cargo.toml" "--no-deps", kill_on_drop: false }`
[INFO] crate crates.io crate kafka-http 0.1.2 already has a lockfile, it will not be regenerated
[INFO] running `Command { std: CARGO_HOME="/workspace/cargo-home" RUSTUP_HOME="/workspace/rustup-home" "/workspace/cargo-home/bin/cargo" "+1.100.0-beta.1" "fetch" "--manifest-path" "Cargo.toml", kill_on_drop: false }`
[INFO] running `Command { std: "docker" "create" "-v" "/var/lib/crater-agent-workspace/builds/worker-5-tc2/source:/opt/rustwide/workdir:ro,Z" "-v" "/var/lib/crater-agent-workspace/builds/worker-5-tc2/target:/opt/rustwide/target:rw,Z" "-v" "/var/lib/crater-agent-workspace/cargo-home:/opt/rustwide/cargo-home:ro,Z" "-v" "/var/lib/crater-agent-workspace/rustup-home:/opt/rustwide/rustup-home:ro,Z" "-m" "1610612736" "--network" "none" "ghcr.io/rust-lang/crates-build-env/linux@sha256:77db811e55d90add9212f6832c23229e3de5f1c1f9905e8cb07319ea15df73ac" "sleep" "infinity", kill_on_drop: false }`
[INFO] [stdout] ee0704359faa5fc5f8a96d722eef4c23dd0bc9c7ae4c7ff45ffb5581790a3571
[INFO] running `Command { std: "docker" "start" "ee0704359faa5fc5f8a96d722eef4c23dd0bc9c7ae4c7ff45ffb5581790a3571", kill_on_drop: false }`
[INFO] running `Command { std: "docker" "inspect" "ee0704359faa5fc5f8a96d722eef4c23dd0bc9c7ae4c7ff45ffb5581790a3571", kill_on_drop: false }`
[INFO] running `Command { std: "docker" "exec" "-e" "SOURCE_DIR=/opt/rustwide/workdir" "-e" "CARGO_HOME=/opt/rustwide/cargo-home" "-e" "RUSTUP_HOME=/opt/rustwide/rustup-home" "-e" "CARGO_TARGET_DIR=/opt/rustwide/target" "-w" "/opt/rustwide/workdir" "--user" "0:0" "ee0704359faa5fc5f8a96d722eef4c23dd0bc9c7ae4c7ff45ffb5581790a3571" "/opt/rustwide/cargo-home/bin/cargo" "+1.100.0-beta.1" "metadata" "--no-deps" "--format-version=1", kill_on_drop: false }`
[INFO] running `Command { std: "docker" "inspect" "ee0704359faa5fc5f8a96d722eef4c23dd0bc9c7ae4c7ff45ffb5581790a3571", kill_on_drop: false }`
[INFO] running `Command { std: "docker" "exec" "-e" "SOURCE_DIR=/opt/rustwide/workdir" "-e" "CARGO_HOME=/opt/rustwide/cargo-home" "-e" "RUSTUP_HOME=/opt/rustwide/rustup-home" "-e" "CARGO_TARGET_DIR=/opt/rustwide/target" "-e" "CARGO_INCREMENTAL=0" "-e" "RUST_BACKTRACE=full" "-e" "RUSTFLAGS=--cap-lints=warn" "-e" "RUSTDOCFLAGS=--cap-lints=warn" "-w" "/opt/rustwide/workdir" "--user" "0:0" "ee0704359faa5fc5f8a96d722eef4c23dd0bc9c7ae4c7ff45ffb5581790a3571" "/opt/rustwide/cargo-home/bin/cargo" "+1.100.0-beta.1" "build" "--frozen" "--message-format=json" "--release", kill_on_drop: false }`
[INFO] [stderr]    Compiling syn v2.0.106
[INFO] [stderr]    Compiling cc v1.2.41
[INFO] [stderr]    Compiling stable_deref_trait v1.2.1
[INFO] [stderr]    Compiling socket2 v0.6.1
[INFO] [stderr]    Compiling mio v1.0.4
[INFO] [stderr]    Compiling indexmap v2.11.4
[INFO] [stderr]    Compiling rustls-pki-types v1.12.0
[INFO] [stderr]    Compiling getrandom v0.2.16
[INFO] [stderr]    Compiling rustls v0.23.32
[INFO] [stderr]    Compiling simd-adler32 v0.3.7
[INFO] [stderr]    Compiling crc32fast v1.5.0
[INFO] [stderr]    Compiling brotli-decompressor v5.0.0
[INFO] [stderr]    Compiling compression-core v0.4.29
[INFO] [stderr]    Compiling miniz_oxide v0.8.9
[INFO] [stderr]    Compiling webpki-roots v1.0.3
[INFO] [stderr]    Compiling flate2 v1.1.4
[INFO] [stderr]    Compiling tokio v1.48.0
[INFO] [stderr]    Compiling brotli v8.0.2
[INFO] [stderr]    Compiling openssl-sys v0.9.109
[INFO] [stderr]    Compiling ring v0.17.14
[INFO] [stderr]    Compiling openssl v0.10.73
[INFO] [stderr]    Compiling native-tls v0.2.14
[INFO] [stderr]    Compiling synstructure v0.13.2
[INFO] [stderr]    Compiling zerofrom-derive v0.1.6
[INFO] [stderr]    Compiling yoke-derive v0.8.0
[INFO] [stderr]    Compiling zerovec-derive v0.11.1
[INFO] [stderr]    Compiling displaydoc v0.2.5
[INFO] [stderr]    Compiling tracing-attributes v0.1.30
[INFO] [stderr]    Compiling openssl-macros v0.1.1
[INFO] [stderr]    Compiling serde_derive v1.0.228
[INFO] [stderr]    Compiling compression-codecs v0.4.31
[INFO] [stderr]    Compiling zerofrom v0.1.6
[INFO] [stderr]    Compiling yoke v0.8.0
[INFO] [stderr]    Compiling zerovec v0.11.4
[INFO] [stderr]    Compiling zerotrie v0.2.2
[INFO] [stderr]    Compiling tokio-util v0.7.16
[INFO] [stderr]    Compiling tower v0.5.2
[INFO] [stderr]    Compiling async-compression v0.4.32
[INFO] [stderr]    Compiling tracing v0.1.41
[INFO] [stderr]    Compiling h2 v0.4.12
[INFO] [stderr]    Compiling tower-http v0.6.6
[INFO] [stderr]    Compiling tinystr v0.8.1
[INFO] [stderr]    Compiling potential_utf v0.1.3
[INFO] [stderr]    Compiling icu_locale_core v2.0.0
[INFO] [stderr]    Compiling icu_collections v2.0.0
[INFO] [stderr]    Compiling serde v1.0.228
[INFO] [stderr]    Compiling icu_provider v2.0.0
[INFO] [stderr]    Compiling icu_normalizer v2.0.0
[INFO] [stderr]    Compiling icu_properties v2.0.1
[INFO] [stderr]    Compiling serde_urlencoded v0.7.1
[INFO] [stderr]    Compiling tokio-native-tls v0.3.1
[INFO] [stderr]    Compiling idna_adapter v1.2.1
[INFO] [stderr]    Compiling hyper v1.7.0
[INFO] [stderr]    Compiling idna v1.1.0
[INFO] [stderr]    Compiling url v2.5.7
[INFO] [stderr]    Compiling hyper-util v0.1.17
[INFO] [stderr]    Compiling rustls-webpki v0.103.7
[INFO] [stderr]    Compiling hyper-tls v0.6.0
[INFO] [stderr]    Compiling tokio-rustls v0.26.4
[INFO] [stderr]    Compiling hyper-rustls v0.27.7
[INFO] [stderr]    Compiling reqwest v0.12.24
[INFO] [stderr]    Compiling kafka-http v0.1.2 (/opt/rustwide/workdir)
[INFO] [stderr]     Finished `release` profile [optimized] target(s) in 1m 06s
[INFO] running `Command { std: "docker" "inspect" "ee0704359faa5fc5f8a96d722eef4c23dd0bc9c7ae4c7ff45ffb5581790a3571", kill_on_drop: false }`
[INFO] running `Command { std: "docker" "exec" "-e" "SOURCE_DIR=/opt/rustwide/workdir" "-e" "CARGO_HOME=/opt/rustwide/cargo-home" "-e" "RUSTUP_HOME=/opt/rustwide/rustup-home" "-e" "CARGO_TARGET_DIR=/opt/rustwide/target" "-e" "CARGO_INCREMENTAL=0" "-e" "RUST_BACKTRACE=full" "-e" "RUSTFLAGS=--cap-lints=warn" "-e" "RUSTDOCFLAGS=--cap-lints=warn" "-w" "/opt/rustwide/workdir" "--user" "0:0" "ee0704359faa5fc5f8a96d722eef4c23dd0bc9c7ae4c7ff45ffb5581790a3571" "/opt/rustwide/cargo-home/bin/cargo" "+1.100.0-beta.1" "test" "--frozen" "--no-run" "--message-format=json" "--release", kill_on_drop: false }`
[INFO] [stderr]    Compiling parking_lot_core v0.9.12
[INFO] [stderr]    Compiling signal-hook-registry v1.4.6
[INFO] [stderr]    Compiling tokio-macros v2.6.0
[INFO] [stderr]    Compiling log v0.4.28
[INFO] [stderr]    Compiling tracing v0.1.41
[INFO] [stderr]    Compiling regex-automata v0.4.13
[INFO] [stderr]    Compiling thread_local v1.1.9
[INFO] [stderr]    Compiling native-tls v0.2.14
[INFO] [stderr]    Compiling tracing-log v0.2.0
[INFO] [stderr]    Compiling parking_lot v0.12.5
[INFO] [stderr]    Compiling tokio v1.48.0
[INFO] [stderr]    Compiling matchers v0.2.0
[INFO] [stderr]    Compiling tracing-subscriber v0.3.20
[INFO] [stderr]    Compiling tokio-util v0.7.16
[INFO] [stderr]    Compiling tokio-rustls v0.26.4
[INFO] [stderr]    Compiling tokio-native-tls v0.3.1
[INFO] [stderr]    Compiling tower v0.5.2
[INFO] [stderr]    Compiling async-compression v0.4.32
[INFO] [stderr]    Compiling h2 v0.4.12
[INFO] [stderr]    Compiling tower-http v0.6.6
[INFO] [stderr]    Compiling hyper v1.7.0
[INFO] [stderr]    Compiling hyper-util v0.1.17
[INFO] [stderr]    Compiling hyper-tls v0.6.0
[INFO] [stderr]    Compiling hyper-rustls v0.27.7
[INFO] [stderr]    Compiling reqwest v0.12.24
[INFO] [stderr]    Compiling kafka-http v0.1.2 (/opt/rustwide/workdir)
[INFO] [stderr]     Finished `release` profile [optimized] target(s) in 50.38s
[INFO] running `Command { std: "docker" "inspect" "ee0704359faa5fc5f8a96d722eef4c23dd0bc9c7ae4c7ff45ffb5581790a3571", kill_on_drop: false }`
[INFO] running `Command { std: "docker" "exec" "-e" "SOURCE_DIR=/opt/rustwide/workdir" "-e" "CARGO_HOME=/opt/rustwide/cargo-home" "-e" "RUSTUP_HOME=/opt/rustwide/rustup-home" "-e" "CARGO_TARGET_DIR=/opt/rustwide/target" "-e" "CARGO_INCREMENTAL=0" "-e" "RUST_BACKTRACE=full" "-e" "RUSTFLAGS=--cap-lints=warn" "-e" "RUSTDOCFLAGS=--cap-lints=warn" "-w" "/opt/rustwide/workdir" "--user" "0:0" "ee0704359faa5fc5f8a96d722eef4c23dd0bc9c7ae4c7ff45ffb5581790a3571" "/opt/rustwide/cargo-home/bin/cargo" "+1.100.0-beta.1" "test" "--frozen" "--release", kill_on_drop: false }`
[INFO] [stderr]     Finished `release` profile [optimized] target(s) in 0.18s
[INFO] [stderr]      Running unittests src/lib.rs (/opt/rustwide/target/release/build/kafka-http/2e1b95823e41c981/out/kafka_http-2e1b95823e41c981)
[INFO] [stderr]      Running tests/api.rs (/opt/rustwide/target/release/build/kafka-http/91e618ecbff8bac3/out/api-91e618ecbff8bac3)
[INFO] [stdout] 
[INFO] [stdout] running 0 tests
[INFO] [stdout] 
[INFO] [stdout] test result: ok. 0 passed; 0 failed; 0 ignored; 0 measured; 0 filtered out; finished in 0.00s
[INFO] [stdout] 
[INFO] [stdout] 
[INFO] [stdout] running 4 tests
[INFO] [stdout] [2m2026-10-18T10:30:13.847328Z[0m [34mDEBUG[0m [2mkafka_http[0m[2m:[0m [2m230:[0m Creating consumer for group demo-group - params: CreateConsumerParams { name: "consumer-1", format: "json", auto_offset_reset: "earliest" }
[INFO] [stdout] [2m2026-10-18T10:30:13.847437Z[0m [34mDEBUG[0m [2mkafka_http::api[0m[2m:[0m [2m40:[0m create consumer url: http://localhost:18082/consumers/demo-group
[INFO] [stdout] [2m2026-10-18T10:30:13.847469Z[0m [34mDEBUG[0m [2mkafka_http::api[0m[2m:[0m [2m41:[0m creating consumer: CreateConsumerParams { name: "consumer-1", format: "json", auto_offset_reset: "earliest" }
[INFO] [stdout] [2m2026-10-18T10:30:13.847593Z[0m [34mDEBUG[0m [2mreqwest::connect[0m[2m:[0m [2m882:[0m starting new connection: http://localhost:18082/
[INFO] [stdout] [2m2026-10-18T10:30:13.851252Z[0m [34mDEBUG[0m [2mhyper_util::client::legacy::connect::http[0m[2m:[0m [2m768:[0m connecting to [::1]:18082
[INFO] [stdout] [2m2026-10-18T10:30:13.851441Z[0m [34mDEBUG[0m [2mhyper_util::client::legacy::connect::http[0m[2m:[0m [2m768:[0m connecting to 127.0.0.1:18082
[INFO] [stdout] [2m2026-10-18T10:30:13.851589Z[0m [31mERROR[0m [2mkafka_http::api[0m[2m:[0m [2m53:[0m failed to create consumer: error sending request for url (http://localhost:18082/consumers/demo-group)
[INFO] [stdout] [2m2026-10-18T10:30:13.851624Z[0m [34mDEBUG[0m [2mkafka_http[0m[2m:[0m [2m230:[0m Creating consumer for group demo-group - params: CreateConsumerParams { name: "consumer-1", format: "json", auto_offset_reset: "earliest" }
[INFO] [stdout] [2m2026-10-18T10:30:13.851652Z[0m [34mDEBUG[0m [2mkafka_http::api[0m[2m:[0m [2m40:[0m create consumer url: http://localhost:18082/consumers/demo-group
[INFO] [stdout] [2m2026-10-18T10:30:13.851673Z[0m [34mDEBUG[0m [2mkafka_http::api[0m[2m:[0m [2m41:[0m creating consumer: CreateConsumerParams { name: "consumer-1", format: "json", auto_offset_reset: "earliest" }
[INFO] [stdout] [2m2026-10-18T10:30:13.851734Z[0m [34mDEBUG[0m [2mreqwest::connect[0m[2m:[0m [2m882:[0m starting new connection: http://localhost:18082/
[INFO] [stdout] [2m2026-10-18T10:30:13.851926Z[0m [34mDEBUG[0m [2mhyper_util::client::legacy::connect::http[0m[2m:[0m [2m768:[0m connecting to [::1]:18082
[INFO] [stdout] [2m2026-10-18T10:30:13.852003Z[0m [34mDEBUG[0m [2mhyper_util::client::legacy::connect::http[0m[2m:[0m [2m768:[0m connecting to 127.0.0.1:18082
[INFO] [stdout] [2m2026-10-18T10:30:13.852094Z[0m [31mERROR[0m [2mkafka_http::api[0m[2m:[0m [2m53:[0m failed to create consumer: error sending request for url (http://localhost:18082/consumers/demo-group)
[INFO] [stdout] test tests::test_create_consumer_group_succeeds_on_existing_group ... FAILED
[INFO] [stdout] [2m2026-10-18T10:30:13.863997Z[0m [34mDEBUG[0m [2mkafka_http[0m[2m:[0m [2m182:[0m Creating consumer for group demo-group - params: CreateConsumerParams { name: "consumer-1", format: "json", auto_offset_reset: "earliest" }
[INFO] [stdout] [2m2026-10-18T10:30:13.864106Z[0m [34mDEBUG[0m [2mkafka_http::api[0m[2m:[0m [2m40:[0m create consumer url: http://localhost:18082/consumers/demo-group
[INFO] [stdout] [2m2026-10-18T10:30:13.864133Z[0m [34mDEBUG[0m [2mkafka_http::api[0m[2m:[0m [2m41:[0m creating consumer: CreateConsumerParams { name: "consumer-1", format: "json", auto_offset_reset: "earliest" }
[INFO] [stdout] [2m2026-10-18T10:30:13.864220Z[0m [34mDEBUG[0m [2mreqwest::connect[0m[2m:[0m [2m882:[0m starting new connection: http://localhost:18082/
[INFO] [stdout] [2m2026-10-18T10:30:13.866815Z[0m [34mDEBUG[0m [2mkafka_http[0m[2m:[0m [2m378:[0m producing records
[INFO] [stdout] [2m2026-10-18T10:30:13.871072Z[0m [34mDEBUG[0m [2mkafka_http::api[0m[2m:[0m [2m146:[0m produce url: http://localhost:18082/topics/demo-messages
[INFO] [stdout] [2m2026-10-18T10:30:13.871160Z[0m [34mDEBUG[0m [2mkafka_http::api[0m[2m:[0m [2m147:[0m producing message: [ProduceRecord { value: "hello" }]
[INFO] [stdout] [2m2026-10-18T10:30:13.871257Z[0m [34mDEBUG[0m [2mreqwest::connect[0m[2m:[0m [2m882:[0m starting new connection: http://localhost:18082/
[INFO] [stdout] [2m2026-10-18T10:30:13.872049Z[0m [34mDEBUG[0m [2mhyper_util::client::legacy::connect::http[0m[2m:[0m [2m768:[0m connecting to [::1]:18082
[INFO] [stdout] [2m2026-10-18T10:30:13.872214Z[0m [34mDEBUG[0m [2mhyper_util::client::legacy::connect::http[0m[2m:[0m [2m768:[0m connecting to 127.0.0.1:18082
[INFO] [stdout] [2m2026-10-18T10:30:13.872370Z[0m [31mERROR[0m [2mkafka_http::api[0m[2m:[0m [2m14:[0m [3mmsg[0m[2m=[0m"failed to call api: reqwest::Error { kind: Request, url: \"http://localhost:18082/topics/demo-messages\", source: hyper_util::client::legacy::Error(Connect, ConnectError(\"tcp connect error\", 127.0.0.1:18082, Os { code: 111, kind: ConnectionRefused, message: \"Connection refused\" })) }"
[INFO] [stdout] [2m2026-10-18T10:30:13.867066Z[0m [34mDEBUG[0m [2mhyper_util::client::legacy::connect::http[0m[2m:[0m [2m768:[0m connecting to [::1]:18082
[INFO] [stdout] [2m2026-10-18T10:30:13.873180Z[0m [34mDEBUG[0m [2mhyper_util::client::legacy::connect::http[0m[2m:[0m [2m768:[0m connecting to 127.0.0.1:18082
[INFO] [stdout] [2m2026-10-18T10:30:13.873293Z[0m [31mERROR[0m [2mkafka_http::api[0m[2m:[0m [2m53:[0m failed to create consumer: error sending request for url (http://localhost:18082/consumers/demo-group)
[INFO] [stdout] [2m2026-10-18T10:30:13.873336Z[0m [34mDEBUG[0m [2mkafka_http[0m[2m:[0m [2m182:[0m Creating consumer for group demo-group - params: CreateConsumerParams { name: "consumer-1", format: "json", auto_offset_reset: "earliest" }
[INFO] [stdout] [2m2026-10-18T10:30:13.873362Z[0m [34mDEBUG[0m [2mkafka_http::api[0m[2m:[0m [2m40:[0m create consumer url: http://localhost:18082/consumers/demo-group
[INFO] [stdout] [2m2026-10-18T10:30:13.873392Z[0m [34mDEBUG[0m [2mkafka_http::api[0m[2m:[0m [2m41:[0m creating consumer: CreateConsumerParams { name: "consumer-1", format: "json", auto_offset_reset: "earliest" }
[INFO] [stdout] [2m2026-10-18T10:30:13.873446Z[0m [34mDEBUG[0m [2mreqwest::connect[0m[2m:[0m [2m882:[0m starting new connection: http://localhost:18082/
[INFO] [stdout] [2m2026-10-18T10:30:13.873797Z[0m [34mDEBUG[0m [2mhyper_util::client::legacy::connect::http[0m[2m:[0m [2m768:[0m connecting to [::1]:18082
[INFO] [stdout] [2m2026-10-18T10:30:13.873898Z[0m [34mDEBUG[0m [2mhyper_util::client::legacy::connect::http[0m[2m:[0m [2m768:[0m connecting to 127.0.0.1:18082
[INFO] [stdout] [2m2026-10-18T10:30:13.873994Z[0m [31mERROR[0m [2mkafka_http::api[0m[2m:[0m [2m53:[0m failed to create consumer: error sending request for url (http://localhost:18082/consumers/demo-group)
[INFO] [stdout] test tests::test_create_consumer_group_fails_on_existing_group ... ok
[INFO] [stdout] [2m2026-10-18T10:30:13.877622Z[0m [34mDEBUG[0m [2mkafka_http[0m[2m:[0m [2m230:[0m Creating consumer for group demo-group - params: CreateConsumerParams { name: "consumer-1", format: "json", auto_offset_reset: "earliest" }
[INFO] [stdout] [2m2026-10-18T10:30:13.877661Z[0m [34mDEBUG[0m [2mkafka_http::api[0m[2m:[0m [2m40:[0m create consumer url: http://localhost:18082/consumers/demo-group
[INFO] [stdout] [2m2026-10-18T10:30:13.877666Z[0m [34mDEBUG[0m [2mkafka_http::api[0m[2m:[0m [2m41:[0m creating consumer: CreateConsumerParams { name: "consumer-1", format: "json", auto_offset_reset: "earliest" }
[INFO] [stdout] [2m2026-10-18T10:30:13.877739Z[0m [34mDEBUG[0m [2mreqwest::connect[0m[2m:[0m [2m882:[0m starting new connection: http://localhost:18082/
[INFO] [stdout] test tests::test_produce_message ... FAILED
[INFO] [stdout] [2m2026-10-18T10:30:13.878445Z[0m [34mDEBUG[0m [2mhyper_util::client::legacy::connect::http[0m[2m:[0m [2m768:[0m connecting to [::1]:18082
[INFO] [stdout] [2m2026-10-18T10:30:13.878584Z[0m [34mDEBUG[0m [2mhyper_util::client::legacy::connect::http[0m[2m:[0m [2m768:[0m connecting to 127.0.0.1:18082
[INFO] [stdout] [2m2026-10-18T10:30:13.878687Z[0m [31mERROR[0m [2mkafka_http::api[0m[2m:[0m [2m53:[0m failed to create consumer: error sending request for url (http://localhost:18082/consumers/demo-group)
[INFO] [stdout] test tests::test_commit_offset ... FAILED
[INFO] [stdout] 
[INFO] [stdout] failures:
[INFO] [stdout] 
[INFO] [stdout] ---- tests::test_create_consumer_group_succeeds_on_existing_group stdout ----
[INFO] [stdout] 
[INFO] [stdout] thread 'tests::test_create_consumer_group_succeeds_on_existing_group' (1899) panicked at tests/api.rs:59:9:
[INFO] [stdout] assertion failed: retry_create.is_ok()
[INFO] [stdout] stack backtrace:
[INFO] [stdout]    0:     0x5fdf17d61831 - <<std[617be2ca0a6fd877]::sys::backtrace::BacktraceLock>::print::DisplayBacktrace as core[a373ad73a504971]::fmt::Display>::fmt
[INFO] [stdout]    1:     0x5fdf17d78b6a - core[a373ad73a504971]::fmt::write
[INFO] [stdout]    2:     0x5fdf17d6619c - <alloc[2e1b2a31b91974c5]::vec::Vec<u8> as core[a373ad73a504971]::io::write::Write>::write_fmt
[INFO] [stdout]    3:     0x5fdf17d3c836 - std[617be2ca0a6fd877]::panicking::default_hook::{closure#0}
[INFO] [stdout]    4:     0x5fdf17d59709 - std[617be2ca0a6fd877]::panicking::default_hook
[INFO] [stdout]    5:     0x5fdf179f89e0 - test[aada8e7e76ba119b]::test_main_inner::{closure#0}
[INFO] [stdout]    6:     0x5fdf17d59a32 - std[617be2ca0a6fd877]::panicking::panic_with_hook
[INFO] [stdout]    7:     0x5fdf17d3c914 - std[617be2ca0a6fd877]::panicking::panic_handler::{closure#0}
[INFO] [stdout]    8:     0x5fdf17d35519 - std[617be2ca0a6fd877]::sys::backtrace::__rust_end_short_backtrace::<std[617be2ca0a6fd877]::panicking::panic_handler::{closure#0}, !>
[INFO] [stdout]    9:     0x5fdf17d3d6dd - __rustc[ea4f61d10b84890b]::rust_begin_unwind
[INFO] [stdout]   10:     0x5fdf17d7934c - core[a373ad73a504971]::panicking::panic_fmt
[INFO] [stdout]   11:     0x5fdf17d79312 - core[a373ad73a504971]::panicking::panic
[INFO] [stdout]   12:     0x5fdf179c90cc - api[71f8b64ffa9c40b]::tests::test_create_consumer_group_succeeds_on_existing_group::{closure#0}
[INFO] [stdout]   13:     0x5fdf179dd658 - <tokio[98d57bf8bc0bff7d]::runtime::context::scoped::Scoped<tokio[98d57bf8bc0bff7d]::runtime::scheduler::Context>>::set::<<tokio[98d57bf8bc0bff7d]::runtime::scheduler::current_thread::CoreGuard>::enter<<tokio[98d57bf8bc0bff7d]::runtime::scheduler::current_thread::CoreGuard>::block_on<core[a373ad73a504971]::pin::Pin<&mut core[a373ad73a504971]::pin::Pin<&mut dyn core[a373ad73a504971]::future::future::Future<Output = ()>>>>::{closure#0}, core[a373ad73a504971]::option::Option<()>>::{closure#0}, (alloc[2e1b2a31b91974c5]::boxed::Box<tokio[98d57bf8bc0bff7d]::runtime::scheduler::current_thread::Core>, core[a373ad73a504971]::option::Option<()>)>
[INFO] [stdout]   14:     0x5fdf179ddaad - <tokio[98d57bf8bc0bff7d]::runtime::scheduler::current_thread::CoreGuard>::block_on::<core[a373ad73a504971]::pin::Pin<&mut core[a373ad73a504971]::pin::Pin<&mut dyn core[a373ad73a504971]::future::future::Future<Output = ()>>>>
[INFO] [stdout]   15:     0x5fdf179e520d - tokio[98d57bf8bc0bff7d]::runtime::context::runtime::enter_runtime::<<tokio[98d57bf8bc0bff7d]::runtime::scheduler::current_thread::CurrentThread>::block_on<core[a373ad73a504971]::pin::Pin<&mut dyn core[a373ad73a504971]::future::future::Future<Output = ()>>>::{closure#0}, ()>
[INFO] [stdout]   16:     0x5fdf179dd4b5 - <tokio[98d57bf8bc0bff7d]::runtime::runtime::Runtime>::block_on::<core[a373ad73a504971]::pin::Pin<&mut dyn core[a373ad73a504971]::future::future::Future<Output = ()>>>
[INFO] [stdout]   17:     0x5fdf179cb34e - <api[71f8b64ffa9c40b]::tests::test_create_consumer_group_succeeds_on_existing_group::{closure#0} as core[a373ad73a504971]::ops::function::FnOnce<()>>::call_once
[INFO] [stdout]   18:     0x5fdf179ebe2b - test[aada8e7e76ba119b]::__rust_begin_short_backtrace::<core[a373ad73a504971]::result::Result<(), alloc[2e1b2a31b91974c5]::string::String>, fn() -> core[a373ad73a504971]::result::Result<(), alloc[2e1b2a31b91974c5]::string::String>>
[INFO] [stdout]   19:     0x5fdf179f9005 - test[aada8e7e76ba119b]::run_test::{closure#0}
[INFO] [stdout]   20:     0x5fdf179f28f4 - std[617be2ca0a6fd877]::sys::backtrace::__rust_begin_short_backtrace::<test[aada8e7e76ba119b]::run_test::{closure#1}, ()>
[INFO] [stdout]   21:     0x5fdf179fc092 - <std[617be2ca0a6fd877]::thread::lifecycle::spawn_unchecked<test[aada8e7e76ba119b]::run_test::{closure#1}, ()>::{closure#1} as core[a373ad73a504971]::ops::function::FnOnce<()>>::call_once::{shim:vtable#0}
[INFO] [stdout]   22:     0x5fdf17d60cdf - <std[617be2ca0a6fd877]::sys::thread::unix::Thread>::new::thread_start
[INFO] [stdout]   23:     0x7de268834dfa - <unknown>
[INFO] [stdout]   24:     0x7de2688c83d4 - clone
[INFO] [stdout]   25:                0x0 - <unknown>
[INFO] [stdout] 
[INFO] [stdout] ---- tests::test_produce_message stdout ----
[INFO] [stdout] Produced message to topic demo-messages
[INFO] [stdout] 
[INFO] [stdout] thread 'tests::test_produce_message' (1900) panicked at tests/api.rs:80:9:
[INFO] [stdout] assertion failed: resp.is_ok()
[INFO] [stdout] stack backtrace:
[INFO] [stdout]    0:     0x5fdf17d61831 - <<std[617be2ca0a6fd877]::sys::backtrace::BacktraceLock>::print::DisplayBacktrace as core[a373ad73a504971]::fmt::Display>::fmt
[INFO] [stdout]    1:     0x5fdf17d78b6a - core[a373ad73a504971]::fmt::write
[INFO] [stdout]    2:     0x5fdf17d6619c - <alloc[2e1b2a31b91974c5]::vec::Vec<u8> as core[a373ad73a504971]::io::write::Write>::write_fmt
[INFO] [stdout]    3:     0x5fdf17d3c836 - std[617be2ca0a6fd877]::panicking::default_hook::{closure#0}
[INFO] [stdout]    4:     0x5fdf17d59709 - std[617be2ca0a6fd877]::panicking::default_hook
[INFO] [stdout]    5:     0x5fdf179f89e0 - test[aada8e7e76ba119b]::test_main_inner::{closure#0}
[INFO] [stdout]    6:     0x5fdf17d59a32 - std[617be2ca0a6fd877]::panicking::panic_with_hook
[INFO] [stdout]    7:     0x5fdf17d3c914 - std[617be2ca0a6fd877]::panicking::panic_handler::{closure#0}
[INFO] [stdout]    8:     0x5fdf17d35519 - std[617be2ca0a6fd877]::sys::backtrace::__rust_end_short_backtrace::<std[617be2ca0a6fd877]::panicking::panic_handler::{closure#0}, !>
[INFO] [stdout]    9:     0x5fdf17d3d6dd - __rustc[ea4f61d10b84890b]::rust_begin_unwind
[INFO] [stdout]   10:     0x5fdf17d7934c - core[a373ad73a504971]::panicking::panic_fmt
[INFO] [stdout]   11:     0x5fdf17d79312 - core[a373ad73a504971]::panicking::panic
[INFO] [stdout]   12:     0x5fdf179c86e2 - api[71f8b64ffa9c40b]::tests::test_produce_message::{closure#0}
[INFO] [stdout]   13:     0x5fdf179dd658 - <tokio[98d57bf8bc0bff7d]::runtime::context::scoped::Scoped<tokio[98d57bf8bc0bff7d]::runtime::scheduler::Context>>::set::<<tokio[98d57bf8bc0bff7d]::runtime::scheduler::current_thread::CoreGuard>::enter<<tokio[98d57bf8bc0bff7d]::runtime::scheduler::current_thread::CoreGuard>::block_on<core[a373ad73a504971]::pin::Pin<&mut core[a373ad73a504971]::pin::Pin<&mut dyn core[a373ad73a504971]::future::future::Future<Output = ()>>>>::{closure#0}, core[a373ad73a504971]::option::Option<()>>::{closure#0}, (alloc[2e1b2a31b91974c5]::boxed::Box<tokio[98d57bf8bc0bff7d]::runtime::scheduler::current_thread::Core>, core[a373ad73a504971]::option::Option<()>)>
[INFO] [stdout]   14:     0x5fdf179ddaad - <tokio[98d57bf8bc0bff7d]::runtime::scheduler::current_thread::CoreGuard>::block_on::<core[a373ad73a504971]::pin::Pin<&mut core[a373ad73a504971]::pin::Pin<&mut dyn core[a373ad73a504971]::future::future::Future<Output = ()>>>>
[INFO] [stdout]   15:     0x5fdf179e520d - tokio[98d57bf8bc0bff7d]::runtime::context::runtime::enter_runtime::<<tokio[98d57bf8bc0bff7d]::runtime::scheduler::current_thread::CurrentThread>::block_on<core[a373ad73a504971]::pin::Pin<&mut dyn core[a373ad73a504971]::future::future::Future<Output = ()>>>::{closure#0}, ()>
[INFO] [stdout]   16:     0x5fdf179dd4b5 - <tokio[98d57bf8bc0bff7d]::runtime::runtime::Runtime>::block_on::<core[a373ad73a504971]::pin::Pin<&mut dyn core[a373ad73a504971]::future::future::Future<Output = ()>>>
[INFO] [stdout]   17:     0x5fdf179cb08e - <api[71f8b64ffa9c40b]::tests::test_produce_message::{closure#0} as core[a373ad73a504971]::ops::function::FnOnce<()>>::call_once
[INFO] [stdout]   18:     0x5fdf179ebe2b - test[aada8e7e76ba119b]::__rust_begin_short_backtrace::<core[a373ad73a504971]::result::Result<(), alloc[2e1b2a31b91974c5]::string::String>, fn() -> core[a373ad73a504971]::result::Result<(), alloc[2e1b2a31b91974c5]::string::String>>
[INFO] [stdout]   19:     0x5fdf179f9005 - test[aada8e7e76ba119b]::run_test::{closure#0}
[INFO] [stdout]   20:     0x5fdf179f28f4 - std[617be2ca0a6fd877]::sys::backtrace::__rust_begin_short_backtrace::<test[aada8e7e76ba119b]::run_test::{closure#1}, ()>
[INFO] [stdout]   21:     0x5fdf179fc092 - <std[617be2ca0a6fd877]::thread::lifecycle::spawn_unchecked<test[aada8e7e76ba119b]::run_test::{closure#1}, ()>::{closure#1} as core[a373ad73a504971]::ops::function::FnOnce<()>>::call_once::{shim:vtable#0}
[INFO] [stdout]   22:     0x5fdf17d60cdf - <std[617be2ca0a6fd877]::sys::thread::unix::Thread>::new::thread_start
[INFO] [stdout]   23:     0x7de268834dfa - <unknown>
[INFO] [stdout]   24:     0x7de2688c83d4 - clone
[INFO] [stdout]   25:                0x0 - <unknown>
[INFO] [stdout] 
[INFO] [stdout] ---- tests::test_commit_offset stdout ----
[INFO] [stdout] 
[INFO] [stdout] thread 'tests::test_commit_offset' (1897) panicked at tests/api.rs:97:9:
[INFO] [stdout] assertion failed: resp.is_ok()
[INFO] [stdout] stack backtrace:
[INFO] [stdout]    0:     0x5fdf17d61831 - <<std[617be2ca0a6fd877]::sys::backtrace::BacktraceLock>::print::DisplayBacktrace as core[a373ad73a504971]::fmt::Display>::fmt
[INFO] [stdout]    1:     0x5fdf17d78b6a - core[a373ad73a504971]::fmt::write
[INFO] [stdout]    2:     0x5fdf17d6619c - <alloc[2e1b2a31b91974c5]::vec::Vec<u8> as core[a373ad73a504971]::io::write::Write>::write_fmt
[INFO] [stdout]    3:     0x5fdf17d3c836 - std[617be2ca0a6fd877]::panicking::default_hook::{closure#0}
[INFO] [stdout]    4:     0x5fdf17d59709 - std[617be2ca0a6fd877]::panicking::default_hook
[INFO] [stdout]    5:     0x5fdf179f89e0 - test[aada8e7e76ba119b]::test_main_inner::{closure#0}
[INFO] [stdout]    6:     0x5fdf17d59a32 - std[617be2ca0a6fd877]::panicking::panic_with_hook
[INFO] [stdout]    7:     0x5fdf17d3c914 - std[617be2ca0a6fd877]::panicking::panic_handler::{closure#0}
[INFO] [stdout]    8:     0x5fdf17d35519 - std[617be2ca0a6fd877]::sys::backtrace::__rust_end_short_backtrace::<std[617be2ca0a6fd877]::panicking::panic_handler::{closure#0}, !>
[INFO] [stdout]    9:     0x5fdf17d3d6dd - __rustc[ea4f61d10b84890b]::rust_begin_unwind
[INFO] [stdout]   10:     0x5fdf17d7934c - core[a373ad73a504971]::panicking::panic_fmt
[INFO] [stdout]   11:     0x5fdf17d79312 - core[a373ad73a504971]::panicking::panic
[INFO] [stdout]   12:     0x5fdf179c771b - api[71f8b64ffa9c40b]::tests::test_commit_offset::{closure#0}
[INFO] [stdout]   13:     0x5fdf179dd658 - <tokio[98d57bf8bc0bff7d]::runtime::context::scoped::Scoped<tokio[98d57bf8bc0bff7d]::runtime::scheduler::Context>>::set::<<tokio[98d57bf8bc0bff7d]::runtime::scheduler::current_thread::CoreGuard>::enter<<tokio[98d57bf8bc0bff7d]::runtime::scheduler::current_thread::CoreGuard>::block_on<core[a373ad73a504971]::pin::Pin<&mut core[a373ad73a504971]::pin::Pin<&mut dyn core[a373ad73a504971]::future::future::Future<Output = ()>>>>::{closure#0}, core[a373ad73a504971]::option::Option<()>>::{closure#0}, (alloc[2e1b2a31b91974c5]::boxed::Box<tokio[98d57bf8bc0bff7d]::runtime::scheduler::current_thread::Core>, core[a373ad73a504971]::option::Option<()>)>
[INFO] [stdout]   14:     0x5fdf179ddaad - <tokio[98d57bf8bc0bff7d]::runtime::scheduler::current_thread::CoreGuard>::block_on::<core[a373ad73a504971]::pin::Pin<&mut core[a373ad73a504971]::pin::Pin<&mut dyn core[a373ad73a504971]::future::future::Future<Output = ()>>>>
[INFO] [stdout]   15:     0x5fdf179e520d - tokio[98d57bf8bc0bff7d]::runtime::context::runtime::enter_runtime::<<tokio[98d57bf8bc0bff7d]::runtime::scheduler::current_thread::CurrentThread>::block_on<core[a373ad73a504971]::pin::Pin<&mut dyn core[a373ad73a504971]::future::future::Future<Output = ()>>>::{closure#0}, ()>
[INFO] [stdout]   16:     0x5fdf179dd4b5 - <tokio[98d57bf8bc0bff7d]::runtime::runtime::Runtime>::block_on::<core[a373ad73a504971]::pin::Pin<&mut dyn core[a373ad73a504971]::future::future::Future<Output = ()>>>
[INFO] [stdout]   17:     0x5fdf179caf2e - <api[71f8b64ffa9c40b]::tests::test_commit_offset::{closure#0} as core[a373ad73a504971]::ops::function::FnOnce<()>>::call_once
[INFO] [stdout]   18:     0x5fdf179ebe2b - test[aada8e7e76ba119b]::__rust_begin_short_backtrace::<core[a373ad73a504971]::result::Result<(), alloc[2e1b2a31b91974c5]::string::String>, fn() -> core[a373ad73a504971]::result::Result<(), alloc[2e1b2a31b91974c5]::string::String>>
[INFO] [stdout]   19:     0x5fdf179f9005 - test[aada8e7e76ba119b]::run_test::{closure#0}
[INFO] [stdout]   20:     0x5fdf179f28f4 - std[617be2ca0a6fd877]::sys::backtrace::__rust_begin_short_backtrace::<test[aada8e7e76ba119b]::run_test::{closure#1}, ()>
[INFO] [stdout]   21:     0x5fdf179fc092 - <std[617be2ca0a6fd877]::thread::lifecycle::spawn_unchecked<test[aada8e7e76ba119b]::run_test::{closure#1}, ()>::{closure#1} as core[a373ad73a504971]::ops::function::FnOnce<()>>::call_once::{shim:vtable#0}
[INFO] [stdout]   22:     0x5fdf17d60cdf - <std[617be2ca0a6fd877]::sys::thread::unix::Thread>::new::thread_start
[INFO] [stdout]   23:     0x7de268834dfa - <unknown>
[INFO] [stdout]   24:     0x7de2688c83d4 - clone
[INFO] [stdout]   25:                0x0 - <unknown>
[INFO] [stdout] 
[INFO] [stdout] 
[INFO] [stdout] failures:
[INFO] [stdout]     tests::test_commit_offset
[INFO] [stdout]     tests::test_create_consumer_group_succeeds_on_existing_group
[INFO] [stdout]     tests::test_produce_message
[INFO] [stdout] 
[INFO] [stdout] test result: FAILED. 1 passed; 3 failed; 0 ignored; 0 measured; 0 filtered out; finished in 0.08s
[INFO] [stdout] 
[INFO] [stderr] error: test failed, to rerun pass `--test api`
[INFO] running `Command { std: "docker" "inspect" "ee0704359faa5fc5f8a96d722eef4c23dd0bc9c7ae4c7ff45ffb5581790a3571", kill_on_drop: false }`
[INFO] running `Command { std: "docker" "rm" "-f" "ee0704359faa5fc5f8a96d722eef4c23dd0bc9c7ae4c7ff45ffb5581790a3571", kill_on_drop: false }`
[INFO] [stdout] ee0704359faa5fc5f8a96d722eef4c23dd0bc9c7ae4c7ff45ffb5581790a3571
