[INFO] fetching crate kael_diagnostics 0.4.1...
[INFO] testing kael_diagnostics-0.4.1 against 1.99.0-beta.8+cargoflags=--release for beta-release-1.100-2
[INFO] extracting crate kael_diagnostics 0.4.1 into /workspace/builds/worker-4-tc1/source
[INFO] started tweaking crates.io crate kael_diagnostics 0.4.1
[INFO] removed 0 missing tests
[INFO] finished tweaking crates.io crate kael_diagnostics 0.4.1
[INFO] tweaked toml for crates.io crate kael_diagnostics 0.4.1 written to /workspace/builds/worker-4-tc1/source/Cargo.toml
[INFO] validating manifest of crates.io crate kael_diagnostics 0.4.1 on toolchain 1.99.0-beta.8
[INFO] running `Command { std: CARGO_HOME="/workspace/cargo-home" RUSTUP_HOME="/workspace/rustup-home" "/workspace/cargo-home/bin/cargo" "+1.99.0-beta.8" "metadata" "--manifest-path" "Cargo.toml" "--no-deps", kill_on_drop: false }`
[INFO] crate crates.io crate kael_diagnostics 0.4.1 already has a lockfile, it will not be regenerated
[INFO] running `Command { std: CARGO_HOME="/workspace/cargo-home" RUSTUP_HOME="/workspace/rustup-home" "/workspace/cargo-home/bin/cargo" "+1.99.0-beta.8" "fetch" "--manifest-path" "Cargo.toml", kill_on_drop: false }`
[INFO] [stderr]     Updating crates.io index
[INFO] [stderr]  Downloading crates ...
[INFO] [stderr]   Downloaded pollster v0.2.5
[INFO] [stderr]   Downloaded wasm-bindgen-test-macro v0.3.72
[INFO] [stderr]   Downloaded wasm-bindgen-test-shared v0.2.122
[INFO] [stderr]   Downloaded kael_http_client v0.4.1
[INFO] [stderr]   Downloaded wasm-bindgen-test v0.3.72
[INFO] running `Command { std: "docker" "create" "-v" "/var/lib/crater-agent-workspace/builds/worker-4-tc1/source:/opt/rustwide/workdir:ro,Z" "-v" "/var/lib/crater-agent-workspace/builds/worker-4-tc1/target:/opt/rustwide/target:rw,Z" "-v" "/var/lib/crater-agent-workspace/cargo-home:/opt/rustwide/cargo-home:ro,Z" "-v" "/var/lib/crater-agent-workspace/rustup-home:/opt/rustwide/rustup-home:ro,Z" "-m" "1610612736" "--network" "none" "ghcr.io/rust-lang/crates-build-env/linux@sha256:77db811e55d90add9212f6832c23229e3de5f1c1f9905e8cb07319ea15df73ac" "sleep" "infinity", kill_on_drop: false }`
[INFO] [stdout] c411ea555d32e8b0570db4d53e2377f3920acf7c5391235f237f25e5fbb05b1c
[INFO] running `Command { std: "docker" "start" "c411ea555d32e8b0570db4d53e2377f3920acf7c5391235f237f25e5fbb05b1c", kill_on_drop: false }`
[INFO] running `Command { std: "docker" "inspect" "c411ea555d32e8b0570db4d53e2377f3920acf7c5391235f237f25e5fbb05b1c", kill_on_drop: false }`
[INFO] running `Command { std: "docker" "exec" "-e" "SOURCE_DIR=/opt/rustwide/workdir" "-e" "CARGO_HOME=/opt/rustwide/cargo-home" "-e" "RUSTUP_HOME=/opt/rustwide/rustup-home" "-e" "CARGO_TARGET_DIR=/opt/rustwide/target" "-w" "/opt/rustwide/workdir" "--user" "0:0" "c411ea555d32e8b0570db4d53e2377f3920acf7c5391235f237f25e5fbb05b1c" "/opt/rustwide/cargo-home/bin/cargo" "+1.99.0-beta.8" "metadata" "--no-deps" "--format-version=1", kill_on_drop: false }`
[INFO] running `Command { std: "docker" "inspect" "c411ea555d32e8b0570db4d53e2377f3920acf7c5391235f237f25e5fbb05b1c", kill_on_drop: false }`
[INFO] running `Command { std: "docker" "exec" "-e" "SOURCE_DIR=/opt/rustwide/workdir" "-e" "CARGO_HOME=/opt/rustwide/cargo-home" "-e" "RUSTUP_HOME=/opt/rustwide/rustup-home" "-e" "CARGO_TARGET_DIR=/opt/rustwide/target" "-e" "CARGO_INCREMENTAL=0" "-e" "RUST_BACKTRACE=full" "-e" "RUSTFLAGS=--cap-lints=warn" "-e" "RUSTDOCFLAGS=--cap-lints=warn" "-w" "/opt/rustwide/workdir" "--user" "0:0" "c411ea555d32e8b0570db4d53e2377f3920acf7c5391235f237f25e5fbb05b1c" "/opt/rustwide/cargo-home/bin/cargo" "+1.99.0-beta.8" "build" "--frozen" "--message-format=json" "--release", kill_on_drop: false }`
[INFO] [stderr]    Compiling tinystr v0.8.3
[INFO] [stderr]    Compiling zerotrie v0.2.4
[INFO] [stderr]    Compiling smallvec v1.15.1
[INFO] [stderr]    Compiling icu_collections v2.2.0
[INFO] [stderr]    Compiling memchr v2.8.1
[INFO] [stderr]    Compiling futures-sink v0.3.32
[INFO] [stderr]    Compiling futures-core v0.3.32
[INFO] [stderr]    Compiling unicode-segmentation v1.13.2
[INFO] [stderr]    Compiling futures-channel v0.3.32
[INFO] [stderr]    Compiling tempfile v3.27.0
[INFO] [stderr]    Compiling icu_locale_core v2.2.0
[INFO] [stderr]    Compiling parking_lot_core v0.9.12
[INFO] [stderr]    Compiling web-time v1.1.0
[INFO] [stderr]    Compiling convert_case v0.10.0
[INFO] [stderr]    Compiling parking_lot v0.12.5
[INFO] [stderr]    Compiling futures-util v0.3.32
[INFO] [stderr]    Compiling derive_more-impl v2.1.1
[INFO] [stderr]    Compiling serde_json v1.0.150
[INFO] [stderr]    Compiling icu_provider v2.2.0
[INFO] [stderr]    Compiling icu_normalizer v2.2.0
[INFO] [stderr]    Compiling icu_properties v2.2.0
[INFO] [stderr]    Compiling idna_adapter v1.2.2
[INFO] [stderr]    Compiling idna v1.1.0
[INFO] [stderr]    Compiling url v2.5.8
[INFO] [stderr]    Compiling futures-executor v0.3.32
[INFO] [stderr]    Compiling futures v0.3.32
[INFO] [stderr]    Compiling derive_more v2.1.1
[INFO] [stderr]    Compiling kael_http_client v0.4.1
[INFO] [stderr]    Compiling kael_diagnostics v0.4.1 (/opt/rustwide/workdir)
[INFO] [stdout] warning: use of deprecated method `std::sync::atomic::Atomic::<u64>::fetch_update`: renamed to `try_update` for consistency
[INFO] [stdout]    --> src/crash.rs:536:10
[INFO] [stdout]     |
[INFO] [stdout] 536 |         .fetch_update(Ordering::Relaxed, Ordering::Relaxed, |current| {
[INFO] [stdout]     |          ^^^^^^^^^^^^
[INFO] [stdout]     |
[INFO] [stdout]     = note: `#[warn(deprecated)]` on by default
[INFO] [stdout] help: replace the use of the deprecated method
[INFO] [stdout]     |
[INFO] [stdout] 536 -         .fetch_update(Ordering::Relaxed, Ordering::Relaxed, |current| {
[INFO] [stdout] 536 +         .try_update(Ordering::Relaxed, Ordering::Relaxed, |current| {
[INFO] [stdout]     |
[INFO] [stdout] 
[INFO] [stdout] 
[INFO] [stdout] warning: use of deprecated method `std::sync::atomic::Atomic::<u64>::fetch_update`: renamed to `try_update` for consistency
[INFO] [stdout]    --> src/metrics.rs:782:10
[INFO] [stdout]     |
[INFO] [stdout] 782 |         .fetch_update(Ordering::Relaxed, Ordering::Relaxed, |current| {
[INFO] [stdout]     |          ^^^^^^^^^^^^
[INFO] [stdout]     |
[INFO] [stdout] help: replace the use of the deprecated method
[INFO] [stdout]     |
[INFO] [stdout] 782 -         .fetch_update(Ordering::Relaxed, Ordering::Relaxed, |current| {
[INFO] [stdout] 782 +         .try_update(Ordering::Relaxed, Ordering::Relaxed, |current| {
[INFO] [stdout]     |
[INFO] [stdout] 
[INFO] [stdout] 
[INFO] [stderr]     Finished `release` profile [optimized] target(s) in 36.99s
[INFO] running `Command { std: "docker" "inspect" "c411ea555d32e8b0570db4d53e2377f3920acf7c5391235f237f25e5fbb05b1c", kill_on_drop: false }`
[INFO] running `Command { std: "docker" "exec" "-e" "SOURCE_DIR=/opt/rustwide/workdir" "-e" "CARGO_HOME=/opt/rustwide/cargo-home" "-e" "RUSTUP_HOME=/opt/rustwide/rustup-home" "-e" "CARGO_TARGET_DIR=/opt/rustwide/target" "-e" "CARGO_INCREMENTAL=0" "-e" "RUST_BACKTRACE=full" "-e" "RUSTFLAGS=--cap-lints=warn" "-e" "RUSTDOCFLAGS=--cap-lints=warn" "-w" "/opt/rustwide/workdir" "--user" "0:0" "c411ea555d32e8b0570db4d53e2377f3920acf7c5391235f237f25e5fbb05b1c" "/opt/rustwide/cargo-home/bin/cargo" "+1.99.0-beta.8" "test" "--frozen" "--no-run" "--message-format=json" "--release", kill_on_drop: false }`
[INFO] [stderr]    Compiling pollster v0.2.5
[INFO] [stdout] warning: use of deprecated method `std::sync::atomic::Atomic::<u64>::fetch_update`: renamed to `try_update` for consistency
[INFO] [stdout]    --> src/crash.rs:536:10
[INFO] [stdout]     |
[INFO] [stdout] 536 |         .fetch_update(Ordering::Relaxed, Ordering::Relaxed, |current| {
[INFO] [stdout]     |          ^^^^^^^^^^^^
[INFO] [stdout]     |
[INFO] [stdout]     = note: `#[warn(deprecated)]` on by default
[INFO] [stdout] help: replace the use of the deprecated method
[INFO] [stdout]     |
[INFO] [stdout] 536 -         .fetch_update(Ordering::Relaxed, Ordering::Relaxed, |current| {
[INFO] [stdout] 536 +         .try_update(Ordering::Relaxed, Ordering::Relaxed, |current| {
[INFO] [stdout]     |
[INFO] [stdout] 
[INFO] [stdout] 
[INFO] [stdout] warning: use of deprecated method `std::sync::atomic::Atomic::<u64>::fetch_update`: renamed to `try_update` for consistency
[INFO] [stdout]    --> src/metrics.rs:782:10
[INFO] [stdout]     |
[INFO] [stdout] 782 |         .fetch_update(Ordering::Relaxed, Ordering::Relaxed, |current| {
[INFO] [stdout]     |          ^^^^^^^^^^^^
[INFO] [stdout]     |
[INFO] [stdout] help: replace the use of the deprecated method
[INFO] [stdout]     |
[INFO] [stdout] 782 -         .fetch_update(Ordering::Relaxed, Ordering::Relaxed, |current| {
[INFO] [stdout] 782 +         .try_update(Ordering::Relaxed, Ordering::Relaxed, |current| {
[INFO] [stdout]     |
[INFO] [stdout] 
[INFO] [stdout] 
[INFO] [stderr]    Compiling kael_diagnostics v0.4.1 (/opt/rustwide/workdir)
[INFO] [stdout] warning: use of deprecated method `std::sync::atomic::Atomic::<u64>::fetch_update`: renamed to `try_update` for consistency
[INFO] [stdout]    --> src/crash.rs:536:10
[INFO] [stdout]     |
[INFO] [stdout] 536 |         .fetch_update(Ordering::Relaxed, Ordering::Relaxed, |current| {
[INFO] [stdout]     |          ^^^^^^^^^^^^
[INFO] [stdout]     |
[INFO] [stdout]     = note: `#[warn(deprecated)]` on by default
[INFO] [stdout] help: replace the use of the deprecated method
[INFO] [stdout]     |
[INFO] [stdout] 536 -         .fetch_update(Ordering::Relaxed, Ordering::Relaxed, |current| {
[INFO] [stdout] 536 +         .try_update(Ordering::Relaxed, Ordering::Relaxed, |current| {
[INFO] [stdout]     |
[INFO] [stdout] 
[INFO] [stdout] 
[INFO] [stdout] warning: use of deprecated method `std::sync::atomic::Atomic::<u64>::fetch_update`: renamed to `try_update` for consistency
[INFO] [stdout]    --> src/metrics.rs:782:10
[INFO] [stdout]     |
[INFO] [stdout] 782 |         .fetch_update(Ordering::Relaxed, Ordering::Relaxed, |current| {
[INFO] [stdout]     |          ^^^^^^^^^^^^
[INFO] [stdout]     |
[INFO] [stdout] help: replace the use of the deprecated method
[INFO] [stdout]     |
[INFO] [stdout] 782 -         .fetch_update(Ordering::Relaxed, Ordering::Relaxed, |current| {
[INFO] [stdout] 782 +         .try_update(Ordering::Relaxed, Ordering::Relaxed, |current| {
[INFO] [stdout]     |
[INFO] [stdout] 
[INFO] [stdout] 
[INFO] [stderr]     Finished `release` profile [optimized] target(s) in 11.91s
[INFO] running `Command { std: "docker" "inspect" "c411ea555d32e8b0570db4d53e2377f3920acf7c5391235f237f25e5fbb05b1c", kill_on_drop: false }`
[INFO] running `Command { std: "docker" "exec" "-e" "SOURCE_DIR=/opt/rustwide/workdir" "-e" "CARGO_HOME=/opt/rustwide/cargo-home" "-e" "RUSTUP_HOME=/opt/rustwide/rustup-home" "-e" "CARGO_TARGET_DIR=/opt/rustwide/target" "-e" "CARGO_INCREMENTAL=0" "-e" "RUST_BACKTRACE=full" "-e" "RUSTFLAGS=--cap-lints=warn" "-e" "RUSTDOCFLAGS=--cap-lints=warn" "-w" "/opt/rustwide/workdir" "--user" "0:0" "c411ea555d32e8b0570db4d53e2377f3920acf7c5391235f237f25e5fbb05b1c" "/opt/rustwide/cargo-home/bin/cargo" "+1.99.0-beta.8" "test" "--frozen" "--release", kill_on_drop: false }`
[INFO] [stderr] warning: use of deprecated method `std::sync::atomic::Atomic::<u64>::fetch_update`: renamed to `try_update` for consistency
[INFO] [stderr]    --> src/crash.rs:536:10
[INFO] [stderr]     |
[INFO] [stderr] 536 |         .fetch_update(Ordering::Relaxed, Ordering::Relaxed, |current| {
[INFO] [stderr]     |          ^^^^^^^^^^^^
[INFO] [stderr]     |
[INFO] [stderr]     = note: `#[warn(deprecated)]` on by default
[INFO] [stderr] help: replace the use of the deprecated method
[INFO] [stderr]     |
[INFO] [stderr] 536 -         .fetch_update(Ordering::Relaxed, Ordering::Relaxed, |current| {
[INFO] [stderr] 536 +         .try_update(Ordering::Relaxed, Ordering::Relaxed, |current| {
[INFO] [stderr]     |
[INFO] [stderr] 
[INFO] [stderr] warning: use of deprecated method `std::sync::atomic::Atomic::<u64>::fetch_update`: renamed to `try_update` for consistency
[INFO] [stderr]    --> src/metrics.rs:782:10
[INFO] [stderr]     |
[INFO] [stderr] 782 |         .fetch_update(Ordering::Relaxed, Ordering::Relaxed, |current| {
[INFO] [stderr]     |          ^^^^^^^^^^^^
[INFO] [stderr]     |
[INFO] [stderr] help: replace the use of the deprecated method
[INFO] [stderr]     |
[INFO] [stderr] 782 -         .fetch_update(Ordering::Relaxed, Ordering::Relaxed, |current| {
[INFO] [stderr] 782 +         .try_update(Ordering::Relaxed, Ordering::Relaxed, |current| {
[INFO] [stderr]     |
[INFO] [stderr] 
[INFO] [stderr] warning: `kael_diagnostics` (lib) generated 2 warnings (run `cargo fix --lib -p kael_diagnostics` to apply 2 suggestions)
[INFO] [stderr] warning: `kael_diagnostics` (lib test) generated 2 warnings (2 duplicates)
[INFO] [stderr]     Finished `release` profile [optimized] target(s) in 0.11s
[INFO] [stderr]      Running unittests src/lib.rs (/opt/rustwide/target/release/deps/kael_diagnostics-8c1f8db16d556b6f)
[INFO] [stdout] 
[INFO] [stdout] running 42 tests
[INFO] [stdout] test breadcrumb::tests::evicts_oldest_breadcrumbs_on_overflow ... ok
[INFO] [stdout] test crash::tests::check_and_submit_reports_no_prior_crash_on_clean_dir ... ok
[INFO] [stdout] test crash::tests::marker_protocol_distinguishes_crash_from_unclean_exit ... ok
[INFO] [stdout] test crash::tests::lists_pending_json_reports ... ok
[INFO] [stdout] test breadcrumb::tests::zero_capacity_discards_breadcrumbs ... ok
[INFO] [stdout] test crash::tests::panicking_before_send_drops_non_panic_report_without_unwinding ... ok
[INFO] [stdout] test crash::tests::rejects_path_like_application_identifiers ... ok
[INFO] [stdout] test crash::tests::captures_breadcrumbs_for_non_panic_errors ... ok
[INFO] [stdout] test crash::tests::rejects_report_directory_changes_after_handler_installation ... ok
[INFO] [stdout] test metrics::tests::dropped_transactions_and_spans_emit_end_events_once ... ok
[INFO] [stdout] test metrics::tests::histograms_retain_the_newest_bounded_samples ... ok
[INFO] [stdout] test crash::tests::validates_and_redacts_upload_endpoints ... ok
[INFO] [stdout] test crash::tests::report_storage_uses_private_permissions ... ok
[INFO] [stdout] test crash::tests::round_trips_crash_report_json ... ok
[INFO] [stdout] test crash::tests::check_and_submit_converts_native_crash_and_retains_without_consent ... ok
[INFO] [stdout] test metrics::tests::metrics_registry_tracks_latest_and_accumulated_values ... ok
[INFO] [stdout] test metrics::tests::metrics_reject_non_finite_values_and_saturate_counters ... ok
[INFO] [stdout] test metrics::tests::record_duration_emits_end_when_the_closure_panics ... ok
[INFO] [stdout] test metrics::tests::thread_identifiers_never_wrap_to_zero ... ok
[INFO] [stdout] test metrics::tests::tracer_emits_valid_chrome_phase_fields ... ok
[INFO] [stdout] test metrics::tests::tracer_exports_valid_trace_json ... ok
[INFO] [stdout] test metrics::tests::tracer_records_events_when_enabled ... ok
[INFO] [stdout] test metrics::tests::invalid_public_trace_events_are_rejected ... ok
[INFO] [stdout] test metrics::tests::transactions_emit_begin_and_end_events ... ok
[INFO] [stdout] test metrics::tests::trace_export_replaces_existing_file_atomically ... ok
[INFO] [stdout] test metrics::tests::zero_capacity_tracer_retains_nothing ... ok
[INFO] [stdout] test metrics::tests::scoped_events_close_when_tracing_is_disabled_mid_scope ... ok
[INFO] [stdout] test native::tests::empty_dump_decodes_to_none ... ok
[INFO] [stdout] test native::tests::decodes_signal_record ... ok
[INFO] [stdout] test native::tests::parses_hex_and_decimal ... ok
[INFO] [stdout] test native::tests::rejects_oversized_native_context_before_writing ... ok
[INFO] [stdout] test native::tests::pending_crashes_ignore_symlinked_metadata ... ok
[INFO] [stdout] test native::tests::signal_names_are_known ... ok
[INFO] [stdout] test native::tests::session_ids_are_unique ... ok
[INFO] [stdout] test native::tests::summary_describes_signal ... ok
[INFO] [stdout] test tests::backend_name_is_available ... ok
[INFO] [stdout] test reporter::tests::configuration_debug_redacts_the_upload_endpoint ... ok
[INFO] [stdout] test metrics::tests::histograms_share_a_global_sample_budget ... ok
[INFO] [stdout] test crash::tests::serialized_reports_are_bounded_before_persistence ... ok
[INFO] [stdout] test crash::tests::pending_report_batches_are_bounded_and_keep_oldest_names ... ok
[INFO] [stdout] test breadcrumb::tests::bounds_retention_and_payloads_without_splitting_utf8 ... ok
[INFO] [stdout] test native::tests::pending_crashes_keep_the_oldest_bounded_sessions ... ok
[INFO] [stdout] 
[INFO] [stdout] test result: ok. 42 passed; 0 failed; 0 ignored; 0 measured; 0 filtered out; finished in 0.20s
[INFO] [stdout] 
[INFO] [stdout] 
[INFO] [stdout] running 3 tests
[INFO] [stderr]      Running tests/native_crash.rs (/opt/rustwide/target/release/deps/native_crash-7ffc1f01c4e4a4fe)
[INFO] [stdout] test crash_helper_process ... ok
[INFO] [stdout] test captures_real_abort ... ok
[INFO] [stdout] test captures_real_sigsegv ... FAILED
[INFO] [stderr] error: test failed, to rerun pass `--test native_crash`
[INFO] [stdout] 
[INFO] [stdout] failures:
[INFO] [stdout] 
[INFO] [stdout] ---- captures_real_sigsegv stdout ----
[INFO] [stdout] 
[INFO] [stdout] thread 'captures_real_sigsegv' (619) panicked at tests/native_crash.rs:92:5:
[INFO] [stdout] dump must record at least one backtrace frame: signal=11
[INFO] [stdout] code=-6
[INFO] [stdout] address=0x26e
[INFO] [stdout] 
[INFO] [stdout] stack backtrace:
[INFO] [stdout]    0:     0x5b6b0274eba1 - <<std[70759c8f55707aa4]::sys::backtrace::BacktraceLock>::print::DisplayBacktrace as core[df12db4294e9bfd3]::fmt::Display>::fmt
[INFO] [stdout]    1:     0x5b6b0276471a - core[df12db4294e9bfd3]::fmt::write
[INFO] [stdout]    2:     0x5b6b0275387c - <alloc[2182bb758b4b3781]::vec::Vec<u8> as core[df12db4294e9bfd3]::io::write::Write>::write_fmt
[INFO] [stdout]    3:     0x5b6b02728076 - std[70759c8f55707aa4]::panicking::default_hook::{closure#0}
[INFO] [stdout]    4:     0x5b6b02746029 - std[70759c8f55707aa4]::panicking::default_hook
[INFO] [stdout]    5:     0x5b6b026a1320 - test[9d35eded1c95d3be]::test_main_inner::<test[9d35eded1c95d3be]::test_main_static::{closure#0}>::{closure#0}
[INFO] [stdout]    6:     0x5b6b027461e2 - std[70759c8f55707aa4]::panicking::panic_with_hook
[INFO] [stdout]    7:     0x5b6b02728122 - std[70759c8f55707aa4]::panicking::panic_handler::{closure#0}
[INFO] [stdout]    8:     0x5b6b02720559 - std[70759c8f55707aa4]::sys::backtrace::__rust_end_short_backtrace::<std[70759c8f55707aa4]::panicking::panic_handler::{closure#0}, !>
[INFO] [stdout]    9:     0x5b6b02728fdd - __rustc[8fa7c3cbc660c2b3]::rust_begin_unwind
[INFO] [stdout]   10:     0x5b6b02764e4c - core[df12db4294e9bfd3]::panicking::panic_fmt
[INFO] [stdout]   11:     0x5b6b0268fd4e - <native_crash[87f816b5a8edc1c]::captures_real_sigsegv::{closure#0} as core[df12db4294e9bfd3]::ops::function::FnOnce<()>>::call_once
[INFO] [stdout]   12:     0x5b6b0269460b - test[9d35eded1c95d3be]::__rust_begin_short_backtrace::<core[df12db4294e9bfd3]::result::Result<(), alloc[2182bb758b4b3781]::string::String>, fn() -> core[df12db4294e9bfd3]::result::Result<(), alloc[2182bb758b4b3781]::string::String>>
[INFO] [stdout]   13:     0x5b6b026a1c75 - test[9d35eded1c95d3be]::run_test::{closure#0}
[INFO] [stdout]   14:     0x5b6b0269b534 - std[70759c8f55707aa4]::sys::backtrace::__rust_begin_short_backtrace::<test[9d35eded1c95d3be]::run_test::{closure#1}, ()>
[INFO] [stdout]   15:     0x5b6b026a4dd2 - <std[70759c8f55707aa4]::thread::lifecycle::spawn_unchecked<test[9d35eded1c95d3be]::run_test::{closure#1}, ()>::{closure#1} as core[df12db4294e9bfd3]::ops::function::FnOnce<()>>::call_once::{shim:vtable#0}
[INFO] [stdout]   16:     0x5b6b0274e159 - <std[70759c8f55707aa4]::sys::thread::unix::Thread>::new::thread_start
[INFO] [stdout]   17:     0x72a787324dfa - <unknown>
[INFO] [stdout]   18:     0x72a7873b83d4 - clone
[INFO] [stdout]   19:                0x0 - <unknown>
[INFO] [stdout] 
[INFO] [stdout] 
[INFO] [stdout] failures:
[INFO] [stdout]     captures_real_sigsegv
[INFO] [stdout] 
[INFO] [stdout] test result: FAILED. 2 passed; 1 failed; 0 ignored; 0 measured; 0 filtered out; finished in 0.32s
[INFO] [stdout] 
[INFO] running `Command { std: "docker" "inspect" "c411ea555d32e8b0570db4d53e2377f3920acf7c5391235f237f25e5fbb05b1c", kill_on_drop: false }`
[INFO] running `Command { std: "docker" "rm" "-f" "c411ea555d32e8b0570db4d53e2377f3920acf7c5391235f237f25e5fbb05b1c", kill_on_drop: false }`
[INFO] [stdout] c411ea555d32e8b0570db4d53e2377f3920acf7c5391235f237f25e5fbb05b1c
