[INFO] fetching crate juv 0.3.0...
[INFO] testing juv-0.3.0 against 1.100.0-beta.1+cargoflags=--release for beta-release-1.100-2
[INFO] extracting crate juv 0.3.0 into /workspace/builds/worker-4-tc2/source
[INFO] started tweaking crates.io crate juv 0.3.0
[INFO] removed 0 missing tests
[INFO] finished tweaking crates.io crate juv 0.3.0
[INFO] tweaked toml for crates.io crate juv 0.3.0 written to /workspace/builds/worker-4-tc2/source/Cargo.toml
[INFO] validating manifest of crates.io crate juv 0.3.0 on toolchain 1.100.0-beta.1
[INFO] running `Command { std: CARGO_HOME="/workspace/cargo-home" RUSTUP_HOME="/workspace/rustup-home" "/workspace/cargo-home/bin/cargo" "+1.100.0-beta.1" "metadata" "--manifest-path" "Cargo.toml" "--no-deps", kill_on_drop: false }`
[INFO] crate crates.io crate juv 0.3.0 already has a lockfile, it will not be regenerated
[INFO] running `Command { std: CARGO_HOME="/workspace/cargo-home" RUSTUP_HOME="/workspace/rustup-home" "/workspace/cargo-home/bin/cargo" "+1.100.0-beta.1" "fetch" "--manifest-path" "Cargo.toml", kill_on_drop: false }`
[INFO] running `Command { std: "docker" "create" "-v" "/var/lib/crater-agent-workspace/builds/worker-4-tc2/source:/opt/rustwide/workdir:ro,Z" "-v" "/var/lib/crater-agent-workspace/builds/worker-4-tc2/target:/opt/rustwide/target:rw,Z" "-v" "/var/lib/crater-agent-workspace/cargo-home:/opt/rustwide/cargo-home:ro,Z" "-v" "/var/lib/crater-agent-workspace/rustup-home:/opt/rustwide/rustup-home:ro,Z" "-m" "1610612736" "--network" "none" "ghcr.io/rust-lang/crates-build-env/linux@sha256:77db811e55d90add9212f6832c23229e3de5f1c1f9905e8cb07319ea15df73ac" "sleep" "infinity", kill_on_drop: false }`
[INFO] [stdout] d00932be9d13bf9651e1e39459f9a572806bac75540a56f2b7d899bb312662bd
[INFO] running `Command { std: "docker" "start" "d00932be9d13bf9651e1e39459f9a572806bac75540a56f2b7d899bb312662bd", kill_on_drop: false }`
[INFO] running `Command { std: "docker" "inspect" "d00932be9d13bf9651e1e39459f9a572806bac75540a56f2b7d899bb312662bd", kill_on_drop: false }`
[INFO] running `Command { std: "docker" "exec" "-e" "SOURCE_DIR=/opt/rustwide/workdir" "-e" "CARGO_HOME=/opt/rustwide/cargo-home" "-e" "RUSTUP_HOME=/opt/rustwide/rustup-home" "-e" "CARGO_TARGET_DIR=/opt/rustwide/target" "-w" "/opt/rustwide/workdir" "--user" "0:0" "d00932be9d13bf9651e1e39459f9a572806bac75540a56f2b7d899bb312662bd" "/opt/rustwide/cargo-home/bin/cargo" "+1.100.0-beta.1" "metadata" "--no-deps" "--format-version=1", kill_on_drop: false }`
[INFO] running `Command { std: "docker" "inspect" "d00932be9d13bf9651e1e39459f9a572806bac75540a56f2b7d899bb312662bd", kill_on_drop: false }`
[INFO] running `Command { std: "docker" "exec" "-e" "SOURCE_DIR=/opt/rustwide/workdir" "-e" "CARGO_HOME=/opt/rustwide/cargo-home" "-e" "RUSTUP_HOME=/opt/rustwide/rustup-home" "-e" "CARGO_TARGET_DIR=/opt/rustwide/target" "-e" "CARGO_INCREMENTAL=0" "-e" "RUST_BACKTRACE=full" "-e" "RUSTFLAGS=--cap-lints=warn" "-e" "RUSTDOCFLAGS=--cap-lints=warn" "-w" "/opt/rustwide/workdir" "--user" "0:0" "d00932be9d13bf9651e1e39459f9a572806bac75540a56f2b7d899bb312662bd" "/opt/rustwide/cargo-home/bin/cargo" "+1.100.0-beta.1" "build" "--frozen" "--message-format=json" "--release", kill_on_drop: false }`
[INFO] [stderr]    Compiling rustix v1.1.4
[INFO] [stderr]    Compiling zstd-safe v7.2.4
[INFO] [stderr]    Compiling log v0.4.30
[INFO] [stderr]    Compiling zeroize_derive v1.4.3
[INFO] [stderr]    Compiling percent-encoding v2.3.2
[INFO] [stderr]    Compiling crypto-common v0.1.7
[INFO] [stderr]    Compiling block-buffer v0.10.4
[INFO] [stderr]    Compiling inout v0.1.4
[INFO] [stderr]    Compiling getrandom v0.3.4
[INFO] [stderr]    Compiling zerofrom v0.1.8
[INFO] [stderr]    Compiling zstd-sys v2.0.16+zstd.1.5.7
[INFO] [stderr]    Compiling bzip2-sys v0.1.13+1.0.8
[INFO] [stderr]    Compiling lzma-sys v0.1.20
[INFO] [stderr]    Compiling ring v0.17.14
[INFO] [stderr]    Compiling rustls v0.23.40
[INFO] [stderr]    Compiling thiserror-impl v2.0.18
[INFO] [stderr]    Compiling aho-corasick v1.1.4
[INFO] [stderr]    Compiling serde_json v1.0.150
[INFO] [stderr]    Compiling cipher v0.4.4
[INFO] [stderr]    Compiling form_urlencoded v1.2.2
[INFO] [stderr]    Compiling yoke v0.8.2
[INFO] [stderr]    Compiling digest v0.10.7
[INFO] [stderr]    Compiling zip v2.4.2
[INFO] [stderr]    Compiling zopfli v0.8.3
[INFO] [stderr]    Compiling zerovec v0.11.6
[INFO] [stderr]    Compiling zerotrie v0.2.4
[INFO] [stderr]    Compiling bzip2 v0.5.2
[INFO] [stderr]    Compiling lzma-rs v0.3.0
[INFO] [stderr]    Compiling time v0.3.47
[INFO] [stderr]    Compiling aes v0.8.4
[INFO] [stderr]    Compiling xz2 v0.1.7
[INFO] [stderr]    Compiling dirs-sys v0.4.1
[INFO] [stderr]    Compiling hmac v0.12.1
[INFO] [stderr]    Compiling sha1 v0.10.6
[INFO] [stderr]    Compiling pbkdf2 v0.12.2
[INFO] [stderr]    Compiling zeroize v1.8.2
[INFO] [stderr]    Compiling clap_derive v4.6.1
[INFO] [stderr]    Compiling deflate64 v0.1.12
[INFO] [stderr]    Compiling env_home v0.1.0
[INFO] [stderr]    Compiling rustls-pki-types v1.14.1
[INFO] [stderr]    Compiling dirs v5.0.1
[INFO] [stderr]    Compiling sha2 v0.10.9
[INFO] [stderr]    Compiling tinystr v0.8.3
[INFO] [stderr]    Compiling potential_utf v0.1.5
[INFO] [stderr]    Compiling icu_collections v2.2.0
[INFO] [stderr]    Compiling icu_locale_core v2.2.0
[INFO] [stderr]    Compiling rustls-webpki v0.103.13
[INFO] [stderr]    Compiling webpki-roots v1.0.7
[INFO] [stderr]    Compiling webpki-roots v0.26.11
[INFO] [stderr]    Compiling md-5 v0.10.6
[INFO] [stderr]    Compiling quick-xml v0.37.5
[INFO] [stderr]    Compiling thiserror v2.0.18
[INFO] [stderr]    Compiling regex-automata v0.4.14
[INFO] [stderr]    Compiling clap v4.6.1
[INFO] [stderr]    Compiling icu_provider v2.2.0
[INFO] [stderr]    Compiling icu_properties v2.2.0
[INFO] [stderr]    Compiling icu_normalizer v2.2.0
[INFO] [stderr]    Compiling xattr v1.6.1
[INFO] [stderr]    Compiling which v7.0.3
[INFO] [stderr]    Compiling tar v0.4.46
[INFO] [stderr]    Compiling idna_adapter v1.2.2
[INFO] [stderr]    Compiling idna v1.1.0
[INFO] [stderr]    Compiling url v2.5.8
[INFO] [stderr]    Compiling regex v1.12.3
[INFO] [stderr]    Compiling ureq v2.12.1
[INFO] [stderr]    Compiling zstd v0.13.3
[INFO] [stderr]    Compiling juv v0.3.0 (/opt/rustwide/workdir)
[INFO] [stderr]     Finished `release` profile [optimized] target(s) in 1m 42s
[INFO] running `Command { std: "docker" "inspect" "d00932be9d13bf9651e1e39459f9a572806bac75540a56f2b7d899bb312662bd", kill_on_drop: false }`
[INFO] running `Command { std: "docker" "exec" "-e" "SOURCE_DIR=/opt/rustwide/workdir" "-e" "CARGO_HOME=/opt/rustwide/cargo-home" "-e" "RUSTUP_HOME=/opt/rustwide/rustup-home" "-e" "CARGO_TARGET_DIR=/opt/rustwide/target" "-e" "CARGO_INCREMENTAL=0" "-e" "RUST_BACKTRACE=full" "-e" "RUSTFLAGS=--cap-lints=warn" "-e" "RUSTDOCFLAGS=--cap-lints=warn" "-w" "/opt/rustwide/workdir" "--user" "0:0" "d00932be9d13bf9651e1e39459f9a572806bac75540a56f2b7d899bb312662bd" "/opt/rustwide/cargo-home/bin/cargo" "+1.100.0-beta.1" "test" "--frozen" "--no-run" "--message-format=json" "--release", kill_on_drop: false }`
[INFO] [stderr]    Compiling xattr v1.6.1
[INFO] [stderr]    Compiling which v7.0.3
[INFO] [stderr]    Compiling tar v0.4.46
[INFO] [stderr]    Compiling juv v0.3.0 (/opt/rustwide/workdir)
[INFO] [stderr]     Finished `release` profile [optimized] target(s) in 38.03s
[INFO] running `Command { std: "docker" "inspect" "d00932be9d13bf9651e1e39459f9a572806bac75540a56f2b7d899bb312662bd", kill_on_drop: false }`
[INFO] running `Command { std: "docker" "exec" "-e" "SOURCE_DIR=/opt/rustwide/workdir" "-e" "CARGO_HOME=/opt/rustwide/cargo-home" "-e" "RUSTUP_HOME=/opt/rustwide/rustup-home" "-e" "CARGO_TARGET_DIR=/opt/rustwide/target" "-e" "CARGO_INCREMENTAL=0" "-e" "RUST_BACKTRACE=full" "-e" "RUSTFLAGS=--cap-lints=warn" "-e" "RUSTDOCFLAGS=--cap-lints=warn" "-w" "/opt/rustwide/workdir" "--user" "0:0" "d00932be9d13bf9651e1e39459f9a572806bac75540a56f2b7d899bb312662bd" "/opt/rustwide/cargo-home/bin/cargo" "+1.100.0-beta.1" "test" "--frozen" "--release", kill_on_drop: false }`
[INFO] [stderr]     Finished `release` profile [optimized] target(s) in 0.17s
[INFO] [stdout] 
[INFO] [stderr]      Running unittests src/lib.rs (/opt/rustwide/target/release/build/juv/d3f0c76e2a726580/out/juv-d3f0c76e2a726580)
[INFO] [stdout] running 28 tests
[INFO] [stdout] test jdk::tests::test_detect_platform ... ok
[INFO] [stdout] test jdk::tests::test_create_symlink_dir_replaces_broken_symlink ... ok
[INFO] [stdout] test jdk::tests::test_find_extracted_jdk_root_handles_macos_bundle ... ok
[INFO] [stdout] test jdk::tests::test_default_java_version ... ok
[INFO] [stdout] test jdk::tests::test_parse_major_from_java_version_output_ignores_tool_options ... ok
[INFO] [stdout] test resolver::tests::classifier_is_none_from_three_segment_coordinate ... ok
[INFO] [stdout] test resolver::tests::probes_gradle_cache ... ok
[INFO] [stdout] test resolver::tests::parses_simple_coordinate ... ok
[INFO] [stdout] test jdk::tests::test_parse_java_version_directive_accepts_jbang_range_suffixes ... ok
[INFO] [stdout] test resolver::tests::applies_exclusions_from_parent ... ok
[INFO] [stdout] test resolver::tests::skips_optional_deps ... ok
[INFO] [stdout] test resolver::tests::probes_coursier_cache ... ok
[INFO] [stdout] test resolver::tests::parses_pom_with_relocation ... ok
[INFO] [stdout] test resolver::tests::classifier_is_parsed_from_four_segment_coordinate ... ok
[INFO] [stdout] test resolver::tests::parses_pom_with_exclusions ... ok
[INFO] [stdout] test resolver::tests::parses_pom_with_properties ... ok
[INFO] [stdout] test resolver::tests::extracts_only_compile_and_runtime_deps ... ok
[INFO] [stdout] test resolver::tests::parses_dependency_management ... ok
[INFO] [stdout] test resolver::tests::parses_pom_basic ... ok
[INFO] [stdout] test jdk::tests::test_parse_major_from_version_string ... ok
[INFO] [stdout] test resolver::tests::probes_maven_local_repo ... ok
[INFO] [stdout] test resolver::tests::rejects_invalid_coordinate ... ok
[INFO] [stdout] test resolver::tests::resolves_chained_properties ... ok
[INFO] [stdout] test resolver::tests::sanitize_path_segment_blocks_traversal ... ok
[INFO] [stdout] test resolver::tests::substitutes_project_parent_version_property_in_dependencies ... ok
[INFO] [stdout] test resolver::tests::version_comparison ... ok
[INFO] [stdout] test resolver::tests::version_range_selects_highest_matching_metadata_version ... ok
[INFO] [stdout] test resolver::tests::returns_none_when_not_cached ... ok
[INFO] [stdout] 
[INFO] [stdout] test result: ok. 28 passed; 0 failed; 0 ignored; 0 measured; 0 filtered out; finished in 0.15s
[INFO] [stdout] 
[INFO] [stderr]      Running unittests src/main.rs (/opt/rustwide/target/release/build/juv/13f04573b4a0ce5e/out/juv-13f04573b4a0ce5e)
[INFO] [stdout] 
[INFO] [stdout] running 4 tests
[INFO] [stdout] test test_command_unit_tests::xml_attr_preserves_quoted_values_with_spaces ... ok
[INFO] [stdout] test test_command_unit_tests::junit_default_version_uses_resolver_latest_metadata ... ok
[INFO] [stdout] test test_command_unit_tests::palantir_default_version_uses_resolver_latest_metadata ... ok
[INFO] [stdout] test test_command_unit_tests::tool_latest_version_is_cached_temporarily ... ok
[INFO] [stdout] 
[INFO] [stdout] test result: ok. 4 passed; 0 failed; 0 ignored; 0 measured; 0 filtered out; finished in 0.00s
[INFO] [stdout] 
[INFO] [stderr]      Running unittests src/bin/juvx.rs (/opt/rustwide/target/release/build/juv/7ff305e0673cc374/out/juvx-7ff305e0673cc374)
[INFO] [stdout] 
[INFO] [stdout] running 0 tests
[INFO] [stdout] 
[INFO] [stdout] test result: ok. 0 passed; 0 failed; 0 ignored; 0 measured; 0 filtered out; finished in 0.00s
[INFO] [stdout] 
[INFO] [stderr]      Running tests/app_install_command.rs (/opt/rustwide/target/release/build/juv/40253c2357cd65f3/out/app_install_command-40253c2357cd65f3)
[INFO] [stdout] 
[INFO] [stdout] running 9 tests
[INFO] [stdout] test app_uninstall_reports_missing ... ok
[INFO] [stdout] test app_install_with_custom_name ... ok
[INFO] [stdout] test app_install_creates_wrapper_script ... ok
[INFO] [stdout] test app_install_refuses_reserved_name ... ok
[INFO] [stdout] test app_install_force_overwrites ... ok
[INFO] [stdout] test app_uninstall_removes_command ... ok
[INFO] [stdout] test app_install_quotes_script_path_with_spaces ... ok
[INFO] [stdout] test app_list_shows_installed_commands ... ok
[INFO] [stdout] test app_install_refuses_without_force ... ok
[INFO] [stdout] 
[INFO] [stdout] test result: ok. 9 passed; 0 failed; 0 ignored; 0 measured; 0 filtered out; finished in 0.04s
[INFO] [stdout] 
[INFO] [stderr]      Running tests/build_command.rs (/opt/rustwide/target/release/build/juv/b96fc7ab2dc1b11a/out/build_command-b96fc7ab2dc1b11a)
[INFO] [stdout] 
[INFO] [stdout] running 2 tests
[INFO] [stdout] test build_compiles_sources_and_copies_files_resources ... FAILED
[INFO] [stdout] test build_compiles_script_into_cache_without_running_it ... FAILED
[INFO] [stdout] 
[INFO] [stdout] failures:
[INFO] [stdout] 
[INFO] [stdout] ---- build_compiles_sources_and_copies_files_resources stdout ----
[INFO] [stdout] 
[INFO] [stdout] thread 'build_compiles_sources_and_copies_files_resources' (2558) panicked at tests/build_command.rs:10:5:
[INFO] [stdout] stdout= stderr=Downloading JDK 25 from Adoptium...
[INFO] [stdout] Error: failed to fetch JDK checksum metadata
[INFO] [stdout] 
[INFO] [stdout] Caused by:
[INFO] [stdout]     0: https://api.adoptium.net/v3/assets/latest/25/hotspot?architecture=x64&image_type=jdk&os=linux&vendor=eclipse: Dns Failed: resolve dns name 'api.adoptium.net:443': failed to lookup address information: Temporary failure in name resolution
[INFO] [stdout]     1: failed to lookup address information: Temporary failure in name resolution
[INFO] [stdout] 
[INFO] [stdout] Stack backtrace:
[INFO] [stdout]    0: <ureq::error::Error as anyhow::context::ext::StdError>::ext_context::<&str>
[INFO] [stdout]    1: juv::jdk::install_from_adoptium
[INFO] [stdout]    2: juv::jdk::find_jdk
[INFO] [stdout]    3: juv::jdk::resolve_jdk
[INFO] [stdout]    4: juv::build_java
[INFO] [stdout]    5: juv::main
[INFO] [stdout]    6: std::sys::backtrace::__rust_begin_short_backtrace::<fn() -> core::result::Result<(), anyhow::Error>, core::result::Result<(), anyhow::Error>>
[INFO] [stdout]    7: std::rt::lang_start::<core::result::Result<(), anyhow::Error>>::{closure#0}
[INFO] [stdout]    8: std::rt::lang_start_internal
[INFO] [stdout]    9: main
[INFO] [stdout]   10: <unknown>
[INFO] [stdout]   11: __libc_start_main
[INFO] [stdout]   12: _start
[INFO] [stdout] 
[INFO] [stdout] stack backtrace:
[INFO] [stdout]    0:     0x5783d06d0dc1 - <<std[617be2ca0a6fd877]::sys::backtrace::BacktraceLock>::print::DisplayBacktrace as core[a373ad73a504971]::fmt::Display>::fmt
[INFO] [stdout]    1:     0x5783d06e518a - core[a373ad73a504971]::fmt::write
[INFO] [stdout]    2:     0x5783d06d52cc - <alloc[2e1b2a31b91974c5]::vec::Vec<u8> as core[a373ad73a504971]::io::write::Write>::write_fmt
[INFO] [stdout]    3:     0x5783d06ab566 - std[617be2ca0a6fd877]::panicking::default_hook::{closure#0}
[INFO] [stdout]    4:     0x5783d06c87c9 - std[617be2ca0a6fd877]::panicking::default_hook
[INFO] [stdout]    5:     0x5783d0663bb0 - test[aada8e7e76ba119b]::test_main_inner::{closure#0}
[INFO] [stdout]    6:     0x5783d06c8982 - std[617be2ca0a6fd877]::panicking::panic_with_hook
[INFO] [stdout]    7:     0x5783d06ab612 - std[617be2ca0a6fd877]::panicking::panic_handler::{closure#0}
[INFO] [stdout]    8:     0x5783d06a4169 - std[617be2ca0a6fd877]::sys::backtrace::__rust_end_short_backtrace::<std[617be2ca0a6fd877]::panicking::panic_handler::{closure#0}, !>
[INFO] [stdout]    9:     0x5783d06ac21d - __rustc[ea4f61d10b84890b]::rust_begin_unwind
[INFO] [stdout]   10:     0x5783d06e58bc - core[a373ad73a504971]::panicking::panic_fmt
[INFO] [stdout]   11:     0x5783d064f74a - build_command[54c39f92af8470f3]::assert_success
[INFO] [stdout]   12:     0x5783d065011c - <build_command[54c39f92af8470f3]::build_compiles_sources_and_copies_files_resources::{closure#0} as core[a373ad73a504971]::ops::function::FnOnce<()>>::call_once
[INFO] [stdout]   13:     0x5783d0656ffb - test[aada8e7e76ba119b]::__rust_begin_short_backtrace::<core[a373ad73a504971]::result::Result<(), alloc[2e1b2a31b91974c5]::string::String>, fn() -> core[a373ad73a504971]::result::Result<(), alloc[2e1b2a31b91974c5]::string::String>>
[INFO] [stdout]   14:     0x5783d06641d5 - test[aada8e7e76ba119b]::run_test::{closure#0}
[INFO] [stdout]   15:     0x5783d065dac4 - std[617be2ca0a6fd877]::sys::backtrace::__rust_begin_short_backtrace::<test[aada8e7e76ba119b]::run_test::{closure#1}, ()>
[INFO] [stdout]   16:     0x5783d0667262 - <std[617be2ca0a6fd877]::thread::lifecycle::spawn_unchecked<test[aada8e7e76ba119b]::run_test::{closure#1}, ()>::{closure#1} as core[a373ad73a504971]::ops::function::FnOnce<()>>::call_once::{shim:vtable#0}
[INFO] [stdout]   17:     0x5783d06d043f - <std[617be2ca0a6fd877]::sys::thread::unix::Thread>::new::thread_start
[INFO] [stdout]   18:     0x7c5e198ccdfa - <unknown>
[INFO] [stdout]   19:     0x7c5e199603d4 - clone
[INFO] [stdout]   20:                0x0 - <unknown>
[INFO] [stdout] 
[INFO] [stdout] ---- build_compiles_script_into_cache_without_running_it stdout ----
[INFO] [stdout] 
[INFO] [stdout] thread 'build_compiles_script_into_cache_without_running_it' (2557) panicked at tests/build_command.rs:10:5:
[INFO] [stdout] stdout= stderr=Downloading JDK 25 from Adoptium...
[INFO] [stdout] Error: failed to fetch JDK checksum metadata
[INFO] [stdout] 
[INFO] [stdout] Caused by:
[INFO] [stdout]     0: https://api.adoptium.net/v3/assets/latest/25/hotspot?architecture=x64&image_type=jdk&os=linux&vendor=eclipse: Dns Failed: resolve dns name 'api.adoptium.net:443': failed to lookup address information: Temporary failure in name resolution
[INFO] [stdout]     1: failed to lookup address information: Temporary failure in name resolution
[INFO] [stdout] 
[INFO] [stdout] Stack backtrace:
[INFO] [stdout]    0: <ureq::error::Error as anyhow::context::ext::StdError>::ext_context::<&str>
[INFO] [stdout]    1: juv::jdk::install_from_adoptium
[INFO] [stdout]    2: juv::jdk::find_jdk
[INFO] [stdout]    3: juv::jdk::resolve_jdk
[INFO] [stdout]    4: juv::build_java
[INFO] [stdout]    5: juv::main
[INFO] [stdout]    6: std::sys::backtrace::__rust_begin_short_backtrace::<fn() -> core::result::Result<(), anyhow::Error>, core::result::Result<(), anyhow::Error>>
[INFO] [stdout]    7: std::rt::lang_start::<core::result::Result<(), anyhow::Error>>::{closure#0}
[INFO] [stdout]    8: std::rt::lang_start_internal
[INFO] [stdout]    9: main
[INFO] [stdout]   10: <unknown>
[INFO] [stdout]   11: __libc_start_main
[INFO] [stdout]   12: _start
[INFO] [stdout] 
[INFO] [stdout] stack backtrace:
[INFO] [stdout]    0:     0x5783d06d0dc1 - <<std[617be2ca0a6fd877]::sys::backtrace::BacktraceLock>::print::DisplayBacktrace as core[a373ad73a504971]::fmt::Display>::fmt
[INFO] [stdout]    1:     0x5783d06e518a - core[a373ad73a504971]::fmt::write
[INFO] [stdout]    2:     0x5783d06d52cc - <alloc[2e1b2a31b91974c5]::vec::Vec<u8> as core[a373ad73a504971]::io::write::Write>::write_fmt
[INFO] [stdout]    3:     0x5783d06ab566 - std[617be2ca0a6fd877]::panicking::default_hook::{closure#0}
[INFO] [stdout]    4:     0x5783d06c87c9 - std[617be2ca0a6fd877]::panicking::default_hook
[INFO] [stdout]    5:     0x5783d0663bb0 - test[aada8e7e76ba119b]::test_main_inner::{closure#0}
[INFO] [stdout]    6:     0x5783d06c8982 - std[617be2ca0a6fd877]::panicking::panic_with_hook
[INFO] [stdout]    7:     0x5783d06ab612 - std[617be2ca0a6fd877]::panicking::panic_handler::{closure#0}
[INFO] [stdout]    8:     0x5783d06a4169 - std[617be2ca0a6fd877]::sys::backtrace::__rust_end_short_backtrace::<std[617be2ca0a6fd877]::panicking::panic_handler::{closure#0}, !>
[INFO] [stdout]    9:     0x5783d06ac21d - __rustc[ea4f61d10b84890b]::rust_begin_unwind
[INFO] [stdout]   10:     0x5783d06e58bc - core[a373ad73a504971]::panicking::panic_fmt
[INFO] [stdout]   11:     0x5783d064f74a - build_command[54c39f92af8470f3]::assert_success
[INFO] [stdout]   12:     0x5783d065076a - <build_command[54c39f92af8470f3]::build_compiles_script_into_cache_without_running_it::{closure#0} as core[a373ad73a504971]::ops::function::FnOnce<()>>::call_once
[INFO] [stdout]   13:     0x5783d0656ffb - test[aada8e7e76ba119b]::__rust_begin_short_backtrace::<core[a373ad73a504971]::result::Result<(), alloc[2e1b2a31b91974c5]::string::String>, fn() -> core[a373ad73a504971]::result::Result<(), alloc[2e1b2a31b91974c5]::string::String>>
[INFO] [stdout]   14:     0x5783d06641d5 - test[aada8e7e76ba119b]::run_test::{closure#0}
[INFO] [stdout]   15:     0x5783d065dac4 - std[617be2ca0a6fd877]::sys::backtrace::__rust_begin_short_backtrace::<test[aada8e7e76ba119b]::run_test::{closure#1}, ()>
[INFO] [stdout]   16:     0x5783d0667262 - <std[617be2ca0a6fd877]::thread::lifecycle::spawn_unchecked<test[aada8e7e76ba119b]::run_test::{closure#1}, ()>::{closure#1} as core[a373ad73a504971]::ops::function::FnOnce<()>>::call_once::{shim:vtable#0}
[INFO] [stdout]   17:     0x5783d06d043f - <std[617be2ca0a6fd877]::sys::thread::unix::Thread>::new::thread_start
[INFO] [stdout]   18:     0x7c5e198ccdfa - <unknown>
[INFO] [stdout]   19:     0x7c5e199603d4 - clone
[INFO] [stdout]   20:                0x0 - <unknown>
[INFO] [stdout] 
[INFO] [stdout] 
[INFO] [stdout] failures:
[INFO] [stdout]     build_compiles_script_into_cache_without_running_it
[INFO] [stdout]     build_compiles_sources_and_copies_files_resources
[INFO] [stdout] 
[INFO] [stdout] test result: FAILED. 0 passed; 2 failed; 0 ignored; 0 measured; 0 filtered out; finished in 0.02s
[INFO] [stdout] 
[INFO] [stderr] error: test failed, to rerun pass `--test build_command`
[INFO] running `Command { std: "docker" "inspect" "d00932be9d13bf9651e1e39459f9a572806bac75540a56f2b7d899bb312662bd", kill_on_drop: false }`
[INFO] running `Command { std: "docker" "rm" "-f" "d00932be9d13bf9651e1e39459f9a572806bac75540a56f2b7d899bb312662bd", kill_on_drop: false }`
[INFO] [stdout] d00932be9d13bf9651e1e39459f9a572806bac75540a56f2b7d899bb312662bd
