[INFO] fetching crate justjp2 0.1.1...
[INFO] testing justjp2-0.1.1 against 1.100.0-beta.1+cargoflags=--release for beta-release-1.100-2
[INFO] extracting crate justjp2 0.1.1 into /workspace/builds/worker-6-tc2/source
[INFO] started tweaking crates.io crate justjp2 0.1.1
[INFO] removed 0 missing tests
[INFO] finished tweaking crates.io crate justjp2 0.1.1
[INFO] tweaked toml for crates.io crate justjp2 0.1.1 written to /workspace/builds/worker-6-tc2/source/Cargo.toml
[INFO] validating manifest of crates.io crate justjp2 0.1.1 on toolchain 1.100.0-beta.1
[INFO] running `Command { std: CARGO_HOME="/workspace/cargo-home" RUSTUP_HOME="/workspace/rustup-home" "/workspace/cargo-home/bin/cargo" "+1.100.0-beta.1" "metadata" "--manifest-path" "Cargo.toml" "--no-deps", kill_on_drop: false }`
[INFO] crate crates.io crate justjp2 0.1.1 already has a lockfile, it will not be regenerated
[INFO] running `Command { std: CARGO_HOME="/workspace/cargo-home" RUSTUP_HOME="/workspace/rustup-home" "/workspace/cargo-home/bin/cargo" "+1.100.0-beta.1" "fetch" "--manifest-path" "Cargo.toml", kill_on_drop: false }`
[INFO] [stderr] warning: `package.homepage` is redundant with `package.repository`
[INFO] [stderr]   --> Cargo.toml:24:12
[INFO] [stderr]    |
[INFO] [stderr] 24 | homepage = "https://github.com/kihyun1998/justjp2"
[INFO] [stderr]    |            ^^^^^^^^^^^^^^^^^^^^^^^^^^^^^^^^^^^^^^^
[INFO] [stderr] ...
[INFO] [stderr] 29 | repository = "https://github.com/kihyun1998/justjp2"
[INFO] [stderr]    |              ---------------------------------------
[INFO] [stderr]    |
[INFO] [stderr]    = note: `cargo::redundant_homepage` is set to `warn` by default
[INFO] [stderr] help: consider removing `package.homepage`
[INFO] [stderr] warning: `justjp2` (manifest) generated 1 warning
[INFO] running `Command { std: "docker" "create" "-v" "/var/lib/crater-agent-workspace/builds/worker-6-tc2/source:/opt/rustwide/workdir:ro,Z" "-v" "/var/lib/crater-agent-workspace/builds/worker-6-tc2/target:/opt/rustwide/target:rw,Z" "-v" "/var/lib/crater-agent-workspace/cargo-home:/opt/rustwide/cargo-home:ro,Z" "-v" "/var/lib/crater-agent-workspace/rustup-home:/opt/rustwide/rustup-home:ro,Z" "-m" "1610612736" "--network" "none" "ghcr.io/rust-lang/crates-build-env/linux@sha256:77db811e55d90add9212f6832c23229e3de5f1c1f9905e8cb07319ea15df73ac" "sleep" "infinity", kill_on_drop: false }`
[INFO] [stdout] a0d2c1f433accbf0b540a456e44cf23db0391443235ec7678c9a521cf3844089
[INFO] running `Command { std: "docker" "start" "a0d2c1f433accbf0b540a456e44cf23db0391443235ec7678c9a521cf3844089", kill_on_drop: false }`
[INFO] running `Command { std: "docker" "inspect" "a0d2c1f433accbf0b540a456e44cf23db0391443235ec7678c9a521cf3844089", kill_on_drop: false }`
[INFO] running `Command { std: "docker" "exec" "-e" "SOURCE_DIR=/opt/rustwide/workdir" "-e" "CARGO_HOME=/opt/rustwide/cargo-home" "-e" "RUSTUP_HOME=/opt/rustwide/rustup-home" "-e" "CARGO_TARGET_DIR=/opt/rustwide/target" "-w" "/opt/rustwide/workdir" "--user" "0:0" "a0d2c1f433accbf0b540a456e44cf23db0391443235ec7678c9a521cf3844089" "/opt/rustwide/cargo-home/bin/cargo" "+1.100.0-beta.1" "metadata" "--no-deps" "--format-version=1", kill_on_drop: false }`
[INFO] running `Command { std: "docker" "inspect" "a0d2c1f433accbf0b540a456e44cf23db0391443235ec7678c9a521cf3844089", kill_on_drop: false }`
[INFO] running `Command { std: "docker" "exec" "-e" "SOURCE_DIR=/opt/rustwide/workdir" "-e" "CARGO_HOME=/opt/rustwide/cargo-home" "-e" "RUSTUP_HOME=/opt/rustwide/rustup-home" "-e" "CARGO_TARGET_DIR=/opt/rustwide/target" "-e" "CARGO_INCREMENTAL=0" "-e" "RUST_BACKTRACE=full" "-e" "RUSTFLAGS=--cap-lints=warn" "-e" "RUSTDOCFLAGS=--cap-lints=warn" "-w" "/opt/rustwide/workdir" "--user" "0:0" "a0d2c1f433accbf0b540a456e44cf23db0391443235ec7678c9a521cf3844089" "/opt/rustwide/cargo-home/bin/cargo" "+1.100.0-beta.1" "build" "--frozen" "--message-format=json" "--release", kill_on_drop: false }`
[INFO] [stderr] warning: `package.homepage` is redundant with `package.repository`
[INFO] [stderr]   --> Cargo.toml:24:12
[INFO] [stderr]    |
[INFO] [stderr] 24 | homepage = "https://github.com/kihyun1998/justjp2"
[INFO] [stderr]    |            ^^^^^^^^^^^^^^^^^^^^^^^^^^^^^^^^^^^^^^^
[INFO] [stderr] ...
[INFO] [stderr] 29 | repository = "https://github.com/kihyun1998/justjp2"
[INFO] [stderr]    |              ---------------------------------------
[INFO] [stderr]    |
[INFO] [stderr]    = note: `cargo::redundant_homepage` is set to `warn` by default
[INFO] [stderr] help: consider removing `package.homepage`
[INFO] [stderr] warning: `justjp2` (manifest) generated 1 warning
[INFO] [stderr]    Compiling crossbeam-utils v0.8.21
[INFO] [stderr]    Compiling either v1.15.0
[INFO] [stderr]    Compiling bitflags v2.11.0
[INFO] [stderr]    Compiling crossbeam-epoch v0.9.18
[INFO] [stderr]    Compiling crossbeam-deque v0.8.6
[INFO] [stderr]    Compiling rayon-core v1.13.0
[INFO] [stderr]    Compiling rayon v1.11.0
[INFO] [stderr]    Compiling justjp2 v0.1.1 (/opt/rustwide/workdir)
[INFO] [stderr]     Finished `release` profile [optimized] target(s) in 7.80s
[INFO] running `Command { std: "docker" "inspect" "a0d2c1f433accbf0b540a456e44cf23db0391443235ec7678c9a521cf3844089", kill_on_drop: false }`
[INFO] running `Command { std: "docker" "exec" "-e" "SOURCE_DIR=/opt/rustwide/workdir" "-e" "CARGO_HOME=/opt/rustwide/cargo-home" "-e" "RUSTUP_HOME=/opt/rustwide/rustup-home" "-e" "CARGO_TARGET_DIR=/opt/rustwide/target" "-e" "CARGO_INCREMENTAL=0" "-e" "RUST_BACKTRACE=full" "-e" "RUSTFLAGS=--cap-lints=warn" "-e" "RUSTDOCFLAGS=--cap-lints=warn" "-w" "/opt/rustwide/workdir" "--user" "0:0" "a0d2c1f433accbf0b540a456e44cf23db0391443235ec7678c9a521cf3844089" "/opt/rustwide/cargo-home/bin/cargo" "+1.100.0-beta.1" "test" "--frozen" "--no-run" "--message-format=json" "--release", kill_on_drop: false }`
[INFO] [stderr] warning: `package.homepage` is redundant with `package.repository`
[INFO] [stderr]   --> Cargo.toml:24:12
[INFO] [stderr]    |
[INFO] [stderr] 24 | homepage = "https://github.com/kihyun1998/justjp2"
[INFO] [stderr]    |            ^^^^^^^^^^^^^^^^^^^^^^^^^^^^^^^^^^^^^^^
[INFO] [stderr] ...
[INFO] [stderr] 29 | repository = "https://github.com/kihyun1998/justjp2"
[INFO] [stderr]    |              ---------------------------------------
[INFO] [stderr]    |
[INFO] [stderr]    = note: `cargo::redundant_homepage` is set to `warn` by default
[INFO] [stderr] help: consider removing `package.homepage`
[INFO] [stderr] warning: `justjp2` (manifest) generated 1 warning
[INFO] [stderr]    Compiling justjp2 v0.1.1 (/opt/rustwide/workdir)
[INFO] [stderr]     Finished `release` profile [optimized] target(s) in 4.47s
[INFO] running `Command { std: "docker" "inspect" "a0d2c1f433accbf0b540a456e44cf23db0391443235ec7678c9a521cf3844089", kill_on_drop: false }`
[INFO] running `Command { std: "docker" "exec" "-e" "SOURCE_DIR=/opt/rustwide/workdir" "-e" "CARGO_HOME=/opt/rustwide/cargo-home" "-e" "RUSTUP_HOME=/opt/rustwide/rustup-home" "-e" "CARGO_TARGET_DIR=/opt/rustwide/target" "-e" "CARGO_INCREMENTAL=0" "-e" "RUST_BACKTRACE=full" "-e" "RUSTFLAGS=--cap-lints=warn" "-e" "RUSTDOCFLAGS=--cap-lints=warn" "-w" "/opt/rustwide/workdir" "--user" "0:0" "a0d2c1f433accbf0b540a456e44cf23db0391443235ec7678c9a521cf3844089" "/opt/rustwide/cargo-home/bin/cargo" "+1.100.0-beta.1" "test" "--frozen" "--release", kill_on_drop: false }`
[INFO] [stderr] warning: `package.homepage` is redundant with `package.repository`
[INFO] [stderr]   --> Cargo.toml:24:12
[INFO] [stderr]    |
[INFO] [stderr] 24 | homepage = "https://github.com/kihyun1998/justjp2"
[INFO] [stderr]    |            ^^^^^^^^^^^^^^^^^^^^^^^^^^^^^^^^^^^^^^^
[INFO] [stderr] ...
[INFO] [stderr] 29 | repository = "https://github.com/kihyun1998/justjp2"
[INFO] [stderr]    |              ---------------------------------------
[INFO] [stderr]    |
[INFO] [stderr]    = note: `cargo::redundant_homepage` is set to `warn` by default
[INFO] [stderr] help: consider removing `package.homepage`
[INFO] [stderr] warning: `justjp2` (manifest) generated 1 warning
[INFO] [stderr]     Finished `release` profile [optimized] target(s) in 0.04s
[INFO] [stderr]      Running unittests src/lib.rs (/opt/rustwide/target/release/build/justjp2/29731a076e378714/out/justjp2-29731a076e378714)
[INFO] [stdout] 
[INFO] [stdout] running 12 tests
[INFO] [stdout] test dwt::tests::dwt53_roundtrip_simple ... ok
[INFO] [stdout] test htj2k::tests::cap_marker_basic ... ok
[INFO] [stdout] test quantize::tests::quantize_zero ... ok
[INFO] [stdout] test marker::tests::marker_constants ... ok
[INFO] [stdout] test htj2k::tests::ht_decoder_default ... ok
[INFO] [stderr]      Running tests/phase0_error.rs (/opt/rustwide/target/release/build/justjp2/046e6ca8150cd9c6/out/phase0_error-046e6ca8150cd9c6)
[INFO] [stdout] test quantize::tests::stepsize_to_f64_basic ... ok
[INFO] [stdout] test t1::tests::test_new_creates_correct_sizes ... ok
[INFO] [stdout] test dwt::tests::mirror_basic ... ok
[INFO] [stdout] test simd::tests::feature_detection ... ok
[INFO] [stdout] test simd::tests::rct_forward_batch_small ... ok
[INFO] [stdout] test t1::tests::test_data_roundtrip_i32 ... ok
[INFO] [stdout] test quantize::tests::stepsize_roundtrip ... ok
[INFO] [stdout] 
[INFO] [stdout] test result: ok. 12 passed; 0 failed; 0 ignored; 0 measured; 0 filtered out; finished in 0.00s
[INFO] [stdout] 
[INFO] [stdout] 
[INFO] [stdout] running 4 tests
[INFO] [stdout] test error_display ... ok
[INFO] [stderr]      Running tests/phase0_stream.rs (/opt/rustwide/target/release/build/justjp2/92b826bbaeb26ea0/out/phase0_stream-92b826bbaeb26ea0)
[INFO] [stdout] test error_from_io ... ok
[INFO] [stdout] test error_is_send_sync ... ok
[INFO] [stdout] test error_source ... ok
[INFO] [stdout] 
[INFO] [stdout] test result: ok. 4 passed; 0 failed; 0 ignored; 0 measured; 0 filtered out; finished in 0.00s
[INFO] [stdout] 
[INFO] [stdout] 
[INFO] [stdout] running 14 tests
[INFO] [stdout] test read_u16_be_test ... ok
[INFO] [stderr]      Running tests/phase0_types.rs (/opt/rustwide/target/release/build/justjp2/fbab46f4c45e3e26/out/phase0_types-fbab46f4c45e3e26)
[INFO] [stdout] test read_past_end_returns_err ... ok
[INFO] [stdout] test vec_writer_u64 ... ok
[INFO] [stdout] test read_u32_be_test ... ok
[INFO] [stdout] test slice_reader_remaining ... ok
[INFO] [stdout] test slice_reader_read_u64_be ... ok
[INFO] [stdout] test slice_reader_seek ... ok
[INFO] [stdout] test slice_reader_seek_to_end_is_ok ... ok
[INFO] [stdout] test slice_reader_skip ... ok
[INFO] [stdout] test vec_writer_basic ... ok
[INFO] [stdout] test slice_reader_read_bytes ... ok
[INFO] [stdout] test write_roundtrip_u16 ... ok
[INFO] [stdout] test vec_writer_write_bytes ... ok
[INFO] [stdout] test write_roundtrip_u32 ... ok
[INFO] [stdout] 
[INFO] [stdout] test result: ok. 14 passed; 0 failed; 0 ignored; 0 measured; 0 filtered out; finished in 0.00s
[INFO] [stdout] 
[INFO] [stdout] 
[INFO] [stdout] running 7 tests
[INFO] [stdout] test maxbands_value ... ok
[INFO] [stdout] test color_space_default ... ok
[INFO] [stdout] test prog_order_invalid ... ok
[INFO] [stdout] test maxrlvls_value ... ok
[INFO] [stdout] test prog_order_roundtrip ... ok
[INFO] [stdout] test quant_style_variants ... ok
[INFO] [stdout] test codec_format_variants ... ok
[INFO] [stdout] 
[INFO] [stdout] test result: ok. 7 passed; 0 failed; 0 ignored; 0 measured; 0 filtered out; finished in 0.00s
[INFO] [stdout] 
[INFO] [stderr]      Running tests/phase10_jp2.rs (/opt/rustwide/target/release/build/justjp2/68f04e7d80a81d02/out/phase10_jp2-68f04e7d80a81d02)
[INFO] [stdout] 
[INFO] [stdout] running 14 tests
[INFO] [stderr]      Running tests/phase11_api.rs (/opt/rustwide/target/release/build/justjp2/bbf9f6c85713d2f4/out/phase11_api-bbf9f6c85713d2f4)
[INFO] [stdout] test icc_profile_passthrough ... ok
[INFO] [stdout] test color_space_grayscale ... ok
[INFO] [stdout] test color_space_srgb ... ok
[INFO] [stdout] test extended_length_box ... ok
[INFO] [stdout] test read_colr_box_enum ... ok
[INFO] [stdout] test nested_jp2h_box ... ok
[INFO] [stdout] test decode_minimal_jp2 ... ok
[INFO] [stdout] test encode_decode_roundtrip ... ok
[INFO] [stdout] test encode_minimal_jp2 ... ok
[INFO] [stdout] test read_ihdr_box ... ok
[INFO] [stdout] test read_ftyp_box ... ok
[INFO] [stdout] test read_colr_box_icc ... ok
[INFO] [stdout] test read_signature_box ... ok
[INFO] [stdout] test write_read_box_roundtrip ... ok
[INFO] [stdout] 
[INFO] [stdout] test result: ok. 14 passed; 0 failed; 0 ignored; 0 measured; 0 filtered out; finished in 0.01s
[INFO] [stdout] 
[INFO] [stdout] 
[INFO] [stdout] running 11 tests
[INFO] [stdout] test auto_detect_jp2 ... ok
[INFO] [stdout] test decode_from_bytes ... ok
[INFO] [stdout] test decode_j2k_format ... ok
[INFO] [stdout] test auto_detect_j2k ... ok
[INFO] [stdout] test decode_jp2_format ... ok
[INFO] [stdout] test lossless_roundtrip_gray ... ok
[INFO] [stdout] test encode_j2k_format ... ok
[INFO] [stdout] test lossy_quality ... ok
[INFO] [stdout] test encode_jp2_format ... ok
[INFO] [stdout] test encode_to_vec ... ok
[INFO] [stdout] test lossless_roundtrip_rgb ... ok
[INFO] [stdout] 
[INFO] [stdout] test result: ok. 11 passed; 0 failed; 0 ignored; 0 measured; 0 filtered out; finished in 0.01s
[INFO] [stdout] 
[INFO] [stderr]      Running tests/phase11_compat.rs (/opt/rustwide/target/release/build/justjp2/fd5f83cd88fce96b/out/phase11_compat-fd5f83cd88fce96b)
[INFO] [stdout] 
[INFO] [stdout] running 5 tests
[INFO] [stdout] test compat_decode_gray_lossless ... FAILED
[INFO] [stdout] test compat_multi_resolution ... FAILED
[INFO] [stdout] test compat_decode_rgb_lossless ... FAILED
[INFO] [stdout] test compat_multi_tile ... FAILED
[INFO] [stdout] test compat_decode_lossy ... FAILED
[INFO] [stdout] 
[INFO] [stdout] failures:
[INFO] [stdout] 
[INFO] [stdout] ---- compat_decode_gray_lossless stdout ----
[INFO] [stdout] 
[INFO] [stdout] thread 'compat_decode_gray_lossless' (966) panicked at tests/phase11_compat.rs:10:45:
[INFO] [stdout] failed to load fixture gray_lossless.j2k: No such file or directory (os error 2)
[INFO] [stdout] stack backtrace:
[INFO] [stdout]    0:     0x5fb7c6084311 - <<std[617be2ca0a6fd877]::sys::backtrace::BacktraceLock>::print::DisplayBacktrace as core[a373ad73a504971]::fmt::Display>::fmt
[INFO] [stdout]    1:     0x5fb7c609830a - core[a373ad73a504971]::fmt::write
[INFO] [stderr] error: test failed, to rerun pass `--test phase11_compat`
[INFO] [stdout]    2:     0x5fb7c608852c - <alloc[2e1b2a31b91974c5]::vec::Vec<u8> as core[a373ad73a504971]::io::write::Write>::write_fmt
[INFO] [stdout]    3:     0x5fb7c6060466 - std[617be2ca0a6fd877]::panicking::default_hook::{closure#0}
[INFO] [stdout]    4:     0x5fb7c607c699 - std[617be2ca0a6fd877]::panicking::default_hook
[INFO] [stdout]    5:     0x5fb7c60187f0 - test[aada8e7e76ba119b]::test_main_inner::{closure#0}
[INFO] [stdout]    6:     0x5fb7c607c852 - std[617be2ca0a6fd877]::panicking::panic_with_hook
[INFO] [stdout]    7:     0x5fb7c6060512 - std[617be2ca0a6fd877]::panicking::panic_handler::{closure#0}
[INFO] [stdout]    8:     0x5fb7c6059099 - std[617be2ca0a6fd877]::sys::backtrace::__rust_end_short_backtrace::<std[617be2ca0a6fd877]::panicking::panic_handler::{closure#0}, !>
[INFO] [stdout]    9:     0x5fb7c606111d - __rustc[ea4f61d10b84890b]::rust_begin_unwind
[INFO] [stdout]   10:     0x5fb7c6098a3c - core[a373ad73a504971]::panicking::panic_fmt
[INFO] [stdout]   11:     0x5fb7c6008f0a - phase11_compat[2a4aa0ab0b6aee4d]::load_fixture::{closure#0}
[INFO] [stdout]   12:     0x5fb7c6009009 - phase11_compat[2a4aa0ab0b6aee4d]::load_fixture
[INFO] [stdout]   13:     0x5fb7c6009d05 - <phase11_compat[2a4aa0ab0b6aee4d]::compat_decode_gray_lossless::{closure#0} as core[a373ad73a504971]::ops::function::FnOnce<()>>::call_once
[INFO] [stdout]   14:     0x5fb7c600bc3b - test[aada8e7e76ba119b]::__rust_begin_short_backtrace::<core[a373ad73a504971]::result::Result<(), alloc[2e1b2a31b91974c5]::string::String>, fn() -> core[a373ad73a504971]::result::Result<(), alloc[2e1b2a31b91974c5]::string::String>>
[INFO] [stdout]   15:     0x5fb7c6018e15 - test[aada8e7e76ba119b]::run_test::{closure#0}
[INFO] [stdout]   16:     0x5fb7c6012704 - std[617be2ca0a6fd877]::sys::backtrace::__rust_begin_short_backtrace::<test[aada8e7e76ba119b]::run_test::{closure#1}, ()>
[INFO] [stdout]   17:     0x5fb7c601bea2 - <std[617be2ca0a6fd877]::thread::lifecycle::spawn_unchecked<test[aada8e7e76ba119b]::run_test::{closure#1}, ()>::{closure#1} as core[a373ad73a504971]::ops::function::FnOnce<()>>::call_once::{shim:vtable#0}
[INFO] [stdout]   18:     0x5fb7c608385f - <std[617be2ca0a6fd877]::sys::thread::unix::Thread>::new::thread_start
[INFO] [stdout]   19:     0x7a9340abadfa - <unknown>
[INFO] [stdout]   20:     0x7a9340b4e3d4 - clone
[INFO] [stdout]   21:                0x0 - <unknown>
[INFO] [stdout] 
[INFO] [stdout] ---- compat_multi_resolution stdout ----
[INFO] [stdout] 
[INFO] [stdout] thread 'compat_multi_resolution' (969) panicked at tests/phase11_compat.rs:10:45:
[INFO] [stdout] failed to load fixture multi_res.j2k: No such file or directory (os error 2)
[INFO] [stdout] stack backtrace:
[INFO] [stdout]    0:     0x5fb7c6084311 - <<std[617be2ca0a6fd877]::sys::backtrace::BacktraceLock>::print::DisplayBacktrace as core[a373ad73a504971]::fmt::Display>::fmt
[INFO] [stdout]    1:     0x5fb7c609830a - core[a373ad73a504971]::fmt::write
[INFO] [stdout]    2:     0x5fb7c608852c - <alloc[2e1b2a31b91974c5]::vec::Vec<u8> as core[a373ad73a504971]::io::write::Write>::write_fmt
[INFO] [stdout]    3:     0x5fb7c6060466 - std[617be2ca0a6fd877]::panicking::default_hook::{closure#0}
[INFO] [stdout]    4:     0x5fb7c607c699 - std[617be2ca0a6fd877]::panicking::default_hook
[INFO] [stdout]    5:     0x5fb7c60187f0 - test[aada8e7e76ba119b]::test_main_inner::{closure#0}
[INFO] [stdout]    6:     0x5fb7c607c852 - std[617be2ca0a6fd877]::panicking::panic_with_hook
[INFO] [stdout]    7:     0x5fb7c6060512 - std[617be2ca0a6fd877]::panicking::panic_handler::{closure#0}
[INFO] [stdout]    8:     0x5fb7c6059099 - std[617be2ca0a6fd877]::sys::backtrace::__rust_end_short_backtrace::<std[617be2ca0a6fd877]::panicking::panic_handler::{closure#0}, !>
[INFO] [stdout]    9:     0x5fb7c606111d - __rustc[ea4f61d10b84890b]::rust_begin_unwind
[INFO] [stdout]   10:     0x5fb7c6098a3c - core[a373ad73a504971]::panicking::panic_fmt
[INFO] [stdout]   11:     0x5fb7c6008f0a - phase11_compat[2a4aa0ab0b6aee4d]::load_fixture::{closure#0}
[INFO] [stdout]   12:     0x5fb7c6009009 - phase11_compat[2a4aa0ab0b6aee4d]::load_fixture
[INFO] [stdout]   13:     0x5fb7c60097d3 - <phase11_compat[2a4aa0ab0b6aee4d]::compat_multi_resolution::{closure#0} as core[a373ad73a504971]::ops::function::FnOnce<()>>::call_once
[INFO] [stdout]   14:     0x5fb7c600bc3b - test[aada8e7e76ba119b]::__rust_begin_short_backtrace::<core[a373ad73a504971]::result::Result<(), alloc[2e1b2a31b91974c5]::string::String>, fn() -> core[a373ad73a504971]::result::Result<(), alloc[2e1b2a31b91974c5]::string::String>>
[INFO] [stdout]   15:     0x5fb7c6018e15 - test[aada8e7e76ba119b]::run_test::{closure#0}
[INFO] [stdout]   16:     0x5fb7c6012704 - std[617be2ca0a6fd877]::sys::backtrace::__rust_begin_short_backtrace::<test[aada8e7e76ba119b]::run_test::{closure#1}, ()>
[INFO] [stdout]   17:     0x5fb7c601bea2 - <std[617be2ca0a6fd877]::thread::lifecycle::spawn_unchecked<test[aada8e7e76ba119b]::run_test::{closure#1}, ()>::{closure#1} as core[a373ad73a504971]::ops::function::FnOnce<()>>::call_once::{shim:vtable#0}
[INFO] [stdout]   18:     0x5fb7c608385f - <std[617be2ca0a6fd877]::sys::thread::unix::Thread>::new::thread_start
[INFO] [stdout]   19:     0x7a9340abadfa - <unknown>
[INFO] [stdout]   20:     0x7a9340b4e3d4 - clone
[INFO] [stdout]   21:                0x0 - <unknown>
[INFO] [stdout] 
[INFO] [stdout] ---- compat_decode_rgb_lossless stdout ----
[INFO] [stdout] 
[INFO] [stdout] thread 'compat_decode_rgb_lossless' (968) panicked at tests/phase11_compat.rs:10:45:
[INFO] [stdout] failed to load fixture rgb_lossless.j2k: No such file or directory (os error 2)
[INFO] [stdout] stack backtrace:
[INFO] [stdout]    0:     0x5fb7c6084311 - <<std[617be2ca0a6fd877]::sys::backtrace::BacktraceLock>::print::DisplayBacktrace as core[a373ad73a504971]::fmt::Display>::fmt
[INFO] [stdout]    1:     0x5fb7c609830a - core[a373ad73a504971]::fmt::write
[INFO] [stdout]    2:     0x5fb7c608852c - <alloc[2e1b2a31b91974c5]::vec::Vec<u8> as core[a373ad73a504971]::io::write::Write>::write_fmt
[INFO] [stdout]    3:     0x5fb7c6060466 - std[617be2ca0a6fd877]::panicking::default_hook::{closure#0}
[INFO] [stdout]    4:     0x5fb7c607c699 - std[617be2ca0a6fd877]::panicking::default_hook
[INFO] [stdout]    5:     0x5fb7c60187f0 - test[aada8e7e76ba119b]::test_main_inner::{closure#0}
[INFO] [stdout]    6:     0x5fb7c607c852 - std[617be2ca0a6fd877]::panicking::panic_with_hook
[INFO] [stdout]    7:     0x5fb7c6060512 - std[617be2ca0a6fd877]::panicking::panic_handler::{closure#0}
[INFO] [stdout]    8:     0x5fb7c6059099 - std[617be2ca0a6fd877]::sys::backtrace::__rust_end_short_backtrace::<std[617be2ca0a6fd877]::panicking::panic_handler::{closure#0}, !>
[INFO] [stdout]    9:     0x5fb7c606111d - __rustc[ea4f61d10b84890b]::rust_begin_unwind
[INFO] [stdout]   10:     0x5fb7c6098a3c - core[a373ad73a504971]::panicking::panic_fmt
[INFO] [stdout]   11:     0x5fb7c6008f0a - phase11_compat[2a4aa0ab0b6aee4d]::load_fixture::{closure#0}
[INFO] [stdout]   12:     0x5fb7c6009009 - phase11_compat[2a4aa0ab0b6aee4d]::load_fixture
[INFO] [stdout]   13:     0x5fb7c6009a05 - <phase11_compat[2a4aa0ab0b6aee4d]::compat_decode_rgb_lossless::{closure#0} as core[a373ad73a504971]::ops::function::FnOnce<()>>::call_once
[INFO] [stdout]   14:     0x5fb7c600bc3b - test[aada8e7e76ba119b]::__rust_begin_short_backtrace::<core[a373ad73a504971]::result::Result<(), alloc[2e1b2a31b91974c5]::string::String>, fn() -> core[a373ad73a504971]::result::Result<(), alloc[2e1b2a31b91974c5]::string::String>>
[INFO] [stdout]   15:     0x5fb7c6018e15 - test[aada8e7e76ba119b]::run_test::{closure#0}
[INFO] [stdout]   16:     0x5fb7c6012704 - std[617be2ca0a6fd877]::sys::backtrace::__rust_begin_short_backtrace::<test[aada8e7e76ba119b]::run_test::{closure#1}, ()>
[INFO] [stdout]   17:     0x5fb7c601bea2 - <std[617be2ca0a6fd877]::thread::lifecycle::spawn_unchecked<test[aada8e7e76ba119b]::run_test::{closure#1}, ()>::{closure#1} as core[a373ad73a504971]::ops::function::FnOnce<()>>::call_once::{shim:vtable#0}
[INFO] [stdout]   18:     0x5fb7c608385f - <std[617be2ca0a6fd877]::sys::thread::unix::Thread>::new::thread_start
[INFO] [stdout]   19:     0x7a9340abadfa - <unknown>
[INFO] [stdout]   20:     0x7a9340b4e3d4 - clone
[INFO] [stdout]   21:                0x0 - <unknown>
[INFO] [stdout] 
[INFO] [stdout] ---- compat_multi_tile stdout ----
[INFO] [stdout] 
[INFO] [stdout] thread 'compat_multi_tile' (970) panicked at tests/phase11_compat.rs:10:45:
[INFO] [stdout] failed to load fixture multi_tile.j2k: No such file or directory (os error 2)
[INFO] [stdout] stack backtrace:
[INFO] [stdout]    0:     0x5fb7c6084311 - <<std[617be2ca0a6fd877]::sys::backtrace::BacktraceLock>::print::DisplayBacktrace as core[a373ad73a504971]::fmt::Display>::fmt
[INFO] [stdout]    1:     0x5fb7c609830a - core[a373ad73a504971]::fmt::write
[INFO] [stdout]    2:     0x5fb7c608852c - <alloc[2e1b2a31b91974c5]::vec::Vec<u8> as core[a373ad73a504971]::io::write::Write>::write_fmt
[INFO] [stdout]    3:     0x5fb7c6060466 - std[617be2ca0a6fd877]::panicking::default_hook::{closure#0}
[INFO] [stdout]    4:     0x5fb7c607c699 - std[617be2ca0a6fd877]::panicking::default_hook
[INFO] [stdout]    5:     0x5fb7c60187f0 - test[aada8e7e76ba119b]::test_main_inner::{closure#0}
[INFO] [stdout]    6:     0x5fb7c607c852 - std[617be2ca0a6fd877]::panicking::panic_with_hook
[INFO] [stdout]    7:     0x5fb7c6060512 - std[617be2ca0a6fd877]::panicking::panic_handler::{closure#0}
[INFO] [stdout]    8:     0x5fb7c6059099 - std[617be2ca0a6fd877]::sys::backtrace::__rust_end_short_backtrace::<std[617be2ca0a6fd877]::panicking::panic_handler::{closure#0}, !>
[INFO] [stdout]    9:     0x5fb7c606111d - __rustc[ea4f61d10b84890b]::rust_begin_unwind
[INFO] [stdout]   10:     0x5fb7c6098a3c - core[a373ad73a504971]::panicking::panic_fmt
[INFO] [stdout]   11:     0x5fb7c6008f0a - phase11_compat[2a4aa0ab0b6aee4d]::load_fixture::{closure#0}
[INFO] [stdout]   12:     0x5fb7c6009009 - phase11_compat[2a4aa0ab0b6aee4d]::load_fixture
[INFO] [stdout]   13:     0x5fb7c6009353 - <phase11_compat[2a4aa0ab0b6aee4d]::compat_multi_tile::{closure#0} as core[a373ad73a504971]::ops::function::FnOnce<()>>::call_once
[INFO] [stdout]   14:     0x5fb7c600bc3b - test[aada8e7e76ba119b]::__rust_begin_short_backtrace::<core[a373ad73a504971]::result::Result<(), alloc[2e1b2a31b91974c5]::string::String>, fn() -> core[a373ad73a504971]::result::Result<(), alloc[2e1b2a31b91974c5]::string::String>>
[INFO] [stdout]   15:     0x5fb7c6018e15 - test[aada8e7e76ba119b]::run_test::{closure#0}
[INFO] [stdout]   16:     0x5fb7c6012704 - std[617be2ca0a6fd877]::sys::backtrace::__rust_begin_short_backtrace::<test[aada8e7e76ba119b]::run_test::{closure#1}, ()>
[INFO] [stdout]   17:     0x5fb7c601bea2 - <std[617be2ca0a6fd877]::thread::lifecycle::spawn_unchecked<test[aada8e7e76ba119b]::run_test::{closure#1}, ()>::{closure#1} as core[a373ad73a504971]::ops::function::FnOnce<()>>::call_once::{shim:vtable#0}
[INFO] [stdout]   18:     0x5fb7c608385f - <std[617be2ca0a6fd877]::sys::thread::unix::Thread>::new::thread_start
[INFO] [stdout]   19:     0x7a9340abadfa - <unknown>
[INFO] [stdout]   20:     0x7a9340b4e3d4 - clone
[INFO] [stdout]   21:                0x0 - <unknown>
[INFO] [stdout] 
[INFO] [stdout] ---- compat_decode_lossy stdout ----
[INFO] [stdout] 
[INFO] [stdout] thread 'compat_decode_lossy' (967) panicked at tests/phase11_compat.rs:10:45:
[INFO] [stdout] failed to load fixture gray_lossy.j2k: No such file or directory (os error 2)
[INFO] [stdout] stack backtrace:
[INFO] [stdout]    0:     0x5fb7c6084311 - <<std[617be2ca0a6fd877]::sys::backtrace::BacktraceLock>::print::DisplayBacktrace as core[a373ad73a504971]::fmt::Display>::fmt
[INFO] [stdout]    1:     0x5fb7c609830a - core[a373ad73a504971]::fmt::write
[INFO] [stdout]    2:     0x5fb7c608852c - <alloc[2e1b2a31b91974c5]::vec::Vec<u8> as core[a373ad73a504971]::io::write::Write>::write_fmt
[INFO] [stdout]    3:     0x5fb7c6060466 - std[617be2ca0a6fd877]::panicking::default_hook::{closure#0}
[INFO] [stdout]    4:     0x5fb7c607c699 - std[617be2ca0a6fd877]::panicking::default_hook
[INFO] [stdout]    5:     0x5fb7c60187f0 - test[aada8e7e76ba119b]::test_main_inner::{closure#0}
[INFO] [stdout]    6:     0x5fb7c607c852 - std[617be2ca0a6fd877]::panicking::panic_with_hook
[INFO] [stdout]    7:     0x5fb7c6060512 - std[617be2ca0a6fd877]::panicking::panic_handler::{closure#0}
[INFO] [stdout]    8:     0x5fb7c6059099 - std[617be2ca0a6fd877]::sys::backtrace::__rust_end_short_backtrace::<std[617be2ca0a6fd877]::panicking::panic_handler::{closure#0}, !>
[INFO] [stdout]    9:     0x5fb7c606111d - __rustc[ea4f61d10b84890b]::rust_begin_unwind
[INFO] [stdout]   10:     0x5fb7c6098a3c - core[a373ad73a504971]::panicking::panic_fmt
[INFO] [stdout]   11:     0x5fb7c6008f0a - phase11_compat[2a4aa0ab0b6aee4d]::load_fixture::{closure#0}
[INFO] [stdout]   12:     0x5fb7c6009009 - phase11_compat[2a4aa0ab0b6aee4d]::load_fixture
[INFO] [stdout]   13:     0x5fb7c6009593 - <phase11_compat[2a4aa0ab0b6aee4d]::compat_decode_lossy::{closure#0} as core[a373ad73a504971]::ops::function::FnOnce<()>>::call_once
[INFO] [stdout]   14:     0x5fb7c600bc3b - test[aada8e7e76ba119b]::__rust_begin_short_backtrace::<core[a373ad73a504971]::result::Result<(), alloc[2e1b2a31b91974c5]::string::String>, fn() -> core[a373ad73a504971]::result::Result<(), alloc[2e1b2a31b91974c5]::string::String>>
[INFO] [stdout]   15:     0x5fb7c6018e15 - test[aada8e7e76ba119b]::run_test::{closure#0}
[INFO] [stdout]   16:     0x5fb7c6012704 - std[617be2ca0a6fd877]::sys::backtrace::__rust_begin_short_backtrace::<test[aada8e7e76ba119b]::run_test::{closure#1}, ()>
[INFO] [stdout]   17:     0x5fb7c601bea2 - <std[617be2ca0a6fd877]::thread::lifecycle::spawn_unchecked<test[aada8e7e76ba119b]::run_test::{closure#1}, ()>::{closure#1} as core[a373ad73a504971]::ops::function::FnOnce<()>>::call_once::{shim:vtable#0}
[INFO] [stdout]   18:     0x5fb7c608385f - <std[617be2ca0a6fd877]::sys::thread::unix::Thread>::new::thread_start
[INFO] [stdout]   19:     0x7a9340abadfa - <unknown>
[INFO] [stdout]   20:     0x7a9340b4e3d4 - clone
[INFO] [stdout]   21:                0x0 - <unknown>
[INFO] [stdout] 
[INFO] [stdout] 
[INFO] [stdout] failures:
[INFO] [stdout]     compat_decode_gray_lossless
[INFO] [stdout]     compat_decode_lossy
[INFO] [stdout]     compat_decode_rgb_lossless
[INFO] [stdout]     compat_multi_resolution
[INFO] [stdout]     compat_multi_tile
[INFO] [stdout] 
[INFO] [stdout] test result: FAILED. 0 passed; 5 failed; 0 ignored; 0 measured; 0 filtered out; finished in 0.00s
[INFO] [stdout] 
[INFO] running `Command { std: "docker" "inspect" "a0d2c1f433accbf0b540a456e44cf23db0391443235ec7678c9a521cf3844089", kill_on_drop: false }`
[INFO] running `Command { std: "docker" "rm" "-f" "a0d2c1f433accbf0b540a456e44cf23db0391443235ec7678c9a521cf3844089", kill_on_drop: false }`
[INFO] [stdout] a0d2c1f433accbf0b540a456e44cf23db0391443235ec7678c9a521cf3844089
