[INFO] fetching crate just-orm 0.1.0-alpha.3...
[INFO] testing just-orm-0.1.0-alpha.3 against 1.99.0-beta.8+cargoflags=--release for beta-release-1.100-2
[INFO] extracting crate just-orm 0.1.0-alpha.3 into /workspace/builds/worker-2-tc1/source
[INFO] started tweaking crates.io crate just-orm 0.1.0-alpha.3
[INFO] finished tweaking crates.io crate just-orm 0.1.0-alpha.3
[INFO] tweaked toml for crates.io crate just-orm 0.1.0-alpha.3 written to /workspace/builds/worker-2-tc1/source/Cargo.toml
[INFO] validating manifest of crates.io crate just-orm 0.1.0-alpha.3 on toolchain 1.99.0-beta.8
[INFO] running `Command { std: CARGO_HOME="/workspace/cargo-home" RUSTUP_HOME="/workspace/rustup-home" "/workspace/cargo-home/bin/cargo" "+1.99.0-beta.8" "metadata" "--manifest-path" "Cargo.toml" "--no-deps", kill_on_drop: false }`
[INFO] running `Command { std: CARGO_HOME="/workspace/cargo-home" RUSTUP_HOME="/workspace/rustup-home" "/workspace/cargo-home/bin/cargo" "+1.99.0-beta.8" "generate-lockfile" "--manifest-path" "Cargo.toml", kill_on_drop: false }`
[INFO] [stderr]     Updating crates.io index
[INFO] [stderr]      Locking 25 packages to highest compatible versions
[INFO] running `Command { std: CARGO_HOME="/workspace/cargo-home" RUSTUP_HOME="/workspace/rustup-home" "/workspace/cargo-home/bin/cargo" "+1.99.0-beta.8" "fetch" "--manifest-path" "Cargo.toml", kill_on_drop: false }`
[INFO] running `Command { std: "docker" "create" "-v" "/var/lib/crater-agent-workspace/builds/worker-2-tc1/source:/opt/rustwide/workdir:ro,Z" "-v" "/var/lib/crater-agent-workspace/builds/worker-2-tc1/target:/opt/rustwide/target:rw,Z" "-v" "/var/lib/crater-agent-workspace/cargo-home:/opt/rustwide/cargo-home:ro,Z" "-v" "/var/lib/crater-agent-workspace/rustup-home:/opt/rustwide/rustup-home:ro,Z" "-m" "1610612736" "--network" "none" "ghcr.io/rust-lang/crates-build-env/linux@sha256:77db811e55d90add9212f6832c23229e3de5f1c1f9905e8cb07319ea15df73ac" "sleep" "infinity", kill_on_drop: false }`
[INFO] [stdout] 1f90cee28c6aaa75b059613c927577897215f7c5fb57871d1a24edf4f2e0f93e
[INFO] running `Command { std: "docker" "start" "1f90cee28c6aaa75b059613c927577897215f7c5fb57871d1a24edf4f2e0f93e", kill_on_drop: false }`
[INFO] running `Command { std: "docker" "inspect" "1f90cee28c6aaa75b059613c927577897215f7c5fb57871d1a24edf4f2e0f93e", kill_on_drop: false }`
[INFO] running `Command { std: "docker" "exec" "-e" "SOURCE_DIR=/opt/rustwide/workdir" "-e" "CARGO_HOME=/opt/rustwide/cargo-home" "-e" "RUSTUP_HOME=/opt/rustwide/rustup-home" "-e" "CARGO_TARGET_DIR=/opt/rustwide/target" "-w" "/opt/rustwide/workdir" "--user" "0:0" "1f90cee28c6aaa75b059613c927577897215f7c5fb57871d1a24edf4f2e0f93e" "/opt/rustwide/cargo-home/bin/cargo" "+1.99.0-beta.8" "metadata" "--no-deps" "--format-version=1", kill_on_drop: false }`
[INFO] running `Command { std: "docker" "inspect" "1f90cee28c6aaa75b059613c927577897215f7c5fb57871d1a24edf4f2e0f93e", kill_on_drop: false }`
[INFO] running `Command { std: "docker" "exec" "-e" "SOURCE_DIR=/opt/rustwide/workdir" "-e" "CARGO_HOME=/opt/rustwide/cargo-home" "-e" "RUSTUP_HOME=/opt/rustwide/rustup-home" "-e" "CARGO_TARGET_DIR=/opt/rustwide/target" "-e" "CARGO_INCREMENTAL=0" "-e" "RUST_BACKTRACE=full" "-e" "RUSTFLAGS=--cap-lints=warn" "-e" "RUSTDOCFLAGS=--cap-lints=warn" "-w" "/opt/rustwide/workdir" "--user" "0:0" "1f90cee28c6aaa75b059613c927577897215f7c5fb57871d1a24edf4f2e0f93e" "/opt/rustwide/cargo-home/bin/cargo" "+1.99.0-beta.8" "build" "--frozen" "--message-format=json" "--release", kill_on_drop: false }`
[INFO] [stderr]    Compiling syn v3.0.9
[INFO] [stderr]    Compiling serde_derive v1.0.229
[INFO] [stderr]    Compiling serde v1.0.229
[INFO] [stderr]    Compiling just-orm v0.1.0-alpha.3 (/opt/rustwide/workdir)
[INFO] [stdout] warning: variable does not need to be mutable
[INFO] [stdout]    --> src/lib.rs:233:21
[INFO] [stdout]     |
[INFO] [stdout] 233 |         if let Some(mut existing_data) = self.find_by_id(id) {
[INFO] [stdout]     |                     ----^^^^^^^^^^^^^
[INFO] [stdout]     |                     |
[INFO] [stdout]     |                     help: remove this `mut`
[INFO] [stdout]     |
[INFO] [stdout]     = note: `#[warn(unused_mut)]` (part of `#[warn(unused)]`) on by default
[INFO] [stdout] 
[INFO] [stdout] 
[INFO] [stderr]     Finished `release` profile [optimized] target(s) in 6.24s
[INFO] running `Command { std: "docker" "inspect" "1f90cee28c6aaa75b059613c927577897215f7c5fb57871d1a24edf4f2e0f93e", kill_on_drop: false }`
[INFO] running `Command { std: "docker" "exec" "-e" "SOURCE_DIR=/opt/rustwide/workdir" "-e" "CARGO_HOME=/opt/rustwide/cargo-home" "-e" "RUSTUP_HOME=/opt/rustwide/rustup-home" "-e" "CARGO_TARGET_DIR=/opt/rustwide/target" "-e" "CARGO_INCREMENTAL=0" "-e" "RUST_BACKTRACE=full" "-e" "RUSTFLAGS=--cap-lints=warn" "-e" "RUSTDOCFLAGS=--cap-lints=warn" "-w" "/opt/rustwide/workdir" "--user" "0:0" "1f90cee28c6aaa75b059613c927577897215f7c5fb57871d1a24edf4f2e0f93e" "/opt/rustwide/cargo-home/bin/cargo" "+1.99.0-beta.8" "test" "--frozen" "--no-run" "--message-format=json" "--release", kill_on_drop: false }`
[INFO] [stderr]    Compiling libc v0.2.191
[INFO] [stderr]    Compiling rustix v1.1.5
[INFO] [stdout] warning: variable does not need to be mutable
[INFO] [stdout]    --> src/lib.rs:233:21
[INFO] [stdout]     |
[INFO] [stdout] 233 |         if let Some(mut existing_data) = self.find_by_id(id) {
[INFO] [stdout]     |                     ----^^^^^^^^^^^^^
[INFO] [stdout]     |                     |
[INFO] [stdout]     |                     help: remove this `mut`
[INFO] [stdout]     |
[INFO] [stdout]     = note: `#[warn(unused_mut)]` (part of `#[warn(unused)]`) on by default
[INFO] [stdout] 
[INFO] [stdout] 
[INFO] [stderr]    Compiling getrandom v0.4.3
[INFO] [stderr]    Compiling tempfile v3.27.0
[INFO] [stderr]    Compiling just-orm v0.1.0-alpha.3 (/opt/rustwide/workdir)
[INFO] [stdout] warning: variable does not need to be mutable
[INFO] [stdout]    --> src/lib.rs:233:21
[INFO] [stdout]     |
[INFO] [stdout] 233 |         if let Some(mut existing_data) = self.find_by_id(id) {
[INFO] [stdout]     |                     ----^^^^^^^^^^^^^
[INFO] [stdout]     |                     |
[INFO] [stdout]     |                     help: remove this `mut`
[INFO] [stdout]     |
[INFO] [stdout]     = note: `#[warn(unused_mut)]` (part of `#[warn(unused)]`) on by default
[INFO] [stdout] 
[INFO] [stdout] 
[INFO] [stderr]     Finished `release` profile [optimized] target(s) in 5.13s
[INFO] running `Command { std: "docker" "inspect" "1f90cee28c6aaa75b059613c927577897215f7c5fb57871d1a24edf4f2e0f93e", kill_on_drop: false }`
[INFO] running `Command { std: "docker" "exec" "-e" "SOURCE_DIR=/opt/rustwide/workdir" "-e" "CARGO_HOME=/opt/rustwide/cargo-home" "-e" "RUSTUP_HOME=/opt/rustwide/rustup-home" "-e" "CARGO_TARGET_DIR=/opt/rustwide/target" "-e" "CARGO_INCREMENTAL=0" "-e" "RUST_BACKTRACE=full" "-e" "RUSTFLAGS=--cap-lints=warn" "-e" "RUSTDOCFLAGS=--cap-lints=warn" "-w" "/opt/rustwide/workdir" "--user" "0:0" "1f90cee28c6aaa75b059613c927577897215f7c5fb57871d1a24edf4f2e0f93e" "/opt/rustwide/cargo-home/bin/cargo" "+1.99.0-beta.8" "test" "--frozen" "--release", kill_on_drop: false }`
[INFO] [stderr] warning: variable does not need to be mutable
[INFO] [stderr]    --> src/lib.rs:233:21
[INFO] [stderr]     |
[INFO] [stderr] 233 |         if let Some(mut existing_data) = self.find_by_id(id) {
[INFO] [stderr]     |                     ----^^^^^^^^^^^^^
[INFO] [stderr]     |                     |
[INFO] [stderr]     |                     help: remove this `mut`
[INFO] [stderr]     |
[INFO] [stderr]     = note: `#[warn(unused_mut)]` (part of `#[warn(unused)]`) on by default
[INFO] [stderr] 
[INFO] [stderr] warning: `just-orm` (lib) generated 1 warning (run `cargo fix --lib -p just-orm` to apply 1 suggestion)
[INFO] [stderr] warning: `just-orm` (lib test) generated 1 warning (1 duplicate)
[INFO] [stderr]     Finished `release` profile [optimized] target(s) in 0.05s
[INFO] [stderr]      Running unittests src/lib.rs (/opt/rustwide/target/release/deps/just_orm-9f1d922750c92fc3)
[INFO] [stderr]    Doc-tests just_orm
[INFO] [stdout] 
[INFO] [stdout] running 0 tests
[INFO] [stdout] 
[INFO] [stdout] test result: ok. 0 passed; 0 failed; 0 ignored; 0 measured; 0 filtered out; finished in 0.00s
[INFO] [stdout] 
[INFO] [stdout] 
[INFO] [stdout] running 3 tests
[INFO] [stdout] test src/lib.rs - JsonDatabase<()>::set_base_dir (line 457) ... FAILED
[INFO] [stdout] test src/lib.rs - JsonDatabase<T>::model (line 50) ... FAILED
[INFO] [stdout] test src/lib.rs - JsonDatabase<T>::new (line 32) ... FAILED
[INFO] [stdout] 
[INFO] [stdout] failures:
[INFO] [stdout] 
[INFO] [stdout] ---- src/lib.rs - JsonDatabase<()>::set_base_dir (line 457) stdout ----
[INFO] [stdout] error[E0433]: cannot find type `JsonDatabase` in this scope
[INFO] [stdout]    --> src/lib.rs:458:1
[INFO] [stdout]     |
[INFO] [stdout] 458 | JsonDatabase::set_base_dir("custom-dir");
[INFO] [stdout]     | ^^^^^^^^^^^^ use of undeclared type `JsonDatabase`
[INFO] [stdout] 
[INFO] [stdout] error: aborting due to 1 previous error
[INFO] [stdout] 
[INFO] [stdout] For more information about this error, try `rustc --explain E0433`.
[INFO] [stdout] Couldn't compile the test.
[INFO] [stdout] ---- src/lib.rs - JsonDatabase<T>::model (line 50) stdout ----
[INFO] [stdout] error[E0425]: cannot find type `JsonDatabase` in this scope
[INFO] [stdout]   --> src/lib.rs:51:13
[INFO] [stdout]    |
[INFO] [stdout] 51 | let mut db: JsonDatabase<User> = JsonDatabase::new(None);
[INFO] [stdout]    |             ^^^^^^^^^^^^ not found in this scope
[INFO] [stdout] 
[INFO] [stdout] error[E0425]: cannot find type `User` in this scope
[INFO] [stdout]   --> src/lib.rs:51:26
[INFO] [stdout]    |
[INFO] [stdout] 51 | let mut db: JsonDatabase<User> = JsonDatabase::new(None);
[INFO] [stdout]    |                          ^^^^ not found in this scope
[INFO] [stdout]    |
[INFO] [stdout] help: you might be missing a type parameter
[INFO] [stdout]    |
[INFO] [stdout] 50 | fn main() { #[allow(non_snake_case)] fn _doctest_main_src_lib_rs_50_0<User>() {
[INFO] [stdout]    |                                                                      ++++++
[INFO] [stdout] 
[INFO] [stdout] error[E0433]: cannot find type `JsonDatabase` in this scope
[INFO] [stdout]   --> src/lib.rs:51:34
[INFO] [stdout]    |
[INFO] [stdout] 51 | let mut db: JsonDatabase<User> = JsonDatabase::new(None);
[INFO] [stdout]    |                                  ^^^^^^^^^^^^ use of undeclared type `JsonDatabase`
[INFO] [stdout] 
[INFO] [stdout] error: aborting due to 3 previous errors
[INFO] [stdout] 
[INFO] [stdout] Some errors have detailed explanations: E0425, E0433.
[INFO] [stdout] For more information about an error, try `rustc --explain E0425`.
[INFO] [stdout] Couldn't compile the test.
[INFO] [stdout] ---- src/lib.rs - JsonDatabase<T>::new (line 32) stdout ----
[INFO] [stdout] error[E0425]: cannot find type `JsonDatabase` in this scope
[INFO] [stdout]   --> src/lib.rs:33:9
[INFO] [stdout]    |
[INFO] [stdout] 33 | let db: JsonDatabase<User> = JsonDatabase::new(Some("users"));
[INFO] [stdout]    |         ^^^^^^^^^^^^ not found in this scope
[INFO] [stdout] 
[INFO] [stdout] error[E0425]: cannot find type `User` in this scope
[INFO] [stdout]   --> src/lib.rs:33:22
[INFO] [stdout]    |
[INFO] [stdout] 33 | let db: JsonDatabase<User> = JsonDatabase::new(Some("users"));
[INFO] [stdout]    |                      ^^^^ not found in this scope
[INFO] [stdout]    |
[INFO] [stdout] help: you might be missing a type parameter
[INFO] [stdout]    |
[INFO] [stdout] 32 | fn main() { #[allow(non_snake_case)] fn _doctest_main_src_lib_rs_32_0<User>() {
[INFO] [stdout]    |                                                                      ++++++
[INFO] [stdout] 
[INFO] [stdout] error[E0433]: cannot find type `JsonDatabase` in this scope
[INFO] [stdout]   --> src/lib.rs:33:30
[INFO] [stdout]    |
[INFO] [stdout] 33 | let db: JsonDatabase<User> = JsonDatabase::new(Some("users"));
[INFO] [stdout]    |                              ^^^^^^^^^^^^ use of undeclared type `JsonDatabase`
[INFO] [stdout] 
[INFO] [stdout] error: aborting due to 3 previous errors
[INFO] [stdout] 
[INFO] [stdout] Some errors have detailed explanations: E0425, E0433.
[INFO] [stdout] For more information about an error, try `rustc --explain E0425`.
[INFO] [stdout] Couldn't compile the test.
[INFO] [stdout] 
[INFO] [stdout] failures:
[INFO] [stdout]     src/lib.rs - JsonDatabase<()>::set_base_dir (line 457)
[INFO] [stdout]     src/lib.rs - JsonDatabase<T>::model (line 50)
[INFO] [stdout]     src/lib.rs - JsonDatabase<T>::new (line 32)
[INFO] [stdout] 
[INFO] [stdout] test result: FAILED. 0 passed; 3 failed; 0 ignored; 0 measured; 0 filtered out; finished in 0.21s
[INFO] [stdout] 
[INFO] [stderr] error: doctest failed, to rerun pass `--doc`
[INFO] running `Command { std: "docker" "inspect" "1f90cee28c6aaa75b059613c927577897215f7c5fb57871d1a24edf4f2e0f93e", kill_on_drop: false }`
[INFO] running `Command { std: "docker" "rm" "-f" "1f90cee28c6aaa75b059613c927577897215f7c5fb57871d1a24edf4f2e0f93e", kill_on_drop: false }`
[INFO] [stdout] 1f90cee28c6aaa75b059613c927577897215f7c5fb57871d1a24edf4f2e0f93e
