[INFO] fetching crate jupiter 4.1.7...
[INFO] testing jupiter-4.1.7 against 1.100.0-beta.1+cargoflags=--release for beta-release-1.100-2
[INFO] extracting crate jupiter 4.1.7 into /workspace/builds/worker-4-tc2/source
[INFO] started tweaking crates.io crate jupiter 4.1.7
[INFO] finished tweaking crates.io crate jupiter 4.1.7
[INFO] tweaked toml for crates.io crate jupiter 4.1.7 written to /workspace/builds/worker-4-tc2/source/Cargo.toml
[INFO] validating manifest of crates.io crate jupiter 4.1.7 on toolchain 1.100.0-beta.1
[INFO] running `Command { std: CARGO_HOME="/workspace/cargo-home" RUSTUP_HOME="/workspace/rustup-home" "/workspace/cargo-home/bin/cargo" "+1.100.0-beta.1" "metadata" "--manifest-path" "Cargo.toml" "--no-deps", kill_on_drop: false }`
[INFO] crate crates.io crate jupiter 4.1.7 already has a lockfile, it will not be regenerated
[INFO] running `Command { std: CARGO_HOME="/workspace/cargo-home" RUSTUP_HOME="/workspace/rustup-home" "/workspace/cargo-home/bin/cargo" "+1.100.0-beta.1" "fetch" "--manifest-path" "Cargo.toml", kill_on_drop: false }`
[INFO] running `Command { std: "docker" "create" "-v" "/var/lib/crater-agent-workspace/builds/worker-4-tc2/source:/opt/rustwide/workdir:ro,Z" "-v" "/var/lib/crater-agent-workspace/builds/worker-4-tc2/target:/opt/rustwide/target:rw,Z" "-v" "/var/lib/crater-agent-workspace/cargo-home:/opt/rustwide/cargo-home:ro,Z" "-v" "/var/lib/crater-agent-workspace/rustup-home:/opt/rustwide/rustup-home:ro,Z" "-m" "1610612736" "--network" "none" "ghcr.io/rust-lang/crates-build-env/linux@sha256:77db811e55d90add9212f6832c23229e3de5f1c1f9905e8cb07319ea15df73ac" "sleep" "infinity", kill_on_drop: false }`
[INFO] [stdout] 73ac6d5671021ac29bd026f9241ae9590dd9d214b00ed17b47273c78dd4f4550
[INFO] running `Command { std: "docker" "start" "73ac6d5671021ac29bd026f9241ae9590dd9d214b00ed17b47273c78dd4f4550", kill_on_drop: false }`
[INFO] running `Command { std: "docker" "inspect" "73ac6d5671021ac29bd026f9241ae9590dd9d214b00ed17b47273c78dd4f4550", kill_on_drop: false }`
[INFO] running `Command { std: "docker" "exec" "-e" "SOURCE_DIR=/opt/rustwide/workdir" "-e" "CARGO_HOME=/opt/rustwide/cargo-home" "-e" "RUSTUP_HOME=/opt/rustwide/rustup-home" "-e" "CARGO_TARGET_DIR=/opt/rustwide/target" "-w" "/opt/rustwide/workdir" "--user" "0:0" "73ac6d5671021ac29bd026f9241ae9590dd9d214b00ed17b47273c78dd4f4550" "/opt/rustwide/cargo-home/bin/cargo" "+1.100.0-beta.1" "metadata" "--no-deps" "--format-version=1", kill_on_drop: false }`
[INFO] running `Command { std: "docker" "inspect" "73ac6d5671021ac29bd026f9241ae9590dd9d214b00ed17b47273c78dd4f4550", kill_on_drop: false }`
[INFO] running `Command { std: "docker" "exec" "-e" "SOURCE_DIR=/opt/rustwide/workdir" "-e" "CARGO_HOME=/opt/rustwide/cargo-home" "-e" "RUSTUP_HOME=/opt/rustwide/rustup-home" "-e" "CARGO_TARGET_DIR=/opt/rustwide/target" "-e" "CARGO_INCREMENTAL=0" "-e" "RUST_BACKTRACE=full" "-e" "RUSTFLAGS=--cap-lints=warn" "-e" "RUSTDOCFLAGS=--cap-lints=warn" "-w" "/opt/rustwide/workdir" "--user" "0:0" "73ac6d5671021ac29bd026f9241ae9590dd9d214b00ed17b47273c78dd4f4550" "/opt/rustwide/cargo-home/bin/cargo" "+1.100.0-beta.1" "build" "--frozen" "--message-format=json" "--release", kill_on_drop: false }`
[INFO] [stderr]    Compiling proc-macro2 v1.0.106
[INFO] [stderr]    Compiling find-msvc-tools v0.1.8
[INFO] [stderr]    Compiling parking_lot_core v0.9.12
[INFO] [stderr]    Compiling mio v1.2.0
[INFO] [stderr]    Compiling socket2 v0.6.3
[INFO] [stderr]    Compiling http v1.4.2
[INFO] [stderr]    Compiling openssl v0.10.75
[INFO] [stderr]    Compiling indexmap v2.13.0
[INFO] [stderr]    Compiling cc v1.2.54
[INFO] [stderr]    Compiling parking_lot v0.12.5
[INFO] [stderr]    Compiling log v0.4.34
[INFO] [stderr]    Compiling quote v1.0.44
[INFO] [stderr]    Compiling syn v3.0.2
[INFO] [stderr]    Compiling syn v2.0.114
[INFO] [stderr]    Compiling serde_core v1.0.228
[INFO] [stderr]    Compiling bitflags v2.10.0
[INFO] [stderr]    Compiling openssl-sys v0.9.111
[INFO] [stderr]    Compiling native-tls v0.2.14
[INFO] [stderr]    Compiling http-body v1.0.1
[INFO] [stderr]    Compiling encoding_rs v0.8.41
[INFO] [stderr]    Compiling zmij v1.0.17
[INFO] [stderr]    Compiling time-macros v0.2.32
[INFO] [stderr]    Compiling regex-automata v0.4.16
[INFO] [stderr]    Compiling anyhow v1.0.104
[INFO] [stderr]    Compiling http-body-util v0.1.5
[INFO] [stderr]    Compiling csv-core v0.1.13
[INFO] [stderr]    Compiling ryu v1.0.22
[INFO] [stderr]    Compiling chrono v0.4.45
[INFO] [stderr]    Compiling time v0.3.55
[INFO] [stderr]    Compiling arc-swap v1.9.2
[INFO] [stderr]    Compiling num_cpus v1.17.0
[INFO] [stderr]    Compiling mock_instant v0.6.1
[INFO] [stderr]    Compiling memcmp v0.0.6
[INFO] [stderr]    Compiling csv v1.4.0
[INFO] [stderr]    Compiling serde_json v1.0.151
[INFO] [stderr]    Compiling tokio-macros v2.7.0
[INFO] [stderr]    Compiling openssl-macros v0.1.1
[INFO] [stderr]    Compiling tokio v1.53.1
[INFO] [stderr]    Compiling simplelog v0.12.2
[INFO] [stderr]    Compiling regex v1.13.1
[INFO] [stderr]    Compiling futures-macro v0.3.34
[INFO] [stderr]    Compiling multiversion-macros v0.9.0
[INFO] [stderr]    Compiling futures-util v0.3.34
[INFO] [stderr]    Compiling num-derive v0.5.1
[INFO] [stderr]    Compiling multiversion v0.9.0
[INFO] [stderr]    Compiling async-trait v0.1.92
[INFO] [stderr]    Compiling futures-executor v0.3.34
[INFO] [stderr]    Compiling quick-xml v0.42.0
[INFO] [stderr]    Compiling futures v0.3.34
[INFO] [stderr]    Compiling tokio-util v0.7.19
[INFO] [stderr]    Compiling tokio-native-tls v0.3.1
[INFO] [stderr]    Compiling tokio-stream v0.1.19
[INFO] [stderr]    Compiling h2 v0.4.14
[INFO] [stderr]    Compiling hyper v1.11.1
[INFO] [stderr]    Compiling hyper-util v0.1.20
[INFO] [stderr]    Compiling hyper-tls v0.6.0
[INFO] [stderr]    Compiling jupiter v4.1.7 (/opt/rustwide/workdir)
[INFO] [stderr] warning: unused dependency `mock_instant`
[INFO] [stderr]   --> Cargo.toml:58:15
[INFO] [stderr]    |
[INFO] [stderr] 58 | [dependencies.mock_instant]
[INFO] [stderr]    |               ^^^^^^^^^^^^^
[INFO] [stderr]    |
[INFO] [stderr]    = note: `cargo::unused_dependencies` is set to `warn` by default
[INFO] [stderr] help: consider removing the dependency on `mock_instant`
[INFO] [stderr] warning: `jupiter` (manifest) generated 1 warning
[INFO] [stderr]     Finished `release` profile [optimized] target(s) in 2m 21s
[INFO] running `Command { std: "docker" "inspect" "73ac6d5671021ac29bd026f9241ae9590dd9d214b00ed17b47273c78dd4f4550", kill_on_drop: false }`
[INFO] running `Command { std: "docker" "exec" "-e" "SOURCE_DIR=/opt/rustwide/workdir" "-e" "CARGO_HOME=/opt/rustwide/cargo-home" "-e" "RUSTUP_HOME=/opt/rustwide/rustup-home" "-e" "CARGO_TARGET_DIR=/opt/rustwide/target" "-e" "CARGO_INCREMENTAL=0" "-e" "RUST_BACKTRACE=full" "-e" "RUSTFLAGS=--cap-lints=warn" "-e" "RUSTDOCFLAGS=--cap-lints=warn" "-w" "/opt/rustwide/workdir" "--user" "0:0" "73ac6d5671021ac29bd026f9241ae9590dd9d214b00ed17b47273c78dd4f4550" "/opt/rustwide/cargo-home/bin/cargo" "+1.100.0-beta.1" "test" "--frozen" "--no-run" "--message-format=json" "--release", kill_on_drop: false }`
[INFO] [stderr]    Compiling syn v2.0.114
[INFO] [stderr]    Compiling num-traits v0.2.19
[INFO] [stderr]    Compiling combine v4.6.8
[INFO] [stderr]    Compiling arcstr v1.2.0
[INFO] [stderr]    Compiling xxhash-rust v0.8.16
[INFO] [stderr]    Compiling num-integer v0.1.46
[INFO] [stderr]    Compiling chrono v0.4.45
[INFO] [stderr]    Compiling num-bigint v0.5.1
[INFO] [stderr]    Compiling synstructure v0.13.2
[INFO] [stderr]    Compiling zerofrom-derive v0.1.6
[INFO] [stderr]    Compiling yoke-derive v0.8.1
[INFO] [stderr]    Compiling zerovec-derive v0.11.2
[INFO] [stderr]    Compiling displaydoc v0.2.5
[INFO] [stderr]    Compiling tokio-macros v2.7.0
[INFO] [stderr]    Compiling openssl-macros v0.1.1
[INFO] [stderr]    Compiling openssl v0.10.75
[INFO] [stderr]    Compiling tokio v1.53.1
[INFO] [stderr]    Compiling zerofrom v0.1.6
[INFO] [stderr]    Compiling yoke v0.8.1
[INFO] [stderr]    Compiling zerovec v0.11.5
[INFO] [stderr]    Compiling zerotrie v0.2.3
[INFO] [stderr]    Compiling tinystr v0.8.2
[INFO] [stderr]    Compiling potential_utf v0.1.4
[INFO] [stderr]    Compiling icu_collections v2.1.1
[INFO] [stderr]    Compiling icu_locale_core v2.1.1
[INFO] [stderr]    Compiling icu_provider v2.1.1
[INFO] [stderr]    Compiling icu_normalizer v2.1.1
[INFO] [stderr]    Compiling icu_properties v2.1.2
[INFO] [stderr]    Compiling native-tls v0.2.14
[INFO] [stderr]    Compiling idna_adapter v1.2.1
[INFO] [stderr]    Compiling idna v1.1.0
[INFO] [stderr]    Compiling url v2.5.8
[INFO] [stderr]    Compiling redis v1.7.0
[INFO] [stderr]    Compiling tokio-util v0.7.19
[INFO] [stderr]    Compiling tokio-native-tls v0.3.1
[INFO] [stderr]    Compiling tokio-stream v0.1.19
[INFO] [stderr]    Compiling h2 v0.4.14
[INFO] [stderr]    Compiling hyper v1.11.1
[INFO] [stderr]    Compiling hyper-util v0.1.20
[INFO] [stderr]    Compiling hyper-tls v0.6.0
[INFO] [stderr]    Compiling jupiter v4.1.7 (/opt/rustwide/workdir)
[INFO] [stderr] warning: unused dependency `mock_instant`
[INFO] [stderr]   --> Cargo.toml:58:15
[INFO] [stderr]    |
[INFO] [stderr] 58 | [dependencies.mock_instant]
[INFO] [stderr]    |               ^^^^^^^^^^^^^
[INFO] [stderr]    |
[INFO] [stderr]    = note: `cargo::unused_dependencies` is set to `warn` by default
[INFO] [stderr] help: consider removing the dependency on `mock_instant`
[INFO] [stderr] help: to still use for development builds, move to `dev-dependencies`
[INFO] [stderr] warning: `jupiter` (manifest) generated 1 warning
[INFO] [stderr]     Finished `release` profile [optimized] target(s) in 2m 58s
[INFO] running `Command { std: "docker" "inspect" "73ac6d5671021ac29bd026f9241ae9590dd9d214b00ed17b47273c78dd4f4550", kill_on_drop: false }`
[INFO] running `Command { std: "docker" "exec" "-e" "SOURCE_DIR=/opt/rustwide/workdir" "-e" "CARGO_HOME=/opt/rustwide/cargo-home" "-e" "RUSTUP_HOME=/opt/rustwide/rustup-home" "-e" "CARGO_TARGET_DIR=/opt/rustwide/target" "-e" "CARGO_INCREMENTAL=0" "-e" "RUST_BACKTRACE=full" "-e" "RUSTFLAGS=--cap-lints=warn" "-e" "RUSTDOCFLAGS=--cap-lints=warn" "-w" "/opt/rustwide/workdir" "--user" "0:0" "73ac6d5671021ac29bd026f9241ae9590dd9d214b00ed17b47273c78dd4f4550" "/opt/rustwide/cargo-home/bin/cargo" "+1.100.0-beta.1" "test" "--frozen" "--release", kill_on_drop: false }`
[INFO] [stderr] warning: unused dependency `mock_instant`
[INFO] [stderr]   --> Cargo.toml:58:15
[INFO] [stderr]    |
[INFO] [stderr] 58 | [dependencies.mock_instant]
[INFO] [stderr]    |               ^^^^^^^^^^^^^
[INFO] [stderr]    |
[INFO] [stderr]    = note: `cargo::unused_dependencies` is set to `warn` by default
[INFO] [stderr] help: consider removing the dependency on `mock_instant`
[INFO] [stderr] help: to still use for development builds, move to `dev-dependencies`
[INFO] [stderr] warning: `jupiter` (manifest) generated 1 warning
[INFO] [stderr]     Finished `release` profile [optimized] target(s) in 0.15s
[INFO] [stderr]      Running unittests src/lib.rs (/opt/rustwide/target/release/build/jupiter/ed9acd14d460e62b/out/jupiter-ed9acd14d460e62b)
[INFO] [stdout] 
[INFO] [stdout] running 54 tests
[INFO] [stdout] test average::test::average_with_some_values_works ... ok
[INFO] [stdout] test average::test::average_with_many_values_keeps_count ... ok
[INFO] [stdout] test average::test::empty_average_is_properly_initialized ... ok
[INFO] [stdout] test average::test::average_overflows_sanely ... ok
[INFO] [stdout] test average::test::formatting_average_works ... ok
[INFO] [stdout] test idb::trie::tests::scan_works ... ok
[INFO] [stdout] test ig::node::tests::allocated_size_works ... ok
[INFO] [stdout] test idb::trie::tests::insert_and_query_works ... ok
[INFO] [stdout] test ig::node::tests::nodes_are_empty_by_default ... ok
[INFO] [stdout] test idb::trie::tests::prefix_search_works ... ok
[INFO] [stdout] test ig::strings::tests::boxed_strings_behave_like_strings ... ok
[INFO] [stdout] test ig::node::tests::from_string_works ... ok
[INFO] [stdout] test ig::strings::tests::inline_strings_behave_like_strings ... ok
[INFO] [stdout] test ig::strings::tests::cloning_boxed_strings_works ... ok
[INFO] [stdout] test ig::strings::tests::cloning_inline_strings_works ... ok
[INFO] [stdout] 2026-10-18T10:35:35.584 [INFO] jupiter::builder: ||. JUPITER (v 4.1.7 - rev a2c68876c51fd7ff28340e679d07d1604b25d3ec) running on 8 core(s) in 4 CPU(s)
[INFO] [stdout] test idb::table::tests::table_test ... ok
[INFO] [stdout] 2026-10-18T10:35:35.584 [INFO] jupiter::config: Loading config file config/settings.yml...
[INFO] [stdout] test ig::symbols::tests::get_and_put_work_for_symbol_map ... ok
[INFO] [stdout] 2026-10-18T10:35:35.584 [INFO] jupiter::config: Loading config file config/settings.yml...
[INFO] [stdout] test ig::symbols::tests::get_or_insert_works ... ok
[INFO] [stdout] test ig::xml::tests::attribute_values_are_unescaped ... ok
[INFO] [stdout] test ig::symbols::tests::resolve_and_lookup_works ... ok
[INFO] [stdout] test ig::xml::tests::dropped_elements_are_skipped ... ok
[INFO] [stdout] test ig::xml::tests::ill_formed_xml_is_reported ... ok
[INFO] [stdout] test ig::strings::tests::inline_strings_panic_if_too_long - should panic ... ok
[INFO] [stdout] test ig::xml::tests::non_utf8_input_is_rejected ... ok
[INFO] [stdout] test ig::xml::tests::text_includes_nested_elements ... ok
[INFO] [stdout] test ig::xml::tests::text_is_read_after_skipping_siblings ... ok
[INFO] [stdout] test ig::xml::tests::text_is_read_and_trimmed ... ok
[INFO] [stdout] test config::tests::ensure_config_update_works ... ok
[INFO] [stdout] 2026-10-18T10:35:35.588 [INFO] jupiter::server: Opened server socket on 0.0.0.0:1503...
[INFO] [stdout] 2026-10-18T10:35:35.588 [INFO] jupiter::builder: ||. JUPITER (v 4.1.7 - rev a2c68876c51fd7ff28340e679d07d1604b25d3ec) running on 8 core(s) in 4 CPU(s)
[INFO] [stdout] test lru::lru_cache::tests::empty_caches_consume_no_resources ... ok
[INFO] [stdout] test ig::xml::tests::text_with_cdata_is_fully_read ... ok
[INFO] [stdout] test ig::xml::tests::text_with_entities_is_fully_read ... ok
[INFO] [stdout] test lru::lru_cache::tests::capacity_is_enforced ... ok
[INFO] [stdout] test lru::lru_cache::tests::max_memory_is_enforced ... ok
[INFO] [stdout] test lru::lru_cache::tests::metrics_are_computed_correctly ... ok
[INFO] [stdout] test lru::lru_cache::tests::ttls_are_discarded_on_put ... ok
[INFO] [stdout] test lru::lru_cache::tests::ttls_are_properly_enforced ... ok
[INFO] [stdout] 2026-10-18T10:35:35.592 [INFO] jupiter::config: Loading config file config/settings.yml...
[INFO] [stdout] 2026-10-18T10:35:35.592 [INFO] jupiter::repository::tests: Acquiring shared resources...
[INFO] [stdout] 2026-10-18T10:35:35.593 [INFO] jupiter::lru::cache: Creating new cache test...
[INFO] [stdout] 2026-10-18T10:35:35.594 [INFO] jupiter::repository::tests: Acquiring shared resources...
[INFO] [stdout] 2026-10-18T10:35:35.595 [INFO] jupiter::repository::tests: Acquiring shared resources...
[INFO] [stdout] 2026-10-18T10:35:35.595 [INFO] jupiter::repository::tests: Acquiring shared resources...
[INFO] [stdout] test lru::cache::tests::test_commands ... ok
[INFO] [stdout] test request::tests::a_command_is_successfully_parsed ... ok
[INFO] [stdout] test request::tests::an_incomplete_command_is_skipped ... ok
[INFO] [stdout] test request::tests::invalid_number_is_detected ... ok
[INFO] [stdout] test request::tests::missing_array_is_detected ... ok
[INFO] [stdout] test request::tests::non_bulk_string_is_detected ... ok
[INFO] [stdout] test response::tests::an_array_of_bulk_strings_can_be_read_by_request ... ok
[INFO] [stdout] test response::tests::dynamic_buffer_allocation_works ... ok
[INFO] [stdout] test response::tests::errors_are_sanitized ... ok
[INFO] [stdout] test response::tests::incorrect_nesting_is_detected ... ok
[INFO] [stdout] 2026-10-18T10:35:35.609 [INFO] jupiter::server::tests: Acquiring shared resources...
[INFO] [stdout] 2026-10-18T10:35:36.589 [INFO] jupiter::idb: New or updated set: test_set (3 elements, 96 bytes, Source: test)
[INFO] [stdout] 2026-10-18T10:35:37.589 [INFO] jupiter::config: Loading config file config/settings.yml...
[INFO] [stdout] 2026-10-18T10:35:37.592 [INFO] jupiter::config: System configuration was re-loaded.
[INFO] [stdout] 2026-10-18T10:35:38.613 [INFO] jupiter::idb: Dropping sets of: test...
[INFO] [stdout] 2026-10-18T10:35:40.614 [INFO] jupiter::idb::tests: Successfully acquired shared resources.
[INFO] [stdout] 2026-10-18T10:35:40.615 [INFO] jupiter::builder: ||. JUPITER (v 4.1.7 - rev a2c68876c51fd7ff28340e679d07d1604b25d3ec) running on 8 core(s) in 4 CPU(s)
[INFO] [stdout] test idb::tests::integration_test_for_sets ... ok
[INFO] [stdout] 2026-10-18T10:35:40.616 [INFO] jupiter::config: Loading config file config/settings.yml...
[INFO] [stdout] 2026-10-18T10:35:40.616 [INFO] jupiter::server: Opened server socket on 0.0.0.0:1503...
[INFO] [stdout] 2026-10-18T10:35:41.617 [INFO] jupiter::idb: New or updated table: countries (3 rows, 8.35 KiB)
[INFO] [stdout] 2026-10-18T10:35:42.617 [INFO] jupiter::config: Loading config file config/settings.yml...
[INFO] [stdout] 2026-10-18T10:35:42.617 [INFO] jupiter::config: System configuration was re-loaded.
[INFO] [stdout] 2026-10-18T10:35:43.622 [INFO] jupiter::idb: Dropping table: countries...
[INFO] [stdout] test idb::tests::integration_test_for_tables ... ok
[INFO] [stdout] 2026-10-18T10:35:45.626 [INFO] jupiter::core::tests: Successfully acquired shared resources.
[INFO] [stdout] 2026-10-18T10:35:45.626 [INFO] jupiter::builder: ||. JUPITER (v 4.1.7 - rev a2c68876c51fd7ff28340e679d07d1604b25d3ec) running on 8 core(s) in 4 CPU(s)
[INFO] [stdout] 2026-10-18T10:35:45.629 [INFO] jupiter::config: Loading config file config/settings.yml...
[INFO] [stdout] 2026-10-18T10:35:45.633 [INFO] jupiter::server: Opened server socket on 0.0.0.0:1503...
[INFO] [stdout] 2026-10-18T10:35:46.646 [INFO] jupiter::config: Programmatically updating the config file config/settings.yml...
[INFO] [stdout] test core::tests::integration_test ... FAILED
[INFO] [stdout] test repository::tests::test_epochs ... FAILED
[INFO] [stdout] test repository::tests::ensure_fetch_works ... FAILED
[INFO] [stdout] test repository::tests::ensure_repo_store_list_and_delete_works ... FAILED
[INFO] [stdout] test repository::tests::ensure_loaders_work ... FAILED
[INFO] [stdout] test server::tests::integration_test ... FAILED
[INFO] [stdout] 
[INFO] [stdout] failures:
[INFO] [stdout] 
[INFO] [stdout] ---- core::tests::integration_test stdout ----
[INFO] [stdout] 
[INFO] [stdout] thread 'core::tests::integration_test' (1976) panicked at src/core.rs:268:13:
[INFO] [stdout] assertion failed: query_redis_async(|con|
[INFO] [stdout]                 redis::cmd("SYS.SET_CONFIG").arg("
[INFO] [stdout]                         server:
[INFO] [stdout]                             port: 1503
[INFO] [stdout]                         ").query::<String>(con)).await.is_some()
[INFO] [stdout] stack backtrace:
[INFO] [stdout]    0:     0x5714d2ef7451 - <<std[617be2ca0a6fd877]::sys::backtrace::BacktraceLock>::print::DisplayBacktrace as core[a373ad73a504971]::fmt::Display>::fmt
[INFO] [stdout]    1:     0x5714d2f118da - core[a373ad73a504971]::fmt::write
[INFO] [stdout]    2:     0x5714d2efca9c - <alloc[2e1b2a31b91974c5]::vec::Vec<u8> as core[a373ad73a504971]::io::write::Write>::write_fmt
[INFO] [stdout]    3:     0x5714d2ecef86 - std[617be2ca0a6fd877]::panicking::default_hook::{closure#0}
[INFO] [stdout]    4:     0x5714d2eedbd9 - std[617be2ca0a6fd877]::panicking::default_hook
[INFO] [stdout]    5:     0x5714d2d776c0 - test[aada8e7e76ba119b]::test_main_inner::{closure#0}
[INFO] [stdout]    6:     0x5714d2eedf02 - std[617be2ca0a6fd877]::panicking::panic_with_hook
[INFO] [stdout]    7:     0x5714d2ecf064 - std[617be2ca0a6fd877]::panicking::panic_handler::{closure#0}
[INFO] [stdout]    8:     0x5714d2ec7329 - std[617be2ca0a6fd877]::sys::backtrace::__rust_end_short_backtrace::<std[617be2ca0a6fd877]::panicking::panic_handler::{closure#0}, !>
[INFO] [stdout]    9:     0x5714d2ed002d - __rustc[ea4f61d10b84890b]::rust_begin_unwind
[INFO] [stdout]   10:     0x5714d2f120bc - core[a373ad73a504971]::panicking::panic_fmt
[INFO] [stdout]   11:     0x5714d2f12082 - core[a373ad73a504971]::panicking::panic
[INFO] [stdout]   12:     0x5714d2b5ddee - jupiter[2e97a96dc4a9812]::core::tests::integration_test::{closure#0}
[INFO] [stdout]   13:     0x5714d2bcab6e - <tokio[f754d77db05c43a8]::runtime::scheduler::current_thread::Context>::enter::<core[a373ad73a504971]::task::poll::Poll<()>, <tokio[f754d77db05c43a8]::runtime::scheduler::current_thread::CoreGuard>::block_on<core[a373ad73a504971]::pin::Pin<&mut jupiter[2e97a96dc4a9812]::core::tests::integration_test::{closure#0}>>::{closure#0}::{closure#0}>
[INFO] [stdout]   14:     0x5714d2c42bcc - <tokio[f754d77db05c43a8]::runtime::context::scoped::Scoped<tokio[f754d77db05c43a8]::runtime::scheduler::Context>>::set::<<tokio[f754d77db05c43a8]::runtime::scheduler::current_thread::CoreGuard>::enter<<tokio[f754d77db05c43a8]::runtime::scheduler::current_thread::CoreGuard>::block_on<core[a373ad73a504971]::pin::Pin<&mut jupiter[2e97a96dc4a9812]::core::tests::integration_test::{closure#0}>>::{closure#0}, core[a373ad73a504971]::option::Option<()>>::{closure#0}, (alloc[2e1b2a31b91974c5]::boxed::Box<tokio[f754d77db05c43a8]::runtime::scheduler::current_thread::Core>, core[a373ad73a504971]::option::Option<()>)>
[INFO] [stdout]   15:     0x5714d2bccd57 - <tokio[f754d77db05c43a8]::runtime::scheduler::current_thread::CoreGuard>::block_on::<core[a373ad73a504971]::pin::Pin<&mut jupiter[2e97a96dc4a9812]::core::tests::integration_test::{closure#0}>>
[INFO] [stdout]   16:     0x5714d2c50c4b - tokio[f754d77db05c43a8]::runtime::context::runtime::enter_runtime::<<tokio[f754d77db05c43a8]::runtime::scheduler::current_thread::CurrentThread>::block_on<jupiter[2e97a96dc4a9812]::core::tests::integration_test::{closure#0}>::{closure#0}, ()>
[INFO] [stdout]   17:     0x5714d2c4ddfa - jupiter[2e97a96dc4a9812]::testing::test_async::<jupiter[2e97a96dc4a9812]::core::tests::integration_test::{closure#0}>
[INFO] [stdout]   18:     0x5714d2c039c6 - <jupiter[2e97a96dc4a9812]::core::tests::integration_test::{closure#0} as core[a373ad73a504971]::ops::function::FnOnce<()>>::call_once
[INFO] [stdout]   19:     0x5714d2d6ab0b - test[aada8e7e76ba119b]::__rust_begin_short_backtrace::<core[a373ad73a504971]::result::Result<(), alloc[2e1b2a31b91974c5]::string::String>, fn() -> core[a373ad73a504971]::result::Result<(), alloc[2e1b2a31b91974c5]::string::String>>
[INFO] [stdout]   20:     0x5714d2d77ce5 - test[aada8e7e76ba119b]::run_test::{closure#0}
[INFO] [stdout]   21:     0x5714d2d715d4 - std[617be2ca0a6fd877]::sys::backtrace::__rust_begin_short_backtrace::<test[aada8e7e76ba119b]::run_test::{closure#1}, ()>
[INFO] [stdout]   22:     0x5714d2d7ad72 - <std[617be2ca0a6fd877]::thread::lifecycle::spawn_unchecked<test[aada8e7e76ba119b]::run_test::{closure#1}, ()>::{closure#1} as core[a373ad73a504971]::ops::function::FnOnce<()>>::call_once::{shim:vtable#0}
[INFO] [stdout]   23:     0x5714d2ef5eff - <std[617be2ca0a6fd877]::sys::thread::unix::Thread>::new::thread_start
[INFO] [stdout]   24:     0x7dedcedd4dfa - <unknown>
[INFO] [stdout]   25:     0x7dedcee683d4 - clone
[INFO] [stdout]   26:                0x0 - <unknown>
[INFO] [stdout] 
[INFO] [stdout] ---- repository::tests::test_epochs stdout ----
[INFO] [stdout] 
[INFO] [stdout] thread 'repository::tests::test_epochs' (2018) panicked at src/repository/mod.rs:453:67:
[INFO] [stdout] called `Result::unwrap()` on an `Err` value: PoisonError { .. }
[INFO] [stdout] stack backtrace:
[INFO] [stdout]    0:     0x5714d2ef7451 - <<std[617be2ca0a6fd877]::sys::backtrace::BacktraceLock>::print::DisplayBacktrace as core[a373ad73a504971]::fmt::Display>::fmt
[INFO] [stdout]    1:     0x5714d2f118da - core[a373ad73a504971]::fmt::write
[INFO] [stdout]    2:     0x5714d2efca9c - <alloc[2e1b2a31b91974c5]::vec::Vec<u8> as core[a373ad73a504971]::io::write::Write>::write_fmt
[INFO] [stdout]    3:     0x5714d2ecef86 - std[617be2ca0a6fd877]::panicking::default_hook::{closure#0}
[INFO] [stdout]    4:     0x5714d2eedbd9 - std[617be2ca0a6fd877]::panicking::default_hook
[INFO] [stdout]    5:     0x5714d2d776c0 - test[aada8e7e76ba119b]::test_main_inner::{closure#0}
[INFO] [stdout]    6:     0x5714d2eedf02 - std[617be2ca0a6fd877]::panicking::panic_with_hook
[INFO] [stdout]    7:     0x5714d2ecf032 - std[617be2ca0a6fd877]::panicking::panic_handler::{closure#0}
[INFO] [stdout]    8:     0x5714d2ec7329 - std[617be2ca0a6fd877]::sys::backtrace::__rust_end_short_backtrace::<std[617be2ca0a6fd877]::panicking::panic_handler::{closure#0}, !>
[INFO] [stdout]    9:     0x5714d2ed002d - __rustc[ea4f61d10b84890b]::rust_begin_unwind
[INFO] [stdout]   10:     0x5714d2f120bc - core[a373ad73a504971]::panicking::panic_fmt
[INFO] [stdout]   11:     0x5714d2f11e92 - core[a373ad73a504971]::result::unwrap_failed
[INFO] [stdout]   12:     0x5714d2c028b3 - <jupiter[2e97a96dc4a9812]::repository::tests::test_epochs::{closure#0} as core[a373ad73a504971]::ops::function::FnOnce<()>>::call_once
[INFO] [stdout]   13:     0x5714d2d6ab0b - test[aada8e7e76ba119b]::__rust_begin_short_backtrace::<core[a373ad73a504971]::result::Result<(), alloc[2e1b2a31b91974c5]::string::String>, fn() -> core[a373ad73a504971]::result::Result<(), alloc[2e1b2a31b91974c5]::string::String>>
[INFO] [stdout]   14:     0x5714d2d77ce5 - test[aada8e7e76ba119b]::run_test::{closure#0}
[INFO] [stdout]   15:     0x5714d2d715d4 - std[617be2ca0a6fd877]::sys::backtrace::__rust_begin_short_backtrace::<test[aada8e7e76ba119b]::run_test::{closure#1}, ()>
[INFO] [stdout]   16:     0x5714d2d7ad72 - <std[617be2ca0a6fd877]::thread::lifecycle::spawn_unchecked<test[aada8e7e76ba119b]::run_test::{closure#1}, ()>::{closure#1} as core[a373ad73a504971]::ops::function::FnOnce<()>>::call_once::{shim:vtable#0}
[INFO] [stdout]   17:     0x5714d2ef5eff - <std[617be2ca0a6fd877]::sys::thread::unix::Thread>::new::thread_start
[INFO] [stdout]   18:     0x7dedcedd4dfa - <unknown>
[INFO] [stdout]   19:     0x7dedcee683d4 - clone
[INFO] [stdout]   20:                0x0 - <unknown>
[INFO] [stdout] 
[INFO] [stdout] ---- repository::tests::ensure_fetch_works stdout ----
[INFO] [stdout] 
[INFO] [stdout] thread 'repository::tests::ensure_fetch_works' (2015) panicked at src/repository/mod.rs:813:67:
[INFO] [stdout] called `Result::unwrap()` on an `Err` value: PoisonError { .. }
[INFO] [stdout] stack backtrace:
[INFO] [stdout]    0:     0x5714d2ef7451 - <<std[617be2ca0a6fd877]::sys::backtrace::BacktraceLock>::print::DisplayBacktrace as core[a373ad73a504971]::fmt::Display>::fmt
[INFO] [stdout]    1:     0x5714d2f118da - core[a373ad73a504971]::fmt::write
[INFO] [stdout]    2:     0x5714d2efca9c - <alloc[2e1b2a31b91974c5]::vec::Vec<u8> as core[a373ad73a504971]::io::write::Write>::write_fmt
[INFO] [stdout]    3:     0x5714d2ecef86 - std[617be2ca0a6fd877]::panicking::default_hook::{closure#0}
[INFO] [stdout]    4:     0x5714d2eedbd9 - std[617be2ca0a6fd877]::panicking::default_hook
[INFO] [stdout]    5:     0x5714d2d776c0 - test[aada8e7e76ba119b]::test_main_inner::{closure#0}
[INFO] [stdout]    6:     0x5714d2eedf02 - std[617be2ca0a6fd877]::panicking::panic_with_hook
[INFO] [stdout]    7:     0x5714d2ecf032 - std[617be2ca0a6fd877]::panicking::panic_handler::{closure#0}
[INFO] [stdout]    8:     0x5714d2ec7329 - std[617be2ca0a6fd877]::sys::backtrace::__rust_end_short_backtrace::<std[617be2ca0a6fd877]::panicking::panic_handler::{closure#0}, !>
[INFO] [stdout]    9:     0x5714d2ed002d - __rustc[ea4f61d10b84890b]::rust_begin_unwind
[INFO] [stdout]   10:     0x5714d2f120bc - core[a373ad73a504971]::panicking::panic_fmt
[INFO] [stdout]   11:     0x5714d2f11e92 - core[a373ad73a504971]::result::unwrap_failed
[INFO] [stdout]   12:     0x5714d2c02bb3 - <jupiter[2e97a96dc4a9812]::repository::tests::ensure_fetch_works::{closure#0} as core[a373ad73a504971]::ops::function::FnOnce<()>>::call_once
[INFO] [stdout]   13:     0x5714d2d6ab0b - test[aada8e7e76ba119b]::__rust_begin_short_backtrace::<core[a373ad73a504971]::result::Result<(), alloc[2e1b2a31b91974c5]::string::String>, fn() -> core[a373ad73a504971]::result::Result<(), alloc[2e1b2a31b91974c5]::string::String>>
[INFO] [stdout]   14:     0x5714d2d77ce5 - test[aada8e7e76ba119b]::run_test::{closure#0}
[INFO] [stdout]   15:     0x5714d2d715d4 - std[617be2ca0a6fd877]::sys::backtrace::__rust_begin_short_backtrace::<test[aada8e7e76ba119b]::run_test::{closure#1}, ()>
[INFO] [stdout]   16:     0x5714d2d7ad72 - <std[617be2ca0a6fd877]::thread::lifecycle::spawn_unchecked<test[aada8e7e76ba119b]::run_test::{closure#1}, ()>::{closure#1} as core[a373ad73a504971]::ops::function::FnOnce<()>>::call_once::{shim:vtable#0}
[INFO] [stdout]   17:     0x5714d2ef5eff - <std[617be2ca0a6fd877]::sys::thread::unix::Thread>::new::thread_start
[INFO] [stdout]   18:     0x7dedcedd4dfa - <unknown>
[INFO] [stdout]   19:     0x7dedcee683d4 - clone
[INFO] [stdout]   20:                0x0 - <unknown>
[INFO] [stdout] 
[INFO] [stdout] ---- repository::tests::ensure_repo_store_list_and_delete_works stdout ----
[INFO] [stdout] 
[INFO] [stdout] thread 'repository::tests::ensure_repo_store_list_and_delete_works' (2017) panicked at src/repository/mod.rs:475:67:
[INFO] [stdout] called `Result::unwrap()` on an `Err` value: PoisonError { .. }
[INFO] [stdout] stack backtrace:
[INFO] [stdout]    0:     0x5714d2ef7451 - <<std[617be2ca0a6fd877]::sys::backtrace::BacktraceLock>::print::DisplayBacktrace as core[a373ad73a504971]::fmt::Display>::fmt
[INFO] [stdout]    1:     0x5714d2f118da - core[a373ad73a504971]::fmt::write
[INFO] [stdout]    2:     0x5714d2efca9c - <alloc[2e1b2a31b91974c5]::vec::Vec<u8> as core[a373ad73a504971]::io::write::Write>::write_fmt
[INFO] [stdout]    3:     0x5714d2ecef86 - std[617be2ca0a6fd877]::panicking::default_hook::{closure#0}
[INFO] [stdout]    4:     0x5714d2eedbd9 - std[617be2ca0a6fd877]::panicking::default_hook
[INFO] [stdout]    5:     0x5714d2d776c0 - test[aada8e7e76ba119b]::test_main_inner::{closure#0}
[INFO] [stdout]    6:     0x5714d2eedf02 - std[617be2ca0a6fd877]::panicking::panic_with_hook
[INFO] [stdout]    7:     0x5714d2ecf032 - std[617be2ca0a6fd877]::panicking::panic_handler::{closure#0}
[INFO] [stdout]    8:     0x5714d2ec7329 - std[617be2ca0a6fd877]::sys::backtrace::__rust_end_short_backtrace::<std[617be2ca0a6fd877]::panicking::panic_handler::{closure#0}, !>
[INFO] [stdout]    9:     0x5714d2ed002d - __rustc[ea4f61d10b84890b]::rust_begin_unwind
[INFO] [stdout]   10:     0x5714d2f120bc - core[a373ad73a504971]::panicking::panic_fmt
[INFO] [stdout]   11:     0x5714d2f11e92 - core[a373ad73a504971]::result::unwrap_failed
[INFO] [stdout]   12:     0x5714d2c031b3 - <jupiter[2e97a96dc4a9812]::repository::tests::ensure_repo_store_list_and_delete_works::{closure#0} as core[a373ad73a504971]::ops::function::FnOnce<()>>::call_once
[INFO] [stdout]   13:     0x5714d2d6ab0b - test[aada8e7e76ba119b]::__rust_begin_short_backtrace::<core[a373ad73a504971]::result::Result<(), alloc[2e1b2a31b91974c5]::string::String>, fn() -> core[a373ad73a504971]::result::Result<(), alloc[2e1b2a31b91974c5]::string::String>>
[INFO] [stdout]   14:     0x5714d2d77ce5 - test[aada8e7e76ba119b]::run_test::{closure#0}
[INFO] [stdout]   15:     0x5714d2d715d4 - std[617be2ca0a6fd877]::sys::backtrace::__rust_begin_short_backtrace::<test[aada8e7e76ba119b]::run_test::{closure#1}, ()>
[INFO] [stdout]   16:     0x5714d2d7ad72 - <std[617be2ca0a6fd877]::thread::lifecycle::spawn_unchecked<test[aada8e7e76ba119b]::run_test::{closure#1}, ()>::{closure#1} as core[a373ad73a504971]::ops::function::FnOnce<()>>::call_once::{shim:vtable#0}
[INFO] [stdout]   17:     0x5714d2ef5eff - <std[617be2ca0a6fd877]::sys::thread::unix::Thread>::new::thread_start
[INFO] [stdout]   18:     0x7dedcedd4dfa - <unknown>
[INFO] [stdout]   19:     0x7dedcee683d4 - clone
[INFO] [stdout]   20:                0x0 - <unknown>
[INFO] [stdout] 
[INFO] [stdout] ---- repository::tests::ensure_loaders_work stdout ----
[INFO] [stdout] 
[INFO] [stdout] thread 'repository::tests::ensure_loaders_work' (2016) panicked at src/repository/mod.rs:552:67:
[INFO] [stdout] called `Result::unwrap()` on an `Err` value: PoisonError { .. }
[INFO] [stdout] stack backtrace:
[INFO] [stdout]    0:     0x5714d2ef7451 - <<std[617be2ca0a6fd877]::sys::backtrace::BacktraceLock>::print::DisplayBacktrace as core[a373ad73a504971]::fmt::Display>::fmt
[INFO] [stdout]    1:     0x5714d2f118da - core[a373ad73a504971]::fmt::write
[INFO] [stdout]    2:     0x5714d2efca9c - <alloc[2e1b2a31b91974c5]::vec::Vec<u8> as core[a373ad73a504971]::io::write::Write>::write_fmt
[INFO] [stdout]    3:     0x5714d2ecef86 - std[617be2ca0a6fd877]::panicking::default_hook::{closure#0}
[INFO] [stdout]    4:     0x5714d2eedbd9 - std[617be2ca0a6fd877]::panicking::default_hook
[INFO] [stdout]    5:     0x5714d2d776c0 - test[aada8e7e76ba119b]::test_main_inner::{closure#0}
[INFO] [stdout]    6:     0x5714d2eedf02 - std[617be2ca0a6fd877]::panicking::panic_with_hook
[INFO] [stdout]    7:     0x5714d2ecf032 - std[617be2ca0a6fd877]::panicking::panic_handler::{closure#0}
[INFO] [stdout]    8:     0x5714d2ec7329 - std[617be2ca0a6fd877]::sys::backtrace::__rust_end_short_backtrace::<std[617be2ca0a6fd877]::panicking::panic_handler::{closure#0}, !>
[INFO] [stdout]    9:     0x5714d2ed002d - __rustc[ea4f61d10b84890b]::rust_begin_unwind
[INFO] [stdout]   10:     0x5714d2f120bc - core[a373ad73a504971]::panicking::panic_fmt
[INFO] [stdout]   11:     0x5714d2f11e92 - core[a373ad73a504971]::result::unwrap_failed
[INFO] [stdout]   12:     0x5714d2c02eb6 - <jupiter[2e97a96dc4a9812]::repository::tests::ensure_loaders_work::{closure#0} as core[a373ad73a504971]::ops::function::FnOnce<()>>::call_once
[INFO] [stdout]   13:     0x5714d2d6ab0b - test[aada8e7e76ba119b]::__rust_begin_short_backtrace::<core[a373ad73a504971]::result::Result<(), alloc[2e1b2a31b91974c5]::string::String>, fn() -> core[a373ad73a504971]::result::Result<(), alloc[2e1b2a31b91974c5]::string::String>>
[INFO] [stdout]   14:     0x5714d2d77ce5 - test[aada8e7e76ba119b]::run_test::{closure#0}
[INFO] [stdout]   15:     0x5714d2d715d4 - std[617be2ca0a6fd877]::sys::backtrace::__rust_begin_short_backtrace::<test[aada8e7e76ba119b]::run_test::{closure#1}, ()>
[INFO] [stdout]   16:     0x5714d2d7ad72 - <std[617be2ca0a6fd877]::thread::lifecycle::spawn_unchecked<test[aada8e7e76ba119b]::run_test::{closure#1}, ()>::{closure#1} as core[a373ad73a504971]::ops::function::FnOnce<()>>::call_once::{shim:vtable#0}
[INFO] [stdout]   17:     0x5714d2ef5eff - <std[617be2ca0a6fd877]::sys::thread::unix::Thread>::new::thread_start
[INFO] [stdout]   18:     0x7dedcedd4dfa - <unknown>
[INFO] [stdout]   19:     0x7dedcee683d4 - clone
[INFO] [stdout]   20:                0x0 - <unknown>
[INFO] [stdout] 
[INFO] [stdout] ---- server::tests::integration_test stdout ----
[INFO] [stdout] 
[INFO] [stdout] thread 'server::tests::integration_test' (2030) panicked at src/server.rs:540:67:
[INFO] [stdout] called `Result::unwrap()` on an `Err` value: PoisonError { .. }
[INFO] [stdout] stack backtrace:
[INFO] [stdout]    0:     0x5714d2ef7451 - <<std[617be2ca0a6fd877]::sys::backtrace::BacktraceLock>::print::DisplayBacktrace as core[a373ad73a504971]::fmt::Display>::fmt
[INFO] [stdout]    1:     0x5714d2f118da - core[a373ad73a504971]::fmt::write
[INFO] [stdout]    2:     0x5714d2efca9c - <alloc[2e1b2a31b91974c5]::vec::Vec<u8> as core[a373ad73a504971]::io::write::Write>::write_fmt
[INFO] [stdout]    3:     0x5714d2ecef86 - std[617be2ca0a6fd877]::panicking::default_hook::{closure#0}
[INFO] [stdout]    4:     0x5714d2eedbd9 - std[617be2ca0a6fd877]::panicking::default_hook
[INFO] [stdout]    5:     0x5714d2d776c0 - test[aada8e7e76ba119b]::test_main_inner::{closure#0}
[INFO] [stdout]    6:     0x5714d2eedf02 - std[617be2ca0a6fd877]::panicking::panic_with_hook
[INFO] [stdout]    7:     0x5714d2ecf032 - std[617be2ca0a6fd877]::panicking::panic_handler::{closure#0}
[INFO] [stdout]    8:     0x5714d2ec7329 - std[617be2ca0a6fd877]::sys::backtrace::__rust_end_short_backtrace::<std[617be2ca0a6fd877]::panicking::panic_handler::{closure#0}, !>
[INFO] [stdout]    9:     0x5714d2ed002d - __rustc[ea4f61d10b84890b]::rust_begin_unwind
[INFO] [stdout]   10:     0x5714d2f120bc - core[a373ad73a504971]::panicking::panic_fmt
[INFO] [stdout]   11:     0x5714d2f11e92 - core[a373ad73a504971]::result::unwrap_failed
[INFO] [stdout]   12:     0x5714d2c03de3 - <jupiter[2e97a96dc4a9812]::server::tests::integration_test::{closure#0} as core[a373ad73a504971]::ops::function::FnOnce<()>>::call_once
[INFO] [stdout]   13:     0x5714d2d6ab0b - test[aada8e7e76ba119b]::__rust_begin_short_backtrace::<core[a373ad73a504971]::result::Result<(), alloc[2e1b2a31b91974c5]::string::String>, fn() -> core[a373ad73a504971]::result::Result<(), alloc[2e1b2a31b91974c5]::string::String>>
[INFO] [stdout]   14:     0x5714d2d77ce5 - test[aada8e7e76ba119b]::run_test::{closure#0}
[INFO] [stdout]   15:     0x5714d2d715d4 - std[617be2ca0a6fd877]::sys::backtrace::__rust_begin_short_backtrace::<test[aada8e7e76ba119b]::run_test::{closure#1}, ()>
[INFO] [stdout]   16:     0x5714d2d7ad72 - <std[617be2ca0a6fd877]::thread::lifecycle::spawn_unchecked<test[aada8e7e76ba119b]::run_test::{closure#1}, ()>::{closure#1} as core[a373ad73a504971]::ops::function::FnOnce<()>>::call_once::{shim:vtable#0}
[INFO] [stdout]   17:     0x5714d2ef5eff - <std[617be2ca0a6fd877]::sys::thread::unix::Thread>::new::thread_start
[INFO] [stdout]   18:     0x7dedcedd4dfa - <unknown>
[INFO] [stdout]   19:     0x7dedcee683d4 - clone
[INFO] [stdout]   20:                0x0 - <unknown>
[INFO] [stdout] 
[INFO] [stdout] 
[INFO] [stdout] failures:
[INFO] [stdout]     core::tests::integration_test
[INFO] [stdout]     repository::tests::ensure_fetch_works
[INFO] [stdout]     repository::tests::ensure_loaders_work
[INFO] [stdout]     repository::tests::ensure_repo_store_list_and_delete_works
[INFO] [stdout]     repository::tests::test_epochs
[INFO] [stdout]     server::tests::integration_test
[INFO] [stdout] 
[INFO] [stdout] test result: FAILED. 48 passed; 6 failed; 0 ignored; 0 measured; 0 filtered out; finished in 11.08s
[INFO] [stdout] 
[INFO] [stderr] error: test failed, to rerun pass `--lib`
[INFO] running `Command { std: "docker" "inspect" "73ac6d5671021ac29bd026f9241ae9590dd9d214b00ed17b47273c78dd4f4550", kill_on_drop: false }`
[INFO] running `Command { std: "docker" "rm" "-f" "73ac6d5671021ac29bd026f9241ae9590dd9d214b00ed17b47273c78dd4f4550", kill_on_drop: false }`
[INFO] [stdout] 73ac6d5671021ac29bd026f9241ae9590dd9d214b00ed17b47273c78dd4f4550
