[INFO] fetching crate jupiter-sdk 0.1.5...
[INFO] testing jupiter-sdk-0.1.5 against 1.99.0-beta.8+cargoflags=--release for beta-release-1.100-2
[INFO] extracting crate jupiter-sdk 0.1.5 into /workspace/builds/worker-1-tc1/source
[INFO] started tweaking crates.io crate jupiter-sdk 0.1.5
[INFO] finished tweaking crates.io crate jupiter-sdk 0.1.5
[INFO] tweaked toml for crates.io crate jupiter-sdk 0.1.5 written to /workspace/builds/worker-1-tc1/source/Cargo.toml
[INFO] validating manifest of crates.io crate jupiter-sdk 0.1.5 on toolchain 1.99.0-beta.8
[INFO] running `Command { std: CARGO_HOME="/workspace/cargo-home" RUSTUP_HOME="/workspace/rustup-home" "/workspace/cargo-home/bin/cargo" "+1.99.0-beta.8" "metadata" "--manifest-path" "Cargo.toml" "--no-deps", kill_on_drop: false }`
[INFO] crate crates.io crate jupiter-sdk 0.1.5 already has a lockfile, it will not be regenerated
[INFO] running `Command { std: CARGO_HOME="/workspace/cargo-home" RUSTUP_HOME="/workspace/rustup-home" "/workspace/cargo-home/bin/cargo" "+1.99.0-beta.8" "fetch" "--manifest-path" "Cargo.toml", kill_on_drop: false }`
[INFO] [stderr]  Downloading crates ...
[INFO] [stderr]   Downloaded serde_core v1.0.226
[INFO] [stderr]   Downloaded serde_derive v1.0.226
[INFO] [stderr]   Downloaded serde_with_macros v3.14.1
[INFO] [stderr]   Downloaded serde v1.0.226
[INFO] [stderr]   Downloaded windows-core v0.62.0
[INFO] [stderr]   Downloaded cc v1.2.38
[INFO] [stderr]   Downloaded serde_with v3.14.1
[INFO] [stderr]   Downloaded webpki-roots v1.0.2
[INFO] [stderr]   Downloaded tokio-rustls v0.26.3
[INFO] [stderr]   Downloaded rustls v0.23.32
[INFO] [stderr]   Downloaded rustls-webpki v0.103.6
[INFO] running `Command { std: "docker" "create" "-v" "/var/lib/crater-agent-workspace/builds/worker-1-tc1/source:/opt/rustwide/workdir:ro,Z" "-v" "/var/lib/crater-agent-workspace/builds/worker-1-tc1/target:/opt/rustwide/target:rw,Z" "-v" "/var/lib/crater-agent-workspace/cargo-home:/opt/rustwide/cargo-home:ro,Z" "-v" "/var/lib/crater-agent-workspace/rustup-home:/opt/rustwide/rustup-home:ro,Z" "-m" "1610612736" "--network" "none" "ghcr.io/rust-lang/crates-build-env/linux@sha256:77db811e55d90add9212f6832c23229e3de5f1c1f9905e8cb07319ea15df73ac" "sleep" "infinity", kill_on_drop: false }`
[INFO] [stdout] 609b99b0344a2a26124cc32d7e4223ec414127198d779281d2e1df62fea285e2
[INFO] running `Command { std: "docker" "start" "609b99b0344a2a26124cc32d7e4223ec414127198d779281d2e1df62fea285e2", kill_on_drop: false }`
[INFO] running `Command { std: "docker" "inspect" "609b99b0344a2a26124cc32d7e4223ec414127198d779281d2e1df62fea285e2", kill_on_drop: false }`
[INFO] running `Command { std: "docker" "exec" "-e" "SOURCE_DIR=/opt/rustwide/workdir" "-e" "CARGO_HOME=/opt/rustwide/cargo-home" "-e" "RUSTUP_HOME=/opt/rustwide/rustup-home" "-e" "CARGO_TARGET_DIR=/opt/rustwide/target" "-w" "/opt/rustwide/workdir" "--user" "0:0" "609b99b0344a2a26124cc32d7e4223ec414127198d779281d2e1df62fea285e2" "/opt/rustwide/cargo-home/bin/cargo" "+1.99.0-beta.8" "metadata" "--no-deps" "--format-version=1", kill_on_drop: false }`
[INFO] running `Command { std: "docker" "inspect" "609b99b0344a2a26124cc32d7e4223ec414127198d779281d2e1df62fea285e2", kill_on_drop: false }`
[INFO] running `Command { std: "docker" "exec" "-e" "SOURCE_DIR=/opt/rustwide/workdir" "-e" "CARGO_HOME=/opt/rustwide/cargo-home" "-e" "RUSTUP_HOME=/opt/rustwide/rustup-home" "-e" "CARGO_TARGET_DIR=/opt/rustwide/target" "-e" "CARGO_INCREMENTAL=0" "-e" "RUST_BACKTRACE=full" "-e" "RUSTFLAGS=--cap-lints=warn" "-e" "RUSTDOCFLAGS=--cap-lints=warn" "-w" "/opt/rustwide/workdir" "--user" "0:0" "609b99b0344a2a26124cc32d7e4223ec414127198d779281d2e1df62fea285e2" "/opt/rustwide/cargo-home/bin/cargo" "+1.99.0-beta.8" "build" "--frozen" "--message-format=json" "--release", kill_on_drop: false }`
[INFO] [stderr]    Compiling unicode-ident v1.0.19
[INFO] [stderr]    Compiling libc v0.2.176
[INFO] [stderr]    Compiling find-msvc-tools v0.1.2
[INFO] [stderr]    Compiling serde_core v1.0.226
[INFO] [stderr]    Compiling serde v1.0.226
[INFO] [stderr]    Compiling rustls v0.23.32
[INFO] [stderr]    Compiling webpki-roots v1.0.2
[INFO] [stderr]    Compiling thiserror v2.0.16
[INFO] [stderr]    Compiling proc-macro2 v1.0.101
[INFO] [stderr]    Compiling cc v1.2.38
[INFO] [stderr]    Compiling quote v1.0.40
[INFO] [stderr]    Compiling syn v2.0.106
[INFO] [stderr]    Compiling openssl-sys v0.9.109
[INFO] [stderr]    Compiling ring v0.17.14
[INFO] [stderr]    Compiling signal-hook-registry v1.4.6
[INFO] [stderr]    Compiling mio v1.0.4
[INFO] [stderr]    Compiling socket2 v0.6.0
[INFO] [stderr]    Compiling getrandom v0.2.16
[INFO] [stderr]    Compiling openssl v0.10.73
[INFO] [stderr]    Compiling native-tls v0.2.14
[INFO] [stderr]    Compiling serde_json v1.0.145
[INFO] [stderr]    Compiling serde_path_to_error v0.1.20
[INFO] [stderr]    Compiling synstructure v0.13.2
[INFO] [stderr]    Compiling darling_core v0.21.3
[INFO] [stderr]    Compiling zerofrom-derive v0.1.6
[INFO] [stderr]    Compiling yoke-derive v0.8.0
[INFO] [stderr]    Compiling zerovec-derive v0.11.1
[INFO] [stderr]    Compiling tokio-macros v2.5.0
[INFO] [stderr]    Compiling displaydoc v0.2.5
[INFO] [stderr]    Compiling tracing-attributes v0.1.30
[INFO] [stderr]    Compiling openssl-macros v0.1.1
[INFO] [stderr]    Compiling tokio v1.47.1
[INFO] [stderr]    Compiling serde_derive v1.0.226
[INFO] [stderr]    Compiling thiserror-impl v2.0.16
[INFO] [stderr]    Compiling tracing v0.1.41
[INFO] [stderr]    Compiling zerofrom v0.1.6
[INFO] [stderr]    Compiling yoke v0.8.0
[INFO] [stderr]    Compiling zerovec v0.11.4
[INFO] [stderr]    Compiling zerotrie v0.2.2
[INFO] [stderr]    Compiling darling_macro v0.21.3
[INFO] [stderr]    Compiling darling v0.21.3
[INFO] [stderr]    Compiling serde_with_macros v3.14.1
[INFO] [stderr]    Compiling tinystr v0.8.1
[INFO] [stderr]    Compiling potential_utf v0.1.3
[INFO] [stderr]    Compiling icu_collections v2.0.0
[INFO] [stderr]    Compiling icu_locale_core v2.0.0
[INFO] [stderr]    Compiling serde_urlencoded v0.7.1
[INFO] [stderr]    Compiling serde_with v3.14.1
[INFO] [stderr]    Compiling icu_provider v2.0.0
[INFO] [stderr]    Compiling icu_properties v2.0.1
[INFO] [stderr]    Compiling icu_normalizer v2.0.0
[INFO] [stderr]    Compiling idna_adapter v1.2.1
[INFO] [stderr]    Compiling idna v1.1.0
[INFO] [stderr]    Compiling tokio-util v0.7.16
[INFO] [stderr]    Compiling tokio-native-tls v0.3.1
[INFO] [stderr]    Compiling tower v0.5.2
[INFO] [stderr]    Compiling url v2.5.7
[INFO] [stderr]    Compiling tower-http v0.6.6
[INFO] [stderr]    Compiling h2 v0.4.12
[INFO] [stderr]    Compiling rustls-webpki v0.103.6
[INFO] [stderr]    Compiling hyper v1.7.0
[INFO] [stderr]    Compiling hyper-util v0.1.17
[INFO] [stderr]    Compiling hyper-tls v0.6.0
[INFO] [stderr]    Compiling tokio-rustls v0.26.3
[INFO] [stderr]    Compiling hyper-rustls v0.27.7
[INFO] [stderr]    Compiling reqwest v0.12.23
[INFO] [stderr]    Compiling jupiter-sdk v0.1.5 (/opt/rustwide/workdir)
[INFO] [stderr]     Finished `release` profile [optimized] target(s) in 2m 37s
[INFO] running `Command { std: "docker" "inspect" "609b99b0344a2a26124cc32d7e4223ec414127198d779281d2e1df62fea285e2", kill_on_drop: false }`
[INFO] running `Command { std: "docker" "exec" "-e" "SOURCE_DIR=/opt/rustwide/workdir" "-e" "CARGO_HOME=/opt/rustwide/cargo-home" "-e" "RUSTUP_HOME=/opt/rustwide/rustup-home" "-e" "CARGO_TARGET_DIR=/opt/rustwide/target" "-e" "CARGO_INCREMENTAL=0" "-e" "RUST_BACKTRACE=full" "-e" "RUSTFLAGS=--cap-lints=warn" "-e" "RUSTDOCFLAGS=--cap-lints=warn" "-w" "/opt/rustwide/workdir" "--user" "0:0" "609b99b0344a2a26124cc32d7e4223ec414127198d779281d2e1df62fea285e2" "/opt/rustwide/cargo-home/bin/cargo" "+1.99.0-beta.8" "test" "--frozen" "--no-run" "--message-format=json" "--release", kill_on_drop: false }`
[INFO] [stderr]    Compiling jupiter-sdk v0.1.5 (/opt/rustwide/workdir)
[INFO] [stderr]     Finished `release` profile [optimized] target(s) in 15.72s
[INFO] running `Command { std: "docker" "inspect" "609b99b0344a2a26124cc32d7e4223ec414127198d779281d2e1df62fea285e2", kill_on_drop: false }`
[INFO] running `Command { std: "docker" "exec" "-e" "SOURCE_DIR=/opt/rustwide/workdir" "-e" "CARGO_HOME=/opt/rustwide/cargo-home" "-e" "RUSTUP_HOME=/opt/rustwide/rustup-home" "-e" "CARGO_TARGET_DIR=/opt/rustwide/target" "-e" "CARGO_INCREMENTAL=0" "-e" "RUST_BACKTRACE=full" "-e" "RUSTFLAGS=--cap-lints=warn" "-e" "RUSTDOCFLAGS=--cap-lints=warn" "-w" "/opt/rustwide/workdir" "--user" "0:0" "609b99b0344a2a26124cc32d7e4223ec414127198d779281d2e1df62fea285e2" "/opt/rustwide/cargo-home/bin/cargo" "+1.99.0-beta.8" "test" "--frozen" "--release", kill_on_drop: false }`
[INFO] [stderr]     Finished `release` profile [optimized] target(s) in 0.28s
[INFO] [stderr]      Running unittests src/lib.rs (/opt/rustwide/target/release/deps/jupiter_sdk-d2eec873f3c619ad)
[INFO] [stdout] 
[INFO] [stdout] running 9 tests
[INFO] [stdout] test api::price::tests::test_get_price ... FAILED
[INFO] [stdout] test api::lend::tests::test_get_positions ... FAILED
[INFO] [stdout] test api::trigger::tests::test_create_order ... FAILED
[INFO] [stdout] test api::ultra::tests::test_get_holdings ... FAILED
[INFO] [stdout] test api::ultra::tests::test_execute ... FAILED
[INFO] [stdout] test api::token::tests::test_token_search ... FAILED
[INFO] [stdout] test api::lend::tests::test_get_earnings ... FAILED
[INFO] [stdout] test api::swap::tests::test_program_id_to_label ... FAILED
[INFO] [stdout] test api::ultra::tests::test_get_order ... FAILED
[INFO] [stderr] error: test failed, to rerun pass `--lib`
[INFO] [stdout] 
[INFO] [stdout] failures:
[INFO] [stdout] 
[INFO] [stdout] ---- api::price::tests::test_get_price stdout ----
[INFO] [stdout] 
[INFO] [stdout] thread 'api::price::tests::test_get_price' (1531) panicked at src/api/price.rs:47:17:
[INFO] [stdout] get_price error: network error: error sending request for url (https://lite-api.jup.ag/price/v3?ids=So11111111111111111111111111111111111111112%2CEPjFWdd5AufqSSqeM2qN1xzybapC8G4wEGGkZwyTDt1v)
[INFO] [stdout] stack backtrace:
[INFO] [stdout]    0:     0x651cc0a3a601 - <<std[70759c8f55707aa4]::sys::backtrace::BacktraceLock>::print::DisplayBacktrace as core[df12db4294e9bfd3]::fmt::Display>::fmt
[INFO] [stdout]    1:     0x651cc0a510aa - core[df12db4294e9bfd3]::fmt::write
[INFO] [stdout]    2:     0x651cc0a3f1bc - <alloc[2182bb758b4b3781]::vec::Vec<u8> as core[df12db4294e9bfd3]::io::write::Write>::write_fmt
[INFO] [stdout]    3:     0x651cc0a15626 - std[70759c8f55707aa4]::panicking::default_hook::{closure#0}
[INFO] [stdout]    4:     0x651cc0a32509 - std[70759c8f55707aa4]::panicking::default_hook
[INFO] [stdout]    5:     0x651cc0771b50 - test[9d35eded1c95d3be]::test_main_inner::<test[9d35eded1c95d3be]::test_main_static::{closure#0}>::{closure#0}
[INFO] [stdout]    6:     0x651cc0a32832 - std[70759c8f55707aa4]::panicking::panic_with_hook
[INFO] [stdout]    7:     0x651cc0a156d2 - std[70759c8f55707aa4]::panicking::panic_handler::{closure#0}
[INFO] [stdout]    8:     0x651cc0a0e379 - std[70759c8f55707aa4]::sys::backtrace::__rust_end_short_backtrace::<std[70759c8f55707aa4]::panicking::panic_handler::{closure#0}, !>
[INFO] [stdout]    9:     0x651cc0a164bd - __rustc[8fa7c3cbc660c2b3]::rust_begin_unwind
[INFO] [stdout]   10:     0x651cc0a5180c - core[df12db4294e9bfd3]::panicking::panic_fmt
[INFO] [stdout]   11:     0x651cc073e171 - jupiter_sdk[8a914364e5c2ede4]::api::price::tests::test_get_price::{closure#0}
[INFO] [stdout]   12:     0x651cc073a193 - <tokio[22425e428e7c0f83]::runtime::scheduler::current_thread::Context>::enter::<core[df12db4294e9bfd3]::task::poll::Poll<()>, <tokio[22425e428e7c0f83]::runtime::scheduler::current_thread::CoreGuard>::block_on<core[df12db4294e9bfd3]::pin::Pin<&mut core[df12db4294e9bfd3]::pin::Pin<&mut dyn core[df12db4294e9bfd3]::future::future::Future<Output = ()>>>>::{closure#0}::{closure#0}>
[INFO] [stdout]   13:     0x651cc0748f8c - <tokio[22425e428e7c0f83]::runtime::context::scoped::Scoped<tokio[22425e428e7c0f83]::runtime::scheduler::Context>>::set::<<tokio[22425e428e7c0f83]::runtime::scheduler::current_thread::CoreGuard>::enter<<tokio[22425e428e7c0f83]::runtime::scheduler::current_thread::CoreGuard>::block_on<core[df12db4294e9bfd3]::pin::Pin<&mut core[df12db4294e9bfd3]::pin::Pin<&mut dyn core[df12db4294e9bfd3]::future::future::Future<Output = ()>>>>::{closure#0}, core[df12db4294e9bfd3]::option::Option<()>>::{closure#0}, (alloc[2182bb758b4b3781]::boxed::Box<tokio[22425e428e7c0f83]::runtime::scheduler::current_thread::Core>, core[df12db4294e9bfd3]::option::Option<()>)>
[INFO] [stdout]   14:     0x651cc073a4e7 - <tokio[22425e428e7c0f83]::runtime::scheduler::current_thread::CoreGuard>::block_on::<core[df12db4294e9bfd3]::pin::Pin<&mut core[df12db4294e9bfd3]::pin::Pin<&mut dyn core[df12db4294e9bfd3]::future::future::Future<Output = ()>>>>
[INFO] [stdout]   15:     0x651cc07566a7 - tokio[22425e428e7c0f83]::runtime::context::runtime::enter_runtime::<<tokio[22425e428e7c0f83]::runtime::scheduler::current_thread::CurrentThread>::block_on<core[df12db4294e9bfd3]::pin::Pin<&mut dyn core[df12db4294e9bfd3]::future::future::Future<Output = ()>>>::{closure#0}, ()>
[INFO] [stdout]   16:     0x651cc075ff85 - <tokio[22425e428e7c0f83]::runtime::runtime::Runtime>::block_on::<core[df12db4294e9bfd3]::pin::Pin<&mut dyn core[df12db4294e9bfd3]::future::future::Future<Output = ()>>>
[INFO] [stdout]   17:     0x651cc073e81b - jupiter_sdk[8a914364e5c2ede4]::api::price::tests::test_get_price
[INFO] [stdout]   18:     0x651cc0764329 - <jupiter_sdk[8a914364e5c2ede4]::api::price::tests::test_get_price::{closure#0} as core[df12db4294e9bfd3]::ops::function::FnOnce<()>>::call_once
[INFO] [stdout]   19:     0x651cc0764e3b - test[9d35eded1c95d3be]::__rust_begin_short_backtrace::<core[df12db4294e9bfd3]::result::Result<(), alloc[2182bb758b4b3781]::string::String>, fn() -> core[df12db4294e9bfd3]::result::Result<(), alloc[2182bb758b4b3781]::string::String>>
[INFO] [stdout]   20:     0x651cc07724a5 - test[9d35eded1c95d3be]::run_test::{closure#0}
[INFO] [stdout]   21:     0x651cc076bd64 - std[70759c8f55707aa4]::sys::backtrace::__rust_begin_short_backtrace::<test[9d35eded1c95d3be]::run_test::{closure#1}, ()>
[INFO] [stdout]   22:     0x651cc0775602 - <std[70759c8f55707aa4]::thread::lifecycle::spawn_unchecked<test[9d35eded1c95d3be]::run_test::{closure#1}, ()>::{closure#1} as core[df12db4294e9bfd3]::ops::function::FnOnce<()>>::call_once::{shim:vtable#0}
[INFO] [stdout]   23:     0x651cc0a39b29 - <std[70759c8f55707aa4]::sys::thread::unix::Thread>::new::thread_start
[INFO] [stdout]   24:     0x71b83593adfa - <unknown>
[INFO] [stdout]   25:     0x71b8359ce3d4 - clone
[INFO] [stdout]   26:                0x0 - <unknown>
[INFO] [stdout] 
[INFO] [stdout] ---- api::lend::tests::test_get_positions stdout ----
[INFO] [stdout] 
[INFO] [stdout] thread 'api::lend::tests::test_get_positions' (1530) panicked at src/api/lend.rs:60:17:
[INFO] [stdout] get_positions error: network error: error sending request for url (https://lite-api.jup.ag/lend/v1/earn/positions?users=ANAUcDCU3Jfao3mtxBdttjEH7F3Ja7SyjGBKUa9Cruc5)
[INFO] [stdout] stack backtrace:
[INFO] [stdout]    0:     0x651cc0a3a601 - <<std[70759c8f55707aa4]::sys::backtrace::BacktraceLock>::print::DisplayBacktrace as core[df12db4294e9bfd3]::fmt::Display>::fmt
[INFO] [stdout]    1:     0x651cc0a510aa - core[df12db4294e9bfd3]::fmt::write
[INFO] [stdout]    2:     0x651cc0a3f1bc - <alloc[2182bb758b4b3781]::vec::Vec<u8> as core[df12db4294e9bfd3]::io::write::Write>::write_fmt
[INFO] [stdout]    3:     0x651cc0a15626 - std[70759c8f55707aa4]::panicking::default_hook::{closure#0}
[INFO] [stdout]    4:     0x651cc0a32509 - std[70759c8f55707aa4]::panicking::default_hook
[INFO] [stdout]    5:     0x651cc0771b50 - test[9d35eded1c95d3be]::test_main_inner::<test[9d35eded1c95d3be]::test_main_static::{closure#0}>::{closure#0}
[INFO] [stdout]    6:     0x651cc0a32832 - std[70759c8f55707aa4]::panicking::panic_with_hook
[INFO] [stdout]    7:     0x651cc0a156d2 - std[70759c8f55707aa4]::panicking::panic_handler::{closure#0}
[INFO] [stdout]    8:     0x651cc0a0e379 - std[70759c8f55707aa4]::sys::backtrace::__rust_end_short_backtrace::<std[70759c8f55707aa4]::panicking::panic_handler::{closure#0}, !>
[INFO] [stdout]    9:     0x651cc0a164bd - __rustc[8fa7c3cbc660c2b3]::rust_begin_unwind
[INFO] [stdout]   10:     0x651cc0a5180c - core[df12db4294e9bfd3]::panicking::panic_fmt
[INFO] [stdout]   11:     0x651cc075f372 - jupiter_sdk[8a914364e5c2ede4]::api::lend::tests::test_get_positions::{closure#0}
[INFO] [stdout]   12:     0x651cc073a193 - <tokio[22425e428e7c0f83]::runtime::scheduler::current_thread::Context>::enter::<core[df12db4294e9bfd3]::task::poll::Poll<()>, <tokio[22425e428e7c0f83]::runtime::scheduler::current_thread::CoreGuard>::block_on<core[df12db4294e9bfd3]::pin::Pin<&mut core[df12db4294e9bfd3]::pin::Pin<&mut dyn core[df12db4294e9bfd3]::future::future::Future<Output = ()>>>>::{closure#0}::{closure#0}>
[INFO] [stdout]   13:     0x651cc0748f8c - <tokio[22425e428e7c0f83]::runtime::context::scoped::Scoped<tokio[22425e428e7c0f83]::runtime::scheduler::Context>>::set::<<tokio[22425e428e7c0f83]::runtime::scheduler::current_thread::CoreGuard>::enter<<tokio[22425e428e7c0f83]::runtime::scheduler::current_thread::CoreGuard>::block_on<core[df12db4294e9bfd3]::pin::Pin<&mut core[df12db4294e9bfd3]::pin::Pin<&mut dyn core[df12db4294e9bfd3]::future::future::Future<Output = ()>>>>::{closure#0}, core[df12db4294e9bfd3]::option::Option<()>>::{closure#0}, (alloc[2182bb758b4b3781]::boxed::Box<tokio[22425e428e7c0f83]::runtime::scheduler::current_thread::Core>, core[df12db4294e9bfd3]::option::Option<()>)>
[INFO] [stdout]   14:     0x651cc073a4e7 - <tokio[22425e428e7c0f83]::runtime::scheduler::current_thread::CoreGuard>::block_on::<core[df12db4294e9bfd3]::pin::Pin<&mut core[df12db4294e9bfd3]::pin::Pin<&mut dyn core[df12db4294e9bfd3]::future::future::Future<Output = ()>>>>
[INFO] [stdout]   15:     0x651cc07566a7 - tokio[22425e428e7c0f83]::runtime::context::runtime::enter_runtime::<<tokio[22425e428e7c0f83]::runtime::scheduler::current_thread::CurrentThread>::block_on<core[df12db4294e9bfd3]::pin::Pin<&mut dyn core[df12db4294e9bfd3]::future::future::Future<Output = ()>>>::{closure#0}, ()>
[INFO] [stdout]   16:     0x651cc075ff85 - <tokio[22425e428e7c0f83]::runtime::runtime::Runtime>::block_on::<core[df12db4294e9bfd3]::pin::Pin<&mut dyn core[df12db4294e9bfd3]::future::future::Future<Output = ()>>>
[INFO] [stdout]   17:     0x651cc075faab - jupiter_sdk[8a914364e5c2ede4]::api::lend::tests::test_get_positions
[INFO] [stdout]   18:     0x651cc07640e9 - <jupiter_sdk[8a914364e5c2ede4]::api::lend::tests::test_get_positions::{closure#0} as core[df12db4294e9bfd3]::ops::function::FnOnce<()>>::call_once
[INFO] [stdout]   19:     0x651cc0764e3b - test[9d35eded1c95d3be]::__rust_begin_short_backtrace::<core[df12db4294e9bfd3]::result::Result<(), alloc[2182bb758b4b3781]::string::String>, fn() -> core[df12db4294e9bfd3]::result::Result<(), alloc[2182bb758b4b3781]::string::String>>
[INFO] [stdout]   20:     0x651cc07724a5 - test[9d35eded1c95d3be]::run_test::{closure#0}
[INFO] [stdout]   21:     0x651cc076bd64 - std[70759c8f55707aa4]::sys::backtrace::__rust_begin_short_backtrace::<test[9d35eded1c95d3be]::run_test::{closure#1}, ()>
[INFO] [stdout]   22:     0x651cc0775602 - <std[70759c8f55707aa4]::thread::lifecycle::spawn_unchecked<test[9d35eded1c95d3be]::run_test::{closure#1}, ()>::{closure#1} as core[df12db4294e9bfd3]::ops::function::FnOnce<()>>::call_once::{shim:vtable#0}
[INFO] [stdout]   23:     0x651cc0a39b29 - <std[70759c8f55707aa4]::sys::thread::unix::Thread>::new::thread_start
[INFO] [stdout]   24:     0x71b83593adfa - <unknown>
[INFO] [stdout]   25:     0x71b8359ce3d4 - clone
[INFO] [stdout]   26:                0x0 - <unknown>
[INFO] [stdout] 
[INFO] [stdout] ---- api::trigger::tests::test_create_order stdout ----
[INFO] [stdout] 
[INFO] [stdout] thread 'api::trigger::tests::test_create_order' (1534) panicked at src/api/trigger.rs:110:17:
[INFO] [stdout] create_order error: network error: builder error
[INFO] [stdout] stack backtrace:
[INFO] [stdout]    0:     0x651cc0a3a601 - <<std[70759c8f55707aa4]::sys::backtrace::BacktraceLock>::print::DisplayBacktrace as core[df12db4294e9bfd3]::fmt::Display>::fmt
[INFO] [stdout]    1:     0x651cc0a510aa - core[df12db4294e9bfd3]::fmt::write
[INFO] [stdout]    2:     0x651cc0a3f1bc - <alloc[2182bb758b4b3781]::vec::Vec<u8> as core[df12db4294e9bfd3]::io::write::Write>::write_fmt
[INFO] [stdout]    3:     0x651cc0a15626 - std[70759c8f55707aa4]::panicking::default_hook::{closure#0}
[INFO] [stdout]    4:     0x651cc0a32509 - std[70759c8f55707aa4]::panicking::default_hook
[INFO] [stdout]    5:     0x651cc0771b50 - test[9d35eded1c95d3be]::test_main_inner::<test[9d35eded1c95d3be]::test_main_static::{closure#0}>::{closure#0}
[INFO] [stdout]    6:     0x651cc0a32832 - std[70759c8f55707aa4]::panicking::panic_with_hook
[INFO] [stdout]    7:     0x651cc0a156d2 - std[70759c8f55707aa4]::panicking::panic_handler::{closure#0}
[INFO] [stdout]    8:     0x651cc0a0e379 - std[70759c8f55707aa4]::sys::backtrace::__rust_end_short_backtrace::<std[70759c8f55707aa4]::panicking::panic_handler::{closure#0}, !>
[INFO] [stdout]    9:     0x651cc0a164bd - __rustc[8fa7c3cbc660c2b3]::rust_begin_unwind
[INFO] [stdout]   10:     0x651cc0a5180c - core[df12db4294e9bfd3]::panicking::panic_fmt
[INFO] [stdout]   11:     0x651cc0753590 - jupiter_sdk[8a914364e5c2ede4]::api::trigger::tests::test_create_order::{closure#0}
[INFO] [stdout]   12:     0x651cc073a193 - <tokio[22425e428e7c0f83]::runtime::scheduler::current_thread::Context>::enter::<core[df12db4294e9bfd3]::task::poll::Poll<()>, <tokio[22425e428e7c0f83]::runtime::scheduler::current_thread::CoreGuard>::block_on<core[df12db4294e9bfd3]::pin::Pin<&mut core[df12db4294e9bfd3]::pin::Pin<&mut dyn core[df12db4294e9bfd3]::future::future::Future<Output = ()>>>>::{closure#0}::{closure#0}>
[INFO] [stdout]   13:     0x651cc0748f8c - <tokio[22425e428e7c0f83]::runtime::context::scoped::Scoped<tokio[22425e428e7c0f83]::runtime::scheduler::Context>>::set::<<tokio[22425e428e7c0f83]::runtime::scheduler::current_thread::CoreGuard>::enter<<tokio[22425e428e7c0f83]::runtime::scheduler::current_thread::CoreGuard>::block_on<core[df12db4294e9bfd3]::pin::Pin<&mut core[df12db4294e9bfd3]::pin::Pin<&mut dyn core[df12db4294e9bfd3]::future::future::Future<Output = ()>>>>::{closure#0}, core[df12db4294e9bfd3]::option::Option<()>>::{closure#0}, (alloc[2182bb758b4b3781]::boxed::Box<tokio[22425e428e7c0f83]::runtime::scheduler::current_thread::Core>, core[df12db4294e9bfd3]::option::Option<()>)>
[INFO] [stdout]   14:     0x651cc073a4e7 - <tokio[22425e428e7c0f83]::runtime::scheduler::current_thread::CoreGuard>::block_on::<core[df12db4294e9bfd3]::pin::Pin<&mut core[df12db4294e9bfd3]::pin::Pin<&mut dyn core[df12db4294e9bfd3]::future::future::Future<Output = ()>>>>
[INFO] [stdout]   15:     0x651cc07566a7 - tokio[22425e428e7c0f83]::runtime::context::runtime::enter_runtime::<<tokio[22425e428e7c0f83]::runtime::scheduler::current_thread::CurrentThread>::block_on<core[df12db4294e9bfd3]::pin::Pin<&mut dyn core[df12db4294e9bfd3]::future::future::Future<Output = ()>>>::{closure#0}, ()>
[INFO] [stdout]   16:     0x651cc075ff85 - <tokio[22425e428e7c0f83]::runtime::runtime::Runtime>::block_on::<core[df12db4294e9bfd3]::pin::Pin<&mut dyn core[df12db4294e9bfd3]::future::future::Future<Output = ()>>>
[INFO] [stdout]   17:     0x651cc0753bbb - jupiter_sdk[8a914364e5c2ede4]::api::trigger::tests::test_create_order
[INFO] [stdout]   18:     0x651cc07643c9 - <jupiter_sdk[8a914364e5c2ede4]::api::trigger::tests::test_create_order::{closure#0} as core[df12db4294e9bfd3]::ops::function::FnOnce<()>>::call_once
[INFO] [stdout]   19:     0x651cc0764e3b - test[9d35eded1c95d3be]::__rust_begin_short_backtrace::<core[df12db4294e9bfd3]::result::Result<(), alloc[2182bb758b4b3781]::string::String>, fn() -> core[df12db4294e9bfd3]::result::Result<(), alloc[2182bb758b4b3781]::string::String>>
[INFO] [stdout]   20:     0x651cc07724a5 - test[9d35eded1c95d3be]::run_test::{closure#0}
[INFO] [stdout]   21:     0x651cc076bd64 - std[70759c8f55707aa4]::sys::backtrace::__rust_begin_short_backtrace::<test[9d35eded1c95d3be]::run_test::{closure#1}, ()>
[INFO] [stdout]   22:     0x651cc0775602 - <std[70759c8f55707aa4]::thread::lifecycle::spawn_unchecked<test[9d35eded1c95d3be]::run_test::{closure#1}, ()>::{closure#1} as core[df12db4294e9bfd3]::ops::function::FnOnce<()>>::call_once::{shim:vtable#0}
[INFO] [stdout]   23:     0x651cc0a39b29 - <std[70759c8f55707aa4]::sys::thread::unix::Thread>::new::thread_start
[INFO] [stdout]   24:     0x71b83593adfa - <unknown>
[INFO] [stdout]   25:     0x71b8359ce3d4 - clone
[INFO] [stdout]   26:                0x0 - <unknown>
[INFO] [stdout] 
[INFO] [stdout] ---- api::ultra::tests::test_get_holdings stdout ----
[INFO] [stdout] 
[INFO] [stdout] thread 'api::ultra::tests::test_get_holdings' (1536) panicked at src/api/ultra.rs:105:111:
[INFO] [stdout] called `Result::unwrap()` on an `Err` value: Network("error sending request for url (https://lite-api.jup.ag/ultra/v1/holdings/ANAUcDCU3Jfao3mtxBdttjEH7F3Ja7SyjGBKUa9Cruc5)")
[INFO] [stdout] stack backtrace:
[INFO] [stdout]    0:     0x651cc0a3a601 - <<std[70759c8f55707aa4]::sys::backtrace::BacktraceLock>::print::DisplayBacktrace as core[df12db4294e9bfd3]::fmt::Display>::fmt
[INFO] [stdout]    1:     0x651cc0a510aa - core[df12db4294e9bfd3]::fmt::write
[INFO] [stdout]    2:     0x651cc0a3f1bc - <alloc[2182bb758b4b3781]::vec::Vec<u8> as core[df12db4294e9bfd3]::io::write::Write>::write_fmt
[INFO] [stdout]    3:     0x651cc0a15626 - std[70759c8f55707aa4]::panicking::default_hook::{closure#0}
[INFO] [stdout]    4:     0x651cc0a32509 - std[70759c8f55707aa4]::panicking::default_hook
[INFO] [stdout]    5:     0x651cc0771b50 - test[9d35eded1c95d3be]::test_main_inner::<test[9d35eded1c95d3be]::test_main_static::{closure#0}>::{closure#0}
[INFO] [stdout]    6:     0x651cc0a32832 - std[70759c8f55707aa4]::panicking::panic_with_hook
[INFO] [stdout]    7:     0x651cc0a156d2 - std[70759c8f55707aa4]::panicking::panic_handler::{closure#0}
[INFO] [stdout]    8:     0x651cc0a0e379 - std[70759c8f55707aa4]::sys::backtrace::__rust_end_short_backtrace::<std[70759c8f55707aa4]::panicking::panic_handler::{closure#0}, !>
[INFO] [stdout]    9:     0x651cc0a164bd - __rustc[8fa7c3cbc660c2b3]::rust_begin_unwind
[INFO] [stdout]   10:     0x651cc0a5180c - core[df12db4294e9bfd3]::panicking::panic_fmt
[INFO] [stdout]   11:     0x651cc0a515e2 - core[df12db4294e9bfd3]::result::unwrap_failed
[INFO] [stdout]   12:     0x651cc0739265 - jupiter_sdk[8a914364e5c2ede4]::api::ultra::tests::test_get_holdings::{closure#0}
[INFO] [stdout]   13:     0x651cc073a193 - <tokio[22425e428e7c0f83]::runtime::scheduler::current_thread::Context>::enter::<core[df12db4294e9bfd3]::task::poll::Poll<()>, <tokio[22425e428e7c0f83]::runtime::scheduler::current_thread::CoreGuard>::block_on<core[df12db4294e9bfd3]::pin::Pin<&mut core[df12db4294e9bfd3]::pin::Pin<&mut dyn core[df12db4294e9bfd3]::future::future::Future<Output = ()>>>>::{closure#0}::{closure#0}>
[INFO] [stdout]   14:     0x651cc0748f8c - <tokio[22425e428e7c0f83]::runtime::context::scoped::Scoped<tokio[22425e428e7c0f83]::runtime::scheduler::Context>>::set::<<tokio[22425e428e7c0f83]::runtime::scheduler::current_thread::CoreGuard>::enter<<tokio[22425e428e7c0f83]::runtime::scheduler::current_thread::CoreGuard>::block_on<core[df12db4294e9bfd3]::pin::Pin<&mut core[df12db4294e9bfd3]::pin::Pin<&mut dyn core[df12db4294e9bfd3]::future::future::Future<Output = ()>>>>::{closure#0}, core[df12db4294e9bfd3]::option::Option<()>>::{closure#0}, (alloc[2182bb758b4b3781]::boxed::Box<tokio[22425e428e7c0f83]::runtime::scheduler::current_thread::Core>, core[df12db4294e9bfd3]::option::Option<()>)>
[INFO] [stdout]   15:     0x651cc073a4e7 - <tokio[22425e428e7c0f83]::runtime::scheduler::current_thread::CoreGuard>::block_on::<core[df12db4294e9bfd3]::pin::Pin<&mut core[df12db4294e9bfd3]::pin::Pin<&mut dyn core[df12db4294e9bfd3]::future::future::Future<Output = ()>>>>
[INFO] [stdout]   16:     0x651cc07566a7 - tokio[22425e428e7c0f83]::runtime::context::runtime::enter_runtime::<<tokio[22425e428e7c0f83]::runtime::scheduler::current_thread::CurrentThread>::block_on<core[df12db4294e9bfd3]::pin::Pin<&mut dyn core[df12db4294e9bfd3]::future::future::Future<Output = ()>>>::{closure#0}, ()>
[INFO] [stdout]   17:     0x651cc075ff85 - <tokio[22425e428e7c0f83]::runtime::runtime::Runtime>::block_on::<core[df12db4294e9bfd3]::pin::Pin<&mut dyn core[df12db4294e9bfd3]::future::future::Future<Output = ()>>>
[INFO] [stdout]   18:     0x651cc0739c2b - jupiter_sdk[8a914364e5c2ede4]::api::ultra::tests::test_get_holdings
[INFO] [stdout]   19:     0x651cc07643a9 - <jupiter_sdk[8a914364e5c2ede4]::api::ultra::tests::test_get_holdings::{closure#0} as core[df12db4294e9bfd3]::ops::function::FnOnce<()>>::call_once
[INFO] [stdout]   20:     0x651cc0764e3b - test[9d35eded1c95d3be]::__rust_begin_short_backtrace::<core[df12db4294e9bfd3]::result::Result<(), alloc[2182bb758b4b3781]::string::String>, fn() -> core[df12db4294e9bfd3]::result::Result<(), alloc[2182bb758b4b3781]::string::String>>
[INFO] [stdout]   21:     0x651cc07724a5 - test[9d35eded1c95d3be]::run_test::{closure#0}
[INFO] [stdout]   22:     0x651cc076bd64 - std[70759c8f55707aa4]::sys::backtrace::__rust_begin_short_backtrace::<test[9d35eded1c95d3be]::run_test::{closure#1}, ()>
[INFO] [stdout]   23:     0x651cc0775602 - <std[70759c8f55707aa4]::thread::lifecycle::spawn_unchecked<test[9d35eded1c95d3be]::run_test::{closure#1}, ()>::{closure#1} as core[df12db4294e9bfd3]::ops::function::FnOnce<()>>::call_once::{shim:vtable#0}
[INFO] [stdout]   24:     0x651cc0a39b29 - <std[70759c8f55707aa4]::sys::thread::unix::Thread>::new::thread_start
[INFO] [stdout]   25:     0x71b83593adfa - <unknown>
[INFO] [stdout]   26:     0x71b8359ce3d4 - clone
[INFO] [stdout]   27:                0x0 - <unknown>
[INFO] [stdout] 
[INFO] [stdout] ---- api::ultra::tests::test_execute stdout ----
[INFO] [stdout] 
[INFO] [stdout] thread 'api::ultra::tests::test_execute' (1535) panicked at src/api/ultra.rs:78:18:
[INFO] [stdout] called `Result::unwrap()` on an `Err` value: Network("error sending request for url (https://lite-api.jup.ag/ultra/v1/order?inputMint=6p6xgHyF7AeE6TZkSmFsko444wqoP15icUSqi2jfGiPN&outputMint=So11111111111111111111111111111111111111112&amount=500&taker=9WzDXwBbmkg8ZTbNMqUxvQRAyrZzDsGYdLVL9zYtAWWM)")
[INFO] [stdout] stack backtrace:
[INFO] [stdout]    0:     0x651cc0a3a601 - <<std[70759c8f55707aa4]::sys::backtrace::BacktraceLock>::print::DisplayBacktrace as core[df12db4294e9bfd3]::fmt::Display>::fmt
[INFO] [stdout]    1:     0x651cc0a510aa - core[df12db4294e9bfd3]::fmt::write
[INFO] [stdout]    2:     0x651cc0a3f1bc - <alloc[2182bb758b4b3781]::vec::Vec<u8> as core[df12db4294e9bfd3]::io::write::Write>::write_fmt
[INFO] [stdout]    3:     0x651cc0a15626 - std[70759c8f55707aa4]::panicking::default_hook::{closure#0}
[INFO] [stdout]    4:     0x651cc0a32509 - std[70759c8f55707aa4]::panicking::default_hook
[INFO] [stdout]    5:     0x651cc0771b50 - test[9d35eded1c95d3be]::test_main_inner::<test[9d35eded1c95d3be]::test_main_static::{closure#0}>::{closure#0}
[INFO] [stdout]    6:     0x651cc0a32832 - std[70759c8f55707aa4]::panicking::panic_with_hook
[INFO] [stdout]    7:     0x651cc0a156d2 - std[70759c8f55707aa4]::panicking::panic_handler::{closure#0}
[INFO] [stdout]    8:     0x651cc0a0e379 - std[70759c8f55707aa4]::sys::backtrace::__rust_end_short_backtrace::<std[70759c8f55707aa4]::panicking::panic_handler::{closure#0}, !>
[INFO] [stdout]    9:     0x651cc0a164bd - __rustc[8fa7c3cbc660c2b3]::rust_begin_unwind
[INFO] [stdout]   10:     0x651cc0a5180c - core[df12db4294e9bfd3]::panicking::panic_fmt
[INFO] [stdout]   11:     0x651cc0a515e2 - core[df12db4294e9bfd3]::result::unwrap_failed
[INFO] [stdout]   12:     0x651cc0736ad4 - jupiter_sdk[8a914364e5c2ede4]::api::ultra::tests::test_execute::{closure#0}
[INFO] [stdout]   13:     0x651cc073a193 - <tokio[22425e428e7c0f83]::runtime::scheduler::current_thread::Context>::enter::<core[df12db4294e9bfd3]::task::poll::Poll<()>, <tokio[22425e428e7c0f83]::runtime::scheduler::current_thread::CoreGuard>::block_on<core[df12db4294e9bfd3]::pin::Pin<&mut core[df12db4294e9bfd3]::pin::Pin<&mut dyn core[df12db4294e9bfd3]::future::future::Future<Output = ()>>>>::{closure#0}::{closure#0}>
[INFO] [stdout]   14:     0x651cc0748f8c - <tokio[22425e428e7c0f83]::runtime::context::scoped::Scoped<tokio[22425e428e7c0f83]::runtime::scheduler::Context>>::set::<<tokio[22425e428e7c0f83]::runtime::scheduler::current_thread::CoreGuard>::enter<<tokio[22425e428e7c0f83]::runtime::scheduler::current_thread::CoreGuard>::block_on<core[df12db4294e9bfd3]::pin::Pin<&mut core[df12db4294e9bfd3]::pin::Pin<&mut dyn core[df12db4294e9bfd3]::future::future::Future<Output = ()>>>>::{closure#0}, core[df12db4294e9bfd3]::option::Option<()>>::{closure#0}, (alloc[2182bb758b4b3781]::boxed::Box<tokio[22425e428e7c0f83]::runtime::scheduler::current_thread::Core>, core[df12db4294e9bfd3]::option::Option<()>)>
[INFO] [stdout]   15:     0x651cc073a4e7 - <tokio[22425e428e7c0f83]::runtime::scheduler::current_thread::CoreGuard>::block_on::<core[df12db4294e9bfd3]::pin::Pin<&mut core[df12db4294e9bfd3]::pin::Pin<&mut dyn core[df12db4294e9bfd3]::future::future::Future<Output = ()>>>>
[INFO] [stdout]   16:     0x651cc07566a7 - tokio[22425e428e7c0f83]::runtime::context::runtime::enter_runtime::<<tokio[22425e428e7c0f83]::runtime::scheduler::current_thread::CurrentThread>::block_on<core[df12db4294e9bfd3]::pin::Pin<&mut dyn core[df12db4294e9bfd3]::future::future::Future<Output = ()>>>::{closure#0}, ()>
[INFO] [stdout]   17:     0x651cc075ff85 - <tokio[22425e428e7c0f83]::runtime::runtime::Runtime>::block_on::<core[df12db4294e9bfd3]::pin::Pin<&mut dyn core[df12db4294e9bfd3]::future::future::Future<Output = ()>>>
[INFO] [stdout]   18:     0x651cc073998b - jupiter_sdk[8a914364e5c2ede4]::api::ultra::tests::test_execute
[INFO] [stdout]   19:     0x651cc0764369 - <jupiter_sdk[8a914364e5c2ede4]::api::ultra::tests::test_execute::{closure#0} as core[df12db4294e9bfd3]::ops::function::FnOnce<()>>::call_once
[INFO] [stdout]   20:     0x651cc0764e3b - test[9d35eded1c95d3be]::__rust_begin_short_backtrace::<core[df12db4294e9bfd3]::result::Result<(), alloc[2182bb758b4b3781]::string::String>, fn() -> core[df12db4294e9bfd3]::result::Result<(), alloc[2182bb758b4b3781]::string::String>>
[INFO] [stdout]   21:     0x651cc07724a5 - test[9d35eded1c95d3be]::run_test::{closure#0}
[INFO] [stdout]   22:     0x651cc076bd64 - std[70759c8f55707aa4]::sys::backtrace::__rust_begin_short_backtrace::<test[9d35eded1c95d3be]::run_test::{closure#1}, ()>
[INFO] [stdout]   23:     0x651cc0775602 - <std[70759c8f55707aa4]::thread::lifecycle::spawn_unchecked<test[9d35eded1c95d3be]::run_test::{closure#1}, ()>::{closure#1} as core[df12db4294e9bfd3]::ops::function::FnOnce<()>>::call_once::{shim:vtable#0}
[INFO] [stdout]   24:     0x651cc0a39b29 - <std[70759c8f55707aa4]::sys::thread::unix::Thread>::new::thread_start
[INFO] [stdout]   25:     0x71b83593adfa - <unknown>
[INFO] [stdout]   26:     0x71b8359ce3d4 - clone
[INFO] [stdout]   27:                0x0 - <unknown>
[INFO] [stdout] 
[INFO] [stdout] ---- api::token::tests::test_token_search stdout ----
[INFO] [stdout] 
[INFO] [stdout] thread 'api::token::tests::test_token_search' (1533) panicked at src/api/token.rs:70:17:
[INFO] [stdout] token_search error: network error: error sending request for url (https://lite-api.jup.ag/tokens/v2/search?query=trump)
[INFO] [stdout] stack backtrace:
[INFO] [stdout]    0:     0x651cc0a3a601 - <<std[70759c8f55707aa4]::sys::backtrace::BacktraceLock>::print::DisplayBacktrace as core[df12db4294e9bfd3]::fmt::Display>::fmt
[INFO] [stdout]    1:     0x651cc0a510aa - core[df12db4294e9bfd3]::fmt::write
[INFO] [stdout]    2:     0x651cc0a3f1bc - <alloc[2182bb758b4b3781]::vec::Vec<u8> as core[df12db4294e9bfd3]::io::write::Write>::write_fmt
[INFO] [stdout]    3:     0x651cc0a15626 - std[70759c8f55707aa4]::panicking::default_hook::{closure#0}
[INFO] [stdout]    4:     0x651cc0a32509 - std[70759c8f55707aa4]::panicking::default_hook
[INFO] [stdout]    5:     0x651cc0771b50 - test[9d35eded1c95d3be]::test_main_inner::<test[9d35eded1c95d3be]::test_main_static::{closure#0}>::{closure#0}
[INFO] [stdout]    6:     0x651cc0a32832 - std[70759c8f55707aa4]::panicking::panic_with_hook
[INFO] [stdout]    7:     0x651cc0a156d2 - std[70759c8f55707aa4]::panicking::panic_handler::{closure#0}
[INFO] [stdout]    8:     0x651cc0a0e379 - std[70759c8f55707aa4]::sys::backtrace::__rust_end_short_backtrace::<std[70759c8f55707aa4]::panicking::panic_handler::{closure#0}, !>
[INFO] [stdout]    9:     0x651cc0a164bd - __rustc[8fa7c3cbc660c2b3]::rust_begin_unwind
[INFO] [stdout]   10:     0x651cc0a5180c - core[df12db4294e9bfd3]::panicking::panic_fmt
[INFO] [stdout]   11:     0x651cc0745ec2 - jupiter_sdk[8a914364e5c2ede4]::api::token::tests::test_token_search::{closure#0}
[INFO] [stdout]   12:     0x651cc073a193 - <tokio[22425e428e7c0f83]::runtime::scheduler::current_thread::Context>::enter::<core[df12db4294e9bfd3]::task::poll::Poll<()>, <tokio[22425e428e7c0f83]::runtime::scheduler::current_thread::CoreGuard>::block_on<core[df12db4294e9bfd3]::pin::Pin<&mut core[df12db4294e9bfd3]::pin::Pin<&mut dyn core[df12db4294e9bfd3]::future::future::Future<Output = ()>>>>::{closure#0}::{closure#0}>
[INFO] [stdout]   13:     0x651cc0748f8c - <tokio[22425e428e7c0f83]::runtime::context::scoped::Scoped<tokio[22425e428e7c0f83]::runtime::scheduler::Context>>::set::<<tokio[22425e428e7c0f83]::runtime::scheduler::current_thread::CoreGuard>::enter<<tokio[22425e428e7c0f83]::runtime::scheduler::current_thread::CoreGuard>::block_on<core[df12db4294e9bfd3]::pin::Pin<&mut core[df12db4294e9bfd3]::pin::Pin<&mut dyn core[df12db4294e9bfd3]::future::future::Future<Output = ()>>>>::{closure#0}, core[df12db4294e9bfd3]::option::Option<()>>::{closure#0}, (alloc[2182bb758b4b3781]::boxed::Box<tokio[22425e428e7c0f83]::runtime::scheduler::current_thread::Core>, core[df12db4294e9bfd3]::option::Option<()>)>
[INFO] [stdout]   14:     0x651cc073a4e7 - <tokio[22425e428e7c0f83]::runtime::scheduler::current_thread::CoreGuard>::block_on::<core[df12db4294e9bfd3]::pin::Pin<&mut core[df12db4294e9bfd3]::pin::Pin<&mut dyn core[df12db4294e9bfd3]::future::future::Future<Output = ()>>>>
[INFO] [stdout]   15:     0x651cc07566a7 - tokio[22425e428e7c0f83]::runtime::context::runtime::enter_runtime::<<tokio[22425e428e7c0f83]::runtime::scheduler::current_thread::CurrentThread>::block_on<core[df12db4294e9bfd3]::pin::Pin<&mut dyn core[df12db4294e9bfd3]::future::future::Future<Output = ()>>>::{closure#0}, ()>
[INFO] [stdout]   16:     0x651cc075ff85 - <tokio[22425e428e7c0f83]::runtime::runtime::Runtime>::block_on::<core[df12db4294e9bfd3]::pin::Pin<&mut dyn core[df12db4294e9bfd3]::future::future::Future<Output = ()>>>
[INFO] [stdout]   17:     0x651cc074656b - jupiter_sdk[8a914364e5c2ede4]::api::token::tests::test_token_search
[INFO] [stdout]   18:     0x651cc0764349 - <jupiter_sdk[8a914364e5c2ede4]::api::token::tests::test_token_search::{closure#0} as core[df12db4294e9bfd3]::ops::function::FnOnce<()>>::call_once
[INFO] [stdout]   19:     0x651cc0764e3b - test[9d35eded1c95d3be]::__rust_begin_short_backtrace::<core[df12db4294e9bfd3]::result::Result<(), alloc[2182bb758b4b3781]::string::String>, fn() -> core[df12db4294e9bfd3]::result::Result<(), alloc[2182bb758b4b3781]::string::String>>
[INFO] [stdout]   20:     0x651cc07724a5 - test[9d35eded1c95d3be]::run_test::{closure#0}
[INFO] [stdout]   21:     0x651cc076bd64 - std[70759c8f55707aa4]::sys::backtrace::__rust_begin_short_backtrace::<test[9d35eded1c95d3be]::run_test::{closure#1}, ()>
[INFO] [stdout]   22:     0x651cc0775602 - <std[70759c8f55707aa4]::thread::lifecycle::spawn_unchecked<test[9d35eded1c95d3be]::run_test::{closure#1}, ()>::{closure#1} as core[df12db4294e9bfd3]::ops::function::FnOnce<()>>::call_once::{shim:vtable#0}
[INFO] [stdout]   23:     0x651cc0a39b29 - <std[70759c8f55707aa4]::sys::thread::unix::Thread>::new::thread_start
[INFO] [stdout]   24:     0x71b83593adfa - <unknown>
[INFO] [stdout]   25:     0x71b8359ce3d4 - clone
[INFO] [stdout]   26:                0x0 - <unknown>
[INFO] [stdout] 
[INFO] [stdout] ---- api::lend::tests::test_get_earnings stdout ----
[INFO] [stdout] 
[INFO] [stdout] thread 'api::lend::tests::test_get_earnings' (1529) panicked at src/api/lend.rs:82:17:
[INFO] [stdout] get_earnings error: network error: error sending request for url (https://lite-api.jup.ag/lend/v1/earn/earnings?user=ANAUcDCU3Jfao3mtxBdttjEH7F3Ja7SyjGBKUa9Cruc5&positions=9BEcn9aPEmhSPbPQeFGjidRiEKki46fVQDyPpSQXPA2D)
[INFO] [stdout] stack backtrace:
[INFO] [stdout]    0:     0x651cc0a3a601 - <<std[70759c8f55707aa4]::sys::backtrace::BacktraceLock>::print::DisplayBacktrace as core[df12db4294e9bfd3]::fmt::Display>::fmt
[INFO] [stdout]    1:     0x651cc0a510aa - core[df12db4294e9bfd3]::fmt::write
[INFO] [stdout]    2:     0x651cc0a3f1bc - <alloc[2182bb758b4b3781]::vec::Vec<u8> as core[df12db4294e9bfd3]::io::write::Write>::write_fmt
[INFO] [stdout]    3:     0x651cc0a15626 - std[70759c8f55707aa4]::panicking::default_hook::{closure#0}
[INFO] [stdout]    4:     0x651cc0a32509 - std[70759c8f55707aa4]::panicking::default_hook
[INFO] [stdout]    5:     0x651cc0771b50 - test[9d35eded1c95d3be]::test_main_inner::<test[9d35eded1c95d3be]::test_main_static::{closure#0}>::{closure#0}
[INFO] [stdout]    6:     0x651cc0a32832 - std[70759c8f55707aa4]::panicking::panic_with_hook
[INFO] [stdout]    7:     0x651cc0a156d2 - std[70759c8f55707aa4]::panicking::panic_handler::{closure#0}
[INFO] [stdout]    8:     0x651cc0a0e379 - std[70759c8f55707aa4]::sys::backtrace::__rust_end_short_backtrace::<std[70759c8f55707aa4]::panicking::panic_handler::{closure#0}, !>
[INFO] [stdout]    9:     0x651cc0a164bd - __rustc[8fa7c3cbc660c2b3]::rust_begin_unwind
[INFO] [stdout]   10:     0x651cc0a5180c - core[df12db4294e9bfd3]::panicking::panic_fmt
[INFO] [stdout]   11:     0x651cc075dc57 - jupiter_sdk[8a914364e5c2ede4]::api::lend::tests::test_get_earnings::{closure#0}
[INFO] [stdout]   12:     0x651cc073a193 - <tokio[22425e428e7c0f83]::runtime::scheduler::current_thread::Context>::enter::<core[df12db4294e9bfd3]::task::poll::Poll<()>, <tokio[22425e428e7c0f83]::runtime::scheduler::current_thread::CoreGuard>::block_on<core[df12db4294e9bfd3]::pin::Pin<&mut core[df12db4294e9bfd3]::pin::Pin<&mut dyn core[df12db4294e9bfd3]::future::future::Future<Output = ()>>>>::{closure#0}::{closure#0}>
[INFO] [stdout]   13:     0x651cc0748f8c - <tokio[22425e428e7c0f83]::runtime::context::scoped::Scoped<tokio[22425e428e7c0f83]::runtime::scheduler::Context>>::set::<<tokio[22425e428e7c0f83]::runtime::scheduler::current_thread::CoreGuard>::enter<<tokio[22425e428e7c0f83]::runtime::scheduler::current_thread::CoreGuard>::block_on<core[df12db4294e9bfd3]::pin::Pin<&mut core[df12db4294e9bfd3]::pin::Pin<&mut dyn core[df12db4294e9bfd3]::future::future::Future<Output = ()>>>>::{closure#0}, core[df12db4294e9bfd3]::option::Option<()>>::{closure#0}, (alloc[2182bb758b4b3781]::boxed::Box<tokio[22425e428e7c0f83]::runtime::scheduler::current_thread::Core>, core[df12db4294e9bfd3]::option::Option<()>)>
[INFO] [stdout]   14:     0x651cc073a4e7 - <tokio[22425e428e7c0f83]::runtime::scheduler::current_thread::CoreGuard>::block_on::<core[df12db4294e9bfd3]::pin::Pin<&mut core[df12db4294e9bfd3]::pin::Pin<&mut dyn core[df12db4294e9bfd3]::future::future::Future<Output = ()>>>>
[INFO] [stdout]   15:     0x651cc07566a7 - tokio[22425e428e7c0f83]::runtime::context::runtime::enter_runtime::<<tokio[22425e428e7c0f83]::runtime::scheduler::current_thread::CurrentThread>::block_on<core[df12db4294e9bfd3]::pin::Pin<&mut dyn core[df12db4294e9bfd3]::future::future::Future<Output = ()>>>::{closure#0}, ()>
[INFO] [stdout]   16:     0x651cc075ff85 - <tokio[22425e428e7c0f83]::runtime::runtime::Runtime>::block_on::<core[df12db4294e9bfd3]::pin::Pin<&mut dyn core[df12db4294e9bfd3]::future::future::Future<Output = ()>>>
[INFO] [stdout]   17:     0x651cc075f95b - jupiter_sdk[8a914364e5c2ede4]::api::lend::tests::test_get_earnings
[INFO] [stdout]   18:     0x651cc07640c9 - <jupiter_sdk[8a914364e5c2ede4]::api::lend::tests::test_get_earnings::{closure#0} as core[df12db4294e9bfd3]::ops::function::FnOnce<()>>::call_once
[INFO] [stdout]   19:     0x651cc0764e3b - test[9d35eded1c95d3be]::__rust_begin_short_backtrace::<core[df12db4294e9bfd3]::result::Result<(), alloc[2182bb758b4b3781]::string::String>, fn() -> core[df12db4294e9bfd3]::result::Result<(), alloc[2182bb758b4b3781]::string::String>>
[INFO] [stdout]   20:     0x651cc07724a5 - test[9d35eded1c95d3be]::run_test::{closure#0}
[INFO] [stdout]   21:     0x651cc076bd64 - std[70759c8f55707aa4]::sys::backtrace::__rust_begin_short_backtrace::<test[9d35eded1c95d3be]::run_test::{closure#1}, ()>
[INFO] [stdout]   22:     0x651cc0775602 - <std[70759c8f55707aa4]::thread::lifecycle::spawn_unchecked<test[9d35eded1c95d3be]::run_test::{closure#1}, ()>::{closure#1} as core[df12db4294e9bfd3]::ops::function::FnOnce<()>>::call_once::{shim:vtable#0}
[INFO] [stdout]   23:     0x651cc0a39b29 - <std[70759c8f55707aa4]::sys::thread::unix::Thread>::new::thread_start
[INFO] [stdout]   24:     0x71b83593adfa - <unknown>
[INFO] [stdout]   25:     0x71b8359ce3d4 - clone
[INFO] [stdout]   26:                0x0 - <unknown>
[INFO] [stdout] 
[INFO] [stdout] ---- api::swap::tests::test_program_id_to_label stdout ----
[INFO] [stdout] 
[INFO] [stdout] thread 'api::swap::tests::test_program_id_to_label' (1532) panicked at src/api/swap.rs:74:17:
[INFO] [stdout] program_id_to_label error: network error: error sending request for url (https://lite-api.jup.ag/swap/v1/program-id-to-label)
[INFO] [stdout] stack backtrace:
[INFO] [stdout]    0:     0x651cc0a3a601 - <<std[70759c8f55707aa4]::sys::backtrace::BacktraceLock>::print::DisplayBacktrace as core[df12db4294e9bfd3]::fmt::Display>::fmt
[INFO] [stdout]    1:     0x651cc0a510aa - core[df12db4294e9bfd3]::fmt::write
[INFO] [stdout]    2:     0x651cc0a3f1bc - <alloc[2182bb758b4b3781]::vec::Vec<u8> as core[df12db4294e9bfd3]::io::write::Write>::write_fmt
[INFO] [stdout]    3:     0x651cc0a15626 - std[70759c8f55707aa4]::panicking::default_hook::{closure#0}
[INFO] [stdout]    4:     0x651cc0a32509 - std[70759c8f55707aa4]::panicking::default_hook
[INFO] [stdout]    5:     0x651cc0771b50 - test[9d35eded1c95d3be]::test_main_inner::<test[9d35eded1c95d3be]::test_main_static::{closure#0}>::{closure#0}
[INFO] [stdout]    6:     0x651cc0a32832 - std[70759c8f55707aa4]::panicking::panic_with_hook
[INFO] [stdout]    7:     0x651cc0a156d2 - std[70759c8f55707aa4]::panicking::panic_handler::{closure#0}
[INFO] [stdout]    8:     0x651cc0a0e379 - std[70759c8f55707aa4]::sys::backtrace::__rust_end_short_backtrace::<std[70759c8f55707aa4]::panicking::panic_handler::{closure#0}, !>
[INFO] [stdout]    9:     0x651cc0a164bd - __rustc[8fa7c3cbc660c2b3]::rust_begin_unwind
[INFO] [stdout]   10:     0x651cc0a5180c - core[df12db4294e9bfd3]::panicking::panic_fmt
[INFO] [stdout]   11:     0x651cc076363a - jupiter_sdk[8a914364e5c2ede4]::api::swap::tests::test_program_id_to_label::{closure#0}
[INFO] [stdout]   12:     0x651cc073a193 - <tokio[22425e428e7c0f83]::runtime::scheduler::current_thread::Context>::enter::<core[df12db4294e9bfd3]::task::poll::Poll<()>, <tokio[22425e428e7c0f83]::runtime::scheduler::current_thread::CoreGuard>::block_on<core[df12db4294e9bfd3]::pin::Pin<&mut core[df12db4294e9bfd3]::pin::Pin<&mut dyn core[df12db4294e9bfd3]::future::future::Future<Output = ()>>>>::{closure#0}::{closure#0}>
[INFO] [stdout]   13:     0x651cc0748f8c - <tokio[22425e428e7c0f83]::runtime::context::scoped::Scoped<tokio[22425e428e7c0f83]::runtime::scheduler::Context>>::set::<<tokio[22425e428e7c0f83]::runtime::scheduler::current_thread::CoreGuard>::enter<<tokio[22425e428e7c0f83]::runtime::scheduler::current_thread::CoreGuard>::block_on<core[df12db4294e9bfd3]::pin::Pin<&mut core[df12db4294e9bfd3]::pin::Pin<&mut dyn core[df12db4294e9bfd3]::future::future::Future<Output = ()>>>>::{closure#0}, core[df12db4294e9bfd3]::option::Option<()>>::{closure#0}, (alloc[2182bb758b4b3781]::boxed::Box<tokio[22425e428e7c0f83]::runtime::scheduler::current_thread::Core>, core[df12db4294e9bfd3]::option::Option<()>)>
[INFO] [stdout]   14:     0x651cc073a4e7 - <tokio[22425e428e7c0f83]::runtime::scheduler::current_thread::CoreGuard>::block_on::<core[df12db4294e9bfd3]::pin::Pin<&mut core[df12db4294e9bfd3]::pin::Pin<&mut dyn core[df12db4294e9bfd3]::future::future::Future<Output = ()>>>>
[INFO] [stdout]   15:     0x651cc07566a7 - tokio[22425e428e7c0f83]::runtime::context::runtime::enter_runtime::<<tokio[22425e428e7c0f83]::runtime::scheduler::current_thread::CurrentThread>::block_on<core[df12db4294e9bfd3]::pin::Pin<&mut dyn core[df12db4294e9bfd3]::future::future::Future<Output = ()>>>::{closure#0}, ()>
[INFO] [stdout]   16:     0x651cc075ff85 - <tokio[22425e428e7c0f83]::runtime::runtime::Runtime>::block_on::<core[df12db4294e9bfd3]::pin::Pin<&mut dyn core[df12db4294e9bfd3]::future::future::Future<Output = ()>>>
[INFO] [stdout]   17:     0x651cc076419e - <jupiter_sdk[8a914364e5c2ede4]::api::swap::tests::test_program_id_to_label::{closure#0} as core[df12db4294e9bfd3]::ops::function::FnOnce<()>>::call_once
[INFO] [stdout]   18:     0x651cc0764e3b - test[9d35eded1c95d3be]::__rust_begin_short_backtrace::<core[df12db4294e9bfd3]::result::Result<(), alloc[2182bb758b4b3781]::string::String>, fn() -> core[df12db4294e9bfd3]::result::Result<(), alloc[2182bb758b4b3781]::string::String>>
[INFO] [stdout]   19:     0x651cc07724a5 - test[9d35eded1c95d3be]::run_test::{closure#0}
[INFO] [stdout]   20:     0x651cc076bd64 - std[70759c8f55707aa4]::sys::backtrace::__rust_begin_short_backtrace::<test[9d35eded1c95d3be]::run_test::{closure#1}, ()>
[INFO] [stdout]   21:     0x651cc0775602 - <std[70759c8f55707aa4]::thread::lifecycle::spawn_unchecked<test[9d35eded1c95d3be]::run_test::{closure#1}, ()>::{closure#1} as core[df12db4294e9bfd3]::ops::function::FnOnce<()>>::call_once::{shim:vtable#0}
[INFO] [stdout]   22:     0x651cc0a39b29 - <std[70759c8f55707aa4]::sys::thread::unix::Thread>::new::thread_start
[INFO] [stdout]   23:     0x71b83593adfa - <unknown>
[INFO] [stdout]   24:     0x71b8359ce3d4 - clone
[INFO] [stdout]   25:                0x0 - <unknown>
[INFO] [stdout] 
[INFO] [stdout] ---- api::ultra::tests::test_get_order stdout ----
[INFO] [stdout] 
[INFO] [stdout] thread 'api::ultra::tests::test_get_order' (1544) panicked at src/api/ultra.rs:123:18:
[INFO] [stdout] called `Result::unwrap()` on an `Err` value: Network("error sending request for url (https://lite-api.jup.ag/ultra/v1/order?inputMint=6p6xgHyF7AeE6TZkSmFsko444wqoP15icUSqi2jfGiPN&outputMint=So11111111111111111111111111111111111111112&amount=500&taker=9WzDXwBbmkg8ZTbNMqUxvQRAyrZzDsGYdLVL9zYtAWWM)")
[INFO] [stdout] stack backtrace:
[INFO] [stdout]    0:     0x651cc0a3a601 - <<std[70759c8f55707aa4]::sys::backtrace::BacktraceLock>::print::DisplayBacktrace as core[df12db4294e9bfd3]::fmt::Display>::fmt
[INFO] [stdout]    1:     0x651cc0a510aa - core[df12db4294e9bfd3]::fmt::write
[INFO] [stdout]    2:     0x651cc0a3f1bc - <alloc[2182bb758b4b3781]::vec::Vec<u8> as core[df12db4294e9bfd3]::io::write::Write>::write_fmt
[INFO] [stdout]    3:     0x651cc0a15626 - std[70759c8f55707aa4]::panicking::default_hook::{closure#0}
[INFO] [stdout]    4:     0x651cc0a32509 - std[70759c8f55707aa4]::panicking::default_hook
[INFO] [stdout]    5:     0x651cc0771b50 - test[9d35eded1c95d3be]::test_main_inner::<test[9d35eded1c95d3be]::test_main_static::{closure#0}>::{closure#0}
[INFO] [stdout]    6:     0x651cc0a32832 - std[70759c8f55707aa4]::panicking::panic_with_hook
[INFO] [stdout]    7:     0x651cc0a156d2 - std[70759c8f55707aa4]::panicking::panic_handler::{closure#0}
[INFO] [stdout]    8:     0x651cc0a0e379 - std[70759c8f55707aa4]::sys::backtrace::__rust_end_short_backtrace::<std[70759c8f55707aa4]::panicking::panic_handler::{closure#0}, !>
[INFO] [stdout]    9:     0x651cc0a164bd - __rustc[8fa7c3cbc660c2b3]::rust_begin_unwind
[INFO] [stdout]   10:     0x651cc0a5180c - core[df12db4294e9bfd3]::panicking::panic_fmt
[INFO] [stdout]   11:     0x651cc0a515e2 - core[df12db4294e9bfd3]::result::unwrap_failed
[INFO] [stdout]   12:     0x651cc0737c6d - jupiter_sdk[8a914364e5c2ede4]::api::ultra::tests::test_get_order::{closure#0}
[INFO] [stdout]   13:     0x651cc073a193 - <tokio[22425e428e7c0f83]::runtime::scheduler::current_thread::Context>::enter::<core[df12db4294e9bfd3]::task::poll::Poll<()>, <tokio[22425e428e7c0f83]::runtime::scheduler::current_thread::CoreGuard>::block_on<core[df12db4294e9bfd3]::pin::Pin<&mut core[df12db4294e9bfd3]::pin::Pin<&mut dyn core[df12db4294e9bfd3]::future::future::Future<Output = ()>>>>::{closure#0}::{closure#0}>
[INFO] [stdout]   14:     0x651cc0748f8c - <tokio[22425e428e7c0f83]::runtime::context::scoped::Scoped<tokio[22425e428e7c0f83]::runtime::scheduler::Context>>::set::<<tokio[22425e428e7c0f83]::runtime::scheduler::current_thread::CoreGuard>::enter<<tokio[22425e428e7c0f83]::runtime::scheduler::current_thread::CoreGuard>::block_on<core[df12db4294e9bfd3]::pin::Pin<&mut core[df12db4294e9bfd3]::pin::Pin<&mut dyn core[df12db4294e9bfd3]::future::future::Future<Output = ()>>>>::{closure#0}, core[df12db4294e9bfd3]::option::Option<()>>::{closure#0}, (alloc[2182bb758b4b3781]::boxed::Box<tokio[22425e428e7c0f83]::runtime::scheduler::current_thread::Core>, core[df12db4294e9bfd3]::option::Option<()>)>
[INFO] [stdout]   15:     0x651cc073a4e7 - <tokio[22425e428e7c0f83]::runtime::scheduler::current_thread::CoreGuard>::block_on::<core[df12db4294e9bfd3]::pin::Pin<&mut core[df12db4294e9bfd3]::pin::Pin<&mut dyn core[df12db4294e9bfd3]::future::future::Future<Output = ()>>>>
[INFO] [stdout]   16:     0x651cc07566a7 - tokio[22425e428e7c0f83]::runtime::context::runtime::enter_runtime::<<tokio[22425e428e7c0f83]::runtime::scheduler::current_thread::CurrentThread>::block_on<core[df12db4294e9bfd3]::pin::Pin<&mut dyn core[df12db4294e9bfd3]::future::future::Future<Output = ()>>>::{closure#0}, ()>
[INFO] [stdout]   17:     0x651cc075ff85 - <tokio[22425e428e7c0f83]::runtime::runtime::Runtime>::block_on::<core[df12db4294e9bfd3]::pin::Pin<&mut dyn core[df12db4294e9bfd3]::future::future::Future<Output = ()>>>
[INFO] [stdout]   18:     0x651cc0739adb - jupiter_sdk[8a914364e5c2ede4]::api::ultra::tests::test_get_order
[INFO] [stdout]   19:     0x651cc0764389 - <jupiter_sdk[8a914364e5c2ede4]::api::ultra::tests::test_get_order::{closure#0} as core[df12db4294e9bfd3]::ops::function::FnOnce<()>>::call_once
[INFO] [stdout]   20:     0x651cc0764e3b - test[9d35eded1c95d3be]::__rust_begin_short_backtrace::<core[df12db4294e9bfd3]::result::Result<(), alloc[2182bb758b4b3781]::string::String>, fn() -> core[df12db4294e9bfd3]::result::Result<(), alloc[2182bb758b4b3781]::string::String>>
[INFO] [stdout]   21:     0x651cc07724a5 - test[9d35eded1c95d3be]::run_test::{closure#0}
[INFO] [stdout]   22:     0x651cc076bd64 - std[70759c8f55707aa4]::sys::backtrace::__rust_begin_short_backtrace::<test[9d35eded1c95d3be]::run_test::{closure#1}, ()>
[INFO] [stdout]   23:     0x651cc0775602 - <std[70759c8f55707aa4]::thread::lifecycle::spawn_unchecked<test[9d35eded1c95d3be]::run_test::{closure#1}, ()>::{closure#1} as core[df12db4294e9bfd3]::ops::function::FnOnce<()>>::call_once::{shim:vtable#0}
[INFO] [stdout]   24:     0x651cc0a39b29 - <std[70759c8f55707aa4]::sys::thread::unix::Thread>::new::thread_start
[INFO] [stdout]   25:     0x71b83593adfa - <unknown>
[INFO] [stdout]   26:     0x71b8359ce3d4 - clone
[INFO] [stdout]   27:                0x0 - <unknown>
[INFO] [stdout] 
[INFO] [stdout] 
[INFO] [stdout] failures:
[INFO] [stdout]     api::lend::tests::test_get_earnings
[INFO] [stdout]     api::lend::tests::test_get_positions
[INFO] [stdout]     api::price::tests::test_get_price
[INFO] [stdout]     api::swap::tests::test_program_id_to_label
[INFO] [stdout]     api::token::tests::test_token_search
[INFO] [stdout]     api::trigger::tests::test_create_order
[INFO] [stdout]     api::ultra::tests::test_execute
[INFO] [stdout]     api::ultra::tests::test_get_holdings
[INFO] [stdout]     api::ultra::tests::test_get_order
[INFO] [stdout] 
[INFO] [stdout] test result: FAILED. 0 passed; 9 failed; 0 ignored; 0 measured; 0 filtered out; finished in 0.30s
[INFO] [stdout] 
[INFO] running `Command { std: "docker" "inspect" "609b99b0344a2a26124cc32d7e4223ec414127198d779281d2e1df62fea285e2", kill_on_drop: false }`
[INFO] running `Command { std: "docker" "rm" "-f" "609b99b0344a2a26124cc32d7e4223ec414127198d779281d2e1df62fea285e2", kill_on_drop: false }`
[INFO] [stdout] 609b99b0344a2a26124cc32d7e4223ec414127198d779281d2e1df62fea285e2
