[INFO] fetching crate junkyard 0.1.0...
[INFO] testing junkyard-0.1.0 against 1.99.0-beta.8+cargoflags=--release for beta-release-1.100-2
[INFO] extracting crate junkyard 0.1.0 into /workspace/builds/worker-3-tc1/source
[INFO] started tweaking crates.io crate junkyard 0.1.0
[INFO] finished tweaking crates.io crate junkyard 0.1.0
[INFO] tweaked toml for crates.io crate junkyard 0.1.0 written to /workspace/builds/worker-3-tc1/source/Cargo.toml
[INFO] validating manifest of crates.io crate junkyard 0.1.0 on toolchain 1.99.0-beta.8
[INFO] running `Command { std: CARGO_HOME="/workspace/cargo-home" RUSTUP_HOME="/workspace/rustup-home" "/workspace/cargo-home/bin/cargo" "+1.99.0-beta.8" "metadata" "--manifest-path" "Cargo.toml" "--no-deps", kill_on_drop: false }`
[INFO] crate crates.io crate junkyard 0.1.0 already has a lockfile, it will not be regenerated
[INFO] running `Command { std: CARGO_HOME="/workspace/cargo-home" RUSTUP_HOME="/workspace/rustup-home" "/workspace/cargo-home/bin/cargo" "+1.99.0-beta.8" "fetch" "--manifest-path" "Cargo.toml", kill_on_drop: false }`
[INFO] running `Command { std: "docker" "create" "-v" "/var/lib/crater-agent-workspace/builds/worker-3-tc1/source:/opt/rustwide/workdir:ro,Z" "-v" "/var/lib/crater-agent-workspace/builds/worker-3-tc1/target:/opt/rustwide/target:rw,Z" "-v" "/var/lib/crater-agent-workspace/cargo-home:/opt/rustwide/cargo-home:ro,Z" "-v" "/var/lib/crater-agent-workspace/rustup-home:/opt/rustwide/rustup-home:ro,Z" "-m" "1610612736" "--network" "none" "ghcr.io/rust-lang/crates-build-env/linux@sha256:77db811e55d90add9212f6832c23229e3de5f1c1f9905e8cb07319ea15df73ac" "sleep" "infinity", kill_on_drop: false }`
[INFO] [stdout] 7f188a00707a7c7994bd89140876838bfd5a64e0f4faaad6440a0e612a6d1154
[INFO] running `Command { std: "docker" "start" "7f188a00707a7c7994bd89140876838bfd5a64e0f4faaad6440a0e612a6d1154", kill_on_drop: false }`
[INFO] running `Command { std: "docker" "inspect" "7f188a00707a7c7994bd89140876838bfd5a64e0f4faaad6440a0e612a6d1154", kill_on_drop: false }`
[INFO] running `Command { std: "docker" "exec" "-e" "SOURCE_DIR=/opt/rustwide/workdir" "-e" "CARGO_HOME=/opt/rustwide/cargo-home" "-e" "RUSTUP_HOME=/opt/rustwide/rustup-home" "-e" "CARGO_TARGET_DIR=/opt/rustwide/target" "-w" "/opt/rustwide/workdir" "--user" "0:0" "7f188a00707a7c7994bd89140876838bfd5a64e0f4faaad6440a0e612a6d1154" "/opt/rustwide/cargo-home/bin/cargo" "+1.99.0-beta.8" "metadata" "--no-deps" "--format-version=1", kill_on_drop: false }`
[INFO] running `Command { std: "docker" "inspect" "7f188a00707a7c7994bd89140876838bfd5a64e0f4faaad6440a0e612a6d1154", kill_on_drop: false }`
[INFO] running `Command { std: "docker" "exec" "-e" "SOURCE_DIR=/opt/rustwide/workdir" "-e" "CARGO_HOME=/opt/rustwide/cargo-home" "-e" "RUSTUP_HOME=/opt/rustwide/rustup-home" "-e" "CARGO_TARGET_DIR=/opt/rustwide/target" "-e" "CARGO_INCREMENTAL=0" "-e" "RUST_BACKTRACE=full" "-e" "RUSTFLAGS=--cap-lints=warn" "-e" "RUSTDOCFLAGS=--cap-lints=warn" "-w" "/opt/rustwide/workdir" "--user" "0:0" "7f188a00707a7c7994bd89140876838bfd5a64e0f4faaad6440a0e612a6d1154" "/opt/rustwide/cargo-home/bin/cargo" "+1.99.0-beta.8" "build" "--frozen" "--message-format=json" "--release", kill_on_drop: false }`
[INFO] [stderr]    Compiling rustix v1.1.4
[INFO] [stderr]    Compiling time-core v0.1.7
[INFO] [stderr]    Compiling linux-raw-sys v0.12.1
[INFO] [stderr]    Compiling time v0.3.45
[INFO] [stderr]    Compiling junkyard v0.1.0 (/opt/rustwide/workdir)
[INFO] [stderr]     Finished `release` profile [optimized] target(s) in 5.88s
[INFO] running `Command { std: "docker" "inspect" "7f188a00707a7c7994bd89140876838bfd5a64e0f4faaad6440a0e612a6d1154", kill_on_drop: false }`
[INFO] running `Command { std: "docker" "exec" "-e" "SOURCE_DIR=/opt/rustwide/workdir" "-e" "CARGO_HOME=/opt/rustwide/cargo-home" "-e" "RUSTUP_HOME=/opt/rustwide/rustup-home" "-e" "CARGO_TARGET_DIR=/opt/rustwide/target" "-e" "CARGO_INCREMENTAL=0" "-e" "RUST_BACKTRACE=full" "-e" "RUSTFLAGS=--cap-lints=warn" "-e" "RUSTDOCFLAGS=--cap-lints=warn" "-w" "/opt/rustwide/workdir" "--user" "0:0" "7f188a00707a7c7994bd89140876838bfd5a64e0f4faaad6440a0e612a6d1154" "/opt/rustwide/cargo-home/bin/cargo" "+1.99.0-beta.8" "test" "--frozen" "--no-run" "--message-format=json" "--release", kill_on_drop: false }`
[INFO] [stderr]    Compiling rustix v1.1.4
[INFO] [stderr]    Compiling tempfile v3.27.0
[INFO] [stderr]    Compiling junkyard v0.1.0 (/opt/rustwide/workdir)
[INFO] [stderr]     Finished `release` profile [optimized] target(s) in 8.83s
[INFO] running `Command { std: "docker" "inspect" "7f188a00707a7c7994bd89140876838bfd5a64e0f4faaad6440a0e612a6d1154", kill_on_drop: false }`
[INFO] running `Command { std: "docker" "exec" "-e" "SOURCE_DIR=/opt/rustwide/workdir" "-e" "CARGO_HOME=/opt/rustwide/cargo-home" "-e" "RUSTUP_HOME=/opt/rustwide/rustup-home" "-e" "CARGO_TARGET_DIR=/opt/rustwide/target" "-e" "CARGO_INCREMENTAL=0" "-e" "RUST_BACKTRACE=full" "-e" "RUSTFLAGS=--cap-lints=warn" "-e" "RUSTDOCFLAGS=--cap-lints=warn" "-w" "/opt/rustwide/workdir" "--user" "0:0" "7f188a00707a7c7994bd89140876838bfd5a64e0f4faaad6440a0e612a6d1154" "/opt/rustwide/cargo-home/bin/cargo" "+1.99.0-beta.8" "test" "--frozen" "--release", kill_on_drop: false }`
[INFO] [stderr]     Finished `release` profile [optimized] target(s) in 0.08s
[INFO] [stderr]      Running unittests src/lib.rs (/opt/rustwide/target/release/deps/junkyard-88e08a71bcdcdda5)
[INFO] [stdout] 
[INFO] [stdout] running 33 tests
[INFO] [stdout] test platform::linux::directory_size::tests::test_cache_contents_replaces_existing_entry ... ok
[INFO] [stdout] test platform::linux::location::tests::test_external_trash_path_ignores_symlink_shared_trash ... ok
[INFO] [stdout] test platform::linux::mount::tests::test_find_mount_point_does_not_match_partial_component ... ok
[INFO] [stdout] test platform::linux::location::tests::test_external_trash_path_with_valid_shared_trash ... ok
[INFO] [stdout] test platform::linux::location::tests::test_external_trash_path_ignores_non_sticky_shared_trash ... ok
[INFO] [stdout] test platform::linux::location::tests::test_select_trash_location ... ok
[INFO] [stdout] test platform::linux::mount::tests::test_parse_mount_info ... ok
[INFO] [stdout] test platform::linux::location::tests::test_home_trash_path_canonicalizes_existing_parent ... ok
[INFO] [stdout] test platform::linux::location::tests::test_prepare_home_trash_location_does_not_change_existing_directory_permissions ... ok
[INFO] [stdout] test platform::linux::location::tests::test_prepare_home_trash_location ... ok
[INFO] [stdout] test platform::linux::directory_size::tests::test_disk_usage_does_not_follow_directory_symlinks ... ok
[INFO] [stdout] test platform::linux::location::tests::test_prepare_shared_external_trash_location_with_missing_parent ... ok
[INFO] [stdout] test platform::linux::location::tests::test_prepare_shared_external_trash_location ... ok
[INFO] [stdout] test platform::linux::location::tests::test_prepare_home_trash_location_with_directory_symlink ... ok
[INFO] [stdout] test platform::linux::location::tests::test_external_trash_path_without_shared_trash ... ok
[INFO] [stdout] test platform::linux::location::tests::test_home_trash_path ... ok
[INFO] [stdout] test platform::linux::location::tests::test_trash_info_path ... ok
[INFO] [stdout] test platform::linux::location::tests::test_prepare_external_trash_location ... ok
[INFO] [stderr] error: test failed, to rerun pass `--lib`
[INFO] [stdout] test platform::linux::mount::tests::test_find_mount_point_uses_longest_match ... ok
[INFO] [stdout] test platform::linux::mount::tests::test_parse_mount_info_preserves_invalid_utf8 ... ok
[INFO] [stdout] test platform::linux::mount::tests::test_parse_mount_info_decodes_path_escapes ... ok
[INFO] [stdout] test platform::linux::mount::tests::test_parse_mount_info_rejects_invalid_path_escape ... ok
[INFO] [stdout] test platform::linux::trash_info::tests::test_trash_info_contents ... ok
[INFO] [stdout] test platform::linux::location::tests::test_prepare_shared_external_trash_location_with_fallback ... ok
[INFO] [stdout] test platform::linux::trash_info::tests::test_percent_encode_path_preserves_invalid_utf8 ... ok
[INFO] [stdout] test platform::linux::permission::tests::test_ensure_discard_permission_with_sticky_parent ... ok
[INFO] [stdout] test platform::linux::trash_info::tests::test_create_trash_info_with_duplicate_payload ... ok
[INFO] [stdout] test platform::linux::permission::tests::test_ensure_discard_permission ... FAILED
[INFO] [stdout] test platform::linux::tests::test_discard_inner_succeeds_if_directory_size_cache_fails ... ok
[INFO] [stdout] test platform::linux::trash_info::tests::test_create_trash_info_with_duplicate_trashinfo ... ok
[INFO] [stdout] test platform::linux::tests::test_discard_inner_updates_directory_size_cache ... ok
[INFO] [stdout] test platform::linux::trash_info::tests::test_create_trash_info_with_external_location ... ok
[INFO] [stdout] test platform::linux::trash_info::tests::test_percent_encode_path ... ok
[INFO] [stdout] 
[INFO] [stdout] failures:
[INFO] [stdout] 
[INFO] [stdout] ---- platform::linux::permission::tests::test_ensure_discard_permission stdout ----
[INFO] [stdout] 
[INFO] [stdout] thread 'platform::linux::permission::tests::test_ensure_discard_permission' (374) panicked at src/platform/linux/permission.rs:109:9:
[INFO] [stdout] unwritable parent rejection requires non-root user
[INFO] [stdout] stack backtrace:
[INFO] [stdout]    0:     0x5a43eeb24cf1 - <<std[70759c8f55707aa4]::sys::backtrace::BacktraceLock>::print::DisplayBacktrace as core[df12db4294e9bfd3]::fmt::Display>::fmt
[INFO] [stdout]    1:     0x5a43eeb3976a - core[df12db4294e9bfd3]::fmt::write
[INFO] [stdout]    2:     0x5a43eeb2953c - <alloc[2182bb758b4b3781]::vec::Vec<u8> as core[df12db4294e9bfd3]::io::write::Write>::write_fmt
[INFO] [stdout]    3:     0x5a43eeafea36 - std[70759c8f55707aa4]::panicking::default_hook::{closure#0}
[INFO] [stdout]    4:     0x5a43eeb1bd39 - std[70759c8f55707aa4]::panicking::default_hook
[INFO] [stdout]    5:     0x5a43eeab5100 - test[9d35eded1c95d3be]::test_main_inner::<test[9d35eded1c95d3be]::test_main_static::{closure#0}>::{closure#0}
[INFO] [stdout]    6:     0x5a43eeb1bef2 - std[70759c8f55707aa4]::panicking::panic_with_hook
[INFO] [stdout]    7:     0x5a43eeafeb14 - std[70759c8f55707aa4]::panicking::panic_handler::{closure#0}
[INFO] [stdout]    8:     0x5a43eeaf7459 - std[70759c8f55707aa4]::sys::backtrace::__rust_end_short_backtrace::<std[70759c8f55707aa4]::panicking::panic_handler::{closure#0}, !>
[INFO] [stdout]    9:     0x5a43eeaff97d - __rustc[8fa7c3cbc660c2b3]::rust_begin_unwind
[INFO] [stdout]   10:     0x5a43eeb39e9c - core[df12db4294e9bfd3]::panicking::panic_fmt
[INFO] [stdout]   11:     0x5a43eeaa7b2c - junkyard[eeba39fa832c029d]::platform::linux::permission::tests::test_ensure_discard_permission
[INFO] [stdout]   12:     0x5a43eeaa30a9 - <junkyard[eeba39fa832c029d]::platform::linux::permission::tests::test_ensure_discard_permission::{closure#0} as core[df12db4294e9bfd3]::ops::function::FnOnce<()>>::call_once
[INFO] [stdout]   13:     0x5a43eeaa83eb - test[9d35eded1c95d3be]::__rust_begin_short_backtrace::<core[df12db4294e9bfd3]::result::Result<(), alloc[2182bb758b4b3781]::string::String>, fn() -> core[df12db4294e9bfd3]::result::Result<(), alloc[2182bb758b4b3781]::string::String>>
[INFO] [stdout]   14:     0x5a43eeab5a55 - test[9d35eded1c95d3be]::run_test::{closure#0}
[INFO] [stdout]   15:     0x5a43eeaaf314 - std[70759c8f55707aa4]::sys::backtrace::__rust_begin_short_backtrace::<test[9d35eded1c95d3be]::run_test::{closure#1}, ()>
[INFO] [stdout]   16:     0x5a43eeab8bb2 - <std[70759c8f55707aa4]::thread::lifecycle::spawn_unchecked<test[9d35eded1c95d3be]::run_test::{closure#1}, ()>::{closure#1} as core[df12db4294e9bfd3]::ops::function::FnOnce<()>>::call_once::{shim:vtable#0}
[INFO] [stdout]   17:     0x5a43eeb24069 - <std[70759c8f55707aa4]::sys::thread::unix::Thread>::new::thread_start
[INFO] [stdout]   18:     0x7b50ecedfdfa - <unknown>
[INFO] [stdout]   19:     0x7b50ecf733d4 - clone
[INFO] [stdout]   20:                0x0 - <unknown>
[INFO] [stdout] 
[INFO] [stdout] 
[INFO] [stdout] failures:
[INFO] [stdout]     platform::linux::permission::tests::test_ensure_discard_permission
[INFO] [stdout] 
[INFO] [stdout] test result: FAILED. 32 passed; 1 failed; 0 ignored; 0 measured; 0 filtered out; finished in 0.01s
[INFO] [stdout] 
[INFO] running `Command { std: "docker" "inspect" "7f188a00707a7c7994bd89140876838bfd5a64e0f4faaad6440a0e612a6d1154", kill_on_drop: false }`
[INFO] running `Command { std: "docker" "rm" "-f" "7f188a00707a7c7994bd89140876838bfd5a64e0f4faaad6440a0e612a6d1154", kill_on_drop: false }`
[INFO] [stdout] 7f188a00707a7c7994bd89140876838bfd5a64e0f4faaad6440a0e612a6d1154
