[INFO] fetching crate julep-iced-runtime 0.6.2...
[INFO] testing julep-iced-runtime-0.6.2 against 1.99.0-beta.8+cargoflags=--release for beta-release-1.100-2
[INFO] extracting crate julep-iced-runtime 0.6.2 into /workspace/builds/worker-7-tc1/source
[INFO] started tweaking crates.io crate julep-iced-runtime 0.6.2
[INFO] finished tweaking crates.io crate julep-iced-runtime 0.6.2
[INFO] tweaked toml for crates.io crate julep-iced-runtime 0.6.2 written to /workspace/builds/worker-7-tc1/source/Cargo.toml
[INFO] validating manifest of crates.io crate julep-iced-runtime 0.6.2 on toolchain 1.99.0-beta.8
[INFO] running `Command { std: CARGO_HOME="/workspace/cargo-home" RUSTUP_HOME="/workspace/rustup-home" "/workspace/cargo-home/bin/cargo" "+1.99.0-beta.8" "metadata" "--manifest-path" "Cargo.toml" "--no-deps", kill_on_drop: false }`
[INFO] crate crates.io crate julep-iced-runtime 0.6.2 already has a lockfile, it will not be regenerated
[INFO] running `Command { std: CARGO_HOME="/workspace/cargo-home" RUSTUP_HOME="/workspace/rustup-home" "/workspace/cargo-home/bin/cargo" "+1.99.0-beta.8" "fetch" "--manifest-path" "Cargo.toml", kill_on_drop: false }`
[INFO] [stderr] warning: Cargo.toml: `lints.clippy.large-enum-variant` is deprecated in favor of `lints.clippy.large_enum_variant` and will not work in a future edition
[INFO] [stderr] warning: Cargo.toml: `lints.clippy.map-entry` is deprecated in favor of `lints.clippy.map_entry` and will not work in a future edition
[INFO] [stderr] warning: Cargo.toml: `lints.clippy.match-wildcard-for-single-variants` is deprecated in favor of `lints.clippy.match_wildcard_for_single_variants` and will not work in a future edition
[INFO] [stderr] warning: Cargo.toml: `lints.clippy.redundant-closure-for-method-calls` is deprecated in favor of `lints.clippy.redundant_closure_for_method_calls` and will not work in a future edition
[INFO] [stderr] warning: Cargo.toml: `lints.clippy.trivially-copy-pass-by-ref` is deprecated in favor of `lints.clippy.trivially_copy_pass_by_ref` and will not work in a future edition
[INFO] [stderr] warning: Cargo.toml: `lints.clippy.type-complexity` is deprecated in favor of `lints.clippy.type_complexity` and will not work in a future edition
[INFO] [stderr] warning: `julep-iced-runtime` (manifest) generated 6 warnings
[INFO] [stderr]     Updating crates.io index
[INFO] [stderr]  Downloading crates ...
[INFO] [stderr]   Downloaded wasmtimer v0.4.3
[INFO] [stderr]   Downloaded julep-iced-futures v0.6.2
[INFO] [stderr]   Downloaded sipper v0.1.0
[INFO] [stderr]   Downloaded julep-iced-selector v0.6.2
[INFO] [stderr]   Downloaded wasm-bindgen-futures v0.4.58
[INFO] [stderr]   Downloaded julep-iced-core v0.6.2
[INFO] [stderr]   Downloaded web-sys v0.3.85
[INFO] running `Command { std: "docker" "create" "-v" "/var/lib/crater-agent-workspace/builds/worker-7-tc1/source:/opt/rustwide/workdir:ro,Z" "-v" "/var/lib/crater-agent-workspace/builds/worker-7-tc1/target:/opt/rustwide/target:rw,Z" "-v" "/var/lib/crater-agent-workspace/cargo-home:/opt/rustwide/cargo-home:ro,Z" "-v" "/var/lib/crater-agent-workspace/rustup-home:/opt/rustwide/rustup-home:ro,Z" "-m" "1610612736" "--network" "none" "ghcr.io/rust-lang/crates-build-env/linux@sha256:77db811e55d90add9212f6832c23229e3de5f1c1f9905e8cb07319ea15df73ac" "sleep" "infinity", kill_on_drop: false }`
[INFO] [stdout] e375e71baedbb55d973081971b39da7601e35e1633ff46ca6a189a8a973532a8
[INFO] running `Command { std: "docker" "start" "e375e71baedbb55d973081971b39da7601e35e1633ff46ca6a189a8a973532a8", kill_on_drop: false }`
[INFO] running `Command { std: "docker" "inspect" "e375e71baedbb55d973081971b39da7601e35e1633ff46ca6a189a8a973532a8", kill_on_drop: false }`
[INFO] running `Command { std: "docker" "exec" "-e" "SOURCE_DIR=/opt/rustwide/workdir" "-e" "CARGO_HOME=/opt/rustwide/cargo-home" "-e" "RUSTUP_HOME=/opt/rustwide/rustup-home" "-e" "CARGO_TARGET_DIR=/opt/rustwide/target" "-w" "/opt/rustwide/workdir" "--user" "0:0" "e375e71baedbb55d973081971b39da7601e35e1633ff46ca6a189a8a973532a8" "/opt/rustwide/cargo-home/bin/cargo" "+1.99.0-beta.8" "metadata" "--no-deps" "--format-version=1", kill_on_drop: false }`
[INFO] running `Command { std: "docker" "inspect" "e375e71baedbb55d973081971b39da7601e35e1633ff46ca6a189a8a973532a8", kill_on_drop: false }`
[INFO] running `Command { std: "docker" "exec" "-e" "SOURCE_DIR=/opt/rustwide/workdir" "-e" "CARGO_HOME=/opt/rustwide/cargo-home" "-e" "RUSTUP_HOME=/opt/rustwide/rustup-home" "-e" "CARGO_TARGET_DIR=/opt/rustwide/target" "-e" "CARGO_INCREMENTAL=0" "-e" "RUST_BACKTRACE=full" "-e" "RUSTFLAGS=--cap-lints=warn" "-e" "RUSTDOCFLAGS=--cap-lints=warn" "-w" "/opt/rustwide/workdir" "--user" "0:0" "e375e71baedbb55d973081971b39da7601e35e1633ff46ca6a189a8a973532a8" "/opt/rustwide/cargo-home/bin/cargo" "+1.99.0-beta.8" "build" "--frozen" "--message-format=json" "--release", kill_on_drop: false }`
[INFO] [stderr] warning: Cargo.toml: `lints.clippy.large-enum-variant` is deprecated in favor of `lints.clippy.large_enum_variant` and will not work in a future edition
[INFO] [stderr] warning: Cargo.toml: `lints.clippy.map-entry` is deprecated in favor of `lints.clippy.map_entry` and will not work in a future edition
[INFO] [stderr] warning: Cargo.toml: `lints.clippy.match-wildcard-for-single-variants` is deprecated in favor of `lints.clippy.match_wildcard_for_single_variants` and will not work in a future edition
[INFO] [stderr] warning: Cargo.toml: `lints.clippy.redundant-closure-for-method-calls` is deprecated in favor of `lints.clippy.redundant_closure_for_method_calls` and will not work in a future edition
[INFO] [stderr] warning: Cargo.toml: `lints.clippy.trivially-copy-pass-by-ref` is deprecated in favor of `lints.clippy.trivially_copy_pass_by_ref` and will not work in a future edition
[INFO] [stderr] warning: Cargo.toml: `lints.clippy.type-complexity` is deprecated in favor of `lints.clippy.type_complexity` and will not work in a future edition
[INFO] [stderr] warning: `julep-iced-runtime` (manifest) generated 6 warnings
[INFO] [stderr]    Compiling futures-sink v0.3.32
[INFO] [stderr]    Compiling futures-core v0.3.32
[INFO] [stderr]    Compiling thiserror v2.0.18
[INFO] [stderr]    Compiling rustc-hash v2.1.1
[INFO] [stderr]    Compiling glam v0.25.0
[INFO] [stderr]    Compiling num-traits v0.2.19
[INFO] [stderr]    Compiling lilt v0.8.1
[INFO] [stderr]    Compiling bitflags v2.11.0
[INFO] [stderr]    Compiling smol_str v0.2.2
[INFO] [stderr]    Compiling raw-window-handle v0.6.2
[INFO] [stderr]    Compiling syn v2.0.117
[INFO] [stderr]    Compiling futures-channel v0.3.32
[INFO] [stderr]    Compiling thiserror-impl v2.0.18
[INFO] [stderr]    Compiling futures-macro v0.3.32
[INFO] [stderr]    Compiling futures-util v0.3.32
[INFO] [stderr]    Compiling julep-iced-core v0.6.2
[INFO] [stderr]    Compiling futures v0.3.32
[INFO] [stderr]    Compiling julep-iced-futures v0.6.2
[INFO] [stderr]    Compiling julep-iced-runtime v0.6.2 (/opt/rustwide/workdir)
[INFO] [stderr]     Finished `release` profile [optimized] target(s) in 13.18s
[INFO] running `Command { std: "docker" "inspect" "e375e71baedbb55d973081971b39da7601e35e1633ff46ca6a189a8a973532a8", kill_on_drop: false }`
[INFO] running `Command { std: "docker" "exec" "-e" "SOURCE_DIR=/opt/rustwide/workdir" "-e" "CARGO_HOME=/opt/rustwide/cargo-home" "-e" "RUSTUP_HOME=/opt/rustwide/rustup-home" "-e" "CARGO_TARGET_DIR=/opt/rustwide/target" "-e" "CARGO_INCREMENTAL=0" "-e" "RUST_BACKTRACE=full" "-e" "RUSTFLAGS=--cap-lints=warn" "-e" "RUSTDOCFLAGS=--cap-lints=warn" "-w" "/opt/rustwide/workdir" "--user" "0:0" "e375e71baedbb55d973081971b39da7601e35e1633ff46ca6a189a8a973532a8" "/opt/rustwide/cargo-home/bin/cargo" "+1.99.0-beta.8" "test" "--frozen" "--no-run" "--message-format=json" "--release", kill_on_drop: false }`
[INFO] [stderr] warning: Cargo.toml: `lints.clippy.large-enum-variant` is deprecated in favor of `lints.clippy.large_enum_variant` and will not work in a future edition
[INFO] [stderr] warning: Cargo.toml: `lints.clippy.map-entry` is deprecated in favor of `lints.clippy.map_entry` and will not work in a future edition
[INFO] [stderr] warning: Cargo.toml: `lints.clippy.match-wildcard-for-single-variants` is deprecated in favor of `lints.clippy.match_wildcard_for_single_variants` and will not work in a future edition
[INFO] [stderr] warning: Cargo.toml: `lints.clippy.redundant-closure-for-method-calls` is deprecated in favor of `lints.clippy.redundant_closure_for_method_calls` and will not work in a future edition
[INFO] [stderr] warning: Cargo.toml: `lints.clippy.trivially-copy-pass-by-ref` is deprecated in favor of `lints.clippy.trivially_copy_pass_by_ref` and will not work in a future edition
[INFO] [stderr] warning: Cargo.toml: `lints.clippy.type-complexity` is deprecated in favor of `lints.clippy.type_complexity` and will not work in a future edition
[INFO] [stderr] warning: `julep-iced-runtime` (manifest) generated 6 warnings
[INFO] [stderr]    Compiling julep-iced-runtime v0.6.2 (/opt/rustwide/workdir)
[INFO] [stderr]     Finished `release` profile [optimized] target(s) in 0.57s
[INFO] running `Command { std: "docker" "inspect" "e375e71baedbb55d973081971b39da7601e35e1633ff46ca6a189a8a973532a8", kill_on_drop: false }`
[INFO] running `Command { std: "docker" "exec" "-e" "SOURCE_DIR=/opt/rustwide/workdir" "-e" "CARGO_HOME=/opt/rustwide/cargo-home" "-e" "RUSTUP_HOME=/opt/rustwide/rustup-home" "-e" "CARGO_TARGET_DIR=/opt/rustwide/target" "-e" "CARGO_INCREMENTAL=0" "-e" "RUST_BACKTRACE=full" "-e" "RUSTFLAGS=--cap-lints=warn" "-e" "RUSTDOCFLAGS=--cap-lints=warn" "-w" "/opt/rustwide/workdir" "--user" "0:0" "e375e71baedbb55d973081971b39da7601e35e1633ff46ca6a189a8a973532a8" "/opt/rustwide/cargo-home/bin/cargo" "+1.99.0-beta.8" "test" "--frozen" "--release", kill_on_drop: false }`
[INFO] [stderr] warning: Cargo.toml: `lints.clippy.large-enum-variant` is deprecated in favor of `lints.clippy.large_enum_variant` and will not work in a future edition
[INFO] [stderr] warning: Cargo.toml: `lints.clippy.map-entry` is deprecated in favor of `lints.clippy.map_entry` and will not work in a future edition
[INFO] [stderr] warning: Cargo.toml: `lints.clippy.match-wildcard-for-single-variants` is deprecated in favor of `lints.clippy.match_wildcard_for_single_variants` and will not work in a future edition
[INFO] [stderr] warning: Cargo.toml: `lints.clippy.redundant-closure-for-method-calls` is deprecated in favor of `lints.clippy.redundant_closure_for_method_calls` and will not work in a future edition
[INFO] [stderr] warning: Cargo.toml: `lints.clippy.trivially-copy-pass-by-ref` is deprecated in favor of `lints.clippy.trivially_copy_pass_by_ref` and will not work in a future edition
[INFO] [stderr] warning: Cargo.toml: `lints.clippy.type-complexity` is deprecated in favor of `lints.clippy.type_complexity` and will not work in a future edition
[INFO] [stderr] warning: `julep-iced-runtime` (manifest) generated 6 warnings
[INFO] [stderr]     Finished `release` profile [optimized] target(s) in 0.07s
[INFO] [stdout] 
[INFO] [stderr]      Running unittests src/lib.rs (/opt/rustwide/target/release/deps/iced_runtime-01a7529f905d3473)
[INFO] [stdout] running 0 tests
[INFO] [stderr]    Doc-tests iced_runtime
[INFO] [stdout] 
[INFO] [stdout] test result: ok. 0 passed; 0 failed; 0 ignored; 0 measured; 0 filtered out; finished in 0.00s
[INFO] [stdout] 
[INFO] [stdout] 
[INFO] [stdout] running 3 tests
[INFO] [stdout] test src/user_interface.rs - user_interface::UserInterface<'a,Message,Theme,Renderer>::build (line 50) - compile ... FAILED
[INFO] [stdout] test src/user_interface.rs - user_interface::UserInterface<'a,Message,Theme,Renderer>::update (line 126) - compile ... FAILED
[INFO] [stdout] test src/user_interface.rs - user_interface::UserInterface<'a,Message,Theme,Renderer>::draw (line 404) - compile ... FAILED
[INFO] [stdout] 
[INFO] [stdout] failures:
[INFO] [stdout] 
[INFO] [stdout] ---- src/user_interface.rs - user_interface::UserInterface<'a,Message,Theme,Renderer>::build (line 50) stdout ----
[INFO] [stdout] error[E0277]: the trait bound `(): iced_core::Renderer` is not satisfied
[INFO] [stdout]   --> src/user_interface.rs:82:9
[INFO] [stdout]    |
[INFO] [stdout] 78 |     let user_interface = UserInterface::build(
[INFO] [stdout]    |                          -------------------- required by a bound introduced by this call
[INFO] [stdout] ...
[INFO] [stdout] 82 |         &mut renderer,
[INFO] [stdout]    |         ^^^^^^^^^^^^^ the trait `iced_core::Renderer` is not implemented for `()`
[INFO] [stdout]    |
[INFO] [stdout] note: required by a bound in `UserInterface::<'a, Message, Theme, Renderer>::build`
[INFO] [stdout]   --> src/user_interface.rs:38:15
[INFO] [stdout]    |
[INFO] [stdout] 38 |     Renderer: crate::core::Renderer,
[INFO] [stdout]    |               ^^^^^^^^^^^^^^^^^^^^^ required by this bound in `UserInterface::<'a, Message, Theme, Renderer>::build`
[INFO] [stdout] ...
[INFO] [stdout] 91 |     pub fn build<E: Into<Element<'a, Message, Theme, Renderer>>>(
[INFO] [stdout]    |            ----- required by a bound in this associated function
[INFO] [stdout] 
[INFO] [stdout] error[E0599]: the method `into_cache` exists for struct `UserInterface<'_, (), (), ()>`, but its trait bounds were not satisfied
[INFO] [stdout]   --> src/user_interface.rs:89:28
[INFO] [stdout]    |
[INFO] [stdout] 89 |     cache = user_interface.into_cache();
[INFO] [stdout]    |                            ^^^^^^^^^^ method cannot be called on `UserInterface<'_, (), (), ()>` due to unsatisfied trait bounds
[INFO] [stdout]    |
[INFO] [stdout]    = note: the following trait bounds were not satisfied:
[INFO] [stdout]            `(): iced_core::Renderer`
[INFO] [stdout] 
[INFO] [stdout] error: aborting due to 2 previous errors
[INFO] [stdout] 
[INFO] [stdout] Some errors have detailed explanations: E0277, E0599.
[INFO] [stdout] For more information about an error, try `rustc --explain E0277`.
[INFO] [stdout] Couldn't compile the test.
[INFO] [stdout] ---- src/user_interface.rs - user_interface::UserInterface<'a,Message,Theme,Renderer>::update (line 126) stdout ----
[INFO] [stdout] error[E0277]: the trait bound `(): iced_core::Renderer` is not satisfied
[INFO] [stdout]    --> src/user_interface.rs:161:9
[INFO] [stdout]     |
[INFO] [stdout] 157 |     let mut user_interface = UserInterface::build(
[INFO] [stdout]     |                              -------------------- required by a bound introduced by this call
[INFO] [stdout] ...
[INFO] [stdout] 161 |         &mut renderer,
[INFO] [stdout]     |         ^^^^^^^^^^^^^ the trait `iced_core::Renderer` is not implemented for `()`
[INFO] [stdout]     |
[INFO] [stdout] note: required by a bound in `UserInterface::<'a, Message, Theme, Renderer>::build`
[INFO] [stdout]    --> src/user_interface.rs:38:15
[INFO] [stdout]     |
[INFO] [stdout]  38 |     Renderer: crate::core::Renderer,
[INFO] [stdout]     |               ^^^^^^^^^^^^^^^^^^^^^ required by this bound in `UserInterface::<'a, Message, Theme, Renderer>::build`
[INFO] [stdout] ...
[INFO] [stdout]  91 |     pub fn build<E: Into<Element<'a, Message, Theme, Renderer>>>(
[INFO] [stdout]     |            ----- required by a bound in this associated function
[INFO] [stdout] 
[INFO] [stdout] error[E0599]: the method `update` exists for struct `UserInterface<'_, (), (), ()>`, but its trait bounds were not satisfied
[INFO] [stdout]    --> src/user_interface.rs:165:50
[INFO] [stdout]     |
[INFO] [stdout] 165 |     let (state, event_statuses) = user_interface.update(
[INFO] [stdout]     |                                   ---------------^^^^^^ method cannot be called on `UserInterface<'_, (), (), ()>` due to unsatisfied trait bounds
[INFO] [stdout]     |
[INFO] [stdout]     = note: the following trait bounds were not satisfied:
[INFO] [stdout]             `(): iced_core::Renderer`
[INFO] [stdout] 
[INFO] [stdout] error[E0599]: the method `into_cache` exists for struct `UserInterface<'_, (), (), ()>`, but its trait bounds were not satisfied
[INFO] [stdout]    --> src/user_interface.rs:172:28
[INFO] [stdout]     |
[INFO] [stdout] 172 |     cache = user_interface.into_cache();
[INFO] [stdout]     |                            ^^^^^^^^^^ method cannot be called on `UserInterface<'_, (), (), ()>` due to unsatisfied trait bounds
[INFO] [stdout]     |
[INFO] [stdout]     = note: the following trait bounds were not satisfied:
[INFO] [stdout]             `(): iced_core::Renderer`
[INFO] [stdout] 
[INFO] [stdout] error: aborting due to 3 previous errors
[INFO] [stdout] 
[INFO] [stdout] Some errors have detailed explanations: E0277, E0599.
[INFO] [stdout] For more information about an error, try `rustc --explain E0277`.
[INFO] [stdout] Couldn't compile the test.
[INFO] [stdout] ---- src/user_interface.rs - user_interface::UserInterface<'a,Message,Theme,Renderer>::draw (line 404) stdout ----
[INFO] [stdout] error[E0277]: the trait bound `(): iced_runtime::iced_core::Renderer` is not satisfied
[INFO] [stdout]    --> src/user_interface.rs:440:9
[INFO] [stdout]     |
[INFO] [stdout] 436 |     let mut user_interface = UserInterface::build(
[INFO] [stdout]     |                              -------------------- required by a bound introduced by this call
[INFO] [stdout] ...
[INFO] [stdout] 440 |         &mut renderer,
[INFO] [stdout]     |         ^^^^^^^^^^^^^ the trait `iced_runtime::iced_core::Renderer` is not implemented for `()`
[INFO] [stdout]     |
[INFO] [stdout] note: required by a bound in `UserInterface::<'a, Message, Theme, Renderer>::build`
[INFO] [stdout]    --> src/user_interface.rs:38:15
[INFO] [stdout]     |
[INFO] [stdout]  38 |     Renderer: crate::core::Renderer,
[INFO] [stdout]     |               ^^^^^^^^^^^^^^^^^^^^^ required by this bound in `UserInterface::<'a, Message, Theme, Renderer>::build`
[INFO] [stdout] ...
[INFO] [stdout]  91 |     pub fn build<E: Into<Element<'a, Message, Theme, Renderer>>>(
[INFO] [stdout]     |            ----- required by a bound in this associated function
[INFO] [stdout] 
[INFO] [stdout] error[E0599]: the method `update` exists for struct `UserInterface<'_, (), (), ()>`, but its trait bounds were not satisfied
[INFO] [stdout]    --> src/user_interface.rs:444:41
[INFO] [stdout]     |
[INFO] [stdout] 444 |     let event_statuses = user_interface.update(
[INFO] [stdout]     |                          ---------------^^^^^^ method cannot be called on `UserInterface<'_, (), (), ()>` due to unsatisfied trait bounds
[INFO] [stdout]     |
[INFO] [stdout]     = note: the following trait bounds were not satisfied:
[INFO] [stdout]             `(): iced_runtime::iced_core::Renderer`
[INFO] [stdout] 
[INFO] [stdout] error[E0599]: the method `draw` exists for struct `UserInterface<'_, (), (), ()>`, but its trait bounds were not satisfied
[INFO] [stdout]    --> src/user_interface.rs:452:44
[INFO] [stdout]     |
[INFO] [stdout] 452 |     let mouse_interaction = user_interface.draw(&mut renderer, &theme, &renderer::Style::default(), cursor);
[INFO] [stdout]     |                                            ^^^^ method cannot be called on `UserInterface<'_, (), (), ()>` due to unsatisfied trait bounds
[INFO] [stdout]     |
[INFO] [stdout]     = note: the following trait bounds were not satisfied:
[INFO] [stdout]             `(): iced_runtime::iced_core::Renderer`
[INFO] [stdout] 
[INFO] [stdout] error[E0599]: the method `into_cache` exists for struct `UserInterface<'_, (), (), ()>`, but its trait bounds were not satisfied
[INFO] [stdout]    --> src/user_interface.rs:454:28
[INFO] [stdout]     |
[INFO] [stdout] 454 |     cache = user_interface.into_cache();
[INFO] [stdout]     |                            ^^^^^^^^^^ method cannot be called on `UserInterface<'_, (), (), ()>` due to unsatisfied trait bounds
[INFO] [stdout]     |
[INFO] [stdout]     = note: the following trait bounds were not satisfied:
[INFO] [stdout]             `(): iced_runtime::iced_core::Renderer`
[INFO] [stdout] 
[INFO] [stdout] error: aborting due to 4 previous errors
[INFO] [stdout] 
[INFO] [stdout] Some errors have detailed explanations: E0277, E0599.
[INFO] [stdout] For more information about an error, try `rustc --explain E0277`.
[INFO] [stdout] Couldn't compile the test.
[INFO] [stdout] 
[INFO] [stdout] failures:
[INFO] [stdout]     src/user_interface.rs - user_interface::UserInterface<'a,Message,Theme,Renderer>::build (line 50)
[INFO] [stdout]     src/user_interface.rs - user_interface::UserInterface<'a,Message,Theme,Renderer>::draw (line 404)
[INFO] [stdout]     src/user_interface.rs - user_interface::UserInterface<'a,Message,Theme,Renderer>::update (line 126)
[INFO] [stdout] 
[INFO] [stdout] test result: FAILED. 0 passed; 3 failed; 0 ignored; 0 measured; 0 filtered out; finished in 0.26s
[INFO] [stdout] 
[INFO] [stdout] all doctests ran in 0.41s; merged doctests compilation took 0.15s
[INFO] [stderr] error: doctest failed, to rerun pass `--doc`
[INFO] running `Command { std: "docker" "inspect" "e375e71baedbb55d973081971b39da7601e35e1633ff46ca6a189a8a973532a8", kill_on_drop: false }`
[INFO] running `Command { std: "docker" "rm" "-f" "e375e71baedbb55d973081971b39da7601e35e1633ff46ca6a189a8a973532a8", kill_on_drop: false }`
[INFO] [stdout] e375e71baedbb55d973081971b39da7601e35e1633ff46ca6a189a8a973532a8
