[INFO] fetching crate julep-iced-core 0.6.2...
[INFO] testing julep-iced-core-0.6.2 against 1.100.0-beta.1+cargoflags=--release for beta-release-1.100-2
[INFO] extracting crate julep-iced-core 0.6.2 into /workspace/builds/worker-0-tc2/source
[INFO] started tweaking crates.io crate julep-iced-core 0.6.2
[INFO] finished tweaking crates.io crate julep-iced-core 0.6.2
[INFO] tweaked toml for crates.io crate julep-iced-core 0.6.2 written to /workspace/builds/worker-0-tc2/source/Cargo.toml
[INFO] validating manifest of crates.io crate julep-iced-core 0.6.2 on toolchain 1.100.0-beta.1
[INFO] running `Command { std: CARGO_HOME="/workspace/cargo-home" RUSTUP_HOME="/workspace/rustup-home" "/workspace/cargo-home/bin/cargo" "+1.100.0-beta.1" "metadata" "--manifest-path" "Cargo.toml" "--no-deps", kill_on_drop: false }`
[INFO] crate crates.io crate julep-iced-core 0.6.2 already has a lockfile, it will not be regenerated
[INFO] running `Command { std: CARGO_HOME="/workspace/cargo-home" RUSTUP_HOME="/workspace/rustup-home" "/workspace/cargo-home/bin/cargo" "+1.100.0-beta.1" "fetch" "--manifest-path" "Cargo.toml", kill_on_drop: false }`
[INFO] [stderr] warning: Cargo.toml: `lints.clippy.large-enum-variant` is deprecated in favor of `lints.clippy.large_enum_variant` and will not work in a future edition
[INFO] [stderr] warning: Cargo.toml: `lints.clippy.map-entry` is deprecated in favor of `lints.clippy.map_entry` and will not work in a future edition
[INFO] [stderr] warning: Cargo.toml: `lints.clippy.match-wildcard-for-single-variants` is deprecated in favor of `lints.clippy.match_wildcard_for_single_variants` and will not work in a future edition
[INFO] [stderr] warning: Cargo.toml: `lints.clippy.redundant-closure-for-method-calls` is deprecated in favor of `lints.clippy.redundant_closure_for_method_calls` and will not work in a future edition
[INFO] [stderr] warning: Cargo.toml: `lints.clippy.trivially-copy-pass-by-ref` is deprecated in favor of `lints.clippy.trivially_copy_pass_by_ref` and will not work in a future edition
[INFO] [stderr] warning: Cargo.toml: `lints.clippy.type-complexity` is deprecated in favor of `lints.clippy.type_complexity` and will not work in a future edition
[INFO] [stderr] warning: `package.homepage` is redundant with `package.repository`
[INFO] [stderr]   --> Cargo.toml:88:12
[INFO] [stderr]    |
[INFO] [stderr] 88 | homepage = "https://github.com/toddy-ui/julep-iced"
[INFO] [stderr]    |            ^^^^^^^^^^^^^^^^^^^^^^^^^^^^^^^^^^^^^^^^
[INFO] [stderr] ...
[INFO] [stderr] 93 | repository = "https://github.com/toddy-ui/julep-iced"
[INFO] [stderr]    |              ----------------------------------------
[INFO] [stderr]    |
[INFO] [stderr]    = note: `cargo::redundant_homepage` is set to `warn` by default
[INFO] [stderr] help: consider removing `package.homepage`
[INFO] [stderr] warning: `julep-iced-core` (manifest) generated 7 warnings
[INFO] running `Command { std: "docker" "create" "-v" "/var/lib/crater-agent-workspace/builds/worker-0-tc2/source:/opt/rustwide/workdir:ro,Z" "-v" "/var/lib/crater-agent-workspace/builds/worker-0-tc2/target:/opt/rustwide/target:rw,Z" "-v" "/var/lib/crater-agent-workspace/cargo-home:/opt/rustwide/cargo-home:ro,Z" "-v" "/var/lib/crater-agent-workspace/rustup-home:/opt/rustwide/rustup-home:ro,Z" "-m" "1610612736" "--network" "none" "ghcr.io/rust-lang/crates-build-env/linux@sha256:77db811e55d90add9212f6832c23229e3de5f1c1f9905e8cb07319ea15df73ac" "sleep" "infinity", kill_on_drop: false }`
[INFO] [stdout] 58c9812119f0db30a72a1cccc44b963b1cfa9807101983e2f8001be9abe80a25
[INFO] running `Command { std: "docker" "start" "58c9812119f0db30a72a1cccc44b963b1cfa9807101983e2f8001be9abe80a25", kill_on_drop: false }`
[INFO] running `Command { std: "docker" "inspect" "58c9812119f0db30a72a1cccc44b963b1cfa9807101983e2f8001be9abe80a25", kill_on_drop: false }`
[INFO] running `Command { std: "docker" "exec" "-e" "SOURCE_DIR=/opt/rustwide/workdir" "-e" "CARGO_HOME=/opt/rustwide/cargo-home" "-e" "RUSTUP_HOME=/opt/rustwide/rustup-home" "-e" "CARGO_TARGET_DIR=/opt/rustwide/target" "-w" "/opt/rustwide/workdir" "--user" "0:0" "58c9812119f0db30a72a1cccc44b963b1cfa9807101983e2f8001be9abe80a25" "/opt/rustwide/cargo-home/bin/cargo" "+1.100.0-beta.1" "metadata" "--no-deps" "--format-version=1", kill_on_drop: false }`
[INFO] running `Command { std: "docker" "inspect" "58c9812119f0db30a72a1cccc44b963b1cfa9807101983e2f8001be9abe80a25", kill_on_drop: false }`
[INFO] running `Command { std: "docker" "exec" "-e" "SOURCE_DIR=/opt/rustwide/workdir" "-e" "CARGO_HOME=/opt/rustwide/cargo-home" "-e" "RUSTUP_HOME=/opt/rustwide/rustup-home" "-e" "CARGO_TARGET_DIR=/opt/rustwide/target" "-e" "CARGO_INCREMENTAL=0" "-e" "RUST_BACKTRACE=full" "-e" "RUSTFLAGS=--cap-lints=warn" "-e" "RUSTDOCFLAGS=--cap-lints=warn" "-w" "/opt/rustwide/workdir" "--user" "0:0" "58c9812119f0db30a72a1cccc44b963b1cfa9807101983e2f8001be9abe80a25" "/opt/rustwide/cargo-home/bin/cargo" "+1.100.0-beta.1" "build" "--frozen" "--message-format=json" "--release", kill_on_drop: false }`
[INFO] [stderr] warning: Cargo.toml: `lints.clippy.large-enum-variant` is deprecated in favor of `lints.clippy.large_enum_variant` and will not work in a future edition
[INFO] [stderr] warning: Cargo.toml: `lints.clippy.map-entry` is deprecated in favor of `lints.clippy.map_entry` and will not work in a future edition
[INFO] [stderr] warning: Cargo.toml: `lints.clippy.match-wildcard-for-single-variants` is deprecated in favor of `lints.clippy.match_wildcard_for_single_variants` and will not work in a future edition
[INFO] [stderr] warning: Cargo.toml: `lints.clippy.redundant-closure-for-method-calls` is deprecated in favor of `lints.clippy.redundant_closure_for_method_calls` and will not work in a future edition
[INFO] [stderr] warning: Cargo.toml: `lints.clippy.trivially-copy-pass-by-ref` is deprecated in favor of `lints.clippy.trivially_copy_pass_by_ref` and will not work in a future edition
[INFO] [stderr] warning: Cargo.toml: `lints.clippy.type-complexity` is deprecated in favor of `lints.clippy.type_complexity` and will not work in a future edition
[INFO] [stderr] warning: `package.homepage` is redundant with `package.repository`
[INFO] [stderr]   --> Cargo.toml:88:12
[INFO] [stderr]    |
[INFO] [stderr] 88 | homepage = "https://github.com/toddy-ui/julep-iced"
[INFO] [stderr]    |            ^^^^^^^^^^^^^^^^^^^^^^^^^^^^^^^^^^^^^^^^
[INFO] [stderr] ...
[INFO] [stderr] 93 | repository = "https://github.com/toddy-ui/julep-iced"
[INFO] [stderr]    |              ----------------------------------------
[INFO] [stderr]    |
[INFO] [stderr]    = note: `cargo::redundant_homepage` is set to `warn` by default
[INFO] [stderr] help: consider removing `package.homepage`
[INFO] [stderr] warning: `julep-iced-core` (manifest) generated 7 warnings
[INFO] [stderr]    Compiling web-time v1.1.0
[INFO] [stderr]    Compiling glam v0.25.0
[INFO] [stderr]    Compiling rustc-hash v2.1.1
[INFO] [stderr]    Compiling smol_str v0.2.2
[INFO] [stderr]    Compiling bitflags v2.11.0
[INFO] [stderr]    Compiling quote v1.0.45
[INFO] [stderr]    Compiling lilt v0.8.1
[INFO] [stderr]    Compiling syn v2.0.117
[INFO] [stderr]    Compiling thiserror-impl v2.0.18
[INFO] [stderr]    Compiling thiserror v2.0.18
[INFO] [stderr]    Compiling julep-iced-core v0.6.2 (/opt/rustwide/workdir)
[INFO] [stderr]     Finished `release` profile [optimized] target(s) in 8.17s
[INFO] running `Command { std: "docker" "inspect" "58c9812119f0db30a72a1cccc44b963b1cfa9807101983e2f8001be9abe80a25", kill_on_drop: false }`
[INFO] running `Command { std: "docker" "exec" "-e" "SOURCE_DIR=/opt/rustwide/workdir" "-e" "CARGO_HOME=/opt/rustwide/cargo-home" "-e" "RUSTUP_HOME=/opt/rustwide/rustup-home" "-e" "CARGO_TARGET_DIR=/opt/rustwide/target" "-e" "CARGO_INCREMENTAL=0" "-e" "RUST_BACKTRACE=full" "-e" "RUSTFLAGS=--cap-lints=warn" "-e" "RUSTDOCFLAGS=--cap-lints=warn" "-w" "/opt/rustwide/workdir" "--user" "0:0" "58c9812119f0db30a72a1cccc44b963b1cfa9807101983e2f8001be9abe80a25" "/opt/rustwide/cargo-home/bin/cargo" "+1.100.0-beta.1" "test" "--frozen" "--no-run" "--message-format=json" "--release", kill_on_drop: false }`
[INFO] [stderr] warning: Cargo.toml: `lints.clippy.large-enum-variant` is deprecated in favor of `lints.clippy.large_enum_variant` and will not work in a future edition
[INFO] [stderr] warning: Cargo.toml: `lints.clippy.map-entry` is deprecated in favor of `lints.clippy.map_entry` and will not work in a future edition
[INFO] [stderr] warning: Cargo.toml: `lints.clippy.match-wildcard-for-single-variants` is deprecated in favor of `lints.clippy.match_wildcard_for_single_variants` and will not work in a future edition
[INFO] [stderr] warning: Cargo.toml: `lints.clippy.redundant-closure-for-method-calls` is deprecated in favor of `lints.clippy.redundant_closure_for_method_calls` and will not work in a future edition
[INFO] [stderr] warning: Cargo.toml: `lints.clippy.trivially-copy-pass-by-ref` is deprecated in favor of `lints.clippy.trivially_copy_pass_by_ref` and will not work in a future edition
[INFO] [stderr] warning: Cargo.toml: `lints.clippy.type-complexity` is deprecated in favor of `lints.clippy.type_complexity` and will not work in a future edition
[INFO] [stderr] warning: `package.homepage` is redundant with `package.repository`
[INFO] [stderr]   --> Cargo.toml:88:12
[INFO] [stderr]    |
[INFO] [stderr] 88 | homepage = "https://github.com/toddy-ui/julep-iced"
[INFO] [stderr]    |            ^^^^^^^^^^^^^^^^^^^^^^^^^^^^^^^^^^^^^^^^
[INFO] [stderr] ...
[INFO] [stderr] 93 | repository = "https://github.com/toddy-ui/julep-iced"
[INFO] [stderr]    |              ----------------------------------------
[INFO] [stderr]    |
[INFO] [stderr]    = note: `cargo::redundant_homepage` is set to `warn` by default
[INFO] [stderr] help: consider removing `package.homepage`
[INFO] [stderr] warning: `julep-iced-core` (manifest) generated 7 warnings
[INFO] [stderr]    Compiling julep-iced-core v0.6.2 (/opt/rustwide/workdir)
[INFO] [stderr]     Finished `release` profile [optimized] target(s) in 1.90s
[INFO] running `Command { std: "docker" "inspect" "58c9812119f0db30a72a1cccc44b963b1cfa9807101983e2f8001be9abe80a25", kill_on_drop: false }`
[INFO] running `Command { std: "docker" "exec" "-e" "SOURCE_DIR=/opt/rustwide/workdir" "-e" "CARGO_HOME=/opt/rustwide/cargo-home" "-e" "RUSTUP_HOME=/opt/rustwide/rustup-home" "-e" "CARGO_TARGET_DIR=/opt/rustwide/target" "-e" "CARGO_INCREMENTAL=0" "-e" "RUST_BACKTRACE=full" "-e" "RUSTFLAGS=--cap-lints=warn" "-e" "RUSTDOCFLAGS=--cap-lints=warn" "-w" "/opt/rustwide/workdir" "--user" "0:0" "58c9812119f0db30a72a1cccc44b963b1cfa9807101983e2f8001be9abe80a25" "/opt/rustwide/cargo-home/bin/cargo" "+1.100.0-beta.1" "test" "--frozen" "--release", kill_on_drop: false }`
[INFO] [stderr] warning: Cargo.toml: `lints.clippy.large-enum-variant` is deprecated in favor of `lints.clippy.large_enum_variant` and will not work in a future edition
[INFO] [stderr] warning: Cargo.toml: `lints.clippy.map-entry` is deprecated in favor of `lints.clippy.map_entry` and will not work in a future edition
[INFO] [stderr] warning: Cargo.toml: `lints.clippy.match-wildcard-for-single-variants` is deprecated in favor of `lints.clippy.match_wildcard_for_single_variants` and will not work in a future edition
[INFO] [stderr] warning: Cargo.toml: `lints.clippy.redundant-closure-for-method-calls` is deprecated in favor of `lints.clippy.redundant_closure_for_method_calls` and will not work in a future edition
[INFO] [stderr] warning: Cargo.toml: `lints.clippy.trivially-copy-pass-by-ref` is deprecated in favor of `lints.clippy.trivially_copy_pass_by_ref` and will not work in a future edition
[INFO] [stderr] warning: Cargo.toml: `lints.clippy.type-complexity` is deprecated in favor of `lints.clippy.type_complexity` and will not work in a future edition
[INFO] [stderr] warning: `package.homepage` is redundant with `package.repository`
[INFO] [stderr]   --> Cargo.toml:88:12
[INFO] [stderr]    |
[INFO] [stderr] 88 | homepage = "https://github.com/toddy-ui/julep-iced"
[INFO] [stderr]    |            ^^^^^^^^^^^^^^^^^^^^^^^^^^^^^^^^^^^^^^^^
[INFO] [stderr] ...
[INFO] [stderr] 93 | repository = "https://github.com/toddy-ui/julep-iced"
[INFO] [stderr]    |              ----------------------------------------
[INFO] [stderr]    |
[INFO] [stderr]    = note: `cargo::redundant_homepage` is set to `warn` by default
[INFO] [stderr] help: consider removing `package.homepage`
[INFO] [stderr] warning: `julep-iced-core` (manifest) generated 7 warnings
[INFO] [stdout] 
[INFO] [stderr]     Finished `release` profile [optimized] target(s) in 0.05s
[INFO] [stdout] running 6 tests
[INFO] [stderr]      Running unittests src/lib.rs (/opt/rustwide/target/release/build/julep-iced-core/ecc42a697e0bd88a/out/iced_core-ecc42a697e0bd88a)
[INFO] [stdout] test color::tests::shorthand_notation ... ok
[INFO] [stderr]    Doc-tests iced_core
[INFO] [stdout] test widget::operation::focusable::tests::both_scrollbars_reduce_visible_area ... ok
[INFO] [stdout] test color::tests::parse ... ok
[INFO] [stdout] test window::redraw_request::tests::ordering ... ok
[INFO] [stdout] test widget::operation::focusable::tests::sequential_tab_forward_and_backward ... ok
[INFO] [stdout] test widget::id::tests::unique_generates_different_ids ... ok
[INFO] [stdout] 
[INFO] [stdout] test result: ok. 6 passed; 0 failed; 0 ignored; 0 measured; 0 filtered out; finished in 0.00s
[INFO] [stdout] 
[INFO] [stdout] 
[INFO] [stdout] running 17 tests
[INFO] [stdout] test src/padding.rs - padding::Padding (line 18) ... ok
[INFO] [stdout] test src/element.rs - element::Element<'a,Message,Theme,Renderer>::map (line 88) - compile ... FAILED
[INFO] [stdout] test src/lib.rs - Function::with (line 117) ... ok
[INFO] [stdout] test src/widget/text.rs - widget::text (line 4) - compile ... FAILED
[INFO] [stdout] test src/widget/text.rs - widget::text::Text (line 37) - compile ... FAILED
[INFO] [stdout] test src/element.rs - element::Element<'a,Message,Theme,Renderer>::map (line 57) ... ok
[INFO] [stdout] test src/input_method.rs - input_method::InputMethod::merge (line 88) ... ok
[INFO] [stdout] test src/lib.rs - Function::with (line 129) ... ok
[INFO] [stdout] test src/border.rs - border::rounded (line 19) ... ok
[INFO] [stdout] test src/keyboard/key.rs - keyboard::key::Key::to_latin (line 39) ... ok
[INFO] [stdout] test src/color.rs - color::color (line 317) ... ok
[INFO] [stdout] test src/border.rs - border::color (line 30) ... ok
[INFO] [stdout] test src/element.rs - element::Element<'a,Message,Theme,Renderer>::map (line 74) ... ok
[INFO] [stdout] test src/event.rs - event::Status::merge (line 51) ... ok
[INFO] [stdout] test src/padding.rs - padding::Padding (line 8) ... ok
[INFO] [stdout] test src/border.rs - border::width (line 42) ... ok
[INFO] [stdout] test src/element.rs - element::Element<'a,Message,Theme,Renderer>::map (line 151) ... ok
[INFO] [stdout] 
[INFO] [stdout] failures:
[INFO] [stdout] 
[INFO] [stdout] ---- src/element.rs - element::Element<'a,Message,Theme,Renderer>::map (line 88) stdout ----
[INFO] [stdout] error[E0277]: the trait bound `(): iced_core::Renderer` is not satisfied
[INFO] [stdout]    --> src/element.rs:141:29
[INFO] [stdout]     |
[INFO] [stdout] 141 |                     counter.map(Message::Counter.with(index))
[INFO] [stdout]     |                             ^^^ the trait `iced_core::Renderer` is not implemented for `()`
[INFO] [stdout]     |
[INFO] [stdout] note: required by a bound in `iced_core::Element::<'a, Message, Theme, Renderer>::map`
[INFO] [stdout]    --> src/element.rs:188:19
[INFO] [stdout]     |
[INFO] [stdout]  24 | impl<'a, Message, Theme, Renderer> Element<'a, Message, Theme, Renderer> {
[INFO] [stdout] ...
[INFO] [stdout] 184 |     pub fn map<B>(self, f: impl Fn(Message) -> B + 'a) -> Element<'a, B, Theme, Renderer>
[INFO] [stdout] ...
[INFO] [stdout] 188 |         Renderer: crate::Renderer + 'a,
[INFO] [stdout]     |                   ^^^^^^^^^^^^^^^ required by this bound in `Element::<'a, Message, Theme, Renderer>::map`
[INFO] [stdout] 
[INFO] [stdout] error: aborting due to 1 previous error
[INFO] [stdout] 
[INFO] [stdout] For more information about this error, try `rustc --explain E0277`.
[INFO] [stdout] Couldn't compile the test.
[INFO] [stdout] ---- src/widget/text.rs - widget::text (line 4) stdout ----
[INFO] [stdout] error[E0277]: the trait bound `(): iced_core::text::Renderer` is not satisfied
[INFO] [stdout]   --> src/widget/text.rs:6:53
[INFO] [stdout]    |
[INFO] [stdout]  6 | mod iced { pub mod widget { pub fn text<T>(t: T) -> iced_core::widget::Text<'static, iced_core::Theme, ()> { unimplemented!() } }
[INFO] [stdout]    |                                                     ^^^^^^^^^^^^^^^^^^^^^^^^^^^^^^^^^^^^^^^^^^^^^^^^^^^^^^ the trait `iced_core::text::Renderer` is not implemented for `()`
[INFO] [stdout]    |
[INFO] [stdout] note: required by a bound in `iced_core::widget::Text`
[INFO] [stdout]   --> src/widget/text.rs:60:15
[INFO] [stdout]    |
[INFO] [stdout] 57 | pub struct Text<'a, Theme, Renderer>
[INFO] [stdout] ...
[INFO] [stdout] 60 |     Renderer: text::Renderer,
[INFO] [stdout]    |               ^^^^^^^^^^^^^^ required by this bound in `Text`
[INFO] [stdout] 
[INFO] [stdout] error[E0599]: the method `size` exists for struct `iced_core::widget::Text<'static, Theme, ()>`, but its trait bounds were not satisfied
[INFO] [stdout]   --> src/widget/text.rs:19:10
[INFO] [stdout]    |
[INFO] [stdout] 18 |     text("Hello, this is iced!")
[INFO] [stdout] 19 |         .size(20)
[INFO] [stdout]    |          ^^^^ method cannot be called on `iced_core::widget::Text<'static, Theme, ()>` due to unsatisfied trait bounds
[INFO] [stdout]    |
[INFO] [stdout]    = note: the following trait bounds were not satisfied:
[INFO] [stdout]            `(): iced_core::text::Renderer`
[INFO] [stdout] 
[INFO] [stdout] error[E0277]: the trait bound `(): iced_core::text::Renderer` is not satisfied
[INFO] [stdout]   --> src/widget/text.rs:18:5
[INFO] [stdout]    |
[INFO] [stdout] 18 |     text("Hello, this is iced!")
[INFO] [stdout]    |     ^^^^^^^^^^^^^^^^^^^^^^^^^^^^ the trait `iced_core::text::Renderer` is not implemented for `()`
[INFO] [stdout]    |
[INFO] [stdout] note: required by a bound in `iced_core::widget::Text`
[INFO] [stdout]   --> src/widget/text.rs:60:15
[INFO] [stdout]    |
[INFO] [stdout] 57 | pub struct Text<'a, Theme, Renderer>
[INFO] [stdout] ...
[INFO] [stdout] 60 |     Renderer: text::Renderer,
[INFO] [stdout]    |               ^^^^^^^^^^^^^^ required by this bound in `Text`
[INFO] [stdout] 
[INFO] [stdout] error[E0277]: the trait bound `(): iced_core::text::Renderer` is not satisfied
[INFO] [stdout]  --> src/widget/text.rs:6:53
[INFO] [stdout]   |
[INFO] [stdout] 6 | mod iced { pub mod widget { pub fn text<T>(t: T) -> iced_core::widget::Text<'static, iced_core::Theme, ()> { unimplemented!() } }
[INFO] [stdout]   |                                                     ^^^^^^^^^^^^^^^^^^^^^^^^^^^^^^^^^^^^^^^^^^^^^^^^^^^^^^ the trait `iced_core::text::Renderer` is not implemented for `()`
[INFO] [stdout] 
[INFO] [stdout] error: aborting due to 4 previous errors
[INFO] [stdout] 
[INFO] [stdout] Some errors have detailed explanations: E0277, E0599.
[INFO] [stdout] For more information about an error, try `rustc --explain E0277`.
[INFO] [stdout] Couldn't compile the test.
[INFO] [stdout] ---- src/widget/text.rs - widget::text::Text (line 37) stdout ----
[INFO] [stdout] error[E0277]: the trait bound `(): iced_core::text::Renderer` is not satisfied
[INFO] [stdout]   --> src/widget/text.rs:39:53
[INFO] [stdout]    |
[INFO] [stdout] 39 | mod iced { pub mod widget { pub fn text<T>(t: T) -> iced_core::widget::Text<'static, iced_core::Theme, ()> { unimplemented!() } }
[INFO] [stdout]    |                                                     ^^^^^^^^^^^^^^^^^^^^^^^^^^^^^^^^^^^^^^^^^^^^^^^^^^^^^^ the trait `iced_core::text::Renderer` is not implemented for `()`
[INFO] [stdout]    |
[INFO] [stdout] note: required by a bound in `iced_core::widget::Text`
[INFO] [stdout]   --> src/widget/text.rs:60:15
[INFO] [stdout]    |
[INFO] [stdout] 57 | pub struct Text<'a, Theme, Renderer>
[INFO] [stdout] ...
[INFO] [stdout] 60 |     Renderer: text::Renderer,
[INFO] [stdout]    |               ^^^^^^^^^^^^^^ required by this bound in `Text`
[INFO] [stdout] 
[INFO] [stdout] error[E0599]: the method `size` exists for struct `iced_core::widget::Text<'static, Theme, ()>`, but its trait bounds were not satisfied
[INFO] [stdout]   --> src/widget/text.rs:52:10
[INFO] [stdout]    |
[INFO] [stdout] 51 |     text("Hello, this is iced!")
[INFO] [stdout] 52 |         .size(20)
[INFO] [stdout]    |          ^^^^ method cannot be called on `iced_core::widget::Text<'static, Theme, ()>` due to unsatisfied trait bounds
[INFO] [stdout]    |
[INFO] [stdout]    = note: the following trait bounds were not satisfied:
[INFO] [stdout]            `(): iced_core::text::Renderer`
[INFO] [stdout] 
[INFO] [stdout] error[E0277]: the trait bound `(): iced_core::text::Renderer` is not satisfied
[INFO] [stdout]   --> src/widget/text.rs:51:5
[INFO] [stdout]    |
[INFO] [stdout] 51 |     text("Hello, this is iced!")
[INFO] [stdout]    |     ^^^^^^^^^^^^^^^^^^^^^^^^^^^^ the trait `iced_core::text::Renderer` is not implemented for `()`
[INFO] [stdout]    |
[INFO] [stdout] note: required by a bound in `iced_core::widget::Text`
[INFO] [stdout]   --> src/widget/text.rs:60:15
[INFO] [stdout]    |
[INFO] [stdout] 57 | pub struct Text<'a, Theme, Renderer>
[INFO] [stdout] ...
[INFO] [stdout] 60 |     Renderer: text::Renderer,
[INFO] [stdout]    |               ^^^^^^^^^^^^^^ required by this bound in `Text`
[INFO] [stdout] 
[INFO] [stdout] error[E0277]: the trait bound `(): iced_core::text::Renderer` is not satisfied
[INFO] [stdout]   --> src/widget/text.rs:39:53
[INFO] [stdout]    |
[INFO] [stdout] 39 | mod iced { pub mod widget { pub fn text<T>(t: T) -> iced_core::widget::Text<'static, iced_core::Theme, ()> { unimplemented!() } }
[INFO] [stdout]    |                                                     ^^^^^^^^^^^^^^^^^^^^^^^^^^^^^^^^^^^^^^^^^^^^^^^^^^^^^^ the trait `iced_core::text::Renderer` is not implemented for `()`
[INFO] [stdout] 
[INFO] [stdout] error: aborting due to 4 previous errors
[INFO] [stdout] 
[INFO] [stdout] Some errors have detailed explanations: E0277, E0599.
[INFO] [stdout] For more information about an error, try `rustc --explain E0277`.
[INFO] [stdout] Couldn't compile the test.
[INFO] [stdout] 
[INFO] [stdout] failures:
[INFO] [stdout]     src/element.rs - element::Element<'a,Message,Theme,Renderer>::map (line 88)
[INFO] [stdout]     src/widget/text.rs - widget::text (line 4)
[INFO] [stdout]     src/widget/text.rs - widget::text::Text (line 37)
[INFO] [stdout] 
[INFO] [stdout] test result: FAILED. 14 passed; 3 failed; 0 ignored; 0 measured; 0 filtered out; finished in 0.64s
[INFO] [stdout] 
[INFO] [stdout] all doctests ran in 0.85s; merged doctests compilation took 0.20s
[INFO] [stderr] error: doctest failed, to rerun pass `--doc`
[INFO] running `Command { std: "docker" "inspect" "58c9812119f0db30a72a1cccc44b963b1cfa9807101983e2f8001be9abe80a25", kill_on_drop: false }`
[INFO] running `Command { std: "docker" "rm" "-f" "58c9812119f0db30a72a1cccc44b963b1cfa9807101983e2f8001be9abe80a25", kill_on_drop: false }`
[INFO] [stdout] 58c9812119f0db30a72a1cccc44b963b1cfa9807101983e2f8001be9abe80a25
