[INFO] fetching crate jujitsui 1.0.0...
[INFO] testing jujitsui-1.0.0 against 1.100.0-beta.1+cargoflags=--release for beta-release-1.100-2
[INFO] extracting crate jujitsui 1.0.0 into /workspace/builds/worker-1-tc2/source
[INFO] removed /workspace/builds/worker-1-tc2/source/.cargo/config.toml
[INFO] removed /workspace/builds/worker-1-tc2/source/rust-toolchain.toml
[INFO] started tweaking crates.io crate jujitsui 1.0.0
[INFO] finished tweaking crates.io crate jujitsui 1.0.0
[INFO] tweaked toml for crates.io crate jujitsui 1.0.0 written to /workspace/builds/worker-1-tc2/source/Cargo.toml
[INFO] validating manifest of crates.io crate jujitsui 1.0.0 on toolchain 1.100.0-beta.1
[INFO] running `Command { std: CARGO_HOME="/workspace/cargo-home" RUSTUP_HOME="/workspace/rustup-home" "/workspace/cargo-home/bin/cargo" "+1.100.0-beta.1" "metadata" "--manifest-path" "Cargo.toml" "--no-deps", kill_on_drop: false }`
[INFO] crate crates.io crate jujitsui 1.0.0 already has a lockfile, it will not be regenerated
[INFO] running `Command { std: CARGO_HOME="/workspace/cargo-home" RUSTUP_HOME="/workspace/rustup-home" "/workspace/cargo-home/bin/cargo" "+1.100.0-beta.1" "fetch" "--manifest-path" "Cargo.toml", kill_on_drop: false }`
[INFO] [stderr] warning: `package.homepage` is redundant with `package.repository`
[INFO] [stderr]    --> Cargo.toml:173:12
[INFO] [stderr]     |
[INFO] [stderr] 173 | homepage = "https://code.thomasboom.com/thomasboom/jujitsui"
[INFO] [stderr]     |            ^^^^^^^^^^^^^^^^^^^^^^^^^^^^^^^^^^^^^^^^^^^^^^^^^
[INFO] [stderr] ...
[INFO] [stderr] 178 | repository = "https://code.thomasboom.com/thomasboom/jujitsui"
[INFO] [stderr]     |              -------------------------------------------------
[INFO] [stderr]     |
[INFO] [stderr]     = note: `cargo::redundant_homepage` is set to `warn` by default
[INFO] [stderr] help: consider removing `package.homepage`
[INFO] [stderr] warning: `jujitsui` (manifest) generated 1 warning
[INFO] running `Command { std: "docker" "create" "-v" "/var/lib/crater-agent-workspace/builds/worker-1-tc2/source:/opt/rustwide/workdir:ro,Z" "-v" "/var/lib/crater-agent-workspace/builds/worker-1-tc2/target:/opt/rustwide/target:rw,Z" "-v" "/var/lib/crater-agent-workspace/cargo-home:/opt/rustwide/cargo-home:ro,Z" "-v" "/var/lib/crater-agent-workspace/rustup-home:/opt/rustwide/rustup-home:ro,Z" "-m" "1610612736" "--network" "none" "ghcr.io/rust-lang/crates-build-env/linux@sha256:77db811e55d90add9212f6832c23229e3de5f1c1f9905e8cb07319ea15df73ac" "sleep" "infinity", kill_on_drop: false }`
[INFO] [stdout] 9f00e5317d7d9436d51cbac9ca3be215ab4f5b1af185f0cd4670b2225b1b1feb
[INFO] running `Command { std: "docker" "start" "9f00e5317d7d9436d51cbac9ca3be215ab4f5b1af185f0cd4670b2225b1b1feb", kill_on_drop: false }`
[INFO] running `Command { std: "docker" "inspect" "9f00e5317d7d9436d51cbac9ca3be215ab4f5b1af185f0cd4670b2225b1b1feb", kill_on_drop: false }`
[INFO] running `Command { std: "docker" "exec" "-e" "SOURCE_DIR=/opt/rustwide/workdir" "-e" "CARGO_HOME=/opt/rustwide/cargo-home" "-e" "RUSTUP_HOME=/opt/rustwide/rustup-home" "-e" "CARGO_TARGET_DIR=/opt/rustwide/target" "-w" "/opt/rustwide/workdir" "--user" "0:0" "9f00e5317d7d9436d51cbac9ca3be215ab4f5b1af185f0cd4670b2225b1b1feb" "/opt/rustwide/cargo-home/bin/cargo" "+1.100.0-beta.1" "metadata" "--no-deps" "--format-version=1", kill_on_drop: false }`
[INFO] running `Command { std: "docker" "inspect" "9f00e5317d7d9436d51cbac9ca3be215ab4f5b1af185f0cd4670b2225b1b1feb", kill_on_drop: false }`
[INFO] running `Command { std: "docker" "exec" "-e" "SOURCE_DIR=/opt/rustwide/workdir" "-e" "CARGO_HOME=/opt/rustwide/cargo-home" "-e" "RUSTUP_HOME=/opt/rustwide/rustup-home" "-e" "CARGO_TARGET_DIR=/opt/rustwide/target" "-e" "CARGO_INCREMENTAL=0" "-e" "RUST_BACKTRACE=full" "-e" "RUSTFLAGS=--cap-lints=warn" "-e" "RUSTDOCFLAGS=--cap-lints=warn" "-w" "/opt/rustwide/workdir" "--user" "0:0" "9f00e5317d7d9436d51cbac9ca3be215ab4f5b1af185f0cd4670b2225b1b1feb" "/opt/rustwide/cargo-home/bin/cargo" "+1.100.0-beta.1" "build" "--frozen" "--message-format=json" "--release", kill_on_drop: false }`
[INFO] [stderr] warning: `package.homepage` is redundant with `package.repository`
[INFO] [stderr]    --> Cargo.toml:173:12
[INFO] [stderr]     |
[INFO] [stderr] 173 | homepage = "https://code.thomasboom.com/thomasboom/jujitsui"
[INFO] [stderr]     |            ^^^^^^^^^^^^^^^^^^^^^^^^^^^^^^^^^^^^^^^^^^^^^^^^^
[INFO] [stderr] ...
[INFO] [stderr] 178 | repository = "https://code.thomasboom.com/thomasboom/jujitsui"
[INFO] [stderr]     |              -------------------------------------------------
[INFO] [stderr]     |
[INFO] [stderr]     = note: `cargo::redundant_homepage` is set to `warn` by default
[INFO] [stderr] help: consider removing `package.homepage`
[INFO] [stderr] warning: `jujitsui` (manifest) generated 1 warning
[INFO] [stderr]    Compiling proc-macro2 v1.0.94
[INFO] [stderr]    Compiling unicode-ident v1.0.14
[INFO] [stderr]    Compiling libc v0.2.186
[INFO] [stderr]    Compiling serde_core v1.0.228
[INFO] [stderr]    Compiling cfg-if v1.0.4
[INFO] [stderr]    Compiling serde v1.0.228
[INFO] [stderr]    Compiling memchr v2.7.4
[INFO] [stderr]    Compiling stable_deref_trait v1.2.0
[INFO] [stderr]    Compiling allocator-api2 v0.2.21
[INFO] [stderr]    Compiling itoa v1.0.17
[INFO] [stderr]    Compiling foldhash v0.2.0
[INFO] [stderr]    Compiling equivalent v1.0.1
[INFO] [stderr]    Compiling thiserror v2.0.18
[INFO] [stderr]    Compiling smallvec v1.15.1
[INFO] [stderr]    Compiling log v0.4.29
[INFO] [stderr]    Compiling either v1.13.0
[INFO] [stderr]    Compiling crossbeam-utils v0.8.21
[INFO] [stderr]    Compiling rustix v1.1.4
[INFO] [stderr]    Compiling time-core v0.1.8
[INFO] [stderr]    Compiling ryu v1.0.18
[INFO] [stderr]    Compiling writeable v0.5.5
[INFO] [stderr]    Compiling num-conv v0.2.0
[INFO] [stderr]    Compiling rustversion v1.0.19
[INFO] [stderr]    Compiling powerfmt v0.2.0
[INFO] [stderr]    Compiling litemap v0.7.4
[INFO] [stderr]    Compiling linux-raw-sys v0.12.1
[INFO] [stderr]    Compiling strsim v0.11.1
[INFO] [stderr]    Compiling time-macros v0.2.27
[INFO] [stderr]    Compiling ident_case v1.0.1
[INFO] [stderr]    Compiling deranged v0.5.8
[INFO] [stderr]    Compiling once_cell v1.21.3
[INFO] [stderr]    Compiling num_threads v0.1.7
[INFO] [stderr]    Compiling crossbeam-epoch v0.9.20
[INFO] [stderr]    Compiling fnv v1.0.7
[INFO] [stderr]    Compiling hashbrown v0.16.1
[INFO] [stderr]    Compiling itertools v0.14.0
[INFO] [stderr]    Compiling icu_locid_transform_data v1.5.0
[INFO] [stderr]    Compiling unicode-segmentation v1.12.0
[INFO] [stderr]    Compiling heck v0.5.0
[INFO] [stderr]    Compiling parking_lot_core v0.9.12
[INFO] [stderr]    Compiling rayon-core v1.13.0
[INFO] [stderr]    Compiling signal-hook v0.3.17
[INFO] [stderr]    Compiling unicode-width v0.2.0
[INFO] [stderr]    Compiling static_assertions v1.1.0
[INFO] [stderr]    Compiling icu_properties_data v1.5.0
[INFO] [stderr]    Compiling scopeguard v1.2.0
[INFO] [stderr]    Compiling aho-corasick v1.1.3
[INFO] [stderr]    Compiling indoc v2.0.5
[INFO] [stderr]    Compiling regex-syntax v0.8.5
[INFO] [stderr]    Compiling castaway v0.2.3
[INFO] [stderr]    Compiling quote v1.0.38
[INFO] [stderr]    Compiling crossbeam-deque v0.8.6
[INFO] [stderr]    Compiling syn v2.0.117
[INFO] [stderr]    Compiling convert_case v0.10.0
[INFO] [stderr]    Compiling lock_api v0.4.14
[INFO] [stderr]    Compiling write16 v1.0.0
[INFO] [stderr]    Compiling same-file v1.0.6
[INFO] [stderr]    Compiling litrs v1.0.0
[INFO] [stderr]    Compiling utf16_iter v1.0.5
[INFO] [stderr]    Compiling utf8_iter v1.0.4
[INFO] [stderr]    Compiling getrandom v0.4.2
[INFO] [stderr]    Compiling adler2 v2.0.0
[INFO] [stderr]    Compiling icu_normalizer_data v1.5.0
[INFO] [stderr]    Compiling crc32fast v1.5.0
[INFO] [stderr]    Compiling walkdir v2.5.0
[INFO] [stderr]    Compiling miniz_oxide v0.8.7
[INFO] [stderr]    Compiling option-ext v0.2.0
[INFO] [stderr]    Compiling lru v0.16.3
[INFO] [stderr]    Compiling serde_json v1.0.135
[INFO] [stderr]    Compiling bit-vec v0.8.0
[INFO] [stderr]    Compiling utf8parse v0.2.2
[INFO] [stderr]    Compiling autocfg v1.4.0
[INFO] [stderr]    Compiling anstyle-parse v0.2.6
[INFO] [stderr]    Compiling indexmap v2.13.0
[INFO] [stderr]    Compiling bit-set v0.8.0
[INFO] [stderr]    Compiling quick-xml v0.41.0
[INFO] [stderr]    Compiling fastrand v2.4.1
[INFO] [stderr]    Compiling typeid v1.0.3
[INFO] [stderr]    Compiling colorchoice v1.0.3
[INFO] [stderr]    Compiling document-features v0.2.12
[INFO] [stderr]    Compiling mio v1.0.3
[INFO] [stderr]    Compiling signal-hook-registry v1.4.2
[INFO] [stderr]    Compiling time v0.3.47
[INFO] [stderr]    Compiling num-traits v0.2.19
[INFO] [stderr]    Compiling dirs-sys v0.5.0
[INFO] [stderr]    Compiling parking_lot v0.12.5
[INFO] [stderr]    Compiling rayon v1.11.0
[INFO] [stderr]    Compiling inotify-sys v0.1.5
[INFO] [stderr]    Compiling siphasher v1.0.1
[INFO] [stderr]    Compiling base64 v0.22.1
[INFO] [stderr]    Compiling signal-hook-mio v0.2.4
[INFO] [stderr]    Compiling anstyle v1.0.10
[INFO] [stderr]    Compiling object v0.37.3
[INFO] [stderr]    Compiling percent-encoding v2.3.1
[INFO] [stderr]    Compiling is_terminal_polyfill v1.70.1
[INFO] [stderr]    Compiling anstyle-query v1.1.2
[INFO] [stderr]    Compiling form_urlencoded v1.2.1
[INFO] [stderr]    Compiling unicode-truncate v2.0.1
[INFO] [stderr]    Compiling anstream v0.6.18
[INFO] [stderr]    Compiling phf_shared v0.11.3
[INFO] [stderr]    Compiling dirs v6.0.0
[INFO] [stderr]    Compiling flate2 v1.1.1
[INFO] [stderr]    Compiling thread_local v1.1.8
[INFO] [stderr]    Compiling notify-types v2.0.0
[INFO] [stderr]    Compiling gimli v0.32.3
[INFO] [stderr]    Compiling env_home v0.1.0
[INFO] [stderr]    Compiling anyhow v1.0.103
[INFO] [stderr]    Compiling clap_lex v0.7.4
[INFO] [stderr]    Compiling bugreport v0.5.1
[INFO] [stderr]    Compiling fuzzy-matcher v0.3.7
[INFO] [stderr]    Compiling phf v0.11.3
[INFO] [stderr]    Compiling crossbeam-channel v0.5.15
[INFO] [stderr]    Compiling clap_builder v4.5.57
[INFO] [stderr]    Compiling regex-automata v0.4.9
[INFO] [stderr]    Compiling scopetime v0.1.2
[INFO] [stderr]    Compiling iana-time-zone v0.1.61
[INFO] [stderr]    Compiling easy-cast v0.5.4
[INFO] [stderr]    Compiling shell-escape v0.1.5
[INFO] [stderr]    Compiling bitflags v2.10.0
[INFO] [stderr]    Compiling unicode-width v0.1.14
[INFO] [stderr]    Compiling jujitsui v1.0.0 (/opt/rustwide/workdir)
[INFO] [stderr]    Compiling rustc-demangle v0.1.24
[INFO] [stderr] warning: jujitsui@1.0.0: buildname '1.0.0'
[INFO] [stderr]    Compiling bwrap v1.3.0
[INFO] [stderr]    Compiling line-clipping v0.3.5
[INFO] [stderr]    Compiling inotify v0.11.0
[INFO] [stderr]    Compiling chrono v0.4.44
[INFO] [stderr]    Compiling simplelog v0.12.2
[INFO] [stderr]    Compiling notify v8.2.0
[INFO] [stderr]    Compiling shellexpand v3.1.1
[INFO] [stderr]    Compiling bytesize v2.3.1
[INFO] [stderr]    Compiling sysinfo v0.33.1
[INFO] [stderr]    Compiling addr2line v0.25.1
[INFO] [stderr]    Compiling clap v4.5.57
[INFO] [stderr]    Compiling fancy-regex v0.16.2
[INFO] [stderr]    Compiling regex v1.11.1
[INFO] [stderr]    Compiling synstructure v0.13.1
[INFO] [stderr]    Compiling darling_core v0.20.10
[INFO] [stderr]    Compiling tempfile v3.27.0
[INFO] [stderr]    Compiling which v8.0.0
[INFO] [stderr]    Compiling gh-emoji v1.0.8
[INFO] [stderr]    Compiling notify-debouncer-mini v0.7.0
[INFO] [stderr]    Compiling backtrace v0.3.76
[INFO] [stderr]    Compiling serde_derive v1.0.228
[INFO] [stderr]    Compiling zerofrom-derive v0.1.5
[INFO] [stderr]    Compiling yoke-derive v0.7.5
[INFO] [stderr]    Compiling zerovec-derive v0.10.3
[INFO] [stderr]    Compiling thiserror-impl v2.0.18
[INFO] [stderr]    Compiling displaydoc v0.2.5
[INFO] [stderr]    Compiling icu_provider_macros v1.5.0
[INFO] [stderr]    Compiling strum_macros v0.27.2
[INFO] [stderr]    Compiling derive_more-impl v2.1.1
[INFO] [stderr]    Compiling git-version-macro v0.3.9
[INFO] [stderr]    Compiling struct-patch-derive v0.10.4
[INFO] [stderr]    Compiling derive_more v2.1.1
[INFO] [stderr]    Compiling git-version v0.3.9
[INFO] [stderr]    Compiling kasuari v0.4.8
[INFO] [stderr]    Compiling filetreelist v0.6.0
[INFO] [stderr]    Compiling zerofrom v0.1.5
[INFO] [stderr]    Compiling struct-patch v0.10.4
[INFO] [stderr]    Compiling yoke v0.7.5
[INFO] [stderr]    Compiling zerovec v0.10.4
[INFO] [stderr]    Compiling strum v0.27.2
[INFO] [stderr]    Compiling darling_macro v0.20.10
[INFO] [stderr]    Compiling darling v0.20.10
[INFO] [stderr]    Compiling instability v0.3.6
[INFO] [stderr]    Compiling tinystr v0.7.6
[INFO] [stderr]    Compiling icu_collections v1.5.0
[INFO] [stderr]    Compiling icu_locid v1.5.0
[INFO] [stderr]    Compiling compact_str v0.9.0
[INFO] [stderr]    Compiling crossterm v0.29.0
[INFO] [stderr]    Compiling plist v1.10.0
[INFO] [stderr]    Compiling bincode v1.3.3
[INFO] [stderr]    Compiling ron v0.12.0
[INFO] [stderr]    Compiling icu_provider v1.5.0
[INFO] [stderr]    Compiling ratatui-core v0.1.0
[INFO] [stderr]    Compiling icu_locid_transform v1.5.0
[INFO] [stderr]    Compiling syntect v5.3.0
[INFO] [stderr]    Compiling icu_properties v1.5.1
[INFO] [stderr]    Compiling ratatui-crossterm v0.1.0
[INFO] [stderr]    Compiling ratatui-widgets v0.3.0
[INFO] [stderr]    Compiling two-face v0.4.5
[INFO] [stderr]    Compiling icu_normalizer v1.5.0
[INFO] [stderr]    Compiling ratatui v0.30.0
[INFO] [stderr]    Compiling ratatui-textarea v0.8.0
[INFO] [stderr]    Compiling idna_adapter v1.2.0
[INFO] [stderr]    Compiling idna v1.0.3
[INFO] [stderr]    Compiling url v2.5.4
[INFO] [stderr]    Compiling asyncjj v1.0.0
[INFO] [stderr]     Finished `release` profile [optimized] target(s) in 2m 24s
[INFO] running `Command { std: "docker" "inspect" "9f00e5317d7d9436d51cbac9ca3be215ab4f5b1af185f0cd4670b2225b1b1feb", kill_on_drop: false }`
[INFO] running `Command { std: "docker" "exec" "-e" "SOURCE_DIR=/opt/rustwide/workdir" "-e" "CARGO_HOME=/opt/rustwide/cargo-home" "-e" "RUSTUP_HOME=/opt/rustwide/rustup-home" "-e" "CARGO_TARGET_DIR=/opt/rustwide/target" "-e" "CARGO_INCREMENTAL=0" "-e" "RUST_BACKTRACE=full" "-e" "RUSTFLAGS=--cap-lints=warn" "-e" "RUSTDOCFLAGS=--cap-lints=warn" "-w" "/opt/rustwide/workdir" "--user" "0:0" "9f00e5317d7d9436d51cbac9ca3be215ab4f5b1af185f0cd4670b2225b1b1feb" "/opt/rustwide/cargo-home/bin/cargo" "+1.100.0-beta.1" "test" "--frozen" "--no-run" "--message-format=json" "--release", kill_on_drop: false }`
[INFO] [stderr] warning: `package.homepage` is redundant with `package.repository`
[INFO] [stderr]    --> Cargo.toml:173:12
[INFO] [stderr]     |
[INFO] [stderr] 173 | homepage = "https://code.thomasboom.com/thomasboom/jujitsui"
[INFO] [stderr]     |            ^^^^^^^^^^^^^^^^^^^^^^^^^^^^^^^^^^^^^^^^^^^^^^^^^
[INFO] [stderr] ...
[INFO] [stderr] 178 | repository = "https://code.thomasboom.com/thomasboom/jujitsui"
[INFO] [stderr]     |              -------------------------------------------------
[INFO] [stderr]     |
[INFO] [stderr]     = note: `cargo::redundant_homepage` is set to `warn` by default
[INFO] [stderr] help: consider removing `package.homepage`
[INFO] [stderr] warning: `jujitsui` (manifest) generated 1 warning
[INFO] [stderr]    Compiling regex v1.11.1
[INFO] [stderr]    Compiling console v0.15.11
[INFO] [stderr]    Compiling jiff v0.2.32
[INFO] [stderr]    Compiling yansi v1.0.1
[INFO] [stderr]    Compiling similar v2.7.0
[INFO] [stderr]    Compiling diff v0.1.13
[INFO] [stderr] warning: jujitsui@1.0.0: buildname '1.0.0'
[INFO] [stderr]    Compiling pretty_assertions v1.4.1
[INFO] [stderr]    Compiling env_filter v1.0.0
[INFO] [stderr]    Compiling gh-emoji v1.0.8
[INFO] [stderr]    Compiling insta v1.44.3
[INFO] [stderr]    Compiling env_logger v0.11.9
[INFO] [stderr]    Compiling jujitsui v1.0.0 (/opt/rustwide/workdir)
[INFO] [stderr]     Finished `release` profile [optimized] target(s) in 1m 18s
[INFO] running `Command { std: "docker" "inspect" "9f00e5317d7d9436d51cbac9ca3be215ab4f5b1af185f0cd4670b2225b1b1feb", kill_on_drop: false }`
[INFO] running `Command { std: "docker" "exec" "-e" "SOURCE_DIR=/opt/rustwide/workdir" "-e" "CARGO_HOME=/opt/rustwide/cargo-home" "-e" "RUSTUP_HOME=/opt/rustwide/rustup-home" "-e" "CARGO_TARGET_DIR=/opt/rustwide/target" "-e" "CARGO_INCREMENTAL=0" "-e" "RUST_BACKTRACE=full" "-e" "RUSTFLAGS=--cap-lints=warn" "-e" "RUSTDOCFLAGS=--cap-lints=warn" "-w" "/opt/rustwide/workdir" "--user" "0:0" "9f00e5317d7d9436d51cbac9ca3be215ab4f5b1af185f0cd4670b2225b1b1feb" "/opt/rustwide/cargo-home/bin/cargo" "+1.100.0-beta.1" "test" "--frozen" "--release", kill_on_drop: false }`
[INFO] [stderr] warning: `package.homepage` is redundant with `package.repository`
[INFO] [stderr]    --> Cargo.toml:173:12
[INFO] [stderr]     |
[INFO] [stderr] 173 | homepage = "https://code.thomasboom.com/thomasboom/jujitsui"
[INFO] [stderr]     |            ^^^^^^^^^^^^^^^^^^^^^^^^^^^^^^^^^^^^^^^^^^^^^^^^^
[INFO] [stderr] ...
[INFO] [stderr] 178 | repository = "https://code.thomasboom.com/thomasboom/jujitsui"
[INFO] [stderr]     |              -------------------------------------------------
[INFO] [stderr]     |
[INFO] [stderr]     = note: `cargo::redundant_homepage` is set to `warn` by default
[INFO] [stderr] help: consider removing `package.homepage`
[INFO] [stderr] warning: `jujitsui` (manifest) generated 1 warning
[INFO] [stderr] warning: jujitsui@1.0.0: buildname '1.0.0'
[INFO] [stderr]     Finished `release` profile [optimized] target(s) in 0.27s
[INFO] [stderr]      Running unittests src/main.rs (/opt/rustwide/target/release/build/jujitsui/59eb9b078472ac6c/out/jujitsui-59eb9b078472ac6c)
[INFO] [stdout] 
[INFO] [stdout] running 79 tests
[INFO] [stdout] test components::diff::tests::test_line_break ... ok
[INFO] [stdout] test components::commitlist::tests::test_string_width_align ... ok
[INFO] [stdout] test components::commit_details::details::test_line_count::test_smoke ... ok
[INFO] [stdout] test components::status_tree::tests::test_correct_foldup_and_not_visible_scroll_position ... ok
[INFO] [stdout] test args::verify_app ... ok
[INFO] [stdout] test components::commit_details::details::tests::test_textwrap ... ok
[INFO] [stdout] test components::commitlist::tests::test_string_width_align_unicode ... ok
[INFO] [stdout] test components::status_tree::tests::test_correct_scroll_position ... ok
[INFO] [stdout] test components::textinput::tests::test_multiline ... ok
[INFO] [stdout] test components::textinput::tests::test_next_word_multibyte ... ok
[INFO] [stdout] test components::textinput::tests::test_next_word_position ... ok
[INFO] [stdout] test components::textinput::tests::test_previous_word_position ... ok
[INFO] [stdout] test components::textinput::tests::test_smoke ... ok
[INFO] [stdout] test components::textinput::tests::text_cursor_initial_position ... ok
[INFO] [stdout] test components::utils::filetree::tests::test_folder_dup ... ok
[INFO] [stdout] test components::utils::filetree::tests::test_indent ... ok
[INFO] [stdout] test components::utils::filetree::tests::test_find_parent ... ok
[INFO] [stdout] test components::utils::filetree::tests::test_folder ... ok
[INFO] [stdout] test clipboard::tests::test_copy_string_osc52 ... ok
[INFO] [stdout] test components::utils::filetree::tests::test_indent_folder_file_name ... ok
[INFO] [stdout] test components::utils::filetree::tests::test_multiple_items_at_path ... ok
[INFO] [stdout] test components::commitlist::tests::test_copy_commit_list_empty ... ok
[INFO] [stdout] test components::utils::filetree::tests::test_simple ... ok
[INFO] [stdout] test components::utils::scroll_horizontal::tests::test_scroll_no_scroll_to_right ... ok
[INFO] [stdout] test components::utils::scroll_horizontal::tests::test_scroll_zero_width ... ok
[INFO] [stdout] test components::commitlist::tests::test_copy_commit_none_marked ... ok
[INFO] [stdout] test components::utils::logitems::tests::test_emojifi_string_no_conversion_cases ... ok
[INFO] [stdout] test components::utils::logitems::tests::test_emojifi_string_conversion_cases ... ok
[INFO] [stdout] test components::commitlist::tests::test_copy_commit_one_marked ... ok
[INFO] [stdout] test components::commitlist::tests::test_copy_commit_range_marked ... ok
[INFO] [stdout] test components::commitlist::tests::test_copy_commit_random_marked ... ok
[INFO] [stdout] test components::utils::scroll_vertical::tests::test_scroll_bottom_into_view ... ok
[INFO] [stdout] test components::diff::tests::diff_component_opens_editor_for_current_file ... ok
[INFO] [stdout] test components::utils::scroll_vertical::tests::test_scroll_no_scroll_to_top ... ok
[INFO] [stdout] test components::utils::scroll_vertical::tests::test_scroll_top_into_view ... ok
[INFO] [stdout] test components::utils::scroll_vertical::tests::test_scroll_with_pageup_pagedown ... ok
[INFO] [stdout] test components::utils::statustree::tests::test_collapse_too_much ... ok
[INFO] [stdout] test components::utils::statustree::tests::test_expand ... ok
[INFO] [stdout] test components::utils::statustree::tests::test_expand_bug ... ok
[INFO] [stdout] test components::utils::statustree::tests::test_expand_with_collapsed_sub_parts ... ok
[INFO] [stdout] test components::utils::statustree::tests::test_folders_fold_up_down_with_selection_left_right ... ok
[INFO] [stdout] test components::utils::scroll_vertical::tests::test_scroll_zero_height ... ok
[INFO] [stdout] test components::utils::statustree::tests::test_selection_skips_collapsed ... ok
[INFO] [stdout] test components::utils::statustree::tests::test_folders_fold_up_if_alone_in_directory ... ok
[INFO] [stdout] test keys::key_list::tests::test_smoke ... ok
[INFO] [stdout] test components::utils::statustree::tests::test_folders_fold_up_if_alone_in_directory_2 ... ok
[INFO] [stdout] test strings::tests::test_spaces_are_replaced_by_dashes_in_branch_name ... ok
[INFO] [stdout] test components::utils::statustree::tests::test_keep_collapsed_states ... ok
[INFO] [stdout] test ui::reflow::test::line_composer_char_plus_lots_of_spaces ... ok
[INFO] [stdout] test components::utils::statustree::tests::test_keep_selected_index ... ok
[INFO] [stdout] test components::utils::statustree::tests::test_keep_selected_index_if_not_collapsed ... ok
[INFO] [stdout] test components::utils::statustree::tests::test_selection ... ok
[INFO] [stdout] test string_utils::test::test_trim ... ok
[INFO] [stdout] test components::utils::statustree::tests::test_keep_selected_item ... ok
[INFO] [stdout] test components::utils::statustree::tests::test_next_when_dir_disappears ... ok
[INFO] [stdout] test components::utils::statustree::tests::test_next_when_last_dir_disappears ... ok
[INFO] [stdout] test keys::key_config::tests::test_symbolic_links ... ok
[INFO] [stdout] test ui::reflow::test::line_composer_double_width_chars ... ok
[INFO] [stdout] test keys::key_config::tests::test_get_hint ... ok
[INFO] [stdout] test ui::reflow::test::line_composer_leading_whitespace_removal ... ok
[INFO] [stdout] test ui::reflow::test::line_composer_word_wrapper_mixed_length ... ok
[INFO] [stdout] test ui::reflow::test::line_composer_long_sentence ... ok
[INFO] [stdout] test keys::key_list::tests::test_apply_vim_style_example ... ok
[INFO] [stdout] test ui::reflow::test::line_composer_word_wrapper_preserve_indentation ... ok
[INFO] [stdout] test ui::reflow::test::line_composer_max_line_width_of_1 ... ok
[INFO] [stdout] test ui::reflow::test::line_composer_long_word ... ok
[INFO] [stdout] test ui::reflow::test::line_composer_max_line_width_of_1_double_width_characters ... ok
[INFO] [stdout] test ui::reflow::test::line_composer_lots_of_spaces ... ok
[INFO] [stdout] test ui::reflow::test::line_composer_short_lines ... ok
[INFO] [stdout] test ui::reflow::test::line_composer_word_wrapper_preserve_indentation_with_wrap ... ok
[INFO] [stdout] test ui::test::test_small_rect_in_rect2 ... ok
[INFO] [stdout] test ui::test::test_small_rect_in_rect ... ok
[INFO] [stdout] test ui::reflow::test::line_composer_word_wrapper_preserve_indentation_lots_of_whitespace ... ok
[INFO] [stdout] test ui::reflow::test::line_composer_word_wrapper_nbsp ... ok
[INFO] [stdout] test ui::reflow::test::line_composer_zero_width ... ok
[INFO] [stdout] test ui::reflow::test::line_composer_one_line ... ok
[INFO] [stdout] test ui::reflow::test::line_composer_word_wrapper_double_width_chars_mixed_with_spaces ... ok
[INFO] [stdout] test ui::style::tests::test_smoke ... ok
[INFO] [stdout] test jujitsui::tests::jujitsui_starts ... FAILED
[INFO] [stdout] 
[INFO] [stdout] failures:
[INFO] [stdout] 
[INFO] [stdout] ---- jujitsui::tests::jujitsui_starts stdout ----
[INFO] [stdout] 
[INFO] [stdout] thread 'jujitsui::tests::jujitsui_starts' (2746) panicked at src/jujitsui.rs:234:18:
[INFO] [stdout] jj binary: Os { code: 2, kind: NotFound, message: "No such file or directory" }
[INFO] [stdout] stack backtrace:
[INFO] [stdout]    0:     0x5d61c7fa9f95 - <<std[617be2ca0a6fd877]::sys::backtrace::BacktraceLock>::print::DisplayBacktrace as core[a373ad73a504971]::fmt::Display>::fmt
[INFO] [stdout]    1:     0x5d61c7ea7b34 - core[a373ad73a504971]::fmt::write
[INFO] [stdout]    2:     0x5d61c7fa963b - <alloc[2e1b2a31b91974c5]::vec::Vec<u8> as core[a373ad73a504971]::io::write::Write>::write_fmt
[INFO] [stdout]    3:     0x5d61c7fa9239 - std[617be2ca0a6fd877]::panicking::default_hook::{closure#0}
[INFO] [stdout]    4:     0x5d61c7fa8eba - std[617be2ca0a6fd877]::panicking::default_hook
[INFO] [stdout]    5:     0x5d61c7fa89eb - std[617be2ca0a6fd877]::panicking::panic_with_hook
[INFO] [stdout]    6:     0x5d61c7fce8b1 - std[617be2ca0a6fd877]::panicking::panic_handler::{closure#0}
[INFO] [stdout]    7:     0x5d61c7fce869 - std[617be2ca0a6fd877]::sys::backtrace::__rust_end_short_backtrace::<std[617be2ca0a6fd877]::panicking::panic_handler::{closure#0}, !>
[INFO] [stdout]    8:     0x5d61c7fced5c - __rustc[ea4f61d10b84890b]::rust_begin_unwind
[INFO] [stdout]    9:     0x5d61c7ea79cb - core[a373ad73a504971]::panicking::panic_fmt
[INFO] [stdout]   10:     0x5d61c7eac671 - core[a373ad73a504971]::result::unwrap_failed
[INFO] [stdout]   11:     0x5d61c7dbceac - jujitsui[64d07b513b5ffc5e]::jujitsui::tests::repo_init_suffix::{closure#1}
[INFO] [stdout]   12:     0x5d61c7e4182f - <jujitsui[64d07b513b5ffc5e]::jujitsui::tests::jujitsui_starts::{closure#0} as core[a373ad73a504971]::ops::function::FnOnce<()>>::call_once
[INFO] [stdout]   13:     0x5d61c7ffdd9b - test[aada8e7e76ba119b]::__rust_begin_short_backtrace::<core[a373ad73a504971]::result::Result<(), alloc[2e1b2a31b91974c5]::string::String>, fn() -> core[a373ad73a504971]::result::Result<(), alloc[2e1b2a31b91974c5]::string::String>>
[INFO] [stdout]   14:     0x5d61c7ffa026 - test[aada8e7e76ba119b]::run_test::{closure#0}
[INFO] [stdout]   15:     0x5d61c7ff984c - std[617be2ca0a6fd877]::sys::backtrace::__rust_begin_short_backtrace::<test[aada8e7e76ba119b]::run_test::{closure#1}, ()>
[INFO] [stdout]   16:     0x5d61c8015b0c - <std[617be2ca0a6fd877]::thread::lifecycle::spawn_unchecked<test[aada8e7e76ba119b]::run_test::{closure#1}, ()>::{closure#1} as core[a373ad73a504971]::ops::function::FnOnce<()>>::call_once::{shim:vtable#0}
[INFO] [stdout]   17:     0x5d61c7fd0688 - <std[617be2ca0a6fd877]::sys::thread::unix::Thread>::new::thread_start
[INFO] [stdout]   18:     0x735009036dfa - <unknown>
[INFO] [stdout]   19:     0x7350090ca3d4 - clone
[INFO] [stdout]   20:                0x0 - <unknown>
[INFO] [stdout] 
[INFO] [stdout] 
[INFO] [stdout] failures:
[INFO] [stdout]     jujitsui::tests::jujitsui_starts
[INFO] [stdout] 
[INFO] [stdout] test result: FAILED. 78 passed; 1 failed; 0 ignored; 0 measured; 0 filtered out; finished in 0.02s
[INFO] [stdout] 
[INFO] [stderr] error: test failed, to rerun pass `--bin jujitsui`
[INFO] running `Command { std: "docker" "inspect" "9f00e5317d7d9436d51cbac9ca3be215ab4f5b1af185f0cd4670b2225b1b1feb", kill_on_drop: false }`
[INFO] running `Command { std: "docker" "rm" "-f" "9f00e5317d7d9436d51cbac9ca3be215ab4f5b1af185f0cd4670b2225b1b1feb", kill_on_drop: false }`
[INFO] [stdout] 9f00e5317d7d9436d51cbac9ca3be215ab4f5b1af185f0cd4670b2225b1b1feb
