[INFO] fetching crate jsslint-core 1.2.0...
[INFO] testing jsslint-core-1.2.0 against 1.100.0-beta.1+cargoflags=--release for beta-release-1.100-2
[INFO] extracting crate jsslint-core 1.2.0 into /workspace/builds/worker-6-tc2/source
[INFO] started tweaking crates.io crate jsslint-core 1.2.0
[INFO] removed 0 missing examples
[INFO] removed 0 missing tests
[INFO] finished tweaking crates.io crate jsslint-core 1.2.0
[INFO] tweaked toml for crates.io crate jsslint-core 1.2.0 written to /workspace/builds/worker-6-tc2/source/Cargo.toml
[INFO] validating manifest of crates.io crate jsslint-core 1.2.0 on toolchain 1.100.0-beta.1
[INFO] running `Command { std: CARGO_HOME="/workspace/cargo-home" RUSTUP_HOME="/workspace/rustup-home" "/workspace/cargo-home/bin/cargo" "+1.100.0-beta.1" "metadata" "--manifest-path" "Cargo.toml" "--no-deps", kill_on_drop: false }`
[INFO] crate crates.io crate jsslint-core 1.2.0 already has a lockfile, it will not be regenerated
[INFO] running `Command { std: CARGO_HOME="/workspace/cargo-home" RUSTUP_HOME="/workspace/rustup-home" "/workspace/cargo-home/bin/cargo" "+1.100.0-beta.1" "fetch" "--manifest-path" "Cargo.toml", kill_on_drop: false }`
[INFO] running `Command { std: "docker" "create" "-v" "/var/lib/crater-agent-workspace/builds/worker-6-tc2/source:/opt/rustwide/workdir:ro,Z" "-v" "/var/lib/crater-agent-workspace/builds/worker-6-tc2/target:/opt/rustwide/target:rw,Z" "-v" "/var/lib/crater-agent-workspace/cargo-home:/opt/rustwide/cargo-home:ro,Z" "-v" "/var/lib/crater-agent-workspace/rustup-home:/opt/rustwide/rustup-home:ro,Z" "-m" "1610612736" "--network" "none" "ghcr.io/rust-lang/crates-build-env/linux@sha256:77db811e55d90add9212f6832c23229e3de5f1c1f9905e8cb07319ea15df73ac" "sleep" "infinity", kill_on_drop: false }`
[INFO] [stdout] d2511fdd7c98f63e43ec089cf491f58c995a724813c994fe803cd7d6efbef9bf
[INFO] running `Command { std: "docker" "start" "d2511fdd7c98f63e43ec089cf491f58c995a724813c994fe803cd7d6efbef9bf", kill_on_drop: false }`
[INFO] running `Command { std: "docker" "inspect" "d2511fdd7c98f63e43ec089cf491f58c995a724813c994fe803cd7d6efbef9bf", kill_on_drop: false }`
[INFO] running `Command { std: "docker" "exec" "-e" "SOURCE_DIR=/opt/rustwide/workdir" "-e" "CARGO_HOME=/opt/rustwide/cargo-home" "-e" "RUSTUP_HOME=/opt/rustwide/rustup-home" "-e" "CARGO_TARGET_DIR=/opt/rustwide/target" "-w" "/opt/rustwide/workdir" "--user" "0:0" "d2511fdd7c98f63e43ec089cf491f58c995a724813c994fe803cd7d6efbef9bf" "/opt/rustwide/cargo-home/bin/cargo" "+1.100.0-beta.1" "metadata" "--no-deps" "--format-version=1", kill_on_drop: false }`
[INFO] running `Command { std: "docker" "inspect" "d2511fdd7c98f63e43ec089cf491f58c995a724813c994fe803cd7d6efbef9bf", kill_on_drop: false }`
[INFO] running `Command { std: "docker" "exec" "-e" "SOURCE_DIR=/opt/rustwide/workdir" "-e" "CARGO_HOME=/opt/rustwide/cargo-home" "-e" "RUSTUP_HOME=/opt/rustwide/rustup-home" "-e" "CARGO_TARGET_DIR=/opt/rustwide/target" "-e" "CARGO_INCREMENTAL=0" "-e" "RUST_BACKTRACE=full" "-e" "RUSTFLAGS=--cap-lints=warn" "-e" "RUSTDOCFLAGS=--cap-lints=warn" "-w" "/opt/rustwide/workdir" "--user" "0:0" "d2511fdd7c98f63e43ec089cf491f58c995a724813c994fe803cd7d6efbef9bf" "/opt/rustwide/cargo-home/bin/cargo" "+1.100.0-beta.1" "build" "--frozen" "--message-format=json" "--release", kill_on_drop: false }`
[INFO] [stderr]    Compiling proc-macro2 v1.0.106
[INFO] [stderr]    Compiling quote v1.0.46
[INFO] [stderr]    Compiling serde_json v1.0.151
[INFO] [stderr]    Compiling ryu v1.0.23
[INFO] [stderr]    Compiling unsafe-libyaml v0.2.11
[INFO] [stderr]    Compiling serde_core v1.0.228
[INFO] [stderr]    Compiling serde v1.0.228
[INFO] [stderr]    Compiling aho-corasick v1.1.4
[INFO] [stderr]    Compiling winnow v1.0.3
[INFO] [stderr]    Compiling toml_datetime v1.1.1+spec-1.1.0
[INFO] [stderr]    Compiling serde_spanned v1.1.1
[INFO] [stderr]    Compiling toml_parser v1.1.3+spec-1.1.0
[INFO] [stderr]    Compiling toml v1.1.4+spec-1.1.0
[INFO] [stderr]    Compiling regex-automata v0.4.16
[INFO] [stderr]    Compiling syn v2.0.118
[INFO] [stderr]    Compiling serde_derive v1.0.228
[INFO] [stderr]    Compiling regex v1.13.1
[INFO] [stderr]    Compiling serde_yaml v0.9.34+deprecated
[INFO] [stderr]    Compiling jsslint-core v1.2.0 (/opt/rustwide/workdir)
[INFO] [stderr]     Finished `release` profile [optimized] target(s) in 44.75s
[INFO] running `Command { std: "docker" "inspect" "d2511fdd7c98f63e43ec089cf491f58c995a724813c994fe803cd7d6efbef9bf", kill_on_drop: false }`
[INFO] running `Command { std: "docker" "exec" "-e" "SOURCE_DIR=/opt/rustwide/workdir" "-e" "CARGO_HOME=/opt/rustwide/cargo-home" "-e" "RUSTUP_HOME=/opt/rustwide/rustup-home" "-e" "CARGO_TARGET_DIR=/opt/rustwide/target" "-e" "CARGO_INCREMENTAL=0" "-e" "RUST_BACKTRACE=full" "-e" "RUSTFLAGS=--cap-lints=warn" "-e" "RUSTDOCFLAGS=--cap-lints=warn" "-w" "/opt/rustwide/workdir" "--user" "0:0" "d2511fdd7c98f63e43ec089cf491f58c995a724813c994fe803cd7d6efbef9bf" "/opt/rustwide/cargo-home/bin/cargo" "+1.100.0-beta.1" "test" "--frozen" "--no-run" "--message-format=json" "--release", kill_on_drop: false }`
[INFO] [stderr]    Compiling jsslint-core v1.2.0 (/opt/rustwide/workdir)
[INFO] [stderr]     Finished `release` profile [optimized] target(s) in 11.99s
[INFO] running `Command { std: "docker" "inspect" "d2511fdd7c98f63e43ec089cf491f58c995a724813c994fe803cd7d6efbef9bf", kill_on_drop: false }`
[INFO] running `Command { std: "docker" "exec" "-e" "SOURCE_DIR=/opt/rustwide/workdir" "-e" "CARGO_HOME=/opt/rustwide/cargo-home" "-e" "RUSTUP_HOME=/opt/rustwide/rustup-home" "-e" "CARGO_TARGET_DIR=/opt/rustwide/target" "-e" "CARGO_INCREMENTAL=0" "-e" "RUST_BACKTRACE=full" "-e" "RUSTFLAGS=--cap-lints=warn" "-e" "RUSTDOCFLAGS=--cap-lints=warn" "-w" "/opt/rustwide/workdir" "--user" "0:0" "d2511fdd7c98f63e43ec089cf491f58c995a724813c994fe803cd7d6efbef9bf" "/opt/rustwide/cargo-home/bin/cargo" "+1.100.0-beta.1" "test" "--frozen" "--release", kill_on_drop: false }`
[INFO] [stderr]     Finished `release` profile [optimized] target(s) in 0.07s
[INFO] [stderr]      Running unittests src/lib.rs (/opt/rustwide/target/release/build/jsslint-core/1b5a7c94586e1c6a/out/jsslint_core-1b5a7c94586e1c6a)
[INFO] [stdout] 
[INFO] [stdout] running 27 tests
[INFO] [stdout] test color::tests::flag_beats_everything ... ok
[INFO] [stdout] test color::tests::paint_is_a_no_op_without_colour ... ok
[INFO] [stdout] test baseline::tests::round_trips_through_json ... ok
[INFO] [stdout] test baseline::tests::summary_splits_stale_from_unevaluated ... ok
[INFO] [stdout] test color::tests::toml_then_tty ... ok
[INFO] [stdout] test baseline::tests::counts_identical_findings ... ok
[INFO] [stdout] test suppress::tests::escaped_percent_is_not_a_directive ... ok
[INFO] [stdout] test suppress::tests::comment_only_line_also_targets_the_next_line ... ok
[INFO] [stdout] test baseline::tests::rejects_an_unknown_schema_version ... ok
[INFO] [stdout] test color::tests::empty_values_are_ignored ... ok
[INFO] [stdout] test color::tests::no_color_beats_clicolor_force ... ok
[INFO] [stdout] test baseline::tests::matches_and_consumes_in_offered_order ... ok
[INFO] [stdout] test baseline::tests::parse_errors_are_never_written ... ok
[INFO] [stdout] test suppress::tests::line_counting_ignores_form_feed_and_friends ... ok
[INFO] [stdout] test terminal::markup_tests::bracket_runs_reach_the_table ... ok
[INFO] [stdout] test version::tests::block_matches_the_contract ... ok
[INFO] [stdout] test version::tests::rule_set_line_from_metadata ... ok
[INFO] [stdout] test version::tests::built_in_journal_provenance_is_embedded ... ok
[INFO] [stdout] test version::tests::journal_without_rule_set_data_renders_n_a ... ok
[INFO] [stdout] test suppress::tests::inline_bare_ignore_targets_its_own_line ... ok
[INFO] [stdout] test suppress::tests::inline_directive_lists_rule_ids ... ok
[INFO] [stdout] test suppress::tests::keyword_is_case_insensitive_and_banner_tolerant ... ok
[INFO] [stdout] test suppress::tests::no_directive_is_empty ... ok
[INFO] [stdout] test suppress::tests::free_text_rationale_suppresses_every_rule ... ok
[INFO] [stdout] test baseline::tests::a_different_suggestion_is_a_different_finding ... ok
[INFO] [stdout] test color::tests::a_dumb_terminal_is_not_coloured ... ok
[INFO] [stdout] test baseline::tests::rejects_a_malformed_entry ... ok
[INFO] [stdout] 
[INFO] [stdout] test result: ok. 27 passed; 0 failed; 0 ignored; 0 measured; 0 filtered out; finished in 0.13s
[INFO] [stdout] 
[INFO] [stderr]      Running tests/bib_parity.rs (/opt/rustwide/target/release/build/jsslint-core/3944bb8a10c8deec/out/bib_parity-3944bb8a10c8deec)
[INFO] [stdout] 
[INFO] [stdout] running 1 test
[INFO] [stdout] test all_bib_fixtures_match_python_oracle ... ok
[INFO] [stdout] 
[INFO] [stdout] test result: ok. 1 passed; 0 failed; 0 ignored; 0 measured; 0 filtered out; finished in 0.00s
[INFO] [stdout] 
[INFO] [stderr]      Running tests/bib_rules_parity.rs (/opt/rustwide/target/release/build/jsslint-core/129e87ccfbff53db/out/bib_rules_parity-129e87ccfbff53db)
[INFO] [stdout] 
[INFO] [stdout] running 1 test
[INFO] [stdout] test all_bib_rules_match_python_oracle ... ok
[INFO] [stdout] 
[INFO] [stdout] test result: ok. 1 passed; 0 failed; 0 ignored; 0 measured; 0 filtered out; finished in 0.00s
[INFO] [stdout] 
[INFO] [stderr]      Running tests/bom_parity.rs (/opt/rustwide/target/release/build/jsslint-core/2d4199205d4d3ca3/out/bom_parity-2d4199205d4d3ca3)
[INFO] [stdout] 
[INFO] [stdout] running 3 tests
[INFO] [stdout] test non_bom_source_unaffected_by_strip ... ok
[INFO] [stdout] test bom_stripped_before_tex_parsing ... ok
[INFO] [stdout] test bom_rmd_frontmatter_not_linted ... ok
[INFO] [stdout] 
[INFO] [stdout] test result: ok. 3 passed; 0 failed; 0 ignored; 0 measured; 0 filtered out; finished in 0.01s
[INFO] [stdout] 
[INFO] [stderr]      Running tests/engine_parity.rs (/opt/rustwide/target/release/build/jsslint-core/7cff7aed99dc627e/out/engine_parity-7cff7aed99dc627e)
[INFO] [stdout] 
[INFO] [stdout] running 2 tests
[INFO] [stdout] test engine_run_matches_python_cli_json_rnw_rmd ... ok
[INFO] [stdout] test engine_run_matches_python_cli_json ... ok
[INFO] [stdout] 
[INFO] [stdout] test result: ok. 2 passed; 0 failed; 0 ignored; 0 measured; 0 filtered out; finished in 0.00s
[INFO] [stdout] 
[INFO] [stderr]      Running tests/fixer_parity.rs (/opt/rustwide/target/release/build/jsslint-core/c067a66209b2cc35/out/fixer_parity-c067a66209b2cc35)
[INFO] [stdout] 
[INFO] [stdout] running 2 tests
[INFO] [stdout] test resolve_conflicts_matches_python_oracle ... ok
[INFO] [stdout] test apply_to_text_matches_after_fixture ... FAILED
[INFO] [stdout] 
[INFO] [stdout] failures:
[INFO] [stdout] 
[INFO] [stdout] ---- apply_to_text_matches_after_fixture stdout ----
[INFO] [stdout] 
[INFO] [stdout] thread 'apply_to_text_matches_after_fixture' (1234) panicked at tests/fixer_parity.rs:243:9:
[INFO] [stdout] expected /opt/tests/fixtures/auto-fix to exist
[INFO] [stdout] stack backtrace:
[INFO] [stdout]    0:     0x627c318f8ad1 - <<std[617be2ca0a6fd877]::sys::backtrace::BacktraceLock>::print::DisplayBacktrace as core[a373ad73a504971]::fmt::Display>::fmt
[INFO] [stdout]    1:     0x627c3190f0fa - core[a373ad73a504971]::fmt::write
[INFO] [stdout]    2:     0x627c318fd04c - <alloc[2e1b2a31b91974c5]::vec::Vec<u8> as core[a373ad73a504971]::io::write::Write>::write_fmt
[INFO] [stdout]    3:     0x627c318d3c16 - std[617be2ca0a6fd877]::panicking::default_hook::{closure#0}
[INFO] [stdout]    4:     0x627c318f0bd9 - std[617be2ca0a6fd877]::panicking::default_hook
[INFO] [stdout]    5:     0x627c31773b70 - test[aada8e7e76ba119b]::test_main_inner::{closure#0}
[INFO] [stdout]    6:     0x627c318f0d92 - std[617be2ca0a6fd877]::panicking::panic_with_hook
[INFO] [stdout]    7:     0x627c318d3cc2 - std[617be2ca0a6fd877]::panicking::panic_handler::{closure#0}
[INFO] [stdout]    8:     0x627c318cc7a9 - std[617be2ca0a6fd877]::sys::backtrace::__rust_end_short_backtrace::<std[617be2ca0a6fd877]::panicking::panic_handler::{closure#0}, !>
[INFO] [stdout]    9:     0x627c318d48cd - __rustc[ea4f61d10b84890b]::rust_begin_unwind
[INFO] [stdout]   10:     0x627c3190f8dc - core[a373ad73a504971]::panicking::panic_fmt
[INFO] [stdout]   11:     0x627c31764ed5 - <fixer_parity[9c143ccecf88d73a]::apply_to_text_matches_after_fixture::{closure#0} as core[a373ad73a504971]::ops::function::FnOnce<()>>::call_once
[INFO] [stdout]   12:     0x627c31766fbb - test[aada8e7e76ba119b]::__rust_begin_short_backtrace::<core[a373ad73a504971]::result::Result<(), alloc[2e1b2a31b91974c5]::string::String>, fn() -> core[a373ad73a504971]::result::Result<(), alloc[2e1b2a31b91974c5]::string::String>>
[INFO] [stdout]   13:     0x627c31774195 - test[aada8e7e76ba119b]::run_test::{closure#0}
[INFO] [stdout]   14:     0x627c3176da84 - std[617be2ca0a6fd877]::sys::backtrace::__rust_begin_short_backtrace::<test[aada8e7e76ba119b]::run_test::{closure#1}, ()>
[INFO] [stdout]   15:     0x627c31777222 - <std[617be2ca0a6fd877]::thread::lifecycle::spawn_unchecked<test[aada8e7e76ba119b]::run_test::{closure#1}, ()>::{closure#1} as core[a373ad73a504971]::ops::function::FnOnce<()>>::call_once::{shim:vtable#0}
[INFO] [stdout]   16:     0x627c318f7fcf - <std[617be2ca0a6fd877]::sys::thread::unix::Thread>::new::thread_start
[INFO] [stdout]   17:     0x790c6b68edfa - <unknown>
[INFO] [stdout]   18:     0x790c6b7223d4 - clone
[INFO] [stdout]   19:                0x0 - <unknown>
[INFO] [stdout] 
[INFO] [stderr] error: test failed, to rerun pass `--test fixer_parity`
[INFO] [stdout] 
[INFO] [stdout] failures:
[INFO] [stdout]     apply_to_text_matches_after_fixture
[INFO] [stdout] 
[INFO] [stdout] test result: FAILED. 1 passed; 1 failed; 0 ignored; 0 measured; 0 filtered out; finished in 0.00s
[INFO] [stdout] 
[INFO] running `Command { std: "docker" "inspect" "d2511fdd7c98f63e43ec089cf491f58c995a724813c994fe803cd7d6efbef9bf", kill_on_drop: false }`
[INFO] running `Command { std: "docker" "rm" "-f" "d2511fdd7c98f63e43ec089cf491f58c995a724813c994fe803cd7d6efbef9bf", kill_on_drop: false }`
[INFO] [stdout] d2511fdd7c98f63e43ec089cf491f58c995a724813c994fe803cd7d6efbef9bf
