[INFO] fetching crate jsslint-cli 1.2.0...
[INFO] testing jsslint-cli-1.2.0 against 1.99.0-beta.8+cargoflags=--release for beta-release-1.100-2
[INFO] extracting crate jsslint-cli 1.2.0 into /workspace/builds/worker-6-tc1/source
[INFO] started tweaking crates.io crate jsslint-cli 1.2.0
[INFO] removed 0 missing tests
[INFO] finished tweaking crates.io crate jsslint-cli 1.2.0
[INFO] tweaked toml for crates.io crate jsslint-cli 1.2.0 written to /workspace/builds/worker-6-tc1/source/Cargo.toml
[INFO] validating manifest of crates.io crate jsslint-cli 1.2.0 on toolchain 1.99.0-beta.8
[INFO] running `Command { std: CARGO_HOME="/workspace/cargo-home" RUSTUP_HOME="/workspace/rustup-home" "/workspace/cargo-home/bin/cargo" "+1.99.0-beta.8" "metadata" "--manifest-path" "Cargo.toml" "--no-deps", kill_on_drop: false }`
[INFO] crate crates.io crate jsslint-cli 1.2.0 already has a lockfile, it will not be regenerated
[INFO] running `Command { std: CARGO_HOME="/workspace/cargo-home" RUSTUP_HOME="/workspace/rustup-home" "/workspace/cargo-home/bin/cargo" "+1.99.0-beta.8" "fetch" "--manifest-path" "Cargo.toml", kill_on_drop: false }`
[INFO] [stderr]     Updating crates.io index
[INFO] [stderr]  Downloading crates ...
[INFO] [stderr]   Downloaded jsslint-crossref v1.2.0
[INFO] [stderr]   Downloaded lsp-server v0.10.0
[INFO] [stderr]   Downloaded rusttype v0.8.3
[INFO] [stderr]   Downloaded ordered-float v1.1.1
[INFO] [stderr]   Downloaded const_fn v0.4.12
[INFO] [stderr]   Downloaded stb_truetype v0.3.1
[INFO] [stderr]   Downloaded lopdf v0.26.0
[INFO] [stderr]   Downloaded jsslint-core v1.2.0
[INFO] [stderr]   Downloaded genpdf v0.2.0
[INFO] [stderr]   Downloaded pom v3.4.0
[INFO] [stderr]   Downloaded printpdf v0.3.4
[INFO] running `Command { std: "docker" "create" "-v" "/var/lib/crater-agent-workspace/builds/worker-6-tc1/source:/opt/rustwide/workdir:ro,Z" "-v" "/var/lib/crater-agent-workspace/builds/worker-6-tc1/target:/opt/rustwide/target:rw,Z" "-v" "/var/lib/crater-agent-workspace/cargo-home:/opt/rustwide/cargo-home:ro,Z" "-v" "/var/lib/crater-agent-workspace/rustup-home:/opt/rustwide/rustup-home:ro,Z" "-m" "1610612736" "--network" "none" "ghcr.io/rust-lang/crates-build-env/linux@sha256:77db811e55d90add9212f6832c23229e3de5f1c1f9905e8cb07319ea15df73ac" "sleep" "infinity", kill_on_drop: false }`
[INFO] [stdout] cdb08456c57af93395c95f4dfe738a88173a89d8f730528b61afa79feef0b245
[INFO] running `Command { std: "docker" "start" "cdb08456c57af93395c95f4dfe738a88173a89d8f730528b61afa79feef0b245", kill_on_drop: false }`
[INFO] running `Command { std: "docker" "inspect" "cdb08456c57af93395c95f4dfe738a88173a89d8f730528b61afa79feef0b245", kill_on_drop: false }`
[INFO] running `Command { std: "docker" "exec" "-e" "SOURCE_DIR=/opt/rustwide/workdir" "-e" "CARGO_HOME=/opt/rustwide/cargo-home" "-e" "RUSTUP_HOME=/opt/rustwide/rustup-home" "-e" "CARGO_TARGET_DIR=/opt/rustwide/target" "-w" "/opt/rustwide/workdir" "--user" "0:0" "cdb08456c57af93395c95f4dfe738a88173a89d8f730528b61afa79feef0b245" "/opt/rustwide/cargo-home/bin/cargo" "+1.99.0-beta.8" "metadata" "--no-deps" "--format-version=1", kill_on_drop: false }`
[INFO] running `Command { std: "docker" "inspect" "cdb08456c57af93395c95f4dfe738a88173a89d8f730528b61afa79feef0b245", kill_on_drop: false }`
[INFO] running `Command { std: "docker" "exec" "-e" "SOURCE_DIR=/opt/rustwide/workdir" "-e" "CARGO_HOME=/opt/rustwide/cargo-home" "-e" "RUSTUP_HOME=/opt/rustwide/rustup-home" "-e" "CARGO_TARGET_DIR=/opt/rustwide/target" "-e" "CARGO_INCREMENTAL=0" "-e" "RUST_BACKTRACE=full" "-e" "RUSTFLAGS=--cap-lints=warn" "-e" "RUSTDOCFLAGS=--cap-lints=warn" "-w" "/opt/rustwide/workdir" "--user" "0:0" "cdb08456c57af93395c95f4dfe738a88173a89d8f730528b61afa79feef0b245" "/opt/rustwide/cargo-home/bin/cargo" "+1.99.0-beta.8" "build" "--frozen" "--message-format=json" "--release", kill_on_drop: false }`
[INFO] [stderr]    Compiling syn v2.0.118
[INFO] [stderr]    Compiling serde_json v1.0.151
[INFO] [stderr]    Compiling encoding_index_tests v0.1.4
[INFO] [stderr]    Compiling cc v1.2.66
[INFO] [stderr]    Compiling aho-corasick v1.1.4
[INFO] [stderr]    Compiling standback v0.2.17
[INFO] [stderr]    Compiling proc-macro-hack v0.5.20+deprecated
[INFO] [stderr]    Compiling syn v1.0.109
[INFO] [stderr]    Compiling indexmap v2.14.0
[INFO] [stderr]    Compiling crc32fast v1.5.0
[INFO] [stderr]    Compiling const_fn v0.4.12
[INFO] [stderr]    Compiling rustls-pki-types v1.15.0
[INFO] [stderr]    Compiling getrandom v0.2.17
[INFO] [stderr]    Compiling time v0.2.27
[INFO] [stderr]    Compiling unsafe-libyaml v0.2.11
[INFO] [stderr]    Compiling ryu v1.0.23
[INFO] [stderr]    Compiling smallvec v1.15.2
[INFO] [stderr]    Compiling encoding-index-korean v1.20141219.5
[INFO] [stderr]    Compiling encoding-index-tradchinese v1.20141219.5
[INFO] [stderr]    Compiling encoding-index-simpchinese v1.20141219.5
[INFO] [stderr]    Compiling encoding-index-japanese v1.20141219.5
[INFO] [stderr]    Compiling encoding-index-singlebyte v1.20141219.5
[INFO] [stderr]    Compiling rustls v0.23.42
[INFO] [stderr]    Compiling winnow v1.0.3
[INFO] [stderr]    Compiling stb_truetype v0.3.1
[INFO] [stderr]    Compiling chrono v0.4.45
[INFO] [stderr]    Compiling encoding v0.2.33
[INFO] [stderr]    Compiling http v1.4.2
[INFO] [stderr]    Compiling flate2 v1.1.10
[INFO] [stderr]    Compiling approx v0.3.2
[INFO] [stderr]    Compiling toml_parser v1.1.3+spec-1.1.0
[INFO] [stderr]    Compiling ordered-float v1.1.1
[INFO] [stderr]    Compiling serde_spanned v1.1.1
[INFO] [stderr]    Compiling toml_datetime v1.1.1+spec-1.1.0
[INFO] [stderr]    Compiling lzw v0.10.0
[INFO] [stderr]    Compiling toml_writer v1.1.2+spec-1.1.0
[INFO] [stderr]    Compiling rusttype v0.8.3
[INFO] [stderr]    Compiling ring v0.17.14
[INFO] [stderr]    Compiling libsqlite3-sys v0.38.2
[INFO] [stderr]    Compiling webpki-roots v1.0.9
[INFO] [stderr]    Compiling syn v3.0.3
[INFO] [stderr]    Compiling difflib v0.4.0
[INFO] [stderr]    Compiling time-macros-impl v0.1.2
[INFO] [stderr]    Compiling fluent-uri v0.1.4
[INFO] [stderr]    Compiling crossbeam-channel v0.5.16
[INFO] [stderr]    Compiling regex-automata v0.4.16
[INFO] [stderr]    Compiling time-macros v0.1.1
[INFO] [stderr]    Compiling ureq-proto v0.6.1
[INFO] [stderr]    Compiling toml v1.1.4+spec-1.1.0
[INFO] [stderr]    Compiling synstructure v0.13.2
[INFO] [stderr]    Compiling zerofrom-derive v0.1.7
[INFO] [stderr]    Compiling yoke-derive v0.8.2
[INFO] [stderr]    Compiling zerovec-derive v0.11.3
[INFO] [stderr]    Compiling serde_derive v1.0.228
[INFO] [stderr]    Compiling displaydoc v0.2.6
[INFO] [stderr]    Compiling serde_repr v0.1.20
[INFO] [stderr]    Compiling derive_more v0.99.20
[INFO] [stderr]    Compiling zerofrom v0.1.8
[INFO] [stderr]    Compiling yoke v0.8.3
[INFO] [stderr]    Compiling zerotrie v0.2.4
[INFO] [stderr]    Compiling zerovec v0.11.6
[INFO] [stderr]    Compiling clap_derive v4.6.4
[INFO] [stderr]    Compiling bstr v1.13.0
[INFO] [stderr]    Compiling regex v1.13.1
[INFO] [stderr]    Compiling tinystr v0.8.3
[INFO] [stderr]    Compiling potential_utf v0.1.5
[INFO] [stderr]    Compiling icu_collections v2.2.0
[INFO] [stderr]    Compiling icu_locale_core v2.2.0
[INFO] [stderr]    Compiling pom v3.4.0
[INFO] [stderr]    Compiling lopdf v0.26.0
[INFO] [stderr]    Compiling clap v4.6.6
[INFO] [stderr]    Compiling printpdf v0.3.4
[INFO] [stderr]    Compiling serde v1.0.228
[INFO] [stderr]    Compiling icu_provider v2.2.0
[INFO] [stderr]    Compiling icu_normalizer v2.2.0
[INFO] [stderr]    Compiling icu_properties v2.2.0
[INFO] [stderr]    Compiling serde_yaml v0.9.34+deprecated
[INFO] [stderr]    Compiling lsp-types v0.97.0
[INFO] [stderr]    Compiling lsp-server v0.10.0
[INFO] [stderr]    Compiling idna_adapter v1.2.2
[INFO] [stderr]    Compiling idna v1.1.0
[INFO] [stderr]    Compiling genpdf v0.2.0
[INFO] [stderr]    Compiling jsslint-core v1.2.0
[INFO] [stderr]    Compiling url v2.5.8
[INFO] [stderr]    Compiling rustls-webpki v0.103.13
[INFO] [stderr]    Compiling ureq v3.4.0
[INFO] [stderr]    Compiling jsslint-crossref v1.2.0
[INFO] [stderr]    Compiling rusqlite v0.40.2
[INFO] [stderr]    Compiling jsslint-cli v1.2.0 (/opt/rustwide/workdir)
[INFO] [stderr]     Finished `release` profile [optimized] target(s) in 3m 03s
[INFO] running `Command { std: "docker" "inspect" "cdb08456c57af93395c95f4dfe738a88173a89d8f730528b61afa79feef0b245", kill_on_drop: false }`
[INFO] running `Command { std: "docker" "exec" "-e" "SOURCE_DIR=/opt/rustwide/workdir" "-e" "CARGO_HOME=/opt/rustwide/cargo-home" "-e" "RUSTUP_HOME=/opt/rustwide/rustup-home" "-e" "CARGO_TARGET_DIR=/opt/rustwide/target" "-e" "CARGO_INCREMENTAL=0" "-e" "RUST_BACKTRACE=full" "-e" "RUSTFLAGS=--cap-lints=warn" "-e" "RUSTDOCFLAGS=--cap-lints=warn" "-w" "/opt/rustwide/workdir" "--user" "0:0" "cdb08456c57af93395c95f4dfe738a88173a89d8f730528b61afa79feef0b245" "/opt/rustwide/cargo-home/bin/cargo" "+1.99.0-beta.8" "test" "--frozen" "--no-run" "--message-format=json" "--release", kill_on_drop: false }`
[INFO] [stderr]    Compiling jsslint-cli v1.2.0 (/opt/rustwide/workdir)
[INFO] [stderr]     Finished `release` profile [optimized] target(s) in 12.66s
[INFO] running `Command { std: "docker" "inspect" "cdb08456c57af93395c95f4dfe738a88173a89d8f730528b61afa79feef0b245", kill_on_drop: false }`
[INFO] running `Command { std: "docker" "exec" "-e" "SOURCE_DIR=/opt/rustwide/workdir" "-e" "CARGO_HOME=/opt/rustwide/cargo-home" "-e" "RUSTUP_HOME=/opt/rustwide/rustup-home" "-e" "CARGO_TARGET_DIR=/opt/rustwide/target" "-e" "CARGO_INCREMENTAL=0" "-e" "RUST_BACKTRACE=full" "-e" "RUSTFLAGS=--cap-lints=warn" "-e" "RUSTDOCFLAGS=--cap-lints=warn" "-w" "/opt/rustwide/workdir" "--user" "0:0" "cdb08456c57af93395c95f4dfe738a88173a89d8f730528b61afa79feef0b245" "/opt/rustwide/cargo-home/bin/cargo" "+1.99.0-beta.8" "test" "--frozen" "--release", kill_on_drop: false }`
[INFO] [stderr]     Finished `release` profile [optimized] target(s) in 0.17s
[INFO] [stderr]      Running unittests src/main.rs (/opt/rustwide/target/release/deps/jsslint-dc30f5e11552d7aa)
[INFO] [stdout] 
[INFO] [stdout] running 26 tests
[INFO] [stdout] test decode::tests::valid_utf8_reads_clean ... ok
[INFO] [stdout] test decode::tests::invalid_utf8_falls_back_to_latin1_with_warning ... ok
[INFO] [stdout] test resolver::tests::bibliography_comma_separated_trims_whitespace ... ok
[INFO] [stdout] test resolver::tests::check_project_cycles_two_node_emits_single_violation ... ok
[INFO] [stdout] test resolver::tests::check_project_missing_refs_one_per_entry ... ok
[INFO] [stdout] test resolver::tests::commented_out_bibliography_is_not_a_reference ... ok
[INFO] [stdout] test decode::tests::missing_file_is_error_severity ... ok
[INFO] [stdout] test resolver::tests::commented_out_input_is_not_a_reference ... ok
[INFO] [stdout] test resolver::tests::bibliography_resolves ... ok
[INFO] [stdout] test resolver::tests::cycle_detected ... ok
[INFO] [stdout] test decode::tests::read_replacing_never_fails_on_bad_bytes ... ok
[INFO] [stdout] test resolver::tests::dynamic_input_argument_is_skipped_not_missing ... ok
[INFO] [stdout] test resolver::tests::bibliography_trailing_comma_is_ignored ... ok
[INFO] [stdout] test resolver::tests::bibliography_comma_separated_resolves_each_independently ... ok
[INFO] [stdout] test resolver::tests::bibliography_comma_separated_reports_only_missing_one ... ok
[INFO] [stdout] test resolver::tests::escaped_percent_is_not_a_comment ... ok
[INFO] [stdout] test resolver::tests::inline_comment_after_content_still_strips ... ok
[INFO] [stdout] test resolver::tests::root_directory_takes_priority_over_parent_directory ... ok
[INFO] [stdout] test resolver::tests::single_file_no_inputs ... ok
[INFO] [stdout] test resolver::tests::missing_input_reported ... ok
[INFO] [stdout] test resolver::tests::input_resolves ... ok
[INFO] [stdout] test resolver::tests::input_with_explicit_extension ... ok
[INFO] [stdout] test resolver::tests::nested_input_falls_back_to_parent_directory ... ok
[INFO] [stdout] test resolver::tests::self_reference_is_cycle ... ok
[INFO] [stdout] test resolver::tests::nested_braces_in_argument_are_matched ... ok
[INFO] [stderr]      Running tests/baseline_parity.rs (/opt/rustwide/target/release/deps/baseline_parity-4b1d4763088d9a14)
[INFO] [stdout] test resolver::tests::nested_input_resolves_relative_to_root_not_immediate_parent ... ok
[INFO] [stdout] 
[INFO] [stdout] test result: ok. 26 passed; 0 failed; 0 ignored; 0 measured; 0 filtered out; finished in 0.05s
[INFO] [stdout] 
[INFO] [stdout] 
[INFO] [stdout] running 2 tests
[INFO] [stdout] test baseline_files_and_reports_match_python_cli ... ok
[INFO] [stdout] test subdirectory_baseline_and_journal_mismatch_match_python_cli ... ok
[INFO] [stdout] 
[INFO] [stdout] test result: ok. 2 passed; 0 failed; 0 ignored; 0 measured; 0 filtered out; finished in 0.01s
[INFO] [stdout] 
[INFO] [stderr]      Running tests/cli_parity.rs (/opt/rustwide/target/release/deps/cli_parity-35c0e58d58a286d4)
[INFO] [stdout] 
[INFO] [stdout] running 3 tests
[INFO] [stdout] test cli_matches_python_cli_end_to_end_rnw_rmd ... ok
[INFO] [stderr]      Running tests/color_parity.rs (/opt/rustwide/target/release/deps/color_parity-5fb6f64f22fc55fa)
[INFO] [stdout] test cli_resolve_matches_python_cli_end_to_end ... ok
[INFO] [stdout] test cli_matches_python_cli_end_to_end ... ok
[INFO] [stdout] 
[INFO] [stdout] test result: ok. 3 passed; 0 failed; 0 ignored; 0 measured; 0 filtered out; finished in 0.01s
[INFO] [stdout] 
[INFO] [stdout] 
[INFO] [stdout] running 1 test
[INFO] [stdout] test colour_decision_matches_python_cli ... ok
[INFO] [stdout] 
[INFO] [stdout] test result: ok. 1 passed; 0 failed; 0 ignored; 0 measured; 0 filtered out; finished in 0.00s
[INFO] [stdout] 
[INFO] [stderr]      Running tests/config_parity.rs (/opt/rustwide/target/release/deps/config_parity-43d54dbf28b1ca6e)
[INFO] [stdout] 
[INFO] [stdout] running 1 test
[INFO] [stdout] test config_load_matches_python_cli ... ok
[INFO] [stdout] 
[INFO] [stderr]      Running tests/coverage_parity.rs (/opt/rustwide/target/release/deps/coverage_parity-81c5acfc0856939b)
[INFO] [stdout] test result: ok. 1 passed; 0 failed; 0 ignored; 0 measured; 0 filtered out; finished in 0.00s
[INFO] [stdout] 
[INFO] [stdout] 
[INFO] [stdout] running 1 test
[INFO] [stderr]      Running tests/diff_parity.rs (/opt/rustwide/target/release/deps/diff_parity-a84a4a63351da98c)
[INFO] [stdout] test coverage_matches_python_cli ... ok
[INFO] [stdout] 
[INFO] [stdout] test result: ok. 1 passed; 0 failed; 0 ignored; 0 measured; 0 filtered out; finished in 0.00s
[INFO] [stdout] 
[INFO] [stdout] 
[INFO] [stdout] running 1 test
[INFO] [stdout] test diff_matches_python_cli ... ok
[INFO] [stderr]      Running tests/explain_parity.rs (/opt/rustwide/target/release/deps/explain_parity-0ff1d607863f321f)
[INFO] [stdout] 
[INFO] [stdout] test result: ok. 1 passed; 0 failed; 0 ignored; 0 measured; 0 filtered out; finished in 0.01s
[INFO] [stdout] 
[INFO] [stdout] 
[INFO] [stderr]      Running tests/fix_parity.rs (/opt/rustwide/target/release/deps/fix_parity-842780867e3aa93e)
[INFO] [stdout] running 1 test
[INFO] [stdout] test explain_matches_python_cli ... ok
[INFO] [stdout] 
[INFO] [stdout] test result: ok. 1 passed; 0 failed; 0 ignored; 0 measured; 0 filtered out; finished in 0.00s
[INFO] [stdout] 
[INFO] [stdout] 
[INFO] [stdout] running 4 tests
[INFO] [stdout] test fix_dry_run_matches_python_cli_and_does_not_write ... ok
[INFO] [stdout] test fix_interactive_matches_python_cli ... ok
[INFO] [stdout] test fix_rule_filter_and_unknown_rule_match_python_cli ... ok
[INFO] [stdout] test fix_write_matches_python_cli ... ok
[INFO] [stdout] 
[INFO] [stdout] test result: ok. 4 passed; 0 failed; 0 ignored; 0 measured; 0 filtered out; finished in 0.00s
[INFO] [stdout] 
[INFO] [stderr]      Running tests/html_parity.rs (/opt/rustwide/target/release/deps/html_parity-9e3ac3efb7da8ee8)
[INFO] [stdout] 
[INFO] [stdout] running 1 test
[INFO] [stdout] test html_output_matches_python_cli ... ok
[INFO] [stdout] 
[INFO] [stderr]      Running tests/init_parity.rs (/opt/rustwide/target/release/deps/init_parity-1e49a6e0b714cfa2)
[INFO] [stdout] test result: ok. 1 passed; 0 failed; 0 ignored; 0 measured; 0 filtered out; finished in 0.00s
[INFO] [stdout] 
[INFO] [stdout] 
[INFO] [stdout] running 1 test
[INFO] [stderr]      Running tests/lsp_server_test.rs (/opt/rustwide/target/release/deps/lsp_server_test-b5900c066a796807)
[INFO] [stdout] test init_matches_python_cli ... ok
[INFO] [stdout] 
[INFO] [stdout] test result: ok. 1 passed; 0 failed; 0 ignored; 0 measured; 0 filtered out; finished in 0.00s
[INFO] [stdout] 
[INFO] [stdout] 
[INFO] [stdout] running 3 tests
[INFO] [stdout] test lsp_publishes_diagnostics_and_code_action_for_a_known_violation ... FAILED
[INFO] [stdout] test lsp_suppresses_a_rule_via_did_change_configuration ... FAILED
[INFO] [stdout] test lsp_debounces_did_change_and_applies_all_fixes_via_execute_command ... FAILED
[INFO] [stdout] 
[INFO] [stdout] failures:
[INFO] [stdout] 
[INFO] [stdout] ---- lsp_publishes_diagnostics_and_code_action_for_a_known_violation stdout ----
[INFO] [stdout] 
[INFO] [stdout] thread 'lsp_publishes_diagnostics_and_code_action_for_a_known_violation' (2776) panicked at tests/lsp_server_test.rs:210:50:
[INFO] [stdout] failed to read fixture: Os { code: 2, kind: NotFound, message: "No such file or directory" }
[INFO] [stdout] stack backtrace:
[INFO] [stdout]    0:     0x5cfd75a340b1 - <<std[70759c8f55707aa4]::sys::backtrace::BacktraceLock>::print::DisplayBacktrace as core[df12db4294e9bfd3]::fmt::Display>::fmt
[INFO] [stdout]    1:     0x5cfd75a4938a - core[df12db4294e9bfd3]::fmt::write
[INFO] [stdout]    2:     0x5cfd75a3869c - <alloc[2182bb758b4b3781]::vec::Vec<u8> as core[df12db4294e9bfd3]::io::write::Write>::write_fmt
[INFO] [stdout]    3:     0x5cfd75a0fbc6 - std[70759c8f55707aa4]::panicking::default_hook::{closure#0}
[INFO] [stdout]    4:     0x5cfd75a2c3f9 - std[70759c8f55707aa4]::panicking::default_hook
[INFO] [stdout]    5:     0x5cfd759b0500 - test[9d35eded1c95d3be]::test_main_inner::<test[9d35eded1c95d3be]::test_main_static::{closure#0}>::{closure#0}
[INFO] [stdout]    6:     0x5cfd75a2c5b2 - std[70759c8f55707aa4]::panicking::panic_with_hook
[INFO] [stdout]    7:     0x5cfd75a0fc72 - std[70759c8f55707aa4]::panicking::panic_handler::{closure#0}
[INFO] [stdout]    8:     0x5cfd75a08869 - std[70759c8f55707aa4]::sys::backtrace::__rust_end_short_backtrace::<std[70759c8f55707aa4]::panicking::panic_handler::{closure#0}, !>
[INFO] [stdout]    9:     0x5cfd75a1086d - __rustc[8fa7c3cbc660c2b3]::rust_begin_unwind
[INFO] [stdout]   10:     0x5cfd75a49abc - core[df12db4294e9bfd3]::panicking::panic_fmt
[INFO] [stdout]   11:     0x5cfd75a49892 - core[df12db4294e9bfd3]::result::unwrap_failed
[INFO] [stdout]   12:     0x5cfd75981410 - <lsp_server_test[ee959f086ff6dc55]::lsp_publishes_diagnostics_and_code_action_for_a_known_violation::{closure#0} as core[df12db4294e9bfd3]::ops::function::FnOnce<()>>::call_once
[INFO] [stdout]   13:     0x5cfd759a37eb - test[9d35eded1c95d3be]::__rust_begin_short_backtrace::<core[df12db4294e9bfd3]::result::Result<(), alloc[2182bb758b4b3781]::string::String>, fn() -> core[df12db4294e9bfd3]::result::Result<(), alloc[2182bb758b4b3781]::string::String>>
[INFO] [stdout]   14:     0x5cfd759b0e55 - test[9d35eded1c95d3be]::run_test::{closure#0}
[INFO] [stdout]   15:     0x5cfd759aa714 - std[70759c8f55707aa4]::sys::backtrace::__rust_begin_short_backtrace::<test[9d35eded1c95d3be]::run_test::{closure#1}, ()>
[INFO] [stdout]   16:     0x5cfd759b3fb2 - <std[70759c8f55707aa4]::thread::lifecycle::spawn_unchecked<test[9d35eded1c95d3be]::run_test::{closure#1}, ()>::{closure#1} as core[df12db4294e9bfd3]::ops::function::FnOnce<()>>::call_once::{shim:vtable#0}
[INFO] [stdout]   17:     0x5cfd75a33619 - <std[70759c8f55707aa4]::sys::thread::unix::Thread>::new::thread_start
[INFO] [stdout]   18:     0x726333b89dfa - <unknown>
[INFO] [stdout]   19:     0x726333c1d3d4 - clone
[INFO] [stdout]   20:                0x0 - <unknown>
[INFO] [stdout] 
[INFO] [stdout] ---- lsp_suppresses_a_rule_via_did_change_configuration stdout ----
[INFO] [stdout] 
[INFO] [stdout] thread 'lsp_suppresses_a_rule_via_did_change_configuration' (2777) panicked at tests/lsp_server_test.rs:324:50:
[INFO] [stdout] failed to read fixture: Os { code: 2, kind: NotFound, message: "No such file or directory" }
[INFO] [stdout] stack backtrace:
[INFO] [stdout]    0:     0x5cfd75a340b1 - <<std[70759c8f55707aa4]::sys::backtrace::BacktraceLock>::print::DisplayBacktrace as core[df12db4294e9bfd3]::fmt::Display>::fmt
[INFO] [stdout]    1:     0x5cfd75a4938a - core[df12db4294e9bfd3]::fmt::write
[INFO] [stderr] error: test failed, to rerun pass `--test lsp_server_test`
[INFO] [stdout]    2:     0x5cfd75a3869c - <alloc[2182bb758b4b3781]::vec::Vec<u8> as core[df12db4294e9bfd3]::io::write::Write>::write_fmt
[INFO] [stdout]    3:     0x5cfd75a0fbc6 - std[70759c8f55707aa4]::panicking::default_hook::{closure#0}
[INFO] [stdout]    4:     0x5cfd75a2c3f9 - std[70759c8f55707aa4]::panicking::default_hook
[INFO] [stdout]    5:     0x5cfd759b0500 - test[9d35eded1c95d3be]::test_main_inner::<test[9d35eded1c95d3be]::test_main_static::{closure#0}>::{closure#0}
[INFO] [stdout]    6:     0x5cfd75a2c5b2 - std[70759c8f55707aa4]::panicking::panic_with_hook
[INFO] [stdout]    7:     0x5cfd75a0fc72 - std[70759c8f55707aa4]::panicking::panic_handler::{closure#0}
[INFO] [stdout]    8:     0x5cfd75a08869 - std[70759c8f55707aa4]::sys::backtrace::__rust_end_short_backtrace::<std[70759c8f55707aa4]::panicking::panic_handler::{closure#0}, !>
[INFO] [stdout]    9:     0x5cfd75a1086d - __rustc[8fa7c3cbc660c2b3]::rust_begin_unwind
[INFO] [stdout]   10:     0x5cfd75a49abc - core[df12db4294e9bfd3]::panicking::panic_fmt
[INFO] [stdout]   11:     0x5cfd75a49892 - core[df12db4294e9bfd3]::result::unwrap_failed
[INFO] [stdout]   12:     0x5cfd7597fe26 - <lsp_server_test[ee959f086ff6dc55]::lsp_suppresses_a_rule_via_did_change_configuration::{closure#0} as core[df12db4294e9bfd3]::ops::function::FnOnce<()>>::call_once
[INFO] [stdout]   13:     0x5cfd759a37eb - test[9d35eded1c95d3be]::__rust_begin_short_backtrace::<core[df12db4294e9bfd3]::result::Result<(), alloc[2182bb758b4b3781]::string::String>, fn() -> core[df12db4294e9bfd3]::result::Result<(), alloc[2182bb758b4b3781]::string::String>>
[INFO] [stdout]   14:     0x5cfd759b0e55 - test[9d35eded1c95d3be]::run_test::{closure#0}
[INFO] [stdout]   15:     0x5cfd759aa714 - std[70759c8f55707aa4]::sys::backtrace::__rust_begin_short_backtrace::<test[9d35eded1c95d3be]::run_test::{closure#1}, ()>
[INFO] [stdout]   16:     0x5cfd759b3fb2 - <std[70759c8f55707aa4]::thread::lifecycle::spawn_unchecked<test[9d35eded1c95d3be]::run_test::{closure#1}, ()>::{closure#1} as core[df12db4294e9bfd3]::ops::function::FnOnce<()>>::call_once::{shim:vtable#0}
[INFO] [stdout]   17:     0x5cfd75a33619 - <std[70759c8f55707aa4]::sys::thread::unix::Thread>::new::thread_start
[INFO] [stdout]   18:     0x726333b89dfa - <unknown>
[INFO] [stdout]   19:     0x726333c1d3d4 - clone
[INFO] [stdout]   20:                0x0 - <unknown>
[INFO] [stdout] 
[INFO] [stdout] ---- lsp_debounces_did_change_and_applies_all_fixes_via_execute_command stdout ----
[INFO] [stdout] 
[INFO] [stdout] thread 'lsp_debounces_did_change_and_applies_all_fixes_via_execute_command' (2775) panicked at tests/lsp_server_test.rs:377:57:
[INFO] [stdout] failed to read fixture: Os { code: 2, kind: NotFound, message: "No such file or directory" }
[INFO] [stdout] stack backtrace:
[INFO] [stdout]    0:     0x5cfd75a340b1 - <<std[70759c8f55707aa4]::sys::backtrace::BacktraceLock>::print::DisplayBacktrace as core[df12db4294e9bfd3]::fmt::Display>::fmt
[INFO] [stdout]    1:     0x5cfd75a4938a - core[df12db4294e9bfd3]::fmt::write
[INFO] [stdout]    2:     0x5cfd75a3869c - <alloc[2182bb758b4b3781]::vec::Vec<u8> as core[df12db4294e9bfd3]::io::write::Write>::write_fmt
[INFO] [stdout]    3:     0x5cfd75a0fbc6 - std[70759c8f55707aa4]::panicking::default_hook::{closure#0}
[INFO] [stdout]    4:     0x5cfd75a2c3f9 - std[70759c8f55707aa4]::panicking::default_hook
[INFO] [stdout]    5:     0x5cfd759b0500 - test[9d35eded1c95d3be]::test_main_inner::<test[9d35eded1c95d3be]::test_main_static::{closure#0}>::{closure#0}
[INFO] [stdout]    6:     0x5cfd75a2c5b2 - std[70759c8f55707aa4]::panicking::panic_with_hook
[INFO] [stdout]    7:     0x5cfd75a0fc72 - std[70759c8f55707aa4]::panicking::panic_handler::{closure#0}
[INFO] [stdout]    8:     0x5cfd75a08869 - std[70759c8f55707aa4]::sys::backtrace::__rust_end_short_backtrace::<std[70759c8f55707aa4]::panicking::panic_handler::{closure#0}, !>
[INFO] [stdout]    9:     0x5cfd75a1086d - __rustc[8fa7c3cbc660c2b3]::rust_begin_unwind
[INFO] [stdout]   10:     0x5cfd75a49abc - core[df12db4294e9bfd3]::panicking::panic_fmt
[INFO] [stdout]   11:     0x5cfd75a49892 - core[df12db4294e9bfd3]::result::unwrap_failed
[INFO] [stdout]   12:     0x5cfd75983591 - <lsp_server_test[ee959f086ff6dc55]::lsp_debounces_did_change_and_applies_all_fixes_via_execute_command::{closure#0} as core[df12db4294e9bfd3]::ops::function::FnOnce<()>>::call_once
[INFO] [stdout]   13:     0x5cfd759a37eb - test[9d35eded1c95d3be]::__rust_begin_short_backtrace::<core[df12db4294e9bfd3]::result::Result<(), alloc[2182bb758b4b3781]::string::String>, fn() -> core[df12db4294e9bfd3]::result::Result<(), alloc[2182bb758b4b3781]::string::String>>
[INFO] [stdout]   14:     0x5cfd759b0e55 - test[9d35eded1c95d3be]::run_test::{closure#0}
[INFO] [stdout]   15:     0x5cfd759aa714 - std[70759c8f55707aa4]::sys::backtrace::__rust_begin_short_backtrace::<test[9d35eded1c95d3be]::run_test::{closure#1}, ()>
[INFO] [stdout]   16:     0x5cfd759b3fb2 - <std[70759c8f55707aa4]::thread::lifecycle::spawn_unchecked<test[9d35eded1c95d3be]::run_test::{closure#1}, ()>::{closure#1} as core[df12db4294e9bfd3]::ops::function::FnOnce<()>>::call_once::{shim:vtable#0}
[INFO] [stdout]   17:     0x5cfd75a33619 - <std[70759c8f55707aa4]::sys::thread::unix::Thread>::new::thread_start
[INFO] [stdout]   18:     0x726333b89dfa - <unknown>
[INFO] [stdout]   19:     0x726333c1d3d4 - clone
[INFO] [stdout]   20:                0x0 - <unknown>
[INFO] [stdout] 
[INFO] [stdout] 
[INFO] [stdout] failures:
[INFO] [stdout]     lsp_debounces_did_change_and_applies_all_fixes_via_execute_command
[INFO] [stdout]     lsp_publishes_diagnostics_and_code_action_for_a_known_violation
[INFO] [stdout]     lsp_suppresses_a_rule_via_did_change_configuration
[INFO] [stdout] 
[INFO] [stdout] test result: FAILED. 0 passed; 3 failed; 0 ignored; 0 measured; 0 filtered out; finished in 0.00s
[INFO] [stdout] 
[INFO] running `Command { std: "docker" "inspect" "cdb08456c57af93395c95f4dfe738a88173a89d8f730528b61afa79feef0b245", kill_on_drop: false }`
[INFO] running `Command { std: "docker" "rm" "-f" "cdb08456c57af93395c95f4dfe738a88173a89d8f730528b61afa79feef0b245", kill_on_drop: false }`
[INFO] [stdout] cdb08456c57af93395c95f4dfe738a88173a89d8f730528b61afa79feef0b245
