[INFO] fetching crate jsq 5.0.0...
[INFO] testing jsq-5.0.0 against 1.99.0-beta.8+cargoflags=--release for beta-release-1.100-2
[INFO] extracting crate jsq 5.0.0 into /workspace/builds/worker-4-tc1/source
[INFO] started tweaking crates.io crate jsq 5.0.0
[INFO] removed 0 missing tests
[INFO] finished tweaking crates.io crate jsq 5.0.0
[INFO] tweaked toml for crates.io crate jsq 5.0.0 written to /workspace/builds/worker-4-tc1/source/Cargo.toml
[INFO] validating manifest of crates.io crate jsq 5.0.0 on toolchain 1.99.0-beta.8
[INFO] running `Command { std: CARGO_HOME="/workspace/cargo-home" RUSTUP_HOME="/workspace/rustup-home" "/workspace/cargo-home/bin/cargo" "+1.99.0-beta.8" "metadata" "--manifest-path" "Cargo.toml" "--no-deps", kill_on_drop: false }`
[INFO] crate crates.io crate jsq 5.0.0 already has a lockfile, it will not be regenerated
[INFO] running `Command { std: CARGO_HOME="/workspace/cargo-home" RUSTUP_HOME="/workspace/rustup-home" "/workspace/cargo-home/bin/cargo" "+1.99.0-beta.8" "fetch" "--manifest-path" "Cargo.toml", kill_on_drop: false }`
[INFO] [stderr]     Blocking waiting for file lock on package cache
[INFO] [stderr]     Updating crates.io index
[INFO] [stderr]  Downloading crates ...
[INFO] [stderr]   Downloaded oxc_str v0.132.0
[INFO] [stderr]   Downloaded oxc_estree v0.132.0
[INFO] [stderr]   Downloaded oxc v0.132.0
[INFO] [stderr]   Downloaded oxc_syntax v0.132.0
[INFO] [stderr]   Downloaded oxc_allocator v0.132.0
[INFO] [stderr]   Downloaded oxc_ast_macros v0.132.0
[INFO] [stderr]   Downloaded oxc_span v0.132.0
[INFO] [stderr]   Downloaded oxc_diagnostics v0.132.0
[INFO] [stderr]   Downloaded json-escape-simd v3.0.1
[INFO] [stderr]   Downloaded oxc_sourcemap v6.1.1
[INFO] [stderr]   Downloaded oxc_ast_visit v0.132.0
[INFO] [stderr]   Downloaded oxc_data_structures v0.132.0
[INFO] [stderr]   Downloaded oxc_regular_expression v0.132.0
[INFO] [stderr]   Downloaded oxc_ecmascript v0.132.0
[INFO] [stderr]   Downloaded oxc_codegen v0.132.0
[INFO] [stderr]   Downloaded oxc_semantic v0.132.0
[INFO] [stderr]   Downloaded oxc_parser v0.132.0
[INFO] [stderr]   Downloaded oxc_ast v0.132.0
[INFO] running `Command { std: "docker" "create" "-v" "/var/lib/crater-agent-workspace/builds/worker-4-tc1/source:/opt/rustwide/workdir:ro,Z" "-v" "/var/lib/crater-agent-workspace/builds/worker-4-tc1/target:/opt/rustwide/target:rw,Z" "-v" "/var/lib/crater-agent-workspace/cargo-home:/opt/rustwide/cargo-home:ro,Z" "-v" "/var/lib/crater-agent-workspace/rustup-home:/opt/rustwide/rustup-home:ro,Z" "-m" "1610612736" "--network" "none" "ghcr.io/rust-lang/crates-build-env/linux@sha256:77db811e55d90add9212f6832c23229e3de5f1c1f9905e8cb07319ea15df73ac" "sleep" "infinity", kill_on_drop: false }`
[INFO] [stdout] b6dbc75b53c2978991e9172a8a354779d21deeb0028607aa3de65dd934137516
[INFO] running `Command { std: "docker" "start" "b6dbc75b53c2978991e9172a8a354779d21deeb0028607aa3de65dd934137516", kill_on_drop: false }`
[INFO] running `Command { std: "docker" "inspect" "b6dbc75b53c2978991e9172a8a354779d21deeb0028607aa3de65dd934137516", kill_on_drop: false }`
[INFO] running `Command { std: "docker" "exec" "-e" "SOURCE_DIR=/opt/rustwide/workdir" "-e" "CARGO_HOME=/opt/rustwide/cargo-home" "-e" "RUSTUP_HOME=/opt/rustwide/rustup-home" "-e" "CARGO_TARGET_DIR=/opt/rustwide/target" "-w" "/opt/rustwide/workdir" "--user" "0:0" "b6dbc75b53c2978991e9172a8a354779d21deeb0028607aa3de65dd934137516" "/opt/rustwide/cargo-home/bin/cargo" "+1.99.0-beta.8" "metadata" "--no-deps" "--format-version=1", kill_on_drop: false }`
[INFO] running `Command { std: "docker" "inspect" "b6dbc75b53c2978991e9172a8a354779d21deeb0028607aa3de65dd934137516", kill_on_drop: false }`
[INFO] running `Command { std: "docker" "exec" "-e" "SOURCE_DIR=/opt/rustwide/workdir" "-e" "CARGO_HOME=/opt/rustwide/cargo-home" "-e" "RUSTUP_HOME=/opt/rustwide/rustup-home" "-e" "CARGO_TARGET_DIR=/opt/rustwide/target" "-e" "CARGO_INCREMENTAL=0" "-e" "RUST_BACKTRACE=full" "-e" "RUSTFLAGS=--cap-lints=warn" "-e" "RUSTDOCFLAGS=--cap-lints=warn" "-w" "/opt/rustwide/workdir" "--user" "0:0" "b6dbc75b53c2978991e9172a8a354779d21deeb0028607aa3de65dd934137516" "/opt/rustwide/cargo-home/bin/cargo" "+1.99.0-beta.8" "build" "--frozen" "--message-format=json" "--release", kill_on_drop: false }`
[INFO] [stderr]    Compiling proc-macro2 v1.0.106
[INFO] [stderr]    Compiling serde_core v1.0.228
[INFO] [stderr]    Compiling allocator-api2 v0.2.21
[INFO] [stderr]    Compiling rustversion v1.0.22
[INFO] [stderr]    Compiling owo-colors v4.2.3
[INFO] [stderr]    Compiling thiserror v2.0.17
[INFO] [stderr]    Compiling smawk v0.3.2
[INFO] [stderr]    Compiling phf_shared v0.13.1
[INFO] [stderr]    Compiling oxc_data_structures v0.132.0
[INFO] [stderr]    Compiling fastrand v2.3.0
[INFO] [stderr]    Compiling oxc_estree v0.132.0
[INFO] [stderr]    Compiling dragonbox_ecma v0.1.12
[INFO] [stderr]    Compiling cow-utils v0.1.3
[INFO] [stderr]    Compiling unicode-id-start v1.4.0
[INFO] [stderr]    Compiling nonmax v0.5.5
[INFO] [stderr]    Compiling num-bigint v0.4.6
[INFO] [stderr]    Compiling serde_json v1.0.150
[INFO] [stderr]    Compiling textwrap v0.16.2
[INFO] [stderr]    Compiling oxc_sourcemap v6.1.1
[INFO] [stderr]    Compiling itertools v0.14.0
[INFO] [stderr]    Compiling base64-simd v0.8.0
[INFO] [stderr]    Compiling self_cell v1.2.2
[INFO] [stderr]    Compiling json-escape-simd v3.0.1
[INFO] [stderr]    Compiling anstream v1.0.0
[INFO] [stderr]    Compiling winnow v1.0.3
[INFO] [stderr]    Compiling seq-macro v0.3.6
[INFO] [stderr]    Compiling csv-core v0.1.13
[INFO] [stderr]    Compiling phf_generator v0.13.1
[INFO] [stderr]    Compiling phf v0.13.1
[INFO] [stderr]    Compiling unsafe-libyaml v0.2.11
[INFO] [stderr]    Compiling ucd-trie v0.1.7
[INFO] [stderr]    Compiling quote v1.0.45
[INFO] [stderr]    Compiling castaway v0.2.4
[INFO] [stderr]    Compiling hashbrown v0.17.1
[INFO] [stderr]    Compiling clap_builder v4.6.0
[INFO] [stderr]    Compiling compact_str v0.9.0
[INFO] [stderr]    Compiling toml_parser v1.1.2+spec-1.1.0
[INFO] [stderr]    Compiling syn v2.0.117
[INFO] [stderr]    Compiling oxc_allocator v0.132.0
[INFO] [stderr]    Compiling oxc_str v0.132.0
[INFO] [stderr]    Compiling indexmap v2.14.0
[INFO] [stderr]    Compiling toml_datetime v1.1.1+spec-1.1.0
[INFO] [stderr]    Compiling serde_spanned v1.1.1
[INFO] [stderr]    Compiling csv v1.4.0
[INFO] [stderr]    Compiling serde_derive v1.0.228
[INFO] [stderr]    Compiling thiserror-impl v2.0.17
[INFO] [stderr]    Compiling oxc-miette-derive v2.7.1
[INFO] [stderr]    Compiling oxc_ast_macros v0.132.0
[INFO] [stderr]    Compiling phf_macros v0.13.1
[INFO] [stderr]    Compiling clap_derive v4.6.1
[INFO] [stderr]    Compiling oxc-miette v2.7.1
[INFO] [stderr]    Compiling toml v1.1.2+spec-1.1.0
[INFO] [stderr]    Compiling clap v4.6.1
[INFO] [stderr]    Compiling oxc_span v0.132.0
[INFO] [stderr]    Compiling oxc_diagnostics v0.132.0
[INFO] [stderr]    Compiling oxc_regular_expression v0.132.0
[INFO] [stderr]    Compiling serde v1.0.228
[INFO] [stderr]    Compiling oxc_index v4.1.0
[INFO] [stderr]    Compiling serde_yaml v0.9.34+deprecated
[INFO] [stderr]    Compiling json5 v1.3.1
[INFO] [stderr]    Compiling oxc_syntax v0.132.0
[INFO] [stderr]    Compiling oxc_ast v0.132.0
[INFO] [stderr]    Compiling oxc_ecmascript v0.132.0
[INFO] [stderr]    Compiling oxc_ast_visit v0.132.0
[INFO] [stderr]    Compiling oxc_semantic v0.132.0
[INFO] [stderr]    Compiling oxc_parser v0.132.0
[INFO] [stderr]    Compiling oxc_codegen v0.132.0
[INFO] [stderr]    Compiling oxc v0.132.0
[INFO] [stderr]    Compiling jsq v5.0.0 (/opt/rustwide/workdir)
[INFO] [stderr]     Finished `release` profile [optimized] target(s) in 1m 22s
[INFO] running `Command { std: "docker" "inspect" "b6dbc75b53c2978991e9172a8a354779d21deeb0028607aa3de65dd934137516", kill_on_drop: false }`
[INFO] running `Command { std: "docker" "exec" "-e" "SOURCE_DIR=/opt/rustwide/workdir" "-e" "CARGO_HOME=/opt/rustwide/cargo-home" "-e" "RUSTUP_HOME=/opt/rustwide/rustup-home" "-e" "CARGO_TARGET_DIR=/opt/rustwide/target" "-e" "CARGO_INCREMENTAL=0" "-e" "RUST_BACKTRACE=full" "-e" "RUSTFLAGS=--cap-lints=warn" "-e" "RUSTDOCFLAGS=--cap-lints=warn" "-w" "/opt/rustwide/workdir" "--user" "0:0" "b6dbc75b53c2978991e9172a8a354779d21deeb0028607aa3de65dd934137516" "/opt/rustwide/cargo-home/bin/cargo" "+1.99.0-beta.8" "test" "--frozen" "--no-run" "--message-format=json" "--release", kill_on_drop: false }`
[INFO] [stderr]    Compiling jsq v5.0.0 (/opt/rustwide/workdir)
[INFO] [stderr]     Finished `release` profile [optimized] target(s) in 0.89s
[INFO] running `Command { std: "docker" "inspect" "b6dbc75b53c2978991e9172a8a354779d21deeb0028607aa3de65dd934137516", kill_on_drop: false }`
[INFO] running `Command { std: "docker" "exec" "-e" "SOURCE_DIR=/opt/rustwide/workdir" "-e" "CARGO_HOME=/opt/rustwide/cargo-home" "-e" "RUSTUP_HOME=/opt/rustwide/rustup-home" "-e" "CARGO_TARGET_DIR=/opt/rustwide/target" "-e" "CARGO_INCREMENTAL=0" "-e" "RUST_BACKTRACE=full" "-e" "RUSTFLAGS=--cap-lints=warn" "-e" "RUSTDOCFLAGS=--cap-lints=warn" "-w" "/opt/rustwide/workdir" "--user" "0:0" "b6dbc75b53c2978991e9172a8a354779d21deeb0028607aa3de65dd934137516" "/opt/rustwide/cargo-home/bin/cargo" "+1.99.0-beta.8" "test" "--frozen" "--release", kill_on_drop: false }`
[INFO] [stderr]     Finished `release` profile [optimized] target(s) in 0.12s
[INFO] [stderr]      Running unittests src/main.rs (/opt/rustwide/target/release/deps/jsq-f46d16d4df587955)
[INFO] [stdout] 
[INFO] [stdout] running 0 tests
[INFO] [stdout] 
[INFO] [stdout] test result: ok. 0 passed; 0 failed; 0 ignored; 0 measured; 0 filtered out; finished in 0.00s
[INFO] [stdout] 
[INFO] [stderr]      Running tests/tests.rs (/opt/rustwide/target/release/deps/tests-bdd531c23326296b)
[INFO] [stdout] 
[INFO] [stdout] running 1 test
[INFO] [stdout] test test ... FAILED
[INFO] [stdout] 
[INFO] [stdout] failures:
[INFO] [stdout] 
[INFO] [stdout] ---- test stdout ----
[INFO] [stdout] 
[INFO] [stdout] thread 'test' (1574) panicked at tests/tests.rs:105:5:
[INFO] [stdout] assertion `left == right` failed: status_code: 1
[INFO] [stdout] stdout: 
[INFO] [stdout] stderr: error: command not found: deno
[INFO] [stdout] 
[INFO] [stdout]   left: 1
[INFO] [stdout]  right: 0
[INFO] [stdout] stack backtrace:
[INFO] [stdout]    0:     0x5bb912ca5ad1 - <<std[70759c8f55707aa4]::sys::backtrace::BacktraceLock>::print::DisplayBacktrace as core[df12db4294e9bfd3]::fmt::Display>::fmt
[INFO] [stdout]    1:     0x5bb912cba2fa - core[df12db4294e9bfd3]::fmt::write
[INFO] [stdout]    2:     0x5bb912caa4dc - <alloc[2182bb758b4b3781]::vec::Vec<u8> as core[df12db4294e9bfd3]::io::write::Write>::write_fmt
[INFO] [stdout]    3:     0x5bb912c81426 - std[70759c8f55707aa4]::panicking::default_hook::{closure#0}
[INFO] [stdout]    4:     0x5bb912c9e199 - std[70759c8f55707aa4]::panicking::default_hook
[INFO] [stdout]    5:     0x5bb912c36c90 - test[9d35eded1c95d3be]::test_main_inner::<test[9d35eded1c95d3be]::test_main_static::{closure#0}>::{closure#0}
[INFO] [stdout]    6:     0x5bb912c9e352 - std[70759c8f55707aa4]::panicking::panic_with_hook
[INFO] [stdout]    7:     0x5bb912c814d2 - std[70759c8f55707aa4]::panicking::panic_handler::{closure#0}
[INFO] [stdout]    8:     0x5bb912c79cc9 - std[70759c8f55707aa4]::sys::backtrace::__rust_end_short_backtrace::<std[70759c8f55707aa4]::panicking::panic_handler::{closure#0}, !>
[INFO] [stdout]    9:     0x5bb912c821dd - __rustc[8fa7c3cbc660c2b3]::rust_begin_unwind
[INFO] [stdout]   10:     0x5bb912cbaa2c - core[df12db4294e9bfd3]::panicking::panic_fmt
[INFO] [stdout]   11:     0x5bb912cba9a3 - core[df12db4294e9bfd3]::panicking::assert_failed_inner
[INFO] [stdout]   12:     0x5bb912c79865 - core[df12db4294e9bfd3]::panicking::assert_failed::<i32, i32>
[INFO] [stdout]   13:     0x5bb912c2642b - tests[6bbb9d5f78eba86e]::test
[INFO] [stdout]   14:     0x5bb912c2869f - <tests[6bbb9d5f78eba86e]::test::{closure#0} as core[df12db4294e9bfd3]::ops::function::FnOnce<()>>::call_once
[INFO] [stdout]   15:     0x5bb912c29f7b - test[9d35eded1c95d3be]::__rust_begin_short_backtrace::<core[df12db4294e9bfd3]::result::Result<(), alloc[2182bb758b4b3781]::string::String>, fn() -> core[df12db4294e9bfd3]::result::Result<(), alloc[2182bb758b4b3781]::string::String>>
[INFO] [stdout]   16:     0x5bb912c375e5 - test[9d35eded1c95d3be]::run_test::{closure#0}
[INFO] [stdout]   17:     0x5bb912c30ea4 - std[70759c8f55707aa4]::sys::backtrace::__rust_begin_short_backtrace::<test[9d35eded1c95d3be]::run_test::{closure#1}, ()>
[INFO] [stdout]   18:     0x5bb912c3a742 - <std[70759c8f55707aa4]::thread::lifecycle::spawn_unchecked<test[9d35eded1c95d3be]::run_test::{closure#1}, ()>::{closure#1} as core[df12db4294e9bfd3]::ops::function::FnOnce<()>>::call_once::{shim:vtable#0}
[INFO] [stdout]   19:     0x5bb912ca53a9 - <std[70759c8f55707aa4]::sys::thread::unix::Thread>::new::thread_start
[INFO] [stdout]   20:     0x7d04bfd5edfa - <unknown>
[INFO] [stdout]   21:     0x7d04bfdf23d4 - clone
[INFO] [stdout]   22:                0x0 - <unknown>
[INFO] [stdout] 
[INFO] [stdout] 
[INFO] [stdout] failures:
[INFO] [stdout]     test
[INFO] [stdout] 
[INFO] [stdout] test result: FAILED. 0 passed; 1 failed; 0 ignored; 0 measured; 0 filtered out; finished in 0.02s
[INFO] [stdout] 
[INFO] [stderr] error: test failed, to rerun pass `--test tests`
[INFO] running `Command { std: "docker" "inspect" "b6dbc75b53c2978991e9172a8a354779d21deeb0028607aa3de65dd934137516", kill_on_drop: false }`
[INFO] running `Command { std: "docker" "rm" "-f" "b6dbc75b53c2978991e9172a8a354779d21deeb0028607aa3de65dd934137516", kill_on_drop: false }`
[INFO] [stdout] b6dbc75b53c2978991e9172a8a354779d21deeb0028607aa3de65dd934137516
