[INFO] fetching crate jsonschema-for-toml 0.1.0...
[INFO] testing jsonschema-for-toml-0.1.0 against 1.99.0-beta.8+cargoflags=--release for beta-release-1.100-2
[INFO] extracting crate jsonschema-for-toml 0.1.0 into /workspace/builds/worker-7-tc1/source
[INFO] started tweaking crates.io crate jsonschema-for-toml 0.1.0
[INFO] removed 0 missing tests
[INFO] finished tweaking crates.io crate jsonschema-for-toml 0.1.0
[INFO] tweaked toml for crates.io crate jsonschema-for-toml 0.1.0 written to /workspace/builds/worker-7-tc1/source/Cargo.toml
[INFO] validating manifest of crates.io crate jsonschema-for-toml 0.1.0 on toolchain 1.99.0-beta.8
[INFO] running `Command { std: CARGO_HOME="/workspace/cargo-home" RUSTUP_HOME="/workspace/rustup-home" "/workspace/cargo-home/bin/cargo" "+1.99.0-beta.8" "metadata" "--manifest-path" "Cargo.toml" "--no-deps", kill_on_drop: false }`
[INFO] crate crates.io crate jsonschema-for-toml 0.1.0 already has a lockfile, it will not be regenerated
[INFO] running `Command { std: CARGO_HOME="/workspace/cargo-home" RUSTUP_HOME="/workspace/rustup-home" "/workspace/cargo-home/bin/cargo" "+1.99.0-beta.8" "fetch" "--manifest-path" "Cargo.toml", kill_on_drop: false }`
[INFO] [stderr]     Updating crates.io index
[INFO] [stderr]  Downloading crates ...
[INFO] [stderr]   Downloaded toml v0.8.20
[INFO] [stderr]   Downloaded serde_spanned v0.6.8
[INFO] [stderr]   Downloaded indexmap v2.9.0
[INFO] [stderr]   Downloaded windows-link v0.1.1
[INFO] [stderr]   Downloaded windows-result v0.3.2
[INFO] [stderr]   Downloaded uuid-simd v0.8.0
[INFO] [stderr]   Downloaded windows-strings v0.3.1
[INFO] [stderr]   Downloaded windows-targets v0.53.0
[INFO] [stderr]   Downloaded rustversion v1.0.20
[INFO] [stderr]   Downloaded anstyle v1.0.10
[INFO] [stderr]   Downloaded idna_adapter v1.2.0
[INFO] [stderr]   Downloaded yoke-derive v0.7.5
[INFO] [stderr]   Downloaded bytecount v0.6.8
[INFO] [stderr]   Downloaded clap_lex v0.7.4
[INFO] [stderr]   Downloaded doc-comment v0.3.3
[INFO] [stderr]   Downloaded icu_provider_macros v1.5.0
[INFO] [stderr]   Downloaded write16 v1.0.0
[INFO] [stderr]   Downloaded utf16_iter v1.0.5
[INFO] [stderr]   Downloaded futures-io v0.3.31
[INFO] [stderr]   Downloaded ref-cast-impl v1.0.24
[INFO] [stderr]   Downloaded colorchoice v1.0.3
[INFO] [stderr]   Downloaded smallvec v1.15.0
[INFO] [stderr]   Downloaded icu_locid_transform v1.5.0
[INFO] [stderr]   Downloaded num v0.4.3
[INFO] [stderr]   Downloaded borrow-or-share v0.2.2
[INFO] [stderr]   Downloaded anstyle-query v1.1.2
[INFO] [stderr]   Downloaded predicates-tree v1.0.12
[INFO] [stderr]   Downloaded windows-registry v0.4.0
[INFO] [stderr]   Downloaded num-cmp v0.1.0
[INFO] [stderr]   Downloaded anstyle-wincon v3.0.7
[INFO] [stderr]   Downloaded predicates-core v1.0.9
[INFO] [stderr]   Downloaded zerovec-derive v0.10.3
[INFO] [stderr]   Downloaded litemap v0.7.5
[INFO] [stderr]   Downloaded ref-cast v1.0.24
[INFO] [stderr]   Downloaded anstream v0.6.18
[INFO] [stderr]   Downloaded anstyle-parse v0.2.6
[INFO] [stderr]   Downloaded assert_cmd v2.0.16
[INFO] [stderr]   Downloaded predicates v3.1.3
[INFO] [stderr]   Downloaded synstructure v0.13.1
[INFO] [stderr]   Downloaded tinystr v0.7.6
[INFO] [stderr]   Downloaded writeable v0.5.5
[INFO] [stderr]   Downloaded icu_locid_transform_data v1.5.1
[INFO] [stderr]   Downloaded referencing v0.29.1
[INFO] [stderr]   Downloaded redox_syscall v0.5.11
[INFO] [stderr]   Downloaded fluent-uri v0.3.2
[INFO] [stderr]   Downloaded ahash v0.8.11
[INFO] [stderr]   Downloaded clap_derive v4.5.32
[INFO] [stderr]   Downloaded icu_properties v1.5.1
[INFO] [stderr]   Downloaded yoke v0.7.5
[INFO] [stderr]   Downloaded icu_locid v1.5.0
[INFO] [stderr]   Downloaded icu_normalizer v1.5.0
[INFO] [stderr]   Downloaded icu_normalizer_data v1.5.1
[INFO] [stderr]   Downloaded clap v4.5.36
[INFO] [stderr]   Downloaded toml_edit v0.22.24
[INFO] [stderr]   Downloaded uuid v1.16.0
[INFO] [stderr]   Downloaded bumpalo v3.17.0
[INFO] [stderr]   Downloaded icu_provider v1.5.0
[INFO] [stderr]   Downloaded icu_collections v1.5.0
[INFO] [stderr]   Downloaded socket2 v0.5.9
[INFO] [stderr]   Downloaded backtrace v0.3.74
[INFO] [stderr]   Downloaded miniz_oxide v0.8.8
[INFO] [stderr]   Downloaded hyper-util v0.1.11
[INFO] [stderr]   Downloaded tracing-core v0.1.33
[INFO] [stderr]   Downloaded fancy-regex v0.14.0
[INFO] [stderr]   Downloaded anyhow v1.0.98
[INFO] [stderr]   Downloaded mio v1.0.3
[INFO] [stderr]   Downloaded fraction v0.15.3
[INFO] [stderr]   Downloaded serde_json v1.0.140
[INFO] [stderr]   Downloaded jsonschema v0.29.1
[INFO] [stderr]   Downloaded zerovec v0.10.4
[INFO] [stderr]   Downloaded winnow v0.7.6
[INFO] [stderr]   Downloaded reqwest v0.12.15
[INFO] [stderr]   Downloaded clap_builder v4.5.36
[INFO] [stderr]   Downloaded icu_properties_data v1.5.1
[INFO] [stderr]   Downloaded bstr v1.12.0
[INFO] [stderr]   Downloaded windows_aarch64_gnullvm v0.53.0
[INFO] [stderr]   Downloaded windows_x86_64_msvc v0.53.0
[INFO] [stderr]   Downloaded windows_x86_64_gnullvm v0.53.0
[INFO] [stderr]   Downloaded windows_i686_gnullvm v0.53.0
[INFO] [stderr]   Downloaded windows_aarch64_msvc v0.53.0
[INFO] [stderr]   Downloaded tokio v1.44.2
[INFO] [stderr]   Downloaded windows_x86_64_gnu v0.53.0
[INFO] [stderr]   Downloaded windows_i686_msvc v0.53.0
[INFO] [stderr]   Downloaded windows_i686_gnu v0.53.0
[INFO] running `Command { std: "docker" "create" "-v" "/var/lib/crater-agent-workspace/builds/worker-7-tc1/source:/opt/rustwide/workdir:ro,Z" "-v" "/var/lib/crater-agent-workspace/builds/worker-7-tc1/target:/opt/rustwide/target:rw,Z" "-v" "/var/lib/crater-agent-workspace/cargo-home:/opt/rustwide/cargo-home:ro,Z" "-v" "/var/lib/crater-agent-workspace/rustup-home:/opt/rustwide/rustup-home:ro,Z" "-m" "1610612736" "--network" "none" "ghcr.io/rust-lang/crates-build-env/linux@sha256:77db811e55d90add9212f6832c23229e3de5f1c1f9905e8cb07319ea15df73ac" "sleep" "infinity", kill_on_drop: false }`
[INFO] [stdout] f481ad6e2521c98ce995dfb01086ce468557a53481ec1935b518f3e838ed5ebe
[INFO] running `Command { std: "docker" "start" "f481ad6e2521c98ce995dfb01086ce468557a53481ec1935b518f3e838ed5ebe", kill_on_drop: false }`
[INFO] running `Command { std: "docker" "inspect" "f481ad6e2521c98ce995dfb01086ce468557a53481ec1935b518f3e838ed5ebe", kill_on_drop: false }`
[INFO] running `Command { std: "docker" "exec" "-e" "SOURCE_DIR=/opt/rustwide/workdir" "-e" "CARGO_HOME=/opt/rustwide/cargo-home" "-e" "RUSTUP_HOME=/opt/rustwide/rustup-home" "-e" "CARGO_TARGET_DIR=/opt/rustwide/target" "-w" "/opt/rustwide/workdir" "--user" "0:0" "f481ad6e2521c98ce995dfb01086ce468557a53481ec1935b518f3e838ed5ebe" "/opt/rustwide/cargo-home/bin/cargo" "+1.99.0-beta.8" "metadata" "--no-deps" "--format-version=1", kill_on_drop: false }`
[INFO] running `Command { std: "docker" "inspect" "f481ad6e2521c98ce995dfb01086ce468557a53481ec1935b518f3e838ed5ebe", kill_on_drop: false }`
[INFO] running `Command { std: "docker" "exec" "-e" "SOURCE_DIR=/opt/rustwide/workdir" "-e" "CARGO_HOME=/opt/rustwide/cargo-home" "-e" "RUSTUP_HOME=/opt/rustwide/rustup-home" "-e" "CARGO_TARGET_DIR=/opt/rustwide/target" "-e" "CARGO_INCREMENTAL=0" "-e" "RUST_BACKTRACE=full" "-e" "RUSTFLAGS=--cap-lints=warn" "-e" "RUSTDOCFLAGS=--cap-lints=warn" "-w" "/opt/rustwide/workdir" "--user" "0:0" "f481ad6e2521c98ce995dfb01086ce468557a53481ec1935b518f3e838ed5ebe" "/opt/rustwide/cargo-home/bin/cargo" "+1.99.0-beta.8" "build" "--frozen" "--message-format=json" "--release", kill_on_drop: false }`
[INFO] [stderr]    Compiling proc-macro2 v1.0.94
[INFO] [stderr]    Compiling unicode-ident v1.0.18
[INFO] [stderr]    Compiling autocfg v1.4.0
[INFO] [stderr]    Compiling libc v0.2.171
[INFO] [stderr]    Compiling stable_deref_trait v1.2.0
[INFO] [stderr]    Compiling serde v1.0.219
[INFO] [stderr]    Compiling memchr v2.7.4
[INFO] [stderr]    Compiling smallvec v1.15.0
[INFO] [stderr]    Compiling icu_locid_transform_data v1.5.1
[INFO] [stderr]    Compiling writeable v0.5.5
[INFO] [stderr]    Compiling itoa v1.0.15
[INFO] [stderr]    Compiling litemap v0.7.5
[INFO] [stderr]    Compiling futures-core v0.3.31
[INFO] [stderr]    Compiling icu_properties_data v1.5.1
[INFO] [stderr]    Compiling pin-project-lite v0.2.16
[INFO] [stderr]    Compiling icu_normalizer_data v1.5.1
[INFO] [stderr]    Compiling bytes v1.10.1
[INFO] [stderr]    Compiling fnv v1.0.7
[INFO] [stderr]    Compiling futures-sink v0.3.31
[INFO] [stderr]    Compiling once_cell v1.21.3
[INFO] [stderr]    Compiling num-traits v0.2.19
[INFO] [stderr]    Compiling slab v0.4.9
[INFO] [stderr]    Compiling percent-encoding v2.3.1
[INFO] [stderr]    Compiling futures-io v0.3.31
[INFO] [stderr]    Compiling write16 v1.0.0
[INFO] [stderr]    Compiling futures-task v0.3.31
[INFO] [stderr]    Compiling utf8_iter v1.0.4
[INFO] [stderr]    Compiling quote v1.0.40
[INFO] [stderr]    Compiling utf16_iter v1.0.5
[INFO] [stderr]    Compiling cfg-if v1.0.0
[INFO] [stderr]    Compiling pin-utils v0.1.0
[INFO] [stderr]    Compiling httparse v1.10.1
[INFO] [stderr]    Compiling futures-util v0.3.31
[INFO] [stderr]    Compiling socket2 v0.5.9
[INFO] [stderr]    Compiling mio v1.0.3
[INFO] [stderr]    Compiling syn v2.0.100
[INFO] [stderr]    Compiling http v1.3.1
[INFO] [stderr]    Compiling tokio v1.44.2
[INFO] [stderr]    Compiling lock_api v0.4.12
[INFO] [stderr]    Compiling try-lock v0.2.5
[INFO] [stderr]    Compiling serde_json v1.0.140
[INFO] [stderr]    Compiling parking_lot_core v0.9.10
[INFO] [stderr]    Compiling num-integer v0.1.46
[INFO] [stderr]    Compiling ryu v1.0.20
[INFO] [stderr]    Compiling ref-cast v1.0.24
[INFO] [stderr]    Compiling ahash v0.8.11
[INFO] [stderr]    Compiling want v0.3.1
[INFO] [stderr]    Compiling num-bigint v0.4.6
[INFO] [stderr]    Compiling form_urlencoded v1.2.1
[INFO] [stderr]    Compiling tracing-core v0.1.33
[INFO] [stderr]    Compiling http-body v1.0.1
[INFO] [stderr]    Compiling futures-channel v0.3.31
[INFO] [stderr]    Compiling scopeguard v1.2.0
[INFO] [stderr]    Compiling tower-service v0.3.3
[INFO] [stderr]    Compiling utf8parse v0.2.2
[INFO] [stderr]    Compiling anstyle-parse v0.2.6
[INFO] [stderr]    Compiling tracing v0.1.41
[INFO] [stderr]    Compiling num-iter v0.1.45
[INFO] [stderr]    Compiling num-complex v0.4.6
[INFO] [stderr]    Compiling getrandom v0.2.15
[INFO] [stderr]    Compiling aho-corasick v1.1.3
[INFO] [stderr]    Compiling sync_wrapper v1.0.2
[INFO] [stderr]    Compiling zerocopy v0.7.35
[INFO] [stderr]    Compiling bit-vec v0.8.0
[INFO] [stderr]    Compiling is_terminal_polyfill v1.70.1
[INFO] [stderr]    Compiling hashbrown v0.15.2
[INFO] [stderr]    Compiling colorchoice v1.0.3
[INFO] [stderr]    Compiling anstyle v1.0.10
[INFO] [stderr]    Compiling borrow-or-share v0.2.2
[INFO] [stderr]    Compiling anstyle-query v1.1.2
[INFO] [stderr]    Compiling tower-layer v0.3.3
[INFO] [stderr]    Compiling num-rational v0.4.2
[INFO] [stderr]    Compiling regex-syntax v0.8.5
[INFO] [stderr]    Compiling hyper v1.6.0
[INFO] [stderr]    Compiling synstructure v0.13.1
[INFO] [stderr]    Compiling indexmap v2.9.0
[INFO] [stderr]    Compiling tower v0.5.2
[INFO] [stderr]    Compiling zerofrom-derive v0.1.6
[INFO] [stderr]    Compiling yoke-derive v0.7.5
[INFO] [stderr]    Compiling serde_derive v1.0.219
[INFO] [stderr]    Compiling zerovec-derive v0.10.3
[INFO] [stderr]    Compiling displaydoc v0.2.5
[INFO] [stderr]    Compiling zerofrom v0.1.6
[INFO] [stderr]    Compiling yoke v0.7.5
[INFO] [stderr]    Compiling icu_provider_macros v1.5.0
[INFO] [stderr]    Compiling ref-cast-impl v1.0.24
[INFO] [stderr]    Compiling regex-automata v0.4.9
[INFO] [stderr]    Compiling zerovec v0.10.4
[INFO] [stderr]    Compiling hyper-util v0.1.11
[INFO] [stderr]    Compiling num v0.4.3
[INFO] [stderr]    Compiling anstream v0.6.18
[INFO] [stderr]    Compiling bit-set v0.8.0
[INFO] [stderr]    Compiling parking_lot v0.12.3
[INFO] [stderr]    Compiling tinystr v0.7.6
[INFO] [stderr]    Compiling icu_locid v1.5.0
[INFO] [stderr]    Compiling icu_collections v1.5.0
[INFO] [stderr]    Compiling http-body-util v0.1.3
[INFO] [stderr]    Compiling uuid v1.16.0
[INFO] [stderr]    Compiling heck v0.5.0
[INFO] [stderr]    Compiling anyhow v1.0.98
[INFO] [stderr]    Compiling icu_provider v1.5.0
[INFO] [stderr]    Compiling strsim v0.11.1
[INFO] [stderr]    Compiling clap_lex v0.7.4
[INFO] [stderr]    Compiling icu_locid_transform v1.5.0
[INFO] [stderr]    Compiling winnow v0.7.6
[INFO] [stderr]    Compiling lazy_static v1.5.0
[INFO] [stderr]    Compiling base64 v0.22.1
[INFO] [stderr]    Compiling log v0.4.27
[INFO] [stderr]    Compiling mime v0.3.17
[INFO] [stderr]    Compiling icu_properties v1.5.1
[INFO] [stderr]    Compiling outref v0.5.2
[INFO] [stderr]    Compiling ipnet v2.11.0
[INFO] [stderr]    Compiling vsimd v0.8.0
[INFO] [stderr]    Compiling toml_datetime v0.6.8
[INFO] [stderr]    Compiling serde_spanned v0.6.8
[INFO] [stderr]    Compiling fluent-uri v0.3.2
[INFO] [stderr]    Compiling serde_urlencoded v0.7.1
[INFO] [stderr]    Compiling toml_edit v0.22.24
[INFO] [stderr]    Compiling uuid-simd v0.8.0
[INFO] [stderr]    Compiling email_address v0.2.9
[INFO] [stderr]    Compiling fancy-regex v0.14.0
[INFO] [stderr]    Compiling referencing v0.29.1
[INFO] [stderr]    Compiling icu_normalizer v1.5.0
[INFO] [stderr]    Compiling fraction v0.15.3
[INFO] [stderr]    Compiling idna_adapter v1.2.0
[INFO] [stderr]    Compiling idna v1.0.3
[INFO] [stderr]    Compiling clap_builder v4.5.36
[INFO] [stderr]    Compiling clap_derive v4.5.32
[INFO] [stderr]    Compiling url v2.5.4
[INFO] [stderr]    Compiling bytecount v0.6.8
[INFO] [stderr]    Compiling num-cmp v0.1.0
[INFO] [stderr]    Compiling reqwest v0.12.15
[INFO] [stderr]    Compiling toml v0.8.20
[INFO] [stderr]    Compiling clap v4.5.36
[INFO] [stderr]    Compiling jsonschema v0.29.1
[INFO] [stderr]    Compiling jsonschema-for-toml v0.1.0 (/opt/rustwide/workdir)
[INFO] [stderr]     Finished `release` profile [optimized] target(s) in 3m 21s
[INFO] running `Command { std: "docker" "inspect" "f481ad6e2521c98ce995dfb01086ce468557a53481ec1935b518f3e838ed5ebe", kill_on_drop: false }`
[INFO] running `Command { std: "docker" "exec" "-e" "SOURCE_DIR=/opt/rustwide/workdir" "-e" "CARGO_HOME=/opt/rustwide/cargo-home" "-e" "RUSTUP_HOME=/opt/rustwide/rustup-home" "-e" "CARGO_TARGET_DIR=/opt/rustwide/target" "-e" "CARGO_INCREMENTAL=0" "-e" "RUST_BACKTRACE=full" "-e" "RUSTFLAGS=--cap-lints=warn" "-e" "RUSTDOCFLAGS=--cap-lints=warn" "-w" "/opt/rustwide/workdir" "--user" "0:0" "f481ad6e2521c98ce995dfb01086ce468557a53481ec1935b518f3e838ed5ebe" "/opt/rustwide/cargo-home/bin/cargo" "+1.99.0-beta.8" "test" "--frozen" "--no-run" "--message-format=json" "--release", kill_on_drop: false }`
[INFO] [stderr]    Compiling predicates-core v1.0.9
[INFO] [stderr]    Compiling doc-comment v0.3.3
[INFO] [stderr]    Compiling regex v1.11.1
[INFO] [stderr]    Compiling float-cmp v0.10.0
[INFO] [stderr]    Compiling normalize-line-endings v0.3.0
[INFO] [stderr]    Compiling termtree v0.5.1
[INFO] [stderr]    Compiling difflib v0.4.0
[INFO] [stderr]    Compiling assert_cmd v2.0.16
[INFO] [stderr]    Compiling bstr v1.12.0
[INFO] [stderr]    Compiling wait-timeout v0.2.1
[INFO] [stderr]    Compiling predicates-tree v1.0.12
[INFO] [stderr]    Compiling predicates v3.1.3
[INFO] [stderr]    Compiling jsonschema-for-toml v0.1.0 (/opt/rustwide/workdir)
[INFO] [stderr]     Finished `release` profile [optimized] target(s) in 12.60s
[INFO] running `Command { std: "docker" "inspect" "f481ad6e2521c98ce995dfb01086ce468557a53481ec1935b518f3e838ed5ebe", kill_on_drop: false }`
[INFO] running `Command { std: "docker" "exec" "-e" "SOURCE_DIR=/opt/rustwide/workdir" "-e" "CARGO_HOME=/opt/rustwide/cargo-home" "-e" "RUSTUP_HOME=/opt/rustwide/rustup-home" "-e" "CARGO_TARGET_DIR=/opt/rustwide/target" "-e" "CARGO_INCREMENTAL=0" "-e" "RUST_BACKTRACE=full" "-e" "RUSTFLAGS=--cap-lints=warn" "-e" "RUSTDOCFLAGS=--cap-lints=warn" "-w" "/opt/rustwide/workdir" "--user" "0:0" "f481ad6e2521c98ce995dfb01086ce468557a53481ec1935b518f3e838ed5ebe" "/opt/rustwide/cargo-home/bin/cargo" "+1.99.0-beta.8" "test" "--frozen" "--release", kill_on_drop: false }`
[INFO] [stderr]     Finished `release` profile [optimized] target(s) in 0.27s
[INFO] [stderr]      Running unittests src/main.rs (/opt/rustwide/target/release/deps/jsonschema_for_toml-8e3b7a6921a0ea4f)
[INFO] [stderr]      Running tests/cli_test.rs (/opt/rustwide/target/release/deps/cli_test-09a42706de58d016)
[INFO] [stdout] 
[INFO] [stdout] running 0 tests
[INFO] [stdout] 
[INFO] [stdout] test result: ok. 0 passed; 0 failed; 0 ignored; 0 measured; 0 filtered out; finished in 0.00s
[INFO] [stdout] 
[INFO] [stdout] 
[INFO] [stdout] running 9 tests
[INFO] [stdout] test test_invalid_schema_json ... FAILED
[INFO] [stdout] test test_invalid_toml_syntax ... FAILED
[INFO] [stdout] test test_multiple_files ... ok
[INFO] [stdout] test test_invalid_email_format ... ok
[INFO] [stdout] test test_invalid_type ... ok
[INFO] [stdout] test test_nonexistent_schema ... ok
[INFO] [stdout] test test_missing_required_field ... ok
[INFO] [stdout] test test_nonexistent_instance ... ok
[INFO] [stdout] test test_valid_toml ... ok
[INFO] [stdout] 
[INFO] [stdout] failures:
[INFO] [stdout] 
[INFO] [stdout] ---- test_invalid_schema_json stdout ----
[INFO] [stdout] 
[INFO] [stdout] thread 'test_invalid_schema_json' (2570) panicked at tests/cli_test.rs:121:55:
[INFO] [stdout] called `Result::unwrap()` on an `Err` value: Os { code: 30, kind: ReadOnlyFilesystem, message: "Read-only file system" }
[INFO] [stdout] stack backtrace:
[INFO] [stdout]    0:     0x5950463a6741 - <<std[70759c8f55707aa4]::sys::backtrace::BacktraceLock>::print::DisplayBacktrace as core[df12db4294e9bfd3]::fmt::Display>::fmt
[INFO] [stdout]    1:     0x5950463bd13a - core[df12db4294e9bfd3]::fmt::write
[INFO] [stdout]    2:     0x5950463abfec - <alloc[2182bb758b4b3781]::vec::Vec<u8> as core[df12db4294e9bfd3]::io::write::Write>::write_fmt
[INFO] [stdout]    3:     0x595046382006 - std[70759c8f55707aa4]::panicking::default_hook::{closure#0}
[INFO] [stdout]    4:     0x59504639eb89 - std[70759c8f55707aa4]::panicking::default_hook
[INFO] [stdout]    5:     0x59504632be60 - test[9d35eded1c95d3be]::test_main_inner::<test[9d35eded1c95d3be]::test_main_static::{closure#0}>::{closure#0}
[INFO] [stdout]    6:     0x59504639ed42 - std[70759c8f55707aa4]::panicking::panic_with_hook
[INFO] [stdout]    7:     0x5950463820b2 - std[70759c8f55707aa4]::panicking::panic_handler::{closure#0}
[INFO] [stdout]    8:     0x59504637ae39 - std[70759c8f55707aa4]::sys::backtrace::__rust_end_short_backtrace::<std[70759c8f55707aa4]::panicking::panic_handler::{closure#0}, !>
[INFO] [stdout]    9:     0x595046382cad - __rustc[8fa7c3cbc660c2b3]::rust_begin_unwind
[INFO] [stdout]   10:     0x5950463bd8ec - core[df12db4294e9bfd3]::panicking::panic_fmt
[INFO] [stdout]   11:     0x5950463bd6c2 - core[df12db4294e9bfd3]::result::unwrap_failed
[INFO] [stdout]   12:     0x59504631ddf4 - <cli_test[1eb9c702465a3f2e]::test_invalid_schema_json::{closure#0} as core[df12db4294e9bfd3]::ops::function::FnOnce<()>>::call_once
[INFO] [stdout]   13:     0x59504631f14b - test[9d35eded1c95d3be]::__rust_begin_short_backtrace::<core[df12db4294e9bfd3]::result::Result<(), alloc[2182bb758b4b3781]::string::String>, fn() -> core[df12db4294e9bfd3]::result::Result<(), alloc[2182bb758b4b3781]::string::String>>
[INFO] [stdout]   14:     0x59504632c7b5 - test[9d35eded1c95d3be]::run_test::{closure#0}
[INFO] [stdout]   15:     0x595046326074 - std[70759c8f55707aa4]::sys::backtrace::__rust_begin_short_backtrace::<test[9d35eded1c95d3be]::run_test::{closure#1}, ()>
[INFO] [stdout]   16:     0x59504632f912 - <std[70759c8f55707aa4]::thread::lifecycle::spawn_unchecked<test[9d35eded1c95d3be]::run_test::{closure#1}, ()>::{closure#1} as core[df12db4294e9bfd3]::ops::function::FnOnce<()>>::call_once::{shim:vtable#0}
[INFO] [stdout]   17:     0x5950463a5da9 - <std[70759c8f55707aa4]::sys::thread::unix::Thread>::new::thread_start
[INFO] [stdout]   18:     0x7a106a6e5dfa - <unknown>
[INFO] [stdout]   19:     0x7a106a7793d4 - clone
[INFO] [stdout]   20:                0x0 - <unknown>
[INFO] [stdout] 
[INFO] [stdout] ---- test_invalid_toml_syntax stdout ----
[INFO] [stdout] 
[INFO] [stdout] thread 'test_invalid_toml_syntax' (2571) panicked at tests/cli_test.rs:136:62:
[INFO] [stdout] called `Result::unwrap()` on an `Err` value: Os { code: 30, kind: ReadOnlyFilesystem, message: "Read-only file system" }
[INFO] [stdout] stack backtrace:
[INFO] [stdout]    0:     0x5950463a6741 - <<std[70759c8f55707aa4]::sys::backtrace::BacktraceLock>::print::DisplayBacktrace as core[df12db4294e9bfd3]::fmt::Display>::fmt
[INFO] [stdout]    1:     0x5950463bd13a - core[df12db4294e9bfd3]::fmt::write
[INFO] [stdout]    2:     0x5950463abfec - <alloc[2182bb758b4b3781]::vec::Vec<u8> as core[df12db4294e9bfd3]::io::write::Write>::write_fmt
[INFO] [stdout]    3:     0x595046382006 - std[70759c8f55707aa4]::panicking::default_hook::{closure#0}
[INFO] [stdout]    4:     0x59504639eb89 - std[70759c8f55707aa4]::panicking::default_hook
[INFO] [stdout]    5:     0x59504632be60 - test[9d35eded1c95d3be]::test_main_inner::<test[9d35eded1c95d3be]::test_main_static::{closure#0}>::{closure#0}
[INFO] [stdout]    6:     0x59504639ed42 - std[70759c8f55707aa4]::panicking::panic_with_hook
[INFO] [stdout]    7:     0x5950463820b2 - std[70759c8f55707aa4]::panicking::panic_handler::{closure#0}
[INFO] [stdout]    8:     0x59504637ae39 - std[70759c8f55707aa4]::sys::backtrace::__rust_end_short_backtrace::<std[70759c8f55707aa4]::panicking::panic_handler::{closure#0}, !>
[INFO] [stdout]    9:     0x595046382cad - __rustc[8fa7c3cbc660c2b3]::rust_begin_unwind
[INFO] [stdout]   10:     0x5950463bd8ec - core[df12db4294e9bfd3]::panicking::panic_fmt
[INFO] [stdout]   11:     0x5950463bd6c2 - core[df12db4294e9bfd3]::result::unwrap_failed
[INFO] [stdout]   12:     0x59504631e109 - <cli_test[1eb9c702465a3f2e]::test_invalid_toml_syntax::{closure#0} as core[df12db4294e9bfd3]::ops::function::FnOnce<()>>::call_once
[INFO] [stdout]   13:     0x59504631f14b - test[9d35eded1c95d3be]::__rust_begin_short_backtrace::<core[df12db4294e9bfd3]::result::Result<(), alloc[2182bb758b4b3781]::string::String>, fn() -> core[df12db4294e9bfd3]::result::Result<(), alloc[2182bb758b4b3781]::string::String>>
[INFO] [stdout]   14:     0x59504632c7b5 - test[9d35eded1c95d3be]::run_test::{closure#0}
[INFO] [stdout]   15:     0x595046326074 - std[70759c8f55707aa4]::sys::backtrace::__rust_begin_short_backtrace::<test[9d35eded1c95d3be]::run_test::{closure#1}, ()>
[INFO] [stdout]   16:     0x59504632f912 - <std[70759c8f55707aa4]::thread::lifecycle::spawn_unchecked<test[9d35eded1c95d3be]::run_test::{closure#1}, ()>::{closure#1} as core[df12db4294e9bfd3]::ops::function::FnOnce<()>>::call_once::{shim:vtable#0}
[INFO] [stdout]   17:     0x5950463a5da9 - <std[70759c8f55707aa4]::sys::thread::unix::Thread>::new::thread_start
[INFO] [stdout]   18:     0x7a106a6e5dfa - <unknown>
[INFO] [stdout]   19:     0x7a106a7793d4 - clone
[INFO] [stdout]   20:                0x0 - <unknown>
[INFO] [stdout] 
[INFO] [stdout] 
[INFO] [stdout] failures:
[INFO] [stdout]     test_invalid_schema_json
[INFO] [stdout]     test_invalid_toml_syntax
[INFO] [stdout] 
[INFO] [stdout] test result: FAILED. 7 passed; 2 failed; 0 ignored; 0 measured; 0 filtered out; finished in 0.03s
[INFO] [stdout] 
[INFO] [stderr] error: test failed, to rerun pass `--test cli_test`
[INFO] running `Command { std: "docker" "inspect" "f481ad6e2521c98ce995dfb01086ce468557a53481ec1935b518f3e838ed5ebe", kill_on_drop: false }`
[INFO] running `Command { std: "docker" "rm" "-f" "f481ad6e2521c98ce995dfb01086ce468557a53481ec1935b518f3e838ed5ebe", kill_on_drop: false }`
[INFO] [stdout] f481ad6e2521c98ce995dfb01086ce468557a53481ec1935b518f3e838ed5ebe
