[INFO] fetching crate jsonrpsee-proc-macros 0.26.1...
[INFO] testing jsonrpsee-proc-macros-0.26.1 against 1.100.0-beta.1+cargoflags=--release for beta-release-1.100-2
[INFO] extracting crate jsonrpsee-proc-macros 0.26.1 into /workspace/builds/worker-5-tc2/source
[INFO] started tweaking crates.io crate jsonrpsee-proc-macros 0.26.1
[INFO] removed 0 missing tests
[INFO] finished tweaking crates.io crate jsonrpsee-proc-macros 0.26.1
[INFO] tweaked toml for crates.io crate jsonrpsee-proc-macros 0.26.1 written to /workspace/builds/worker-5-tc2/source/Cargo.toml
[INFO] validating manifest of crates.io crate jsonrpsee-proc-macros 0.26.1 on toolchain 1.100.0-beta.1
[INFO] running `Command { std: CARGO_HOME="/workspace/cargo-home" RUSTUP_HOME="/workspace/rustup-home" "/workspace/cargo-home/bin/cargo" "+1.100.0-beta.1" "metadata" "--manifest-path" "Cargo.toml" "--no-deps", kill_on_drop: false }`
[INFO] crate crates.io crate jsonrpsee-proc-macros 0.26.1 already has a lockfile, it will not be regenerated
[INFO] running `Command { std: CARGO_HOME="/workspace/cargo-home" RUSTUP_HOME="/workspace/rustup-home" "/workspace/cargo-home/bin/cargo" "+1.100.0-beta.1" "fetch" "--manifest-path" "Cargo.toml", kill_on_drop: false }`
[INFO] running `Command { std: "docker" "create" "-v" "/var/lib/crater-agent-workspace/builds/worker-5-tc2/source:/opt/rustwide/workdir:ro,Z" "-v" "/var/lib/crater-agent-workspace/builds/worker-5-tc2/target:/opt/rustwide/target:rw,Z" "-v" "/var/lib/crater-agent-workspace/cargo-home:/opt/rustwide/cargo-home:ro,Z" "-v" "/var/lib/crater-agent-workspace/rustup-home:/opt/rustwide/rustup-home:ro,Z" "-m" "1610612736" "--network" "none" "ghcr.io/rust-lang/crates-build-env/linux@sha256:77db811e55d90add9212f6832c23229e3de5f1c1f9905e8cb07319ea15df73ac" "sleep" "infinity", kill_on_drop: false }`
[INFO] [stdout] 25bbee831920d86660c16a622ffba27282b34e88560fda44c5390b29f0783ec2
[INFO] running `Command { std: "docker" "start" "25bbee831920d86660c16a622ffba27282b34e88560fda44c5390b29f0783ec2", kill_on_drop: false }`
[INFO] running `Command { std: "docker" "inspect" "25bbee831920d86660c16a622ffba27282b34e88560fda44c5390b29f0783ec2", kill_on_drop: false }`
[INFO] running `Command { std: "docker" "exec" "-e" "SOURCE_DIR=/opt/rustwide/workdir" "-e" "CARGO_HOME=/opt/rustwide/cargo-home" "-e" "RUSTUP_HOME=/opt/rustwide/rustup-home" "-e" "CARGO_TARGET_DIR=/opt/rustwide/target" "-w" "/opt/rustwide/workdir" "--user" "0:0" "25bbee831920d86660c16a622ffba27282b34e88560fda44c5390b29f0783ec2" "/opt/rustwide/cargo-home/bin/cargo" "+1.100.0-beta.1" "metadata" "--no-deps" "--format-version=1", kill_on_drop: false }`
[INFO] running `Command { std: "docker" "inspect" "25bbee831920d86660c16a622ffba27282b34e88560fda44c5390b29f0783ec2", kill_on_drop: false }`
[INFO] running `Command { std: "docker" "exec" "-e" "SOURCE_DIR=/opt/rustwide/workdir" "-e" "CARGO_HOME=/opt/rustwide/cargo-home" "-e" "RUSTUP_HOME=/opt/rustwide/rustup-home" "-e" "CARGO_TARGET_DIR=/opt/rustwide/target" "-e" "CARGO_INCREMENTAL=0" "-e" "RUST_BACKTRACE=full" "-e" "RUSTFLAGS=--cap-lints=warn" "-e" "RUSTDOCFLAGS=--cap-lints=warn" "-w" "/opt/rustwide/workdir" "--user" "0:0" "25bbee831920d86660c16a622ffba27282b34e88560fda44c5390b29f0783ec2" "/opt/rustwide/cargo-home/bin/cargo" "+1.100.0-beta.1" "build" "--frozen" "--message-format=json" "--release", kill_on_drop: false }`
[INFO] [stderr]    Compiling proc-macro2 v1.0.105
[INFO] [stderr]    Compiling hashbrown v0.16.1
[INFO] [stderr]    Compiling winnow v0.7.14
[INFO] [stderr]    Compiling quote v1.0.43
[INFO] [stderr]    Compiling unicode-ident v1.0.22
[INFO] [stderr]    Compiling equivalent v1.0.2
[INFO] [stderr]    Compiling toml_datetime v0.7.5+spec-1.1.0
[INFO] [stderr]    Compiling indexmap v2.12.1
[INFO] [stderr]    Compiling syn v2.0.114
[INFO] [stderr]    Compiling toml_parser v1.0.6+spec-1.1.0
[INFO] [stderr]    Compiling toml_edit v0.23.10+spec-1.0.0
[INFO] [stderr]    Compiling proc-macro-crate v3.4.0
[INFO] [stderr]    Compiling jsonrpsee-proc-macros v0.26.1 (/opt/rustwide/workdir)
[INFO] [stderr]     Finished `release` profile [optimized] target(s) in 27.04s
[INFO] running `Command { std: "docker" "inspect" "25bbee831920d86660c16a622ffba27282b34e88560fda44c5390b29f0783ec2", kill_on_drop: false }`
[INFO] running `Command { std: "docker" "exec" "-e" "SOURCE_DIR=/opt/rustwide/workdir" "-e" "CARGO_HOME=/opt/rustwide/cargo-home" "-e" "RUSTUP_HOME=/opt/rustwide/rustup-home" "-e" "CARGO_TARGET_DIR=/opt/rustwide/target" "-e" "CARGO_INCREMENTAL=0" "-e" "RUST_BACKTRACE=full" "-e" "RUSTFLAGS=--cap-lints=warn" "-e" "RUSTDOCFLAGS=--cap-lints=warn" "-w" "/opt/rustwide/workdir" "--user" "0:0" "25bbee831920d86660c16a622ffba27282b34e88560fda44c5390b29f0783ec2" "/opt/rustwide/cargo-home/bin/cargo" "+1.100.0-beta.1" "test" "--frozen" "--no-run" "--message-format=json" "--release", kill_on_drop: false }`
[INFO] [stderr]    Compiling serde_core v1.0.228
[INFO] [stderr]    Compiling libc v0.2.179
[INFO] [stderr]    Compiling zmij v1.0.12
[INFO] [stderr]    Compiling serde_json v1.0.149
[INFO] [stderr]    Compiling target-triple v1.0.0
[INFO] [stderr]    Compiling serde v1.0.228
[INFO] [stderr]    Compiling syn v2.0.114
[INFO] [stderr]    Compiling itoa v1.0.17
[INFO] [stderr]    Compiling pin-project-lite v0.2.16
[INFO] [stderr]    Compiling winnow v0.7.14
[INFO] [stderr]    Compiling bytes v1.11.0
[INFO] [stderr]    Compiling once_cell v1.21.3
[INFO] [stderr]    Compiling try-lock v0.2.5
[INFO] [stderr]    Compiling futures-core v0.3.31
[INFO] [stderr]    Compiling http v1.4.0
[INFO] [stderr]    Compiling mio v1.1.1
[INFO] [stderr]    Compiling socket2 v0.6.1
[INFO] [stderr]    Compiling http-body v1.0.1
[INFO] [stderr]    Compiling want v0.3.1
[INFO] [stderr]    Compiling tracing-core v0.1.36
[INFO] [stderr]    Compiling proc-macro2 v1.0.105
[INFO] [stderr]    Compiling futures-task v0.3.31
[INFO] [stderr]    Compiling toml_parser v1.0.6+spec-1.1.0
[INFO] [stderr]    Compiling pin-utils v0.1.0
[INFO] [stderr]    Compiling tower-service v0.3.3
[INFO] [stderr]    Compiling memchr v2.7.6
[INFO] [stderr]    Compiling toml_datetime v0.7.5+spec-1.1.0
[INFO] [stderr]    Compiling serde_spanned v1.0.4
[INFO] [stderr]    Compiling equivalent v1.0.2
[INFO] [stderr]    Compiling hashbrown v0.16.1
[INFO] [stderr]    Compiling smallvec v1.15.1
[INFO] [stderr]    Compiling toml_edit v0.23.10+spec-1.0.0
[INFO] [stderr]    Compiling toml_writer v1.0.6+spec-1.1.0
[INFO] [stderr]    Compiling unicode-ident v1.0.22
[INFO] [stderr]    Compiling proc-macro-crate v3.4.0
[INFO] [stderr]    Compiling indexmap v2.12.1
[INFO] [stderr]    Compiling toml v0.9.10+spec-1.1.0
[INFO] [stderr]    Compiling futures-util v0.3.31
[INFO] [stderr]    Compiling tracing v0.1.44
[INFO] [stderr]    Compiling tokio-macros v2.6.0
[INFO] [stderr]    Compiling serde_derive v1.0.228
[INFO] [stderr]    Compiling futures-channel v0.3.31
[INFO] [stderr]    Compiling quote v1.0.43
[INFO] [stderr]    Compiling tokio v1.49.0
[INFO] [stderr]    Compiling termcolor v1.4.1
[INFO] [stderr]    Compiling tower-layer v0.3.3
[INFO] [stderr]    Compiling glob v0.3.3
[INFO] [stderr]    Compiling tower v0.5.2
[INFO] [stderr]    Compiling jsonrpsee-proc-macros v0.26.1 (/opt/rustwide/workdir)
[INFO] [stderr]    Compiling hyper v1.8.1
[INFO] [stderr]    Compiling hyper-util v0.1.19
[INFO] [stderr]    Compiling trybuild v1.0.114
[INFO] [stderr]    Compiling heck v0.5.0
[INFO] [stderr]     Finished `release` profile [optimized] target(s) in 2m 15s
[INFO] running `Command { std: "docker" "inspect" "25bbee831920d86660c16a622ffba27282b34e88560fda44c5390b29f0783ec2", kill_on_drop: false }`
[INFO] running `Command { std: "docker" "exec" "-e" "SOURCE_DIR=/opt/rustwide/workdir" "-e" "CARGO_HOME=/opt/rustwide/cargo-home" "-e" "RUSTUP_HOME=/opt/rustwide/rustup-home" "-e" "CARGO_TARGET_DIR=/opt/rustwide/target" "-e" "CARGO_INCREMENTAL=0" "-e" "RUST_BACKTRACE=full" "-e" "RUSTFLAGS=--cap-lints=warn" "-e" "RUSTDOCFLAGS=--cap-lints=warn" "-w" "/opt/rustwide/workdir" "--user" "0:0" "25bbee831920d86660c16a622ffba27282b34e88560fda44c5390b29f0783ec2" "/opt/rustwide/cargo-home/bin/cargo" "+1.100.0-beta.1" "test" "--frozen" "--release", kill_on_drop: false }`
[INFO] [stderr]     Finished `release` profile [optimized] target(s) in 0.21s
[INFO] [stderr]      Running unittests src/lib.rs (/opt/rustwide/target/release/build/jsonrpsee-proc-macros/3830ed5db2480fef/out/jsonrpsee_proc_macros-3830ed5db2480fef)
[INFO] [stdout] 
[INFO] [stdout] running 4 tests
[INFO] [stdout] test visitor::tests::it_works ... ok
[INFO] [stderr]      Running tests/ui.rs (/opt/rustwide/target/release/build/jsonrpsee-proc-macros/f0490135b1652a64/out/ui-f0490135b1652a64)
[INFO] [stdout] test helpers::tests::is_option_works ... ok
[INFO] [stdout] test visitor::tests::several_type_params ... ok
[INFO] [stdout] test visitor::tests::nested_type ... ok
[INFO] [stdout] 
[INFO] [stdout] test result: ok. 4 passed; 0 failed; 0 ignored; 0 measured; 0 filtered out; finished in 0.01s
[INFO] [stdout] 
[INFO] [stdout] 
[INFO] [stdout] running 2 tests
[INFO] [stderr]    Compiling proc-macro2 v1.0.105
[INFO] [stderr]    Compiling quote v1.0.43
[INFO] [stderr]    Compiling unicode-ident v1.0.22
[INFO] [stderr]    Compiling libc v0.2.179
[INFO] [stderr]     Checking pin-project-lite v0.2.16
[INFO] [stderr]     Checking itoa v1.0.17
[INFO] [stderr]     Checking bytes v1.11.0
[INFO] [stderr]    Compiling hashbrown v0.16.1
[INFO] [stderr]    Compiling winnow v0.7.14
[INFO] [stderr]    Compiling equivalent v1.0.2
[INFO] [stderr]    Compiling serde_core v1.0.228
[INFO] [stderr]     Checking once_cell v1.21.3
[INFO] [stderr]     Checking try-lock v0.2.5
[INFO] [stderr]    Compiling toml_datetime v0.7.5+spec-1.1.0
[INFO] [stderr]     Checking http v1.4.0
[INFO] [stderr]     Checking futures-core v0.3.31
[INFO] [stderr]    Compiling zmij v1.0.12
[INFO] [stderr]    Compiling indexmap v2.12.1
[INFO] [stderr]    Compiling syn v2.0.114
[INFO] [stderr]     Checking http-body v1.0.1
[INFO] [stderr]     Checking mio v1.1.1
[INFO] [stderr]     Checking socket2 v0.6.1
[INFO] [stderr]     Checking want v0.3.1
[INFO] [stderr]     Checking tracing-core v0.1.36
[INFO] [stderr]     Checking smallvec v1.15.1
[INFO] [stderr]    Compiling serde_json v1.0.149
[INFO] [stderr]    Compiling serde v1.0.228
[INFO] [stderr]     Checking futures-task v0.3.31
[INFO] [stderr]     Checking pin-utils v0.1.0
[INFO] [stderr]     Checking tower-service v0.3.3
[INFO] [stderr]     Checking tracing v0.1.44
[INFO] [stderr]     Checking futures-util v0.3.31
[INFO] [stderr]     Checking futures-channel v0.3.31
[INFO] [stderr]    Compiling heck v0.5.0
[INFO] [stderr]     Checking memchr v2.7.6
[INFO] [stderr]     Checking tower-layer v0.3.3
[INFO] [stderr]    Compiling toml_parser v1.0.6+spec-1.1.0
[INFO] [stderr]     Checking tower v0.5.2
[INFO] [stderr]    Compiling toml_edit v0.23.10+spec-1.0.0
[INFO] [stderr]     Checking proc-macro-crate v3.4.0
[INFO] [stderr]    Compiling tokio-macros v2.6.0
[INFO] [stderr]    Compiling serde_derive v1.0.228
[INFO] [stderr]    Compiling jsonrpsee-proc-macros v0.26.1 (/opt/rustwide/workdir)
[INFO] [stderr]     Checking tokio v1.49.0
[INFO] [stderr]     Checking hyper v1.8.1
[INFO] [stderr]     Checking hyper-util v0.1.19
[INFO] [stderr]     Checking jsonrpsee-proc-macros-tests v0.0.0 (/opt/rustwide/target/tests/trybuild/jsonrpsee-proc-macros)
[INFO] [stderr]     Finished `dev` profile [unoptimized + debuginfo] target(s) in 41.48s
[INFO] [stderr] 
[INFO] [stderr] 
[INFO] [stderr] test tests/ui/incorrect/method/method_ignored_arguments.rs ... mismatch
[INFO] [stderr] 
[INFO] [stderr] EXPECTED:
[INFO] [stderr] ┈┈┈┈┈┈┈┈┈┈┈┈┈┈┈┈┈┈┈┈┈┈┈┈┈┈┈┈┈┈┈┈┈┈┈┈┈┈┈┈┈┈┈┈┈┈┈┈┈┈┈┈┈┈┈┈┈┈┈┈
[INFO] [stderr] error: Method argument names must be valid Rust identifiers; got `_` instead
[INFO] [stderr]  --> $DIR/method_ignored_arguments.rs:6:20
[INFO] [stderr]   |
[INFO] [stderr] 6 |     async fn a(&self, _: Vec<u8>);
[INFO] [stderr]   |                       ^
[INFO] [stderr] ┈┈┈┈┈┈┈┈┈┈┈┈┈┈┈┈┈┈┈┈┈┈┈┈┈┈┈┈┈┈┈┈┈┈┈┈┈┈┈┈┈┈┈┈┈┈┈┈┈┈┈┈┈┈┈┈┈┈┈┈
[INFO] [stderr] 
[INFO] [stderr] ACTUAL OUTPUT:
[INFO] [stderr] ┈┈┈┈┈┈┈┈┈┈┈┈┈┈┈┈┈┈┈┈┈┈┈┈┈┈┈┈┈┈┈┈┈┈┈┈┈┈┈┈┈┈┈┈┈┈┈┈┈┈┈┈┈┈┈┈┈┈┈┈
[INFO] [stderr] error[E0433]: cannot find module or crate `jsonrpsee` in this scope
[INFO] [stderr]  --> tests/ui/incorrect/method/method_ignored_arguments.rs:1:5
[INFO] [stderr]   |
[INFO] [stderr] 1 | use jsonrpsee::proc_macros::rpc;
[INFO] [stderr]   |     ^^^^^^^^^ use of unresolved module or unlinked crate `jsonrpsee`
[INFO] [stderr]   |
[INFO] [stderr]   = help: if you wanted to use a crate named `jsonrpsee`, use `cargo add jsonrpsee` to add it to your `Cargo.toml`
[INFO] [stderr] 
[INFO] [stderr] error: cannot find attribute `method` in this scope
[INFO] [stderr]  --> tests/ui/incorrect/method/method_ignored_arguments.rs:5:4
[INFO] [stderr]   |
[INFO] [stderr] 5 |     #[method(name = "a")]
[INFO] [stderr]   |       ^^^^^^
[INFO] [stderr] ┈┈┈┈┈┈┈┈┈┈┈┈┈┈┈┈┈┈┈┈┈┈┈┈┈┈┈┈┈┈┈┈┈┈┈┈┈┈┈┈┈┈┈┈┈┈┈┈┈┈┈┈┈┈┈┈┈┈┈┈
[INFO] [stderr] note: If the actual output is the correct output you can bless it by rerunning
[INFO] [stderr]       your test with the environment variable TRYBUILD=overwrite
[INFO] [stderr] 
[INFO] [stderr] test tests/ui/incorrect/method/method_no_name.rs ... mismatch
[INFO] [stderr] 
[INFO] [stderr] EXPECTED:
[INFO] [stderr] ┈┈┈┈┈┈┈┈┈┈┈┈┈┈┈┈┈┈┈┈┈┈┈┈┈┈┈┈┈┈┈┈┈┈┈┈┈┈┈┈┈┈┈┈┈┈┈┈┈┈┈┈┈┈┈┈┈┈┈┈
[INFO] [stderr] error: Missing argument `name`
[INFO] [stderr]  --> $DIR/method_no_name.rs:6:4
[INFO] [stderr]   |
[INFO] [stderr] 6 |     #[method()]
[INFO] [stderr]   |       ^^^^^^
[INFO] [stderr] ┈┈┈┈┈┈┈┈┈┈┈┈┈┈┈┈┈┈┈┈┈┈┈┈┈┈┈┈┈┈┈┈┈┈┈┈┈┈┈┈┈┈┈┈┈┈┈┈┈┈┈┈┈┈┈┈┈┈┈┈
[INFO] [stderr] 
[INFO] [stderr] ACTUAL OUTPUT:
[INFO] [stderr] ┈┈┈┈┈┈┈┈┈┈┈┈┈┈┈┈┈┈┈┈┈┈┈┈┈┈┈┈┈┈┈┈┈┈┈┈┈┈┈┈┈┈┈┈┈┈┈┈┈┈┈┈┈┈┈┈┈┈┈┈
[INFO] [stderr] error[E0433]: cannot find module or crate `jsonrpsee` in this scope
[INFO] [stderr]  --> tests/ui/incorrect/method/method_no_name.rs:1:5
[INFO] [stderr]   |
[INFO] [stderr] 1 | use jsonrpsee::proc_macros::rpc;
[INFO] [stderr]   |     ^^^^^^^^^ use of unresolved module or unlinked crate `jsonrpsee`
[INFO] [stderr]   |
[INFO] [stderr]   = help: if you wanted to use a crate named `jsonrpsee`, use `cargo add jsonrpsee` to add it to your `Cargo.toml`
[INFO] [stderr] 
[INFO] [stderr] error: cannot find attribute `method` in this scope
[INFO] [stderr]  --> tests/ui/incorrect/method/method_no_name.rs:6:4
[INFO] [stderr]   |
[INFO] [stderr] 6 |     #[method()]
[INFO] [stderr]   |       ^^^^^^
[INFO] [stderr] 
[INFO] [stderr] error[E0433]: cannot find module or crate `jsonrpsee` in this scope
[INFO] [stderr]  --> tests/ui/incorrect/method/method_no_name.rs:7:34
[INFO] [stderr]   |
[INFO] [stderr] 7 |     async fn async_method(&self) -> jsonrpsee::core::RpcResult<u8>;
[INFO] [stderr]   |                                     ^^^^^^^^^ use of unresolved module or unlinked crate `jsonrpsee`
[INFO] [stderr]   |
[INFO] [stderr]   = help: if you wanted to use a crate named `jsonrpsee`, use `cargo add jsonrpsee` to add it to your `Cargo.toml`
[INFO] [stderr] ┈┈┈┈┈┈┈┈┈┈┈┈┈┈┈┈┈┈┈┈┈┈┈┈┈┈┈┈┈┈┈┈┈┈┈┈┈┈┈┈┈┈┈┈┈┈┈┈┈┈┈┈┈┈┈┈┈┈┈┈
[INFO] [stderr] note: If the actual output is the correct output you can bless it by rerunning
[INFO] [stderr]       your test with the environment variable TRYBUILD=overwrite
[INFO] [stderr] 
[INFO] [stderr] test tests/ui/incorrect/method/method_non_result_return_type.rs ... mismatch
[INFO] [stderr] 
[INFO] [stderr] EXPECTED:
[INFO] [stderr] ┈┈┈┈┈┈┈┈┈┈┈┈┈┈┈┈┈┈┈┈┈┈┈┈┈┈┈┈┈┈┈┈┈┈┈┈┈┈┈┈┈┈┈┈┈┈┈┈┈┈┈┈┈┈┈┈┈┈┈┈
[INFO] [stderr] error: Expecting something like 'Result<Foo, Err>' here, but got no generic args (eg no '<Foo,Err>').
[INFO] [stderr]  --> tests/ui/incorrect/method/method_non_result_return_type.rs:6:23
[INFO] [stderr]   |
[INFO] [stderr] 6 |     async fn a(&self) -> u16;
[INFO] [stderr]   |                          ^^^
[INFO] [stderr] 
[INFO] [stderr] error[E0271]: expected `impl Future<Output = Result<_, ClientError>> + Send` to be a future that resolves to `()`, but it resolves to `Result<_, ClientError>`
[INFO] [stderr]  --> tests/ui/incorrect/method/method_non_result_return_type.rs:3:1
[INFO] [stderr]   |
[INFO] [stderr] 3 | #[rpc(client)]
[INFO] [stderr]   | ^^^^^^^^^^^^^^ expected `()`, found `Result<_, ClientError>`
[INFO] [stderr]   |
[INFO] [stderr]   = note: expected unit type `()`
[INFO] [stderr]                   found enum `Result<_, ClientError>`
[INFO] [stderr] ┈┈┈┈┈┈┈┈┈┈┈┈┈┈┈┈┈┈┈┈┈┈┈┈┈┈┈┈┈┈┈┈┈┈┈┈┈┈┈┈┈┈┈┈┈┈┈┈┈┈┈┈┈┈┈┈┈┈┈┈
[INFO] [stderr] 
[INFO] [stderr] ACTUAL OUTPUT:
[INFO] [stderr] ┈┈┈┈┈┈┈┈┈┈┈┈┈┈┈┈┈┈┈┈┈┈┈┈┈┈┈┈┈┈┈┈┈┈┈┈┈┈┈┈┈┈┈┈┈┈┈┈┈┈┈┈┈┈┈┈┈┈┈┈
[INFO] [stderr] error[E0433]: cannot find module or crate `jsonrpsee` in this scope
[INFO] [stderr]  --> tests/ui/incorrect/method/method_non_result_return_type.rs:1:5
[INFO] [stderr]   |
[INFO] [stderr] 1 | use jsonrpsee::proc_macros::rpc;
[INFO] [stderr]   |     ^^^^^^^^^ use of unresolved module or unlinked crate `jsonrpsee`
[INFO] [stderr]   |
[INFO] [stderr]   = help: if you wanted to use a crate named `jsonrpsee`, use `cargo add jsonrpsee` to add it to your `Cargo.toml`
[INFO] [stderr] 
[INFO] [stderr] error: cannot find attribute `method` in this scope
[INFO] [stderr]  --> tests/ui/incorrect/method/method_non_result_return_type.rs:5:4
[INFO] [stderr]   |
[INFO] [stderr] 5 |     #[method(name = "a")]
[INFO] [stderr]   |       ^^^^^^
[INFO] [stderr] ┈┈┈┈┈┈┈┈┈┈┈┈┈┈┈┈┈┈┈┈┈┈┈┈┈┈┈┈┈┈┈┈┈┈┈┈┈┈┈┈┈┈┈┈┈┈┈┈┈┈┈┈┈┈┈┈┈┈┈┈
[INFO] [stderr] note: If the actual output is the correct output you can bless it by rerunning
[INFO] [stderr]       your test with the environment variable TRYBUILD=overwrite
[INFO] [stderr] 
[INFO] [stderr] test tests/ui/incorrect/method/method_unexpected_field.rs ... mismatch
[INFO] [stderr] 
[INFO] [stderr] EXPECTED:
[INFO] [stderr] ┈┈┈┈┈┈┈┈┈┈┈┈┈┈┈┈┈┈┈┈┈┈┈┈┈┈┈┈┈┈┈┈┈┈┈┈┈┈┈┈┈┈┈┈┈┈┈┈┈┈┈┈┈┈┈┈┈┈┈┈
[INFO] [stderr] error: Unknown argument `magic`, expected one of: `aliases`, `blocking`, `name`, `param_kind`, `with_extensions`
[INFO] [stderr]  --> tests/ui/incorrect/method/method_unexpected_field.rs:6:25
[INFO] [stderr]   |
[INFO] [stderr] 6 |     #[method(name = "foo", magic = false)]
[INFO] [stderr]   |                            ^^^^^
[INFO] [stderr] ┈┈┈┈┈┈┈┈┈┈┈┈┈┈┈┈┈┈┈┈┈┈┈┈┈┈┈┈┈┈┈┈┈┈┈┈┈┈┈┈┈┈┈┈┈┈┈┈┈┈┈┈┈┈┈┈┈┈┈┈
[INFO] [stderr] 
[INFO] [stderr] ACTUAL OUTPUT:
[INFO] [stderr] ┈┈┈┈┈┈┈┈┈┈┈┈┈┈┈┈┈┈┈┈┈┈┈┈┈┈┈┈┈┈┈┈┈┈┈┈┈┈┈┈┈┈┈┈┈┈┈┈┈┈┈┈┈┈┈┈┈┈┈┈
[INFO] [stderr] error[E0433]: cannot find module or crate `jsonrpsee` in this scope
[INFO] [stderr]  --> tests/ui/incorrect/method/method_unexpected_field.rs:1:5
[INFO] [stderr]   |
[INFO] [stderr] 1 | use jsonrpsee::proc_macros::rpc;
[INFO] [stderr]   |     ^^^^^^^^^ use of unresolved module or unlinked crate `jsonrpsee`
[INFO] [stderr]   |
[INFO] [stderr]   = help: if you wanted to use a crate named `jsonrpsee`, use `cargo add jsonrpsee` to add it to your `Cargo.toml`
[INFO] [stderr] 
[INFO] [stderr] error: cannot find attribute `method` in this scope
[INFO] [stderr]  --> tests/ui/incorrect/method/method_unexpected_field.rs:6:4
[INFO] [stderr]   |
[INFO] [stderr] 6 |     #[method(name = "foo", magic = false)]
[INFO] [stderr]   |       ^^^^^^
[INFO] [stderr] 
[INFO] [stderr] error[E0433]: cannot find module or crate `jsonrpsee` in this scope
[INFO] [stderr]  --> tests/ui/incorrect/method/method_unexpected_field.rs:7:34
[INFO] [stderr]   |
[INFO] [stderr] 7 |     async fn async_method(&self) -> jsonrpsee::core::RpcResult<u8>;
[INFO] [stderr]   |                                     ^^^^^^^^^ use of unresolved module or unlinked crate `jsonrpsee`
[INFO] [stderr]   |
[INFO] [stderr]   = help: if you wanted to use a crate named `jsonrpsee`, use `cargo add jsonrpsee` to add it to your `Cargo.toml`
[INFO] [stderr] ┈┈┈┈┈┈┈┈┈┈┈┈┈┈┈┈┈┈┈┈┈┈┈┈┈┈┈┈┈┈┈┈┈┈┈┈┈┈┈┈┈┈┈┈┈┈┈┈┈┈┈┈┈┈┈┈┈┈┈┈
[INFO] [stderr] note: If the actual output is the correct output you can bless it by rerunning
[INFO] [stderr]       your test with the environment variable TRYBUILD=overwrite
[INFO] [stderr] 
[INFO] [stderr] test tests/ui/incorrect/rpc/rpc_assoc_items.rs ... mismatch
[INFO] [stderr] 
[INFO] [stderr] EXPECTED:
[INFO] [stderr] ┈┈┈┈┈┈┈┈┈┈┈┈┈┈┈┈┈┈┈┈┈┈┈┈┈┈┈┈┈┈┈┈┈┈┈┈┈┈┈┈┈┈┈┈┈┈┈┈┈┈┈┈┈┈┈┈┈┈┈┈
[INFO] [stderr] error: Only methods allowed in RPC traits
[INFO] [stderr]  --> $DIR/rpc_assoc_items.rs:6:2
[INFO] [stderr]   |
[INFO] [stderr] 6 |     const WOO: usize;
[INFO] [stderr]   |     ^^^^^^^^^^^^^^^^^
[INFO] [stderr] 
[INFO] [stderr] error: Only methods allowed in RPC traits
[INFO] [stderr]   --> $DIR/rpc_assoc_items.rs:14:2
[INFO] [stderr]    |
[INFO] [stderr] 14 |     type Woo;
[INFO] [stderr]    |     ^^^^^^^^^
[INFO] [stderr] ┈┈┈┈┈┈┈┈┈┈┈┈┈┈┈┈┈┈┈┈┈┈┈┈┈┈┈┈┈┈┈┈┈┈┈┈┈┈┈┈┈┈┈┈┈┈┈┈┈┈┈┈┈┈┈┈┈┈┈┈
[INFO] [stderr] 
[INFO] [stderr] ACTUAL OUTPUT:
[INFO] [stderr] ┈┈┈┈┈┈┈┈┈┈┈┈┈┈┈┈┈┈┈┈┈┈┈┈┈┈┈┈┈┈┈┈┈┈┈┈┈┈┈┈┈┈┈┈┈┈┈┈┈┈┈┈┈┈┈┈┈┈┈┈
[INFO] [stderr] error[E0433]: cannot find module or crate `jsonrpsee` in this scope
[INFO] [stderr]  --> tests/ui/incorrect/rpc/rpc_assoc_items.rs:1:5
[INFO] [stderr]   |
[INFO] [stderr] 1 | use jsonrpsee::proc_macros::rpc;
[INFO] [stderr]   |     ^^^^^^^^^ use of unresolved module or unlinked crate `jsonrpsee`
[INFO] [stderr]   |
[INFO] [stderr]   = help: if you wanted to use a crate named `jsonrpsee`, use `cargo add jsonrpsee` to add it to your `Cargo.toml`
[INFO] [stderr] 
[INFO] [stderr] error: cannot find attribute `method` in this scope
[INFO] [stderr]   --> tests/ui/incorrect/rpc/rpc_assoc_items.rs:16:4
[INFO] [stderr]    |
[INFO] [stderr] 16 |     #[method(name = "foo")]
[INFO] [stderr]    |       ^^^^^^
[INFO] [stderr] 
[INFO] [stderr] error: cannot find attribute `method` in this scope
[INFO] [stderr]  --> tests/ui/incorrect/rpc/rpc_assoc_items.rs:8:4
[INFO] [stderr]   |
[INFO] [stderr] 8 |     #[method(name = "foo")]
[INFO] [stderr]   |       ^^^^^^
[INFO] [stderr] 
[INFO] [stderr] error[E0433]: cannot find module or crate `jsonrpsee` in this scope
[INFO] [stderr]  --> tests/ui/incorrect/rpc/rpc_assoc_items.rs:9:34
[INFO] [stderr]   |
[INFO] [stderr] 9 |     async fn async_method(&self) -> jsonrpsee::core::RpcResult<u8>;
[INFO] [stderr]   |                                     ^^^^^^^^^ use of unresolved module or unlinked crate `jsonrpsee`
[INFO] [stderr]   |
[INFO] [stderr]   = help: if you wanted to use a crate named `jsonrpsee`, use `cargo add jsonrpsee` to add it to your `Cargo.toml`
[INFO] [stderr] 
[INFO] [stderr] error[E0433]: cannot find module or crate `jsonrpsee` in this scope
[INFO] [stderr]   --> tests/ui/incorrect/rpc/rpc_assoc_items.rs:17:34
[INFO] [stderr]    |
[INFO] [stderr] 17 |     async fn async_method(&self) -> jsonrpsee::core::RpcResult<u8>;
[INFO] [stderr]    |                                     ^^^^^^^^^ use of unresolved module or unlinked crate `jsonrpsee`
[INFO] [stderr]    |
[INFO] [stderr]    = help: if you wanted to use a crate named `jsonrpsee`, use `cargo add jsonrpsee` to add it to your `Cargo.toml`
[INFO] [stderr] ┈┈┈┈┈┈┈┈┈┈┈┈┈┈┈┈┈┈┈┈┈┈┈┈┈┈┈┈┈┈┈┈┈┈┈┈┈┈┈┈┈┈┈┈┈┈┈┈┈┈┈┈┈┈┈┈┈┈┈┈
[INFO] [stderr] note: If the actual output is the correct output you can bless it by rerunning
[INFO] [stderr]       your test with the environment variable TRYBUILD=overwrite
[INFO] [stderr] 
[INFO] [stderr] test tests/ui/incorrect/rpc/rpc_bounds_without_impl.rs ... mismatch
[INFO] [stderr] 
[INFO] [stderr] EXPECTED:
[INFO] [stderr] ┈┈┈┈┈┈┈┈┈┈┈┈┈┈┈┈┈┈┈┈┈┈┈┈┈┈┈┈┈┈┈┈┈┈┈┈┈┈┈┈┈┈┈┈┈┈┈┈┈┈┈┈┈┈┈┈┈┈┈┈
[INFO] [stderr] error: Attribute 'client' must be specified with 'client_bounds'
[INFO] [stderr]  --> tests/ui/incorrect/rpc/rpc_bounds_without_impl.rs:8:11
[INFO] [stderr]   |
[INFO] [stderr] 8 | pub trait ClientBoundsForbidden<Conf: Config> {
[INFO] [stderr]   |           ^^^^^^^^^^^^^^^^^^^^^
[INFO] [stderr] 
[INFO] [stderr] error: Attribute 'server' must be specified with 'server_bounds'
[INFO] [stderr]   --> tests/ui/incorrect/rpc/rpc_bounds_without_impl.rs:14:11
[INFO] [stderr]    |
[INFO] [stderr] 14 | pub trait ServerBoundsForbidden<Conf: Config> {
[INFO] [stderr]    |           ^^^^^^^^^^^^^^^^^^^^^
[INFO] [stderr] ┈┈┈┈┈┈┈┈┈┈┈┈┈┈┈┈┈┈┈┈┈┈┈┈┈┈┈┈┈┈┈┈┈┈┈┈┈┈┈┈┈┈┈┈┈┈┈┈┈┈┈┈┈┈┈┈┈┈┈┈
[INFO] [stderr] 
[INFO] [stderr] ACTUAL OUTPUT:
[INFO] [stderr] ┈┈┈┈┈┈┈┈┈┈┈┈┈┈┈┈┈┈┈┈┈┈┈┈┈┈┈┈┈┈┈┈┈┈┈┈┈┈┈┈┈┈┈┈┈┈┈┈┈┈┈┈┈┈┈┈┈┈┈┈
[INFO] [stderr] error[E0433]: cannot find module or crate `jsonrpsee` in this scope
[INFO] [stderr]  --> tests/ui/incorrect/rpc/rpc_bounds_without_impl.rs:1:5
[INFO] [stderr]   |
[INFO] [stderr] 1 | use jsonrpsee::proc_macros::rpc;
[INFO] [stderr]   |     ^^^^^^^^^ use of unresolved module or unlinked crate `jsonrpsee`
[INFO] [stderr]   |
[INFO] [stderr]   = help: if you wanted to use a crate named `jsonrpsee`, use `cargo add jsonrpsee` to add it to your `Cargo.toml`
[INFO] [stderr] 
[INFO] [stderr] error: cannot find attribute `method` in this scope
[INFO] [stderr]   --> tests/ui/incorrect/rpc/rpc_bounds_without_impl.rs:15:4
[INFO] [stderr]    |
[INFO] [stderr] 15 |     #[method(name = "bar")]
[INFO] [stderr]    |       ^^^^^^
[INFO] [stderr] 
[INFO] [stderr] error: cannot find attribute `method` in this scope
[INFO] [stderr]  --> tests/ui/incorrect/rpc/rpc_bounds_without_impl.rs:9:4
[INFO] [stderr]   |
[INFO] [stderr] 9 |     #[method(name = "bar")]
[INFO] [stderr]   |       ^^^^^^
[INFO] [stderr] 
[INFO] [stderr] error[E0425]: cannot find type `Error` in this scope
[INFO] [stderr]   --> tests/ui/incorrect/rpc/rpc_bounds_without_impl.rs:10:41
[INFO] [stderr]    |
[INFO] [stderr] 10 |     fn method(&self) -> Result<Conf::Hash, Error>;
[INFO] [stderr]    |                                            ^^^^^ not found in this scope
[INFO] [stderr]    |
[INFO] [stderr] help: consider importing one of these items
[INFO] [stderr]    |
[INFO] [stderr]  1 + use std::error::Error;
[INFO] [stderr]    |
[INFO] [stderr]  1 + use std::fmt::Error;
[INFO] [stderr]    |
[INFO] [stderr]  1 + use std::io::Error;
[INFO] [stderr]    |
[INFO] [stderr]  1 + use core::error::Error;
[INFO] [stderr]    |
[INFO] [stderr]    = and 1 other candidate
[INFO] [stderr] 
[INFO] [stderr] error[E0425]: cannot find type `Error` in this scope
[INFO] [stderr]   --> tests/ui/incorrect/rpc/rpc_bounds_without_impl.rs:16:41
[INFO] [stderr]    |
[INFO] [stderr] 16 |     fn method(&self) -> Result<Conf::Hash, Error>;
[INFO] [stderr]    |                                            ^^^^^ not found in this scope
[INFO] [stderr]    |
[INFO] [stderr] help: consider importing one of these items
[INFO] [stderr]    |
[INFO] [stderr]  1 + use std::error::Error;
[INFO] [stderr]    |
[INFO] [stderr]  1 + use std::fmt::Error;
[INFO] [stderr]    |
[INFO] [stderr]  1 + use std::io::Error;
[INFO] [stderr]    |
[INFO] [stderr]  1 + use core::error::Error;
[INFO] [stderr]    |
[INFO] [stderr]    = and 1 other candidate
[INFO] [stderr] ┈┈┈┈┈┈┈┈┈┈┈┈┈┈┈┈┈┈┈┈┈┈┈┈┈┈┈┈┈┈┈┈┈┈┈┈┈┈┈┈┈┈┈┈┈┈┈┈┈┈┈┈┈┈┈┈┈┈┈┈
[INFO] [stderr] note: If the actual output is the correct output you can bless it by rerunning
[INFO] [stderr]       your test with the environment variable TRYBUILD=overwrite
[INFO] [stderr] 
[INFO] [stderr] test tests/ui/incorrect/rpc/rpc_conflicting_alias.rs ... mismatch
[INFO] [stdout] test ui_fail ... FAILED
[INFO] [stderr] 
[INFO] [stderr] EXPECTED:
[INFO] [stderr] ┈┈┈┈┈┈┈┈┈┈┈┈┈┈┈┈┈┈┈┈┈┈┈┈┈┈┈┈┈┈┈┈┈┈┈┈┈┈┈┈┈┈┈┈┈┈┈┈┈┈┈┈┈┈┈┈┈┈┈┈
[INFO] [stderr] error: "foo_dup" is already defined
[INFO] [stderr]  --> $DIR/rpc_conflicting_alias.rs:6:11
[INFO] [stderr]   |
[INFO] [stderr] 6 |     async fn async_method(&self) -> RpcResult<u8>;
[INFO] [stderr]   |              ^^^^^^^^^^^^
[INFO] [stderr] ┈┈┈┈┈┈┈┈┈┈┈┈┈┈┈┈┈┈┈┈┈┈┈┈┈┈┈┈┈┈┈┈┈┈┈┈┈┈┈┈┈┈┈┈┈┈┈┈┈┈┈┈┈┈┈┈┈┈┈┈
[INFO] [stderr] 
[INFO] [stderr] ACTUAL OUTPUT:
[INFO] [stderr] ┈┈┈┈┈┈┈┈┈┈┈┈┈┈┈┈┈┈┈┈┈┈┈┈┈┈┈┈┈┈┈┈┈┈┈┈┈┈┈┈┈┈┈┈┈┈┈┈┈┈┈┈┈┈┈┈┈┈┈┈
[INFO] [stderr] error[E0433]: cannot find module or crate `jsonrpsee` in this scope
[INFO] [stderr]  --> tests/ui/incorrect/rpc/rpc_conflicting_alias.rs:1:5
[INFO] [stderr]   |
[INFO] [stderr] 1 | use jsonrpsee::proc_macros::rpc;
[INFO] [stderr]   |     ^^^^^^^^^ use of unresolved module or unlinked crate `jsonrpsee`
[INFO] [stderr]   |
[INFO] [stderr]   = help: if you wanted to use a crate named `jsonrpsee`, use `cargo add jsonrpsee` to add it to your `Cargo.toml`
[INFO] [stderr] 
[INFO] [stderr] error[E0433]: cannot find module or crate `jsonrpsee` in this scope
[INFO] [stderr]  --> tests/ui/incorrect/rpc/rpc_conflicting_alias.rs:2:5
[INFO] [stderr]   |
[INFO] [stderr] 2 | use jsonrpsee::core::RpcResult;
[INFO] [stderr]   |     ^^^^^^^^^ use of unresolved module or unlinked crate `jsonrpsee`
[INFO] [stderr]   |
[INFO] [stderr]   = help: if you wanted to use a crate named `jsonrpsee`, use `cargo add jsonrpsee` to add it to your `Cargo.toml`
[INFO] [stderr] 
[INFO] [stderr] error: cannot find attribute `method` in this scope
[INFO] [stderr]  --> tests/ui/incorrect/rpc/rpc_conflicting_alias.rs:5:4
[INFO] [stderr]   |
[INFO] [stderr] 5 |     #[method(name = "foo", aliases = ["foo_dup", "foo_dup"])]
[INFO] [stderr]   |       ^^^^^^
[INFO] [stderr] ┈┈┈┈┈┈┈┈┈┈┈┈┈┈┈┈┈┈┈┈┈┈┈┈┈┈┈┈┈┈┈┈┈┈┈┈┈┈┈┈┈┈┈┈┈┈┈┈┈┈┈┈┈┈┈┈┈┈┈┈
[INFO] [stderr] note: If the actual output is the correct output you can bless it by rerunning
[INFO] [stderr]       your test with the environment variable TRYBUILD=overwrite
[INFO] [stderr] 
[INFO] [stderr] test tests/ui/incorrect/rpc/rpc_deprecated_method.rs ... mismatch
[INFO] [stderr] 
[INFO] [stderr] EXPECTED:
[INFO] [stderr] ┈┈┈┈┈┈┈┈┈┈┈┈┈┈┈┈┈┈┈┈┈┈┈┈┈┈┈┈┈┈┈┈┈┈┈┈┈┈┈┈┈┈┈┈┈┈┈┈┈┈┈┈┈┈┈┈┈┈┈┈
[INFO] [stderr] error: use of deprecated method `DeprecatedClient::async_method`: please use `new_method` instead
[INFO] [stderr]   --> tests/ui/incorrect/rpc/rpc_deprecated_method.rs:63:20
[INFO] [stderr]    |
[INFO] [stderr] 63 |     assert_eq!(client.async_method().await.unwrap(), 16);
[INFO] [stderr]    |                       ^^^^^^^^^^^^
[INFO] [stderr]    |
[INFO] [stderr] note: the lint level is defined here
[INFO] [stderr]   --> tests/ui/incorrect/rpc/rpc_deprecated_method.rs:4:9
[INFO] [stderr]    |
[INFO] [stderr]  4 | #![deny(warnings)]
[INFO] [stderr]    |         ^^^^^^^^
[INFO] [stderr]    = note: `#[deny(deprecated)]` implied by `#[deny(warnings)]`
[INFO] [stderr] ┈┈┈┈┈┈┈┈┈┈┈┈┈┈┈┈┈┈┈┈┈┈┈┈┈┈┈┈┈┈┈┈┈┈┈┈┈┈┈┈┈┈┈┈┈┈┈┈┈┈┈┈┈┈┈┈┈┈┈┈
[INFO] [stderr] 
[INFO] [stderr] ACTUAL OUTPUT:
[INFO] [stderr] ┈┈┈┈┈┈┈┈┈┈┈┈┈┈┈┈┈┈┈┈┈┈┈┈┈┈┈┈┈┈┈┈┈┈┈┈┈┈┈┈┈┈┈┈┈┈┈┈┈┈┈┈┈┈┈┈┈┈┈┈
[INFO] [stderr] error: The default runtime flavor is `multi_thread`, but the `rt-multi-thread` feature is disabled.
[INFO] [stderr]   --> tests/ui/incorrect/rpc/rpc_deprecated_method.rs:56:1
[INFO] [stderr]    |
[INFO] [stderr] 56 | #[tokio::main]
[INFO] [stderr]    | ^^^^^^^^^^^^^^
[INFO] [stderr]    |
[INFO] [stderr]    = note: this error originates in the attribute macro `tokio::main` (in Nightly builds, run with -Z macro-backtrace for more info)
[INFO] [stderr] 
[INFO] [stderr] error[E0433]: cannot find module or crate `jsonrpsee` in this scope
[INFO] [stderr]   --> tests/ui/incorrect/rpc/rpc_deprecated_method.rs:11:5
[INFO] [stderr]    |
[INFO] [stderr] 11 | use jsonrpsee::ws_client::*;
[INFO] [stderr]    |     ^^^^^^^^^ use of unresolved module or unlinked crate `jsonrpsee`
[INFO] [stderr]    |
[INFO] [stderr]    = help: if you wanted to use a crate named `jsonrpsee`, use `cargo add jsonrpsee` to add it to your `Cargo.toml`
[INFO] [stderr] 
[INFO] [stderr] error[E0433]: cannot find module or crate `jsonrpsee` in this scope
[INFO] [stderr]  --> tests/ui/incorrect/rpc/rpc_deprecated_method.rs:8:5
[INFO] [stderr]   |
[INFO] [stderr] 8 | use jsonrpsee::core::{async_trait, RpcResult};
[INFO] [stderr]   |     ^^^^^^^^^ use of unresolved module or unlinked crate `jsonrpsee`
[INFO] [stderr]   |
[INFO] [stderr]   = help: if you wanted to use a crate named `jsonrpsee`, use `cargo add jsonrpsee` to add it to your `Cargo.toml`
[INFO] [stderr] 
[INFO] [stderr] error[E0433]: cannot find module or crate `jsonrpsee` in this scope
[INFO] [stderr]  --> tests/ui/incorrect/rpc/rpc_deprecated_method.rs:9:5
[INFO] [stderr]   |
[INFO] [stderr] 9 | use jsonrpsee::proc_macros::rpc;
[INFO] [stderr]   |     ^^^^^^^^^ use of unresolved module or unlinked crate `jsonrpsee`
[INFO] [stderr]   |
[INFO] [stderr]   = help: if you wanted to use a crate named `jsonrpsee`, use `cargo add jsonrpsee` to add it to your `Cargo.toml`
[INFO] [stderr] 
[INFO] [stderr] error[E0433]: cannot find module or crate `jsonrpsee` in this scope
[INFO] [stderr]   --> tests/ui/incorrect/rpc/rpc_deprecated_method.rs:10:5
[INFO] [stderr]    |
[INFO] [stderr] 10 | use jsonrpsee::server::ServerBuilder;
[INFO] [stderr]    |     ^^^^^^^^^ use of unresolved module or unlinked crate `jsonrpsee`
[INFO] [stderr]    |
[INFO] [stderr]    = help: if you wanted to use a crate named `jsonrpsee`, use `cargo add jsonrpsee` to add it to your `Cargo.toml`
[INFO] [stderr] 
[INFO] [stderr] error[E0432]: unresolved imports `jsonrpsee::core::async_trait`, `jsonrpsee::core::RpcResult`, `jsonrpsee::proc_macros::rpc`, `jsonrpsee::server::ServerBuilder`
[INFO] [stderr]   --> tests/ui/incorrect/rpc/rpc_deprecated_method.rs:8:23
[INFO] [stderr]    |
[INFO] [stderr]  8 | use jsonrpsee::core::{async_trait, RpcResult};
[INFO] [stderr]    |                       ^^^^^^^^^^^  ^^^^^^^^^
[INFO] [stderr]  9 | use jsonrpsee::proc_macros::rpc;
[INFO] [stderr]    |     ^^^^^^^^^^^^^^^^^^^^^^^^^^^
[INFO] [stderr] 10 | use jsonrpsee::server::ServerBuilder;
[INFO] [stderr]    |     ^^^^^^^^^^^^^^^^^^^^^^^^^^^^^^^^
[INFO] [stderr] 
[INFO] [stderr] error: cannot find attribute `method` in this scope
[INFO] [stderr]   --> tests/ui/incorrect/rpc/rpc_deprecated_method.rs:17:4
[INFO] [stderr]    |
[INFO] [stderr] 17 |     #[method(name = "foo")]
[INFO] [stderr]    |       ^^^^^^
[INFO] [stderr] 
[INFO] [stderr] error: cannot find attribute `method` in this scope
[INFO] [stderr]   --> tests/ui/incorrect/rpc/rpc_deprecated_method.rs:22:4
[INFO] [stderr]    |
[INFO] [stderr] 22 |     #[method(name = "foo_unused")]
[INFO] [stderr]    |       ^^^^^^
[INFO] [stderr] 
[INFO] [stderr] error: cannot find attribute `method` in this scope
[INFO] [stderr]   --> tests/ui/incorrect/rpc/rpc_deprecated_method.rs:26:4
[INFO] [stderr]    |
[INFO] [stderr] 26 |     #[method(name = "bar")]
[INFO] [stderr]    |       ^^^^^^
[INFO] [stderr] ┈┈┈┈┈┈┈┈┈┈┈┈┈┈┈┈┈┈┈┈┈┈┈┈┈┈┈┈┈┈┈┈┈┈┈┈┈┈┈┈┈┈┈┈┈┈┈┈┈┈┈┈┈┈┈┈┈┈┈┈
[INFO] [stderr] note: If the actual output is the correct output you can bless it by rerunning
[INFO] [stderr]       your test with the environment variable TRYBUILD=overwrite
[INFO] [stderr] 
[INFO] [stderr] test tests/ui/incorrect/rpc/rpc_empty.rs ... mismatch
[INFO] [stderr] 
[INFO] [stderr] EXPECTED:
[INFO] [stderr] ┈┈┈┈┈┈┈┈┈┈┈┈┈┈┈┈┈┈┈┈┈┈┈┈┈┈┈┈┈┈┈┈┈┈┈┈┈┈┈┈┈┈┈┈┈┈┈┈┈┈┈┈┈┈┈┈┈┈┈┈
[INFO] [stderr] error: RPC cannot be empty
[INFO] [stderr]  --> $DIR/rpc_empty.rs:5:1
[INFO] [stderr]   |
[INFO] [stderr] 5 | pub trait Empty {}
[INFO] [stderr]   | ^^^^^^^^^^^^^^^^^^
[INFO] [stderr] ┈┈┈┈┈┈┈┈┈┈┈┈┈┈┈┈┈┈┈┈┈┈┈┈┈┈┈┈┈┈┈┈┈┈┈┈┈┈┈┈┈┈┈┈┈┈┈┈┈┈┈┈┈┈┈┈┈┈┈┈
[INFO] [stderr] 
[INFO] [stderr] ACTUAL OUTPUT:
[INFO] [stderr] ┈┈┈┈┈┈┈┈┈┈┈┈┈┈┈┈┈┈┈┈┈┈┈┈┈┈┈┈┈┈┈┈┈┈┈┈┈┈┈┈┈┈┈┈┈┈┈┈┈┈┈┈┈┈┈┈┈┈┈┈
[INFO] [stderr] error[E0433]: cannot find module or crate `jsonrpsee` in this scope
[INFO] [stderr]  --> tests/ui/incorrect/rpc/rpc_empty.rs:1:5
[INFO] [stderr]   |
[INFO] [stderr] 1 | use jsonrpsee::proc_macros::rpc;
[INFO] [stderr]   |     ^^^^^^^^^ use of unresolved module or unlinked crate `jsonrpsee`
[INFO] [stderr]   |
[INFO] [stderr]   = help: if you wanted to use a crate named `jsonrpsee`, use `cargo add jsonrpsee` to add it to your `Cargo.toml`
[INFO] [stderr] ┈┈┈┈┈┈┈┈┈┈┈┈┈┈┈┈┈┈┈┈┈┈┈┈┈┈┈┈┈┈┈┈┈┈┈┈┈┈┈┈┈┈┈┈┈┈┈┈┈┈┈┈┈┈┈┈┈┈┈┈
[INFO] [stderr] note: If the actual output is the correct output you can bless it by rerunning
[INFO] [stderr]       your test with the environment variable TRYBUILD=overwrite
[INFO] [stderr] 
[INFO] [stderr] test tests/ui/incorrect/rpc/rpc_empty_bounds.rs ... mismatch
[INFO] [stderr] 
[INFO] [stderr] EXPECTED:
[INFO] [stderr] ┈┈┈┈┈┈┈┈┈┈┈┈┈┈┈┈┈┈┈┈┈┈┈┈┈┈┈┈┈┈┈┈┈┈┈┈┈┈┈┈┈┈┈┈┈┈┈┈┈┈┈┈┈┈┈┈┈┈┈┈
[INFO] [stderr] error[E0277]: the trait bound `<Conf as Config>::Hash: serde::de::DeserializeOwned` is not satisfied
[INFO] [stderr]  --> tests/ui/incorrect/rpc/rpc_empty_bounds.rs:9:1
[INFO] [stderr]   |
[INFO] [stderr] 9 | #[rpc(server, client, namespace = "foo", client_bounds(), server_bounds())]
[INFO] [stderr]   | ^^^^^^^^^^^^^^^^^^^^^^^^^^^^^^^^^^^^^^^^^^^^^^^^^^^^^^^^^^^^^^^^^^^^^^^^^^^ the trait `for<'de> serde_core::de::Deserialize<'de>` is not implemented for `<Conf as Config>::Hash`
[INFO] [stderr]   |
[INFO] [stderr]   = note: required for `<Conf as Config>::Hash` to implement `DeserializeOwned`
[INFO] [stderr] note: required by a bound in `request`
[INFO] [stderr]  --> $WORKSPACE/core/src/client/mod.rs
[INFO] [stderr]   |
[INFO] [stderr]   |     fn request<R, Params>(&self, method: &str, params: Params) -> impl Future<Output = Result<R, Error>> + Send
[INFO] [stderr]   |        ------- required by a bound in this associated function
[INFO] [stderr]   |     where
[INFO] [stderr]   |         R: DeserializeOwned,
[INFO] [stderr]   |            ^^^^^^^^^^^^^^^^ required by this bound in `ClientT::request`
[INFO] [stderr]   = note: this error originates in the attribute macro `rpc` (in Nightly builds, run with -Z macro-backtrace for more info)
[INFO] [stderr] 
[INFO] [stderr] error[E0277]: the trait bound `<Conf as Config>::Hash: serde::Serialize` is not satisfied
[INFO] [stderr]  --> tests/ui/incorrect/rpc/rpc_empty_bounds.rs:9:1
[INFO] [stderr]   |
[INFO] [stderr] 9 | #[rpc(server, client, namespace = "foo", client_bounds(), server_bounds())]
[INFO] [stderr]   | ^^^^^^^^^^^^^^^^^^^^^^^^^^^^^^^^^^^^^^^^^^^^^^^^^^^^^^^^^^^^^^^^^^^^^^^^^^^ the trait `Serialize` is not implemented for `<Conf as Config>::Hash`
[INFO] [stderr]   |
[INFO] [stderr]   = note: for local types consider adding `#[derive(serde::Serialize)]` to your `<Conf as Config>::Hash` type
[INFO] [stderr]   = note: for types from other crates check whether the crate offers a `serde` feature flag
[INFO] [stderr]   = note: required for `Result<<Conf as Config>::Hash, ErrorObject<'_>>` to implement `IntoResponse`
[INFO] [stderr]   = note: this error originates in the attribute macro `rpc` (in Nightly builds, run with -Z macro-backtrace for more info)
[INFO] [stderr] 
[INFO] [stderr] error[E0277]: the trait bound `<Conf as Config>::Hash: Clone` is not satisfied
[INFO] [stderr]  --> tests/ui/incorrect/rpc/rpc_empty_bounds.rs:9:1
[INFO] [stderr]   |
[INFO] [stderr] 9 | #[rpc(server, client, namespace = "foo", client_bounds(), server_bounds())]
[INFO] [stderr]   | ^^^^^^^^^^^^^^^^^^^^^^^^^^^^^^^^^^^^^^^^^^^^^^^^^^^^^^^^^^^^^^^^^^^^^^^^^^^ the trait `Clone` is not implemented for `<Conf as Config>::Hash`
[INFO] [stderr]   |
[INFO] [stderr]   = note: required for `Result<<Conf as Config>::Hash, ErrorObject<'_>>` to implement `IntoResponse`
[INFO] [stderr]   = note: this error originates in the attribute macro `rpc` (in Nightly builds, run with -Z macro-backtrace for more info)
[INFO] [stderr] ┈┈┈┈┈┈┈┈┈┈┈┈┈┈┈┈┈┈┈┈┈┈┈┈┈┈┈┈┈┈┈┈┈┈┈┈┈┈┈┈┈┈┈┈┈┈┈┈┈┈┈┈┈┈┈┈┈┈┈┈
[INFO] [stderr] 
[INFO] [stderr] ACTUAL OUTPUT:
[INFO] [stderr] ┈┈┈┈┈┈┈┈┈┈┈┈┈┈┈┈┈┈┈┈┈┈┈┈┈┈┈┈┈┈┈┈┈┈┈┈┈┈┈┈┈┈┈┈┈┈┈┈┈┈┈┈┈┈┈┈┈┈┈┈
[INFO] [stderr] error[E0433]: cannot find module or crate `jsonrpsee` in this scope
[INFO] [stderr]  --> tests/ui/incorrect/rpc/rpc_empty_bounds.rs:1:5
[INFO] [stderr]   |
[INFO] [stderr] 1 | use jsonrpsee::{core::RpcResult, proc_macros::rpc};
[INFO] [stderr]   |     ^^^^^^^^^ use of unresolved module or unlinked crate `jsonrpsee`
[INFO] [stderr]   |
[INFO] [stderr]   = help: if you wanted to use a crate named `jsonrpsee`, use `cargo add jsonrpsee` to add it to your `Cargo.toml`
[INFO] [stderr] 
[INFO] [stderr] error: cannot find attribute `method` in this scope
[INFO] [stderr]   --> tests/ui/incorrect/rpc/rpc_empty_bounds.rs:11:4
[INFO] [stderr]    |
[INFO] [stderr] 11 |     #[method(name = "bar")]
[INFO] [stderr]    |       ^^^^^^
[INFO] [stderr] ┈┈┈┈┈┈┈┈┈┈┈┈┈┈┈┈┈┈┈┈┈┈┈┈┈┈┈┈┈┈┈┈┈┈┈┈┈┈┈┈┈┈┈┈┈┈┈┈┈┈┈┈┈┈┈┈┈┈┈┈
[INFO] [stderr] note: If the actual output is the correct output you can bless it by rerunning
[INFO] [stderr]       your test with the environment variable TRYBUILD=overwrite
[INFO] [stderr] 
[INFO] [stderr] test tests/ui/incorrect/rpc/rpc_name_conflict.rs ... mismatch
[INFO] [stderr] 
[INFO] [stderr] EXPECTED:
[INFO] [stderr] ┈┈┈┈┈┈┈┈┈┈┈┈┈┈┈┈┈┈┈┈┈┈┈┈┈┈┈┈┈┈┈┈┈┈┈┈┈┈┈┈┈┈┈┈┈┈┈┈┈┈┈┈┈┈┈┈┈┈┈┈
[INFO] [stderr] error: "foo" is already defined
[INFO] [stderr]   --> $DIR/rpc_name_conflict.rs:10:11
[INFO] [stderr]    |
[INFO] [stderr] 10 |     async fn bar(&self) -> RpcResult<u8>;
[INFO] [stderr]    |              ^^^
[INFO] [stderr] ┈┈┈┈┈┈┈┈┈┈┈┈┈┈┈┈┈┈┈┈┈┈┈┈┈┈┈┈┈┈┈┈┈┈┈┈┈┈┈┈┈┈┈┈┈┈┈┈┈┈┈┈┈┈┈┈┈┈┈┈
[INFO] [stderr] 
[INFO] [stderr] ACTUAL OUTPUT:
[INFO] [stderr] ┈┈┈┈┈┈┈┈┈┈┈┈┈┈┈┈┈┈┈┈┈┈┈┈┈┈┈┈┈┈┈┈┈┈┈┈┈┈┈┈┈┈┈┈┈┈┈┈┈┈┈┈┈┈┈┈┈┈┈┈
[INFO] [stderr] error[E0433]: cannot find module or crate `jsonrpsee` in this scope
[INFO] [stderr]  --> tests/ui/incorrect/rpc/rpc_name_conflict.rs:1:5
[INFO] [stderr]   |
[INFO] [stderr] 1 | use jsonrpsee::{proc_macros::rpc, core::RpcResult};
[INFO] [stderr]   |     ^^^^^^^^^ use of unresolved module or unlinked crate `jsonrpsee`
[INFO] [stderr]   |
[INFO] [stderr]   = help: if you wanted to use a crate named `jsonrpsee`, use `cargo add jsonrpsee` to add it to your `Cargo.toml`
[INFO] [stderr] 
[INFO] [stderr] error: cannot find attribute `method` in this scope
[INFO] [stderr]  --> tests/ui/incorrect/rpc/rpc_name_conflict.rs:6:4
[INFO] [stderr]   |
[INFO] [stderr] 6 |     #[method(name = "foo")]
[INFO] [stderr]   |       ^^^^^^
[INFO] [stderr] 
[INFO] [stderr] error: cannot find attribute `method` in this scope
[INFO] [stderr]  --> tests/ui/incorrect/rpc/rpc_name_conflict.rs:9:4
[INFO] [stderr]   |
[INFO] [stderr] 9 |     #[method(name = "foo")]
[INFO] [stderr]   |       ^^^^^^
[INFO] [stderr] ┈┈┈┈┈┈┈┈┈┈┈┈┈┈┈┈┈┈┈┈┈┈┈┈┈┈┈┈┈┈┈┈┈┈┈┈┈┈┈┈┈┈┈┈┈┈┈┈┈┈┈┈┈┈┈┈┈┈┈┈
[INFO] [stderr] note: If the actual output is the correct output you can bless it by rerunning
[INFO] [stderr]       your test with the environment variable TRYBUILD=overwrite
[INFO] [stderr] 
[INFO] [stderr] test tests/ui/incorrect/rpc/rpc_no_impls.rs ... mismatch
[INFO] [stderr] 
[INFO] [stderr] EXPECTED:
[INFO] [stderr] ┈┈┈┈┈┈┈┈┈┈┈┈┈┈┈┈┈┈┈┈┈┈┈┈┈┈┈┈┈┈┈┈┈┈┈┈┈┈┈┈┈┈┈┈┈┈┈┈┈┈┈┈┈┈┈┈┈┈┈┈
[INFO] [stderr] error: Either 'server' or 'client' attribute must be applied
[INFO] [stderr]  --> $DIR/rpc_no_impls.rs:5:11
[INFO] [stderr]   |
[INFO] [stderr] 5 | pub trait NoImpls {
[INFO] [stderr]   |           ^^^^^^^
[INFO] [stderr] ┈┈┈┈┈┈┈┈┈┈┈┈┈┈┈┈┈┈┈┈┈┈┈┈┈┈┈┈┈┈┈┈┈┈┈┈┈┈┈┈┈┈┈┈┈┈┈┈┈┈┈┈┈┈┈┈┈┈┈┈
[INFO] [stderr] 
[INFO] [stderr] ACTUAL OUTPUT:
[INFO] [stderr] ┈┈┈┈┈┈┈┈┈┈┈┈┈┈┈┈┈┈┈┈┈┈┈┈┈┈┈┈┈┈┈┈┈┈┈┈┈┈┈┈┈┈┈┈┈┈┈┈┈┈┈┈┈┈┈┈┈┈┈┈
[INFO] [stderr] error[E0433]: cannot find module or crate `jsonrpsee` in this scope
[INFO] [stderr]  --> tests/ui/incorrect/rpc/rpc_no_impls.rs:1:5
[INFO] [stderr]   |
[INFO] [stderr] 1 | use jsonrpsee::proc_macros::rpc;
[INFO] [stderr]   |     ^^^^^^^^^ use of unresolved module or unlinked crate `jsonrpsee`
[INFO] [stderr]   |
[INFO] [stderr]   = help: if you wanted to use a crate named `jsonrpsee`, use `cargo add jsonrpsee` to add it to your `Cargo.toml`
[INFO] [stderr] 
[INFO] [stderr] error: cannot find attribute `method` in this scope
[INFO] [stderr]  --> tests/ui/incorrect/rpc/rpc_no_impls.rs:6:4
[INFO] [stderr]   |
[INFO] [stderr] 6 |     #[method(name = "foo")]
[INFO] [stderr]   |       ^^^^^^
[INFO] [stderr] 
[INFO] [stderr] error[E0433]: cannot find module or crate `jsonrpsee` in this scope
[INFO] [stderr]  --> tests/ui/incorrect/rpc/rpc_no_impls.rs:7:34
[INFO] [stderr]   |
[INFO] [stderr] 7 |     async fn async_method(&self) -> jsonrpsee::core::RpcResult<u8>;
[INFO] [stderr]   |                                     ^^^^^^^^^ use of unresolved module or unlinked crate `jsonrpsee`
[INFO] [stderr]   |
[INFO] [stderr]   = help: if you wanted to use a crate named `jsonrpsee`, use `cargo add jsonrpsee` to add it to your `Cargo.toml`
[INFO] [stderr] ┈┈┈┈┈┈┈┈┈┈┈┈┈┈┈┈┈┈┈┈┈┈┈┈┈┈┈┈┈┈┈┈┈┈┈┈┈┈┈┈┈┈┈┈┈┈┈┈┈┈┈┈┈┈┈┈┈┈┈┈
[INFO] [stderr] note: If the actual output is the correct output you can bless it by rerunning
[INFO] [stderr]       your test with the environment variable TRYBUILD=overwrite
[INFO] [stderr] 
[INFO] [stderr] test tests/ui/incorrect/rpc/rpc_not_qualified.rs ... mismatch
[INFO] [stderr] 
[INFO] [stderr] EXPECTED:
[INFO] [stderr] ┈┈┈┈┈┈┈┈┈┈┈┈┈┈┈┈┈┈┈┈┈┈┈┈┈┈┈┈┈┈┈┈┈┈┈┈┈┈┈┈┈┈┈┈┈┈┈┈┈┈┈┈┈┈┈┈┈┈┈┈
[INFO] [stderr] error: Methods must have either 'method' or 'subscription' attribute
[INFO] [stderr]  --> $DIR/rpc_not_qualified.rs:6:2
[INFO] [stderr]   |
[INFO] [stderr] 6 |     async fn async_method(&self) -> jsonrpsee::core::RpcResult<u8>;
[INFO] [stderr]   |     ^^^^^^^^^^^^^^^^^^^^^^^^^^^^^^^^^^^^^^^^^^^^^^^^^^^^^^^^^^^^^^^
[INFO] [stderr] ┈┈┈┈┈┈┈┈┈┈┈┈┈┈┈┈┈┈┈┈┈┈┈┈┈┈┈┈┈┈┈┈┈┈┈┈┈┈┈┈┈┈┈┈┈┈┈┈┈┈┈┈┈┈┈┈┈┈┈┈
[INFO] [stderr] 
[INFO] [stderr] ACTUAL OUTPUT:
[INFO] [stderr] ┈┈┈┈┈┈┈┈┈┈┈┈┈┈┈┈┈┈┈┈┈┈┈┈┈┈┈┈┈┈┈┈┈┈┈┈┈┈┈┈┈┈┈┈┈┈┈┈┈┈┈┈┈┈┈┈┈┈┈┈
[INFO] [stderr] error[E0433]: cannot find module or crate `jsonrpsee` in this scope
[INFO] [stderr]  --> tests/ui/incorrect/rpc/rpc_not_qualified.rs:1:5
[INFO] [stderr]   |
[INFO] [stderr] 1 | use jsonrpsee::proc_macros::rpc;
[INFO] [stderr]   |     ^^^^^^^^^ use of unresolved module or unlinked crate `jsonrpsee`
[INFO] [stderr]   |
[INFO] [stderr]   = help: if you wanted to use a crate named `jsonrpsee`, use `cargo add jsonrpsee` to add it to your `Cargo.toml`
[INFO] [stderr] 
[INFO] [stderr] error[E0433]: cannot find module or crate `jsonrpsee` in this scope
[INFO] [stderr]  --> tests/ui/incorrect/rpc/rpc_not_qualified.rs:6:34
[INFO] [stderr]   |
[INFO] [stderr] 6 |     async fn async_method(&self) -> jsonrpsee::core::RpcResult<u8>;
[INFO] [stderr]   |                                     ^^^^^^^^^ use of unresolved module or unlinked crate `jsonrpsee`
[INFO] [stderr]   |
[INFO] [stderr]   = help: if you wanted to use a crate named `jsonrpsee`, use `cargo add jsonrpsee` to add it to your `Cargo.toml`
[INFO] [stderr] ┈┈┈┈┈┈┈┈┈┈┈┈┈┈┈┈┈┈┈┈┈┈┈┈┈┈┈┈┈┈┈┈┈┈┈┈┈┈┈┈┈┈┈┈┈┈┈┈┈┈┈┈┈┈┈┈┈┈┈┈
[INFO] [stderr] note: If the actual output is the correct output you can bless it by rerunning
[INFO] [stderr]       your test with the environment variable TRYBUILD=overwrite
[INFO] [stderr] 
[INFO] [stderr] test tests/ui/incorrect/sub/sub_conflicting_alias.rs ... mismatch
[INFO] [stderr] 
[INFO] [stderr] EXPECTED:
[INFO] [stderr] ┈┈┈┈┈┈┈┈┈┈┈┈┈┈┈┈┈┈┈┈┈┈┈┈┈┈┈┈┈┈┈┈┈┈┈┈┈┈┈┈┈┈┈┈┈┈┈┈┈┈┈┈┈┈┈┈┈┈┈┈
[INFO] [stderr] error: "hello_is_goodbye" is already defined
[INFO] [stderr]  --> $DIR/sub_conflicting_alias.rs:6:11
[INFO] [stderr]   |
[INFO] [stderr] 6 |     async fn async_method(&self);
[INFO] [stderr]   |              ^^^^^^^^^^^^
[INFO] [stderr] ┈┈┈┈┈┈┈┈┈┈┈┈┈┈┈┈┈┈┈┈┈┈┈┈┈┈┈┈┈┈┈┈┈┈┈┈┈┈┈┈┈┈┈┈┈┈┈┈┈┈┈┈┈┈┈┈┈┈┈┈
[INFO] [stderr] 
[INFO] [stderr] ACTUAL OUTPUT:
[INFO] [stderr] ┈┈┈┈┈┈┈┈┈┈┈┈┈┈┈┈┈┈┈┈┈┈┈┈┈┈┈┈┈┈┈┈┈┈┈┈┈┈┈┈┈┈┈┈┈┈┈┈┈┈┈┈┈┈┈┈┈┈┈┈
[INFO] [stderr] error[E0433]: cannot find module or crate `jsonrpsee` in this scope
[INFO] [stderr]  --> tests/ui/incorrect/sub/sub_conflicting_alias.rs:1:5
[INFO] [stderr]   |
[INFO] [stderr] 1 | use jsonrpsee::proc_macros::rpc;
[INFO] [stderr]   |     ^^^^^^^^^ use of unresolved module or unlinked crate `jsonrpsee`
[INFO] [stderr]   |
[INFO] [stderr]   = help: if you wanted to use a crate named `jsonrpsee`, use `cargo add jsonrpsee` to add it to your `Cargo.toml`
[INFO] [stderr] 
[INFO] [stderr] error: cannot find attribute `subscription` in this scope
[INFO] [stderr]  --> tests/ui/incorrect/sub/sub_conflicting_alias.rs:5:4
[INFO] [stderr]   |
[INFO] [stderr] 5 |     #[subscription(name = "subscribeAlias", item = String, aliases = ["hello_is_goodbye"], unsubscribe_aliases = ["hello_is_goodbye"])]
[INFO] [stderr]   |       ^^^^^^^^^^^^
[INFO] [stderr] ┈┈┈┈┈┈┈┈┈┈┈┈┈┈┈┈┈┈┈┈┈┈┈┈┈┈┈┈┈┈┈┈┈┈┈┈┈┈┈┈┈┈┈┈┈┈┈┈┈┈┈┈┈┈┈┈┈┈┈┈
[INFO] [stderr] note: If the actual output is the correct output you can bless it by rerunning
[INFO] [stderr]       your test with the environment variable TRYBUILD=overwrite
[INFO] [stderr] 
[INFO] [stderr] test tests/ui/incorrect/sub/sub_dup_name_override.rs ... mismatch
[INFO] [stderr] 
[INFO] [stderr] EXPECTED:
[INFO] [stderr] ┈┈┈┈┈┈┈┈┈┈┈┈┈┈┈┈┈┈┈┈┈┈┈┈┈┈┈┈┈┈┈┈┈┈┈┈┈┈┈┈┈┈┈┈┈┈┈┈┈┈┈┈┈┈┈┈┈┈┈┈
[INFO] [stderr] error: "override" is already defined
[INFO] [stderr]  --> $DIR/sub_dup_name_override.rs:9:11
[INFO] [stderr]   |
[INFO] [stderr] 9 |     async fn two(&self);
[INFO] [stderr]   |              ^^^
[INFO] [stderr] ┈┈┈┈┈┈┈┈┈┈┈┈┈┈┈┈┈┈┈┈┈┈┈┈┈┈┈┈┈┈┈┈┈┈┈┈┈┈┈┈┈┈┈┈┈┈┈┈┈┈┈┈┈┈┈┈┈┈┈┈
[INFO] [stderr] 
[INFO] [stderr] ACTUAL OUTPUT:
[INFO] [stderr] ┈┈┈┈┈┈┈┈┈┈┈┈┈┈┈┈┈┈┈┈┈┈┈┈┈┈┈┈┈┈┈┈┈┈┈┈┈┈┈┈┈┈┈┈┈┈┈┈┈┈┈┈┈┈┈┈┈┈┈┈
[INFO] [stderr] error[E0433]: cannot find module or crate `jsonrpsee` in this scope
[INFO] [stderr]  --> tests/ui/incorrect/sub/sub_dup_name_override.rs:1:5
[INFO] [stderr]   |
[INFO] [stderr] 1 | use jsonrpsee::proc_macros::rpc;
[INFO] [stderr]   |     ^^^^^^^^^ use of unresolved module or unlinked crate `jsonrpsee`
[INFO] [stderr]   |
[INFO] [stderr]   = help: if you wanted to use a crate named `jsonrpsee`, use `cargo add jsonrpsee` to add it to your `Cargo.toml`
[INFO] [stderr] 
[INFO] [stderr] error: cannot find attribute `subscription` in this scope
[INFO] [stderr]  --> tests/ui/incorrect/sub/sub_dup_name_override.rs:6:4
[INFO] [stderr]   |
[INFO] [stderr] 6 |     #[subscription(name = "subscribeOne" => "override", item = u8)]
[INFO] [stderr]   |       ^^^^^^^^^^^^
[INFO] [stderr] 
[INFO] [stderr] error: cannot find attribute `subscription` in this scope
[INFO] [stderr]  --> tests/ui/incorrect/sub/sub_dup_name_override.rs:8:4
[INFO] [stderr]   |
[INFO] [stderr] 8 |     #[subscription(name = "subscribeTwo" => "override", item = u8)]
[INFO] [stderr]   |       ^^^^^^^^^^^^
[INFO] [stderr] ┈┈┈┈┈┈┈┈┈┈┈┈┈┈┈┈┈┈┈┈┈┈┈┈┈┈┈┈┈┈┈┈┈┈┈┈┈┈┈┈┈┈┈┈┈┈┈┈┈┈┈┈┈┈┈┈┈┈┈┈
[INFO] [stderr] note: If the actual output is the correct output you can bless it by rerunning
[INFO] [stderr]       your test with the environment variable TRYBUILD=overwrite
[INFO] [stderr] 
[INFO] [stderr] test tests/ui/incorrect/sub/sub_empty_attr.rs ... mismatch
[INFO] [stderr] 
[INFO] [stderr] EXPECTED:
[INFO] [stderr] ┈┈┈┈┈┈┈┈┈┈┈┈┈┈┈┈┈┈┈┈┈┈┈┈┈┈┈┈┈┈┈┈┈┈┈┈┈┈┈┈┈┈┈┈┈┈┈┈┈┈┈┈┈┈┈┈┈┈┈┈
[INFO] [stderr] error: Missing argument `name`
[INFO] [stderr]  --> $DIR/sub_empty_attr.rs:6:4
[INFO] [stderr]   |
[INFO] [stderr] 6 |     #[subscription()]
[INFO] [stderr]   |       ^^^^^^^^^^^^
[INFO] [stderr] ┈┈┈┈┈┈┈┈┈┈┈┈┈┈┈┈┈┈┈┈┈┈┈┈┈┈┈┈┈┈┈┈┈┈┈┈┈┈┈┈┈┈┈┈┈┈┈┈┈┈┈┈┈┈┈┈┈┈┈┈
[INFO] [stderr] 
[INFO] [stderr] ACTUAL OUTPUT:
[INFO] [stderr] ┈┈┈┈┈┈┈┈┈┈┈┈┈┈┈┈┈┈┈┈┈┈┈┈┈┈┈┈┈┈┈┈┈┈┈┈┈┈┈┈┈┈┈┈┈┈┈┈┈┈┈┈┈┈┈┈┈┈┈┈
[INFO] [stderr] error[E0433]: cannot find module or crate `jsonrpsee` in this scope
[INFO] [stderr]  --> tests/ui/incorrect/sub/sub_empty_attr.rs:1:5
[INFO] [stderr]   |
[INFO] [stderr] 1 | use jsonrpsee::proc_macros::rpc;
[INFO] [stderr]   |     ^^^^^^^^^ use of unresolved module or unlinked crate `jsonrpsee`
[INFO] [stderr]   |
[INFO] [stderr]   = help: if you wanted to use a crate named `jsonrpsee`, use `cargo add jsonrpsee` to add it to your `Cargo.toml`
[INFO] [stderr] 
[INFO] [stderr] error: cannot find attribute `subscription` in this scope
[INFO] [stderr]  --> tests/ui/incorrect/sub/sub_empty_attr.rs:6:4
[INFO] [stderr]   |
[INFO] [stderr] 6 |     #[subscription()]
[INFO] [stderr]   |       ^^^^^^^^^^^^
[INFO] [stderr] ┈┈┈┈┈┈┈┈┈┈┈┈┈┈┈┈┈┈┈┈┈┈┈┈┈┈┈┈┈┈┈┈┈┈┈┈┈┈┈┈┈┈┈┈┈┈┈┈┈┈┈┈┈┈┈┈┈┈┈┈
[INFO] [stderr] note: If the actual output is the correct output you can bless it by rerunning
[INFO] [stderr]       your test with the environment variable TRYBUILD=overwrite
[INFO] [stderr] 
[INFO] [stderr] test tests/ui/incorrect/sub/sub_name_override.rs ... mismatch
[INFO] [stderr] 
[INFO] [stderr] EXPECTED:
[INFO] [stderr] ┈┈┈┈┈┈┈┈┈┈┈┈┈┈┈┈┈┈┈┈┈┈┈┈┈┈┈┈┈┈┈┈┈┈┈┈┈┈┈┈┈┈┈┈┈┈┈┈┈┈┈┈┈┈┈┈┈┈┈┈
[INFO] [stderr] error: "one" is already defined
[INFO] [stderr]  --> $DIR/sub_name_override.rs:7:11
[INFO] [stderr]   |
[INFO] [stderr] 7 |     async fn one(&self);
[INFO] [stderr]   |              ^^^
[INFO] [stderr] ┈┈┈┈┈┈┈┈┈┈┈┈┈┈┈┈┈┈┈┈┈┈┈┈┈┈┈┈┈┈┈┈┈┈┈┈┈┈┈┈┈┈┈┈┈┈┈┈┈┈┈┈┈┈┈┈┈┈┈┈
[INFO] [stderr] 
[INFO] [stderr] ACTUAL OUTPUT:
[INFO] [stderr] ┈┈┈┈┈┈┈┈┈┈┈┈┈┈┈┈┈┈┈┈┈┈┈┈┈┈┈┈┈┈┈┈┈┈┈┈┈┈┈┈┈┈┈┈┈┈┈┈┈┈┈┈┈┈┈┈┈┈┈┈
[INFO] [stderr] error[E0433]: cannot find module or crate `jsonrpsee` in this scope
[INFO] [stderr]  --> tests/ui/incorrect/sub/sub_name_override.rs:1:5
[INFO] [stderr]   |
[INFO] [stderr] 1 | use jsonrpsee::proc_macros::rpc;
[INFO] [stderr]   |     ^^^^^^^^^ use of unresolved module or unlinked crate `jsonrpsee`
[INFO] [stderr]   |
[INFO] [stderr]   = help: if you wanted to use a crate named `jsonrpsee`, use `cargo add jsonrpsee` to add it to your `Cargo.toml`
[INFO] [stderr] 
[INFO] [stderr] error: cannot find attribute `subscription` in this scope
[INFO] [stderr]  --> tests/ui/incorrect/sub/sub_name_override.rs:6:4
[INFO] [stderr]   |
[INFO] [stderr] 6 |     #[subscription(name = "one" => "one", unsubscribe = "unsubscribeOne", item = u8)]
[INFO] [stderr]   |       ^^^^^^^^^^^^
[INFO] [stderr] ┈┈┈┈┈┈┈┈┈┈┈┈┈┈┈┈┈┈┈┈┈┈┈┈┈┈┈┈┈┈┈┈┈┈┈┈┈┈┈┈┈┈┈┈┈┈┈┈┈┈┈┈┈┈┈┈┈┈┈┈
[INFO] [stderr] note: If the actual output is the correct output you can bless it by rerunning
[INFO] [stderr]       your test with the environment variable TRYBUILD=overwrite
[INFO] [stderr] 
[INFO] [stderr] test tests/ui/incorrect/sub/sub_no_item.rs ... mismatch
[INFO] [stderr] 
[INFO] [stderr] EXPECTED:
[INFO] [stderr] ┈┈┈┈┈┈┈┈┈┈┈┈┈┈┈┈┈┈┈┈┈┈┈┈┈┈┈┈┈┈┈┈┈┈┈┈┈┈┈┈┈┈┈┈┈┈┈┈┈┈┈┈┈┈┈┈┈┈┈┈
[INFO] [stderr] error: Missing argument `item`
[INFO] [stderr]  --> $DIR/sub_no_item.rs:6:4
[INFO] [stderr]   |
[INFO] [stderr] 6 |     #[subscription(name = "sub")]
[INFO] [stderr]   |       ^^^^^^^^^^^^
[INFO] [stderr] ┈┈┈┈┈┈┈┈┈┈┈┈┈┈┈┈┈┈┈┈┈┈┈┈┈┈┈┈┈┈┈┈┈┈┈┈┈┈┈┈┈┈┈┈┈┈┈┈┈┈┈┈┈┈┈┈┈┈┈┈
[INFO] [stderr] 
[INFO] [stderr] ACTUAL OUTPUT:
[INFO] [stderr] ┈┈┈┈┈┈┈┈┈┈┈┈┈┈┈┈┈┈┈┈┈┈┈┈┈┈┈┈┈┈┈┈┈┈┈┈┈┈┈┈┈┈┈┈┈┈┈┈┈┈┈┈┈┈┈┈┈┈┈┈
[INFO] [stderr] error[E0433]: cannot find module or crate `jsonrpsee` in this scope
[INFO] [stderr]  --> tests/ui/incorrect/sub/sub_no_item.rs:1:5
[INFO] [stderr]   |
[INFO] [stderr] 1 | use jsonrpsee::proc_macros::rpc;
[INFO] [stderr]   |     ^^^^^^^^^ use of unresolved module or unlinked crate `jsonrpsee`
[INFO] [stderr]   |
[INFO] [stderr]   = help: if you wanted to use a crate named `jsonrpsee`, use `cargo add jsonrpsee` to add it to your `Cargo.toml`
[INFO] [stderr] 
[INFO] [stderr] error: cannot find attribute `subscription` in this scope
[INFO] [stderr]  --> tests/ui/incorrect/sub/sub_no_item.rs:6:4
[INFO] [stderr]   |
[INFO] [stderr] 6 |     #[subscription(name = "sub")]
[INFO] [stderr]   |       ^^^^^^^^^^^^
[INFO] [stderr] ┈┈┈┈┈┈┈┈┈┈┈┈┈┈┈┈┈┈┈┈┈┈┈┈┈┈┈┈┈┈┈┈┈┈┈┈┈┈┈┈┈┈┈┈┈┈┈┈┈┈┈┈┈┈┈┈┈┈┈┈
[INFO] [stderr] note: If the actual output is the correct output you can bless it by rerunning
[INFO] [stderr]       your test with the environment variable TRYBUILD=overwrite
[INFO] [stderr] 
[INFO] [stderr] test tests/ui/incorrect/sub/sub_no_name.rs ... mismatch
[INFO] [stderr] 
[INFO] [stderr] EXPECTED:
[INFO] [stderr] ┈┈┈┈┈┈┈┈┈┈┈┈┈┈┈┈┈┈┈┈┈┈┈┈┈┈┈┈┈┈┈┈┈┈┈┈┈┈┈┈┈┈┈┈┈┈┈┈┈┈┈┈┈┈┈┈┈┈┈┈
[INFO] [stderr] error: Missing argument `name`
[INFO] [stderr]  --> $DIR/sub_no_name.rs:6:4
[INFO] [stderr]   |
[INFO] [stderr] 6 |     #[subscription(item = String)]
[INFO] [stderr]   |       ^^^^^^^^^^^^
[INFO] [stderr] ┈┈┈┈┈┈┈┈┈┈┈┈┈┈┈┈┈┈┈┈┈┈┈┈┈┈┈┈┈┈┈┈┈┈┈┈┈┈┈┈┈┈┈┈┈┈┈┈┈┈┈┈┈┈┈┈┈┈┈┈
[INFO] [stderr] 
[INFO] [stderr] ACTUAL OUTPUT:
[INFO] [stderr] ┈┈┈┈┈┈┈┈┈┈┈┈┈┈┈┈┈┈┈┈┈┈┈┈┈┈┈┈┈┈┈┈┈┈┈┈┈┈┈┈┈┈┈┈┈┈┈┈┈┈┈┈┈┈┈┈┈┈┈┈
[INFO] [stderr] error[E0433]: cannot find module or crate `jsonrpsee` in this scope
[INFO] [stderr]  --> tests/ui/incorrect/sub/sub_no_name.rs:1:5
[INFO] [stderr]   |
[INFO] [stderr] 1 | use jsonrpsee::proc_macros::rpc;
[INFO] [stderr]   |     ^^^^^^^^^ use of unresolved module or unlinked crate `jsonrpsee`
[INFO] [stderr]   |
[INFO] [stderr]   = help: if you wanted to use a crate named `jsonrpsee`, use `cargo add jsonrpsee` to add it to your `Cargo.toml`
[INFO] [stderr] 
[INFO] [stderr] error: cannot find attribute `subscription` in this scope
[INFO] [stderr]  --> tests/ui/incorrect/sub/sub_no_name.rs:6:4
[INFO] [stderr]   |
[INFO] [stderr] 6 |     #[subscription(item = String)]
[INFO] [stderr]   |       ^^^^^^^^^^^^
[INFO] [stderr] ┈┈┈┈┈┈┈┈┈┈┈┈┈┈┈┈┈┈┈┈┈┈┈┈┈┈┈┈┈┈┈┈┈┈┈┈┈┈┈┈┈┈┈┈┈┈┈┈┈┈┈┈┈┈┈┈┈┈┈┈
[INFO] [stderr] note: If the actual output is the correct output you can bless it by rerunning
[INFO] [stderr]       your test with the environment variable TRYBUILD=overwrite
[INFO] [stderr] 
[INFO] [stderr] test tests/ui/incorrect/sub/sub_unsupported_field.rs ... mismatch
[INFO] [stderr] 
[INFO] [stderr] EXPECTED:
[INFO] [stderr] ┈┈┈┈┈┈┈┈┈┈┈┈┈┈┈┈┈┈┈┈┈┈┈┈┈┈┈┈┈┈┈┈┈┈┈┈┈┈┈┈┈┈┈┈┈┈┈┈┈┈┈┈┈┈┈┈┈┈┈┈
[INFO] [stderr] error: Unknown argument `magic`, expected one of: `aliases`, `item`, `name`, `param_kind`, `unsubscribe`, `unsubscribe_aliases`, `with_extensions`
[INFO] [stderr]  --> tests/ui/incorrect/sub/sub_unsupported_field.rs:6:65
[INFO] [stderr]   |
[INFO] [stderr] 6 |     #[subscription(name = "sub", unsubscribe = "unsub", item = u8, magic = true)]
[INFO] [stderr]   |                                                                    ^^^^^
[INFO] [stderr] ┈┈┈┈┈┈┈┈┈┈┈┈┈┈┈┈┈┈┈┈┈┈┈┈┈┈┈┈┈┈┈┈┈┈┈┈┈┈┈┈┈┈┈┈┈┈┈┈┈┈┈┈┈┈┈┈┈┈┈┈
[INFO] [stderr] 
[INFO] [stderr] ACTUAL OUTPUT:
[INFO] [stderr] ┈┈┈┈┈┈┈┈┈┈┈┈┈┈┈┈┈┈┈┈┈┈┈┈┈┈┈┈┈┈┈┈┈┈┈┈┈┈┈┈┈┈┈┈┈┈┈┈┈┈┈┈┈┈┈┈┈┈┈┈
[INFO] [stderr] error[E0433]: cannot find module or crate `jsonrpsee` in this scope
[INFO] [stderr]  --> tests/ui/incorrect/sub/sub_unsupported_field.rs:1:5
[INFO] [stderr]   |
[INFO] [stderr] 1 | use jsonrpsee::proc_macros::rpc;
[INFO] [stderr]   |     ^^^^^^^^^ use of unresolved module or unlinked crate `jsonrpsee`
[INFO] [stderr]   |
[INFO] [stderr]   = help: if you wanted to use a crate named `jsonrpsee`, use `cargo add jsonrpsee` to add it to your `Cargo.toml`
[INFO] [stderr] 
[INFO] [stderr] error: cannot find attribute `subscription` in this scope
[INFO] [stderr]  --> tests/ui/incorrect/sub/sub_unsupported_field.rs:6:4
[INFO] [stderr]   |
[INFO] [stderr] 6 |     #[subscription(name = "sub", unsubscribe = "unsub", item = u8, magic = true)]
[INFO] [stderr]   |       ^^^^^^^^^^^^
[INFO] [stderr] ┈┈┈┈┈┈┈┈┈┈┈┈┈┈┈┈┈┈┈┈┈┈┈┈┈┈┈┈┈┈┈┈┈┈┈┈┈┈┈┈┈┈┈┈┈┈┈┈┈┈┈┈┈┈┈┈┈┈┈┈
[INFO] [stderr] note: If the actual output is the correct output you can bless it by rerunning
[INFO] [stderr]       your test with the environment variable TRYBUILD=overwrite
[INFO] [stderr] 
[INFO] [stderr] 
[INFO] [stderr] 
[INFO] [stderr]    Compiling libc v0.2.179
[INFO] [stderr]    Compiling pin-project-lite v0.2.16
[INFO] [stderr]    Compiling itoa v1.0.17
[INFO] [stderr]    Compiling bytes v1.11.0
[INFO] [stderr]    Compiling winnow v0.7.14
[INFO] [stderr]    Compiling futures-core v0.3.31
[INFO] [stderr]    Compiling once_cell v1.21.3
[INFO] [stderr]    Compiling hashbrown v0.16.1
[INFO] [stderr]    Compiling equivalent v1.0.2
[INFO] [stderr]    Compiling try-lock v0.2.5
[INFO] [stderr]    Compiling unicode-ident v1.0.22
[INFO] [stderr]    Compiling tracing-core v0.1.36
[INFO] [stderr]    Compiling want v0.3.1
[INFO] [stderr]    Compiling serde_core v1.0.228
[INFO] [stderr]    Compiling proc-macro2 v1.0.105
[INFO] [stderr]    Compiling tower-service v0.3.3
[INFO] [stderr]    Compiling smallvec v1.15.1
[INFO] [stderr]    Compiling toml_datetime v0.7.5+spec-1.1.0
[INFO] [stderr]    Compiling futures-task v0.3.31
[INFO] [stderr]    Compiling pin-utils v0.1.0
[INFO] [stderr]    Compiling tracing v0.1.44
[INFO] [stderr]    Compiling quote v1.0.43
[INFO] [stderr]    Compiling http v1.4.0
[INFO] [stderr]    Compiling indexmap v2.12.1
[INFO] [stderr]    Compiling futures-util v0.3.31
[INFO] [stderr]    Compiling zmij v1.0.12
[INFO] [stderr]    Compiling futures-channel v0.3.31
[INFO] [stderr]    Compiling memchr v2.7.6
[INFO] [stderr]    Compiling mio v1.1.1
[INFO] [stderr]    Compiling socket2 v0.6.1
[INFO] [stderr]    Compiling http-body v1.0.1
[INFO] [stderr]    Compiling tokio v1.49.0
[INFO] [stderr]    Compiling tower-layer v0.3.3
[INFO] [stderr]    Compiling syn v2.0.114
[INFO] [stderr]    Compiling heck v0.5.0
[INFO] [stderr]    Compiling tower v0.5.2
[INFO] [stderr]    Compiling toml_parser v1.0.6+spec-1.1.0
[INFO] [stderr]    Compiling serde v1.0.228
[INFO] [stderr]    Compiling serde_json v1.0.149
[INFO] [stdout] test ui_pass has been running for over 60 seconds
[INFO] [stderr]    Compiling toml_edit v0.23.10+spec-1.0.0
[INFO] [stderr]    Compiling proc-macro-crate v3.4.0
[INFO] [stderr]    Compiling hyper v1.8.1
[INFO] [stderr]    Compiling hyper-util v0.1.19
[INFO] [stderr]    Compiling jsonrpsee-proc-macros-tests v0.0.0 (/opt/rustwide/target/tests/trybuild/jsonrpsee-proc-macros)
[INFO] [stderr]     Finished `dev` profile [unoptimized + debuginfo] target(s) in 31.03s
[INFO] [stderr] 
[INFO] [stderr] 
[INFO] [stderr] test tests/ui/correct/alias_doesnt_use_namespace.rs ... error
[INFO] [stderr] ┈┈┈┈┈┈┈┈┈┈┈┈┈┈┈┈┈┈┈┈┈┈┈┈┈┈┈┈┈┈┈┈┈┈┈┈┈┈┈┈┈┈┈┈┈┈┈┈┈┈┈┈┈┈┈┈┈┈┈┈
[INFO] [stderr] error[E0433]: cannot find module or crate `jsonrpsee` in this scope
[INFO] [stderr]  --> tests/ui/correct/alias_doesnt_use_namespace.rs:1:5
[INFO] [stderr]   |
[INFO] [stderr] 1 | use jsonrpsee::{core::RpcResult, proc_macros::rpc};
[INFO] [stderr]   |     ^^^^^^^^^ use of unresolved module or unlinked crate `jsonrpsee`
[INFO] [stderr]   |
[INFO] [stderr]   = help: if you wanted to use a crate named `jsonrpsee`, use `cargo add jsonrpsee` to add it to your `Cargo.toml`
[INFO] [stderr] 
[INFO] [stderr] error: cannot find attribute `method` in this scope
[INFO] [stderr]  --> tests/ui/correct/alias_doesnt_use_namespace.rs:7:4
[INFO] [stderr]   |
[INFO] [stderr] 7 |     #[method(name = "getTemp", aliases = ["getTemp"])]
[INFO] [stderr]   |       ^^^^^^
[INFO] [stderr] 
[INFO] [stderr] error: cannot find attribute `subscription` in this scope
[INFO] [stderr]   --> tests/ui/correct/alias_doesnt_use_namespace.rs:10:4
[INFO] [stderr]    |
[INFO] [stderr] 10 |     #[subscription(name = "subscribeGetFood", item = String, aliases = ["getFood"], unsubscribe_aliases = ["unsubscribegetFood"])]
[INFO] [stderr]    |       ^^^^^^^^^^^^
[INFO] [stderr] ┈┈┈┈┈┈┈┈┈┈┈┈┈┈┈┈┈┈┈┈┈┈┈┈┈┈┈┈┈┈┈┈┈┈┈┈┈┈┈┈┈┈┈┈┈┈┈┈┈┈┈┈┈┈┈┈┈┈┈┈
[INFO] [stderr] 
[INFO] [stderr] test tests/ui/correct/basic.rs ... error
[INFO] [stderr] ┈┈┈┈┈┈┈┈┈┈┈┈┈┈┈┈┈┈┈┈┈┈┈┈┈┈┈┈┈┈┈┈┈┈┈┈┈┈┈┈┈┈┈┈┈┈┈┈┈┈┈┈┈┈┈┈┈┈┈┈
[INFO] [stderr] error: The default runtime flavor is `multi_thread`, but the `rt-multi-thread` feature is disabled.
[INFO] [stderr]    --> tests/ui/correct/basic.rs:243:1
[INFO] [stderr]     |
[INFO] [stderr] 243 | #[tokio::main]
[INFO] [stderr]     | ^^^^^^^^^^^^^^
[INFO] [stderr]     |
[INFO] [stderr]     = note: this error originates in the attribute macro `tokio::main` (in Nightly builds, run with -Z macro-backtrace for more info)
[INFO] [stderr] 
[INFO] [stderr] error[E0433]: cannot find module or crate `jsonrpsee` in this scope
[INFO] [stderr]   --> tests/ui/correct/basic.rs:10:5
[INFO] [stderr]    |
[INFO] [stderr] 10 | use jsonrpsee::ws_client::*;
[INFO] [stderr]    |     ^^^^^^^^^ use of unresolved module or unlinked crate `jsonrpsee`
[INFO] [stderr]    |
[INFO] [stderr]    = help: if you wanted to use a crate named `jsonrpsee`, use `cargo add jsonrpsee` to add it to your `Cargo.toml`
[INFO] [stderr] 
[INFO] [stderr] error[E0433]: cannot find module or crate `jsonrpsee` in this scope
[INFO] [stderr]  --> tests/ui/correct/basic.rs:5:5
[INFO] [stderr]   |
[INFO] [stderr] 5 | use jsonrpsee::core::client::ClientT;
[INFO] [stderr]   |     ^^^^^^^^^ use of unresolved module or unlinked crate `jsonrpsee`
[INFO] [stderr]   |
[INFO] [stderr]   = help: if you wanted to use a crate named `jsonrpsee`, use `cargo add jsonrpsee` to add it to your `Cargo.toml`
[INFO] [stderr] 
[INFO] [stderr] error[E0433]: cannot find module or crate `jsonrpsee` in this scope
[INFO] [stderr]  --> tests/ui/correct/basic.rs:6:5
[INFO] [stderr]   |
[INFO] [stderr] 6 | use jsonrpsee::core::params::ArrayParams;
[INFO] [stderr]   |     ^^^^^^^^^ use of unresolved module or unlinked crate `jsonrpsee`
[INFO] [stderr]   |
[INFO] [stderr]   = help: if you wanted to use a crate named `jsonrpsee`, use `cargo add jsonrpsee` to add it to your `Cargo.toml`
[INFO] [stderr] 
[INFO] [stderr] error[E0433]: cannot find module or crate `jsonrpsee` in this scope
[INFO] [stderr]  --> tests/ui/correct/basic.rs:7:5
[INFO] [stderr]   |
[INFO] [stderr] 7 | use jsonrpsee::core::{RpcResult, SubscriptionResult, async_trait, to_json_raw_value};
[INFO] [stderr]   |     ^^^^^^^^^ use of unresolved module or unlinked crate `jsonrpsee`
[INFO] [stderr]   |
[INFO] [stderr]   = help: if you wanted to use a crate named `jsonrpsee`, use `cargo add jsonrpsee` to add it to your `Cargo.toml`
[INFO] [stderr] 
[INFO] [stderr] error[E0433]: cannot find module or crate `jsonrpsee` in this scope
[INFO] [stderr]  --> tests/ui/correct/basic.rs:8:5
[INFO] [stderr]   |
[INFO] [stderr] 8 | use jsonrpsee::proc_macros::rpc;
[INFO] [stderr]   |     ^^^^^^^^^ use of unresolved module or unlinked crate `jsonrpsee`
[INFO] [stderr]   |
[INFO] [stderr]   = help: if you wanted to use a crate named `jsonrpsee`, use `cargo add jsonrpsee` to add it to your `Cargo.toml`
[INFO] [stderr] 
[INFO] [stderr] error[E0433]: cannot find module or crate `jsonrpsee` in this scope
[INFO] [stderr]  --> tests/ui/correct/basic.rs:9:5
[INFO] [stderr]   |
[INFO] [stderr] 9 | use jsonrpsee::types::ErrorObject;
[INFO] [stderr]   |     ^^^^^^^^^ use of unresolved module or unlinked crate `jsonrpsee`
[INFO] [stderr]   |
[INFO] [stderr]   = help: if you wanted to use a crate named `jsonrpsee`, use `cargo add jsonrpsee` to add it to your `Cargo.toml`
[INFO] [stderr] 
[INFO] [stderr] error[E0433]: cannot find module or crate `jsonrpsee` in this scope
[INFO] [stderr]    --> tests/ui/correct/basic.rs:141:6
[INFO] [stderr]     |
[INFO] [stderr] 141 |     use jsonrpsee::core::middleware::{Batch, Notification, RpcServiceBuilder, RpcServiceT};
[INFO] [stderr]     |         ^^^^^^^^^ use of unresolved module or unlinked crate `jsonrpsee`
[INFO] [stderr]     |
[INFO] [stderr]     = help: if you wanted to use a crate named `jsonrpsee`, use `cargo add jsonrpsee` to add it to your `Cargo.toml`
[INFO] [stderr] 
[INFO] [stderr] error[E0433]: cannot find module or crate `jsonrpsee` in this scope
[INFO] [stderr]    --> tests/ui/correct/basic.rs:142:6
[INFO] [stderr]     |
[INFO] [stderr] 142 |     use jsonrpsee::server::stop_channel;
[INFO] [stderr]     |         ^^^^^^^^^ use of unresolved module or unlinked crate `jsonrpsee`
[INFO] [stderr]     |
[INFO] [stderr]     = help: if you wanted to use a crate named `jsonrpsee`, use `cargo add jsonrpsee` to add it to your `Cargo.toml`
[INFO] [stderr] 
[INFO] [stderr] error[E0432]: unresolved import `jsonrpsee`
[INFO] [stderr]   --> tests/ui/correct/basic.rs:11:5
[INFO] [stderr]    |
[INFO] [stderr] 11 | use jsonrpsee::{Extensions, PendingSubscriptionSink, rpc_params};
[INFO] [stderr]    |     ^^^^^^^^^ use of unresolved module or unlinked crate `jsonrpsee`
[INFO] [stderr]    |
[INFO] [stderr]    = help: if you wanted to use a crate named `jsonrpsee`, use `cargo add jsonrpsee` to add it to your `Cargo.toml`
[INFO] [stderr] 
[INFO] [stderr] error: cannot find attribute `method` in this scope
[INFO] [stderr]   --> tests/ui/correct/basic.rs:15:4
[INFO] [stderr]    |
[INFO] [stderr] 15 |     #[method(name = "foo", aliases = ["fooAlias", "Other"])]
[INFO] [stderr]    |       ^^^^^^
[INFO] [stderr] 
[INFO] [stderr] error: cannot find attribute `method` in this scope
[INFO] [stderr]   --> tests/ui/correct/basic.rs:18:4
[INFO] [stderr]    |
[INFO] [stderr] 18 |     #[method(name = "optional_params")]
[INFO] [stderr]    |       ^^^^^^
[INFO] [stderr] 
[INFO] [stderr] error: cannot find attribute `method` in this scope
[INFO] [stderr]   --> tests/ui/correct/basic.rs:21:4
[INFO] [stderr]    |
[INFO] [stderr] 21 |     #[method(name = "optional_param")]
[INFO] [stderr]    |       ^^^^^^
[INFO] [stderr] 
[INFO] [stderr] error: cannot find attribute `method` in this scope
[INFO] [stderr]   --> tests/ui/correct/basic.rs:24:4
[INFO] [stderr]    |
[INFO] [stderr] 24 |     #[method(name = "array_params")]
[INFO] [stderr]    |       ^^^^^^
[INFO] [stderr] 
[INFO] [stderr] error: cannot find attribute `method` in this scope
[INFO] [stderr]   --> tests/ui/correct/basic.rs:27:4
[INFO] [stderr]    |
[INFO] [stderr] 27 |     #[method(name = "rename_params", param_kind= map)]
[INFO] [stderr]    |       ^^^^^^
[INFO] [stderr] 
[INFO] [stderr] error: cannot find attribute `argument` in this scope
[INFO] [stderr]   --> tests/ui/correct/basic.rs:30:5
[INFO] [stderr]    |
[INFO] [stderr] 30 |         #[argument(rename = "type")] r#type: u16,
[INFO] [stderr]    |           ^^^^^^^^
[INFO] [stderr] 
[INFO] [stderr] error: cannot find attribute `argument` in this scope
[INFO] [stderr]   --> tests/ui/correct/basic.rs:31:5
[INFO] [stderr]    |
[INFO] [stderr] 31 |         #[argument(rename = "halfType")] ignored_name: bool,
[INFO] [stderr]    |           ^^^^^^^^
[INFO] [stderr] 
[INFO] [stderr] error: cannot find attribute `method` in this scope
[INFO] [stderr]   --> tests/ui/correct/basic.rs:34:4
[INFO] [stderr]    |
[INFO] [stderr] 34 |     #[method(name = "async_conn_id", with_extensions)]
[INFO] [stderr]    |       ^^^^^^
[INFO] [stderr] 
[INFO] [stderr] error: cannot find attribute `method` in this scope
[INFO] [stderr]   --> tests/ui/correct/basic.rs:37:4
[INFO] [stderr]    |
[INFO] [stderr] 37 |     #[method(name = "bar")]
[INFO] [stderr]    |       ^^^^^^
[INFO] [stderr] 
[INFO] [stderr] error: cannot find attribute `method` in this scope
[INFO] [stderr]   --> tests/ui/correct/basic.rs:40:4
[INFO] [stderr]    |
[INFO] [stderr] 40 |     #[method(name = "sync_conn_id", with_extensions)]
[INFO] [stderr]    |       ^^^^^^
[INFO] [stderr] 
[INFO] [stderr] error: cannot find attribute `subscription` in this scope
[INFO] [stderr]   --> tests/ui/correct/basic.rs:43:4
[INFO] [stderr]    |
[INFO] [stderr] 43 |     #[subscription(name = "subscribe", item = String)]
[INFO] [stderr]    |       ^^^^^^^^^^^^
[INFO] [stderr] 
[INFO] [stderr] error: cannot find attribute `subscription` in this scope
[INFO] [stderr]   --> tests/ui/correct/basic.rs:46:4
[INFO] [stderr]    |
[INFO] [stderr] 46 |     #[subscription(name = "subscribe_conn_id", item = u32, with_extensions)]
[INFO] [stderr]    |       ^^^^^^^^^^^^
[INFO] [stderr] 
[INFO] [stderr] error: cannot find attribute `subscription` in this scope
[INFO] [stderr]   --> tests/ui/correct/basic.rs:49:4
[INFO] [stderr]    |
[INFO] [stderr] 49 |     #[subscription(name = "echo", unsubscribe = "unsubscribeEcho", aliases = ["ECHO"], item = u32, unsubscribe_aliases = ["NotIntere...
[INFO] [stderr]    |       ^^^^^^^^^^^^
[INFO] [stderr] 
[INFO] [stderr] error: cannot find attribute `subscription` in this scope
[INFO] [stderr]   --> tests/ui/correct/basic.rs:54:4
[INFO] [stderr]    |
[INFO] [stderr] 54 |     #[subscription(name = "subscribe_method" => "subscribe_override", item = u32)]
[INFO] [stderr]    |       ^^^^^^^^^^^^
[INFO] [stderr] ┈┈┈┈┈┈┈┈┈┈┈┈┈┈┈┈┈┈┈┈┈┈┈┈┈┈┈┈┈┈┈┈┈┈┈┈┈┈┈┈┈┈┈┈┈┈┈┈┈┈┈┈┈┈┈┈┈┈┈┈
[INFO] [stderr] 
[INFO] [stderr] test tests/ui/correct/custom_ret_types.rs ... error
[INFO] [stderr] ┈┈┈┈┈┈┈┈┈┈┈┈┈┈┈┈┈┈┈┈┈┈┈┈┈┈┈┈┈┈┈┈┈┈┈┈┈┈┈┈┈┈┈┈┈┈┈┈┈┈┈┈┈┈┈┈┈┈┈┈
[INFO] [stderr] error: The default runtime flavor is `multi_thread`, but the `rt-multi-thread` feature is disabled.
[INFO] [stderr]    --> tests/ui/correct/custom_ret_types.rs:121:1
[INFO] [stderr]     |
[INFO] [stderr] 121 | #[tokio::main]
[INFO] [stderr]     | ^^^^^^^^^^^^^^
[INFO] [stderr]     |
[INFO] [stderr]     = note: this error originates in the attribute macro `tokio::main` (in Nightly builds, run with -Z macro-backtrace for more info)
[INFO] [stderr] 
[INFO] [stderr] error[E0433]: cannot find module or crate `jsonrpsee` in this scope
[INFO] [stderr]  --> tests/ui/correct/custom_ret_types.rs:8:5
[INFO] [stderr]   |
[INFO] [stderr] 8 | use jsonrpsee::ws_client::*;
[INFO] [stderr]   |     ^^^^^^^^^ use of unresolved module or unlinked crate `jsonrpsee`
[INFO] [stderr]   |
[INFO] [stderr]   = help: if you wanted to use a crate named `jsonrpsee`, use `cargo add jsonrpsee` to add it to your `Cargo.toml`
[INFO] [stderr] 
[INFO] [stderr] error[E0433]: cannot find module or crate `jsonrpsee` in this scope
[INFO] [stderr]  --> tests/ui/correct/custom_ret_types.rs:5:5
[INFO] [stderr]   |
[INFO] [stderr] 5 | use jsonrpsee::core::{async_trait, ClientError, Serialize};
[INFO] [stderr]   |     ^^^^^^^^^ use of unresolved module or unlinked crate `jsonrpsee`
[INFO] [stderr]   |
[INFO] [stderr]   = help: if you wanted to use a crate named `jsonrpsee`, use `cargo add jsonrpsee` to add it to your `Cargo.toml`
[INFO] [stderr] 
[INFO] [stderr] error[E0433]: cannot find module or crate `jsonrpsee` in this scope
[INFO] [stderr]  --> tests/ui/correct/custom_ret_types.rs:6:5
[INFO] [stderr]   |
[INFO] [stderr] 6 | use jsonrpsee::proc_macros::rpc;
[INFO] [stderr]   |     ^^^^^^^^^ use of unresolved module or unlinked crate `jsonrpsee`
[INFO] [stderr]   |
[INFO] [stderr]   = help: if you wanted to use a crate named `jsonrpsee`, use `cargo add jsonrpsee` to add it to your `Cargo.toml`
[INFO] [stderr] 
[INFO] [stderr] error[E0433]: cannot find module or crate `jsonrpsee` in this scope
[INFO] [stderr]  --> tests/ui/correct/custom_ret_types.rs:7:5
[INFO] [stderr]   |
[INFO] [stderr] 7 | use jsonrpsee::server::{IntoResponse, ResponsePayload, ServerBuilder};
[INFO] [stderr]   |     ^^^^^^^^^ use of unresolved module or unlinked crate `jsonrpsee`
[INFO] [stderr]   |
[INFO] [stderr]   = help: if you wanted to use a crate named `jsonrpsee`, use `cargo add jsonrpsee` to add it to your `Cargo.toml`
[INFO] [stderr] 
[INFO] [stderr] error[E0432]: unresolved imports `jsonrpsee::core::async_trait`, `jsonrpsee::core::ClientError`, `jsonrpsee::core::Serialize`, `jsonrpsee::proc_macros::rpc`, `jsonrpsee::server::IntoResponse`, `jsonrpsee::server::ResponsePayload`, `jsonrpsee::server::ServerBuilder`
[INFO] [stderr]  --> tests/ui/correct/custom_ret_types.rs:5:23
[INFO] [stderr]   |
[INFO] [stderr] 5 | use jsonrpsee::core::{async_trait, ClientError, Serialize};
[INFO] [stderr]   |                       ^^^^^^^^^^^  ^^^^^^^^^^^  ^^^^^^^^^
[INFO] [stderr] 6 | use jsonrpsee::proc_macros::rpc;
[INFO] [stderr]   |     ^^^^^^^^^^^^^^^^^^^^^^^^^^^
[INFO] [stderr] 7 | use jsonrpsee::server::{IntoResponse, ResponsePayload, ServerBuilder};
[INFO] [stderr]   |                         ^^^^^^^^^^^^  ^^^^^^^^^^^^^^^  ^^^^^^^^^^^^^
[INFO] [stderr] 
[INFO] [stderr] error: cannot find attribute `method` in this scope
[INFO] [stderr]   --> tests/ui/correct/custom_ret_types.rs:39:4
[INFO] [stderr]    |
[INFO] [stderr] 39 |     #[method(name = "async_method1")]
[INFO] [stderr]    |       ^^^^^^
[INFO] [stderr] 
[INFO] [stderr] error: cannot find attribute `method` in this scope
[INFO] [stderr]   --> tests/ui/correct/custom_ret_types.rs:42:4
[INFO] [stderr]    |
[INFO] [stderr] 42 |     #[method(name = "async_method2")]
[INFO] [stderr]    |       ^^^^^^
[INFO] [stderr] 
[INFO] [stderr] error: cannot find attribute `method` in this scope
[INFO] [stderr]   --> tests/ui/correct/custom_ret_types.rs:45:4
[INFO] [stderr]    |
[INFO] [stderr] 45 |     #[method(name = "sync_method1")]
[INFO] [stderr]    |       ^^^^^^
[INFO] [stderr] 
[INFO] [stderr] error: cannot find attribute `method` in this scope
[INFO] [stderr]   --> tests/ui/correct/custom_ret_types.rs:48:4
[INFO] [stderr]    |
[INFO] [stderr] 48 |     #[method(name = "sync_method2")]
[INFO] [stderr]    |       ^^^^^^
[INFO] [stderr] 
[INFO] [stderr] error: cannot find attribute `method` in this scope
[INFO] [stderr]   --> tests/ui/correct/custom_ret_types.rs:51:4
[INFO] [stderr]    |
[INFO] [stderr] 51 |     #[method(name = "blocking_method1", blocking)]
[INFO] [stderr]    |       ^^^^^^
[INFO] [stderr] 
[INFO] [stderr] error: cannot find attribute `method` in this scope
[INFO] [stderr]   --> tests/ui/correct/custom_ret_types.rs:54:4
[INFO] [stderr]    |
[INFO] [stderr] 54 |     #[method(name = "blocking_method2", blocking)]
[INFO] [stderr]    |       ^^^^^^
[INFO] [stderr] 
[INFO] [stderr] error: cannot find attribute `method` in this scope
[INFO] [stderr]   --> tests/ui/correct/custom_ret_types.rs:92:4
[INFO] [stderr]    |
[INFO] [stderr] 92 |     #[method(name = "async_method1")]
[INFO] [stderr]    |       ^^^^^^
[INFO] [stderr] 
[INFO] [stderr] error: cannot find attribute `method` in this scope
[INFO] [stderr]   --> tests/ui/correct/custom_ret_types.rs:95:4
[INFO] [stderr]    |
[INFO] [stderr] 95 |     #[method(name = "async_method2")]
[INFO] [stderr]    |       ^^^^^^
[INFO] [stderr] 
[INFO] [stderr] error: cannot find attribute `method` in this scope
[INFO] [stderr]   --> tests/ui/correct/custom_ret_types.rs:98:4
[INFO] [stderr]    |
[INFO] [stderr] 98 |     #[method(name = "sync_method1")]
[INFO] [stderr]    |       ^^^^^^
[INFO] [stderr] 
[INFO] [stderr] error: cannot find attribute `method` in this scope
[INFO] [stderr]    --> tests/ui/correct/custom_ret_types.rs:101:4
[INFO] [stderr]     |
[INFO] [stderr] 101 |     #[method(name = "sync_method2")]
[INFO] [stderr]     |       ^^^^^^
[INFO] [stderr] 
[INFO] [stderr] error: cannot find attribute `method` in this scope
[INFO] [stderr]    --> tests/ui/correct/custom_ret_types.rs:104:4
[INFO] [stderr]     |
[INFO] [stderr] 104 |     #[method(name = "blocking_method1")]
[INFO] [stderr]     |       ^^^^^^
[INFO] [stderr] 
[INFO] [stderr] error: cannot find attribute `method` in this scope
[INFO] [stderr]    --> tests/ui/correct/custom_ret_types.rs:107:4
[INFO] [stderr]     |
[INFO] [stderr] 107 |     #[method(name = "blocking_method2")]
[INFO] [stderr]     |       ^^^^^^
[INFO] [stderr] ┈┈┈┈┈┈┈┈┈┈┈┈┈┈┈┈┈┈┈┈┈┈┈┈┈┈┈┈┈┈┈┈┈┈┈┈┈┈┈┈┈┈┈┈┈┈┈┈┈┈┈┈┈┈┈┈┈┈┈┈
[INFO] [stderr] 
[INFO] [stderr] test tests/ui/correct/only_client.rs ... error
[INFO] [stderr] ┈┈┈┈┈┈┈┈┈┈┈┈┈┈┈┈┈┈┈┈┈┈┈┈┈┈┈┈┈┈┈┈┈┈┈┈┈┈┈┈┈┈┈┈┈┈┈┈┈┈┈┈┈┈┈┈┈┈┈┈
[INFO] [stderr] error[E0433]: cannot find module or crate `jsonrpsee` in this scope
[INFO] [stderr]  --> tests/ui/correct/only_client.rs:3:5
[INFO] [stderr]   |
[INFO] [stderr] 3 | use jsonrpsee::proc_macros::rpc;
[INFO] [stderr]   |     ^^^^^^^^^ use of unresolved module or unlinked crate `jsonrpsee`
[INFO] [stderr]   |
[INFO] [stderr]   = help: if you wanted to use a crate named `jsonrpsee`, use `cargo add jsonrpsee` to add it to your `Cargo.toml`
[INFO] [stderr] 
[INFO] [stderr] error: cannot find attribute `method` in this scope
[INFO] [stderr]  --> tests/ui/correct/only_client.rs:7:4
[INFO] [stderr]   |
[INFO] [stderr] 7 |     #[method(name = "foo")]
[INFO] [stderr]   |       ^^^^^^
[INFO] [stderr] 
[INFO] [stderr] error: cannot find attribute `method` in this scope
[INFO] [stderr]   --> tests/ui/correct/only_client.rs:10:4
[INFO] [stderr]    |
[INFO] [stderr] 10 |     #[method(name = "bar")]
[INFO] [stderr]    |       ^^^^^^
[INFO] [stderr] 
[INFO] [stderr] error: cannot find attribute `subscription` in this scope
[INFO] [stderr]   --> tests/ui/correct/only_client.rs:13:4
[INFO] [stderr]    |
[INFO] [stderr] 13 |     #[subscription(name = "subscribe", item = String)]
[INFO] [stderr]    |       ^^^^^^^^^^^^
[INFO] [stderr] 
[INFO] [stderr] error[E0425]: cannot find type `Error` in this scope
[INFO] [stderr]  --> tests/ui/correct/only_client.rs:8:76
[INFO] [stderr]   |
[INFO] [stderr] 8 |     async fn async_method(&self, param_a: u8, param_b: String) -> Result<u16, Error>;
[INFO] [stderr]   |                                                                               ^^^^^ not found in this scope
[INFO] [stderr]   |
[INFO] [stderr] help: consider importing one of these items
[INFO] [stderr]   |
[INFO] [stderr] 3 + use std::error::Error;
[INFO] [stderr]   |
[INFO] [stderr] 3 + use std::fmt::Error;
[INFO] [stderr]   |
[INFO] [stderr] 3 + use std::io::Error;
[INFO] [stderr]   |
[INFO] [stderr] 3 + use core::error::Error;
[INFO] [stderr]   |
[INFO] [stderr]   = and 1 other candidate
[INFO] [stderr] 
[INFO] [stderr] error[E0425]: cannot find type `Error` in this scope
[INFO] [stderr]   --> tests/ui/correct/only_client.rs:11:39
[INFO] [stderr]    |
[INFO] [stderr] 11 |     fn sync_method(&self) -> Result<u16, Error>;
[INFO] [stderr]    |                                          ^^^^^ not found in this scope
[INFO] [stderr]    |
[INFO] [stderr] help: consider importing one of these items
[INFO] [stderr]    |
[INFO] [stderr]  3 + use std::error::Error;
[INFO] [stderr]    |
[INFO] [stderr]  3 + use std::fmt::Error;
[INFO] [stderr]    |
[INFO] [stderr]  3 + use std::io::Error;
[INFO] [stderr]    |
[INFO] [stderr]  3 + use core::error::Error;
[INFO] [stderr]    |
[INFO] [stderr]    = and 1 other candidate
[INFO] [stderr] 
[INFO] [stderr] error[E0425]: cannot find type `Error` in this scope
[INFO] [stderr]   --> tests/ui/correct/only_client.rs:14:36
[INFO] [stderr]    |
[INFO] [stderr] 14 |     async fn sub(&self) -> Result<(), Error>;
[INFO] [stderr]    |                                       ^^^^^ not found in this scope
[INFO] [stderr]    |
[INFO] [stderr] help: consider importing one of these items
[INFO] [stderr]    |
[INFO] [stderr]  3 + use std::error::Error;
[INFO] [stderr]    |
[INFO] [stderr]  3 + use std::fmt::Error;
[INFO] [stderr]    |
[INFO] [stderr]  3 + use std::io::Error;
[INFO] [stderr]    |
[INFO] [stderr]  3 + use core::error::Error;
[INFO] [stderr]    |
[INFO] [stderr]    = and 1 other candidate
[INFO] [stderr] ┈┈┈┈┈┈┈┈┈┈┈┈┈┈┈┈┈┈┈┈┈┈┈┈┈┈┈┈┈┈┈┈┈┈┈┈┈┈┈┈┈┈┈┈┈┈┈┈┈┈┈┈┈┈┈┈┈┈┈┈
[INFO] [stderr] 
[INFO] [stderr] test tests/ui/correct/only_server.rs ... error
[INFO] [stderr] ┈┈┈┈┈┈┈┈┈┈┈┈┈┈┈┈┈┈┈┈┈┈┈┈┈┈┈┈┈┈┈┈┈┈┈┈┈┈┈┈┈┈┈┈┈┈┈┈┈┈┈┈┈┈┈┈┈┈┈┈
[INFO] [stderr] error: The default runtime flavor is `multi_thread`, but the `rt-multi-thread` feature is disabled.
[INFO] [stderr]   --> tests/ui/correct/only_server.rs:52:1
[INFO] [stderr]    |
[INFO] [stderr] 52 | #[tokio::main]
[INFO] [stderr]    | ^^^^^^^^^^^^^^
[INFO] [stderr]    |
[INFO] [stderr]    = note: this error originates in the attribute macro `tokio::main` (in Nightly builds, run with -Z macro-backtrace for more info)
[INFO] [stderr] 
[INFO] [stderr] error[E0433]: cannot find module or crate `jsonrpsee` in this scope
[INFO] [stderr]  --> tests/ui/correct/only_server.rs:3:5
[INFO] [stderr]   |
[INFO] [stderr] 3 | use jsonrpsee::core::{RpcResult, SubscriptionResult, async_trait, to_json_raw_value};
[INFO] [stderr]   |     ^^^^^^^^^ use of unresolved module or unlinked crate `jsonrpsee`
[INFO] [stderr]   |
[INFO] [stderr]   = help: if you wanted to use a crate named `jsonrpsee`, use `cargo add jsonrpsee` to add it to your `Cargo.toml`
[INFO] [stderr] 
[INFO] [stderr] error[E0433]: cannot find module or crate `jsonrpsee` in this scope
[INFO] [stderr]  --> tests/ui/correct/only_server.rs:4:5
[INFO] [stderr]   |
[INFO] [stderr] 4 | use jsonrpsee::proc_macros::rpc;
[INFO] [stderr]   |     ^^^^^^^^^ use of unresolved module or unlinked crate `jsonrpsee`
[INFO] [stderr]   |
[INFO] [stderr]   = help: if you wanted to use a crate named `jsonrpsee`, use `cargo add jsonrpsee` to add it to your `Cargo.toml`
[INFO] [stderr] 
[INFO] [stderr] error[E0433]: cannot find module or crate `jsonrpsee` in this scope
[INFO] [stderr]  --> tests/ui/correct/only_server.rs:5:5
[INFO] [stderr]   |
[INFO] [stderr] 5 | use jsonrpsee::server::{PendingSubscriptionSink, ServerBuilder};
[INFO] [stderr]   |     ^^^^^^^^^ use of unresolved module or unlinked crate `jsonrpsee`
[INFO] [stderr]   |
[INFO] [stderr]   = help: if you wanted to use a crate named `jsonrpsee`, use `cargo add jsonrpsee` to add it to your `Cargo.toml`
[INFO] [stderr] 
[INFO] [stderr] error: cannot find attribute `method` in this scope
[INFO] [stderr]  --> tests/ui/correct/only_server.rs:9:4
[INFO] [stderr]   |
[INFO] [stderr] 9 |     #[method(name = "foo")]
[INFO] [stderr]   |       ^^^^^^
[INFO] [stderr] 
[INFO] [stderr] error: cannot find attribute `method` in this scope
[INFO] [stderr]   --> tests/ui/correct/only_server.rs:12:4
[INFO] [stderr]    |
[INFO] [stderr] 12 |     #[method(name = "bar")]
[INFO] [stderr]    |       ^^^^^^
[INFO] [stderr] 
[INFO] [stderr] error: cannot find attribute `subscription` in this scope
[INFO] [stderr]   --> tests/ui/correct/only_server.rs:15:4
[INFO] [stderr]    |
[INFO] [stderr] 15 |     #[subscription(name = "subscribe", item = String)]
[INFO] [stderr]    |       ^^^^^^^^^^^^
[INFO] [stderr] ┈┈┈┈┈┈┈┈┈┈┈┈┈┈┈┈┈┈┈┈┈┈┈┈┈┈┈┈┈┈┈┈┈┈┈┈┈┈┈┈┈┈┈┈┈┈┈┈┈┈┈┈┈┈┈┈┈┈┈┈
[INFO] [stderr] 
[INFO] [stderr] test tests/ui/correct/param_kind.rs ... error
[INFO] [stderr] ┈┈┈┈┈┈┈┈┈┈┈┈┈┈┈┈┈┈┈┈┈┈┈┈┈┈┈┈┈┈┈┈┈┈┈┈┈┈┈┈┈┈┈┈┈┈┈┈┈┈┈┈┈┈┈┈┈┈┈┈
[INFO] [stderr] error: The default runtime flavor is `multi_thread`, but the `rt-multi-thread` feature is disabled.
[INFO] [stderr]   --> tests/ui/correct/param_kind.rs:53:1
[INFO] [stderr]    |
[INFO] [stderr] 53 | #[tokio::main]
[INFO] [stderr]    | ^^^^^^^^^^^^^^
[INFO] [stderr]    |
[INFO] [stderr]    = note: this error originates in the attribute macro `tokio::main` (in Nightly builds, run with -Z macro-backtrace for more info)
[INFO] [stderr] 
[INFO] [stderr] error[E0433]: cannot find module or crate `jsonrpsee` in this scope
[INFO] [stderr]  --> tests/ui/correct/param_kind.rs:6:5
[INFO] [stderr]   |
[INFO] [stderr] 6 | use jsonrpsee::ws_client::*;
[INFO] [stderr]   |     ^^^^^^^^^ use of unresolved module or unlinked crate `jsonrpsee`
[INFO] [stderr]   |
[INFO] [stderr]   = help: if you wanted to use a crate named `jsonrpsee`, use `cargo add jsonrpsee` to add it to your `Cargo.toml`
[INFO] [stderr] 
[INFO] [stderr] error[E0433]: cannot find module or crate `jsonrpsee` in this scope
[INFO] [stderr]  --> tests/ui/correct/param_kind.rs:3:5
[INFO] [stderr]   |
[INFO] [stderr] 3 | use jsonrpsee::core::{async_trait, RpcResult};
[INFO] [stderr]   |     ^^^^^^^^^ use of unresolved module or unlinked crate `jsonrpsee`
[INFO] [stderr]   |
[INFO] [stderr]   = help: if you wanted to use a crate named `jsonrpsee`, use `cargo add jsonrpsee` to add it to your `Cargo.toml`
[INFO] [stderr] 
[INFO] [stderr] error[E0433]: cannot find module or crate `jsonrpsee` in this scope
[INFO] [stderr]  --> tests/ui/correct/param_kind.rs:4:5
[INFO] [stderr]   |
[INFO] [stderr] 4 | use jsonrpsee::proc_macros::rpc;
[INFO] [stderr]   |     ^^^^^^^^^ use of unresolved module or unlinked crate `jsonrpsee`
[INFO] [stderr]   |
[INFO] [stderr]   = help: if you wanted to use a crate named `jsonrpsee`, use `cargo add jsonrpsee` to add it to your `Cargo.toml`
[INFO] [stderr] 
[INFO] [stderr] error[E0433]: cannot find module or crate `jsonrpsee` in this scope
[INFO] [stderr]  --> tests/ui/correct/param_kind.rs:5:5
[INFO] [stderr]   |
[INFO] [stderr] 5 | use jsonrpsee::server::ServerBuilder;
[INFO] [stderr]   |     ^^^^^^^^^ use of unresolved module or unlinked crate `jsonrpsee`
[INFO] [stderr]   |
[INFO] [stderr]   = help: if you wanted to use a crate named `jsonrpsee`, use `cargo add jsonrpsee` to add it to your `Cargo.toml`
[INFO] [stderr] 
[INFO] [stderr] error[E0432]: unresolved imports `jsonrpsee::core::async_trait`, `jsonrpsee::core::RpcResult`, `jsonrpsee::proc_macros::rpc`, `jsonrpsee::server::ServerBuilder`
[INFO] [stderr]  --> tests/ui/correct/param_kind.rs:3:23
[INFO] [stderr]   |
[INFO] [stderr] 3 | use jsonrpsee::core::{async_trait, RpcResult};
[INFO] [stderr]   |                       ^^^^^^^^^^^  ^^^^^^^^^
[INFO] [stderr] 4 | use jsonrpsee::proc_macros::rpc;
[INFO] [stderr]   |     ^^^^^^^^^^^^^^^^^^^^^^^^^^^
[INFO] [stderr] 5 | use jsonrpsee::server::ServerBuilder;
[INFO] [stderr]   |     ^^^^^^^^^^^^^^^^^^^^^^^^^^^^^^^^
[INFO] [stderr] 
[INFO] [stderr] error: cannot find attribute `method` in this scope
[INFO] [stderr]   --> tests/ui/correct/param_kind.rs:10:4
[INFO] [stderr]    |
[INFO] [stderr] 10 |     #[method(name = "method_with_array_param", param_kind = array)]
[INFO] [stderr]    |       ^^^^^^
[INFO] [stderr] 
[INFO] [stderr] error: cannot find attribute `method` in this scope
[INFO] [stderr]   --> tests/ui/correct/param_kind.rs:13:4
[INFO] [stderr]    |
[INFO] [stderr] 13 |     #[method(name="method_with_map_param", param_kind= map)]
[INFO] [stderr]    |       ^^^^^^
[INFO] [stderr] 
[INFO] [stderr] error: cannot find attribute `method` in this scope
[INFO] [stderr]   --> tests/ui/correct/param_kind.rs:16:4
[INFO] [stderr]    |
[INFO] [stderr] 16 |     #[method(name = "method_with_default_param")]
[INFO] [stderr]    |       ^^^^^^
[INFO] [stderr] ┈┈┈┈┈┈┈┈┈┈┈┈┈┈┈┈┈┈┈┈┈┈┈┈┈┈┈┈┈┈┈┈┈┈┈┈┈┈┈┈┈┈┈┈┈┈┈┈┈┈┈┈┈┈┈┈┈┈┈┈
[INFO] [stderr] 
[INFO] [stderr] test tests/ui/correct/parse_angle_brackets.rs ... error
[INFO] [stderr] ┈┈┈┈┈┈┈┈┈┈┈┈┈┈┈┈┈┈┈┈┈┈┈┈┈┈┈┈┈┈┈┈┈┈┈┈┈┈┈┈┈┈┈┈┈┈┈┈┈┈┈┈┈┈┈┈┈┈┈┈
[INFO] [stderr] error[E0433]: cannot find module or crate `jsonrpsee` in this scope
[INFO] [stderr]  --> tests/ui/correct/parse_angle_brackets.rs:1:5
[INFO] [stderr]   |
[INFO] [stderr] 1 | use jsonrpsee::proc_macros::rpc;
[INFO] [stderr]   |     ^^^^^^^^^ use of unresolved module or unlinked crate `jsonrpsee`
[INFO] [stderr]   |
[INFO] [stderr]   = help: if you wanted to use a crate named `jsonrpsee`, use `cargo add jsonrpsee` to add it to your `Cargo.toml`
[INFO] [stderr] 
[INFO] [stderr] error: cannot find attribute `subscription` in this scope
[INFO] [stderr]  --> tests/ui/correct/parse_angle_brackets.rs:6:5
[INFO] [stderr]   |
[INFO] [stderr] 6 |         #[subscription(
[INFO] [stderr]   |           ^^^^^^^^^^^^
[INFO] [stderr] ┈┈┈┈┈┈┈┈┈┈┈┈┈┈┈┈┈┈┈┈┈┈┈┈┈┈┈┈┈┈┈┈┈┈┈┈┈┈┈┈┈┈┈┈┈┈┈┈┈┈┈┈┈┈┈┈┈┈┈┈
[INFO] [stderr] 
[INFO] [stderr] test tests/ui/correct/rpc_bounds.rs ... error
[INFO] [stderr] ┈┈┈┈┈┈┈┈┈┈┈┈┈┈┈┈┈┈┈┈┈┈┈┈┈┈┈┈┈┈┈┈┈┈┈┈┈┈┈┈┈┈┈┈┈┈┈┈┈┈┈┈┈┈┈┈┈┈┈┈
[INFO] [stderr] error: The default runtime flavor is `multi_thread`, but the `rt-multi-thread` feature is disabled.
[INFO] [stderr]    --> tests/ui/correct/rpc_bounds.rs:140:1
[INFO] [stderr]     |
[INFO] [stderr] 140 | #[tokio::main]
[INFO] [stderr]     | ^^^^^^^^^^^^^^
[INFO] [stderr]     |
[INFO] [stderr]     = note: this error originates in the attribute macro `tokio::main` (in Nightly builds, run with -Z macro-backtrace for more info)
[INFO] [stderr] 
[INFO] [stderr] error[E0433]: cannot find module or crate `jsonrpsee` in this scope
[INFO] [stderr]  --> tests/ui/correct/rpc_bounds.rs:8:5
[INFO] [stderr]   |
[INFO] [stderr] 8 | use jsonrpsee::ws_client::*;
[INFO] [stderr]   |     ^^^^^^^^^ use of unresolved module or unlinked crate `jsonrpsee`
[INFO] [stderr]   |
[INFO] [stderr]   = help: if you wanted to use a crate named `jsonrpsee`, use `cargo add jsonrpsee` to add it to your `Cargo.toml`
[INFO] [stderr] 
[INFO] [stderr] error[E0433]: cannot find module or crate `jsonrpsee` in this scope
[INFO] [stderr]  --> tests/ui/correct/rpc_bounds.rs:5:5
[INFO] [stderr]   |
[INFO] [stderr] 5 | use jsonrpsee::core::{async_trait, RpcResult, SubscriptionResult};
[INFO] [stderr]   |     ^^^^^^^^^ use of unresolved module or unlinked crate `jsonrpsee`
[INFO] [stderr]   |
[INFO] [stderr]   = help: if you wanted to use a crate named `jsonrpsee`, use `cargo add jsonrpsee` to add it to your `Cargo.toml`
[INFO] [stderr] 
[INFO] [stderr] error[E0433]: cannot find module or crate `jsonrpsee` in this scope
[INFO] [stderr]  --> tests/ui/correct/rpc_bounds.rs:6:5
[INFO] [stderr]   |
[INFO] [stderr] 6 | use jsonrpsee::proc_macros::rpc;
[INFO] [stderr]   |     ^^^^^^^^^ use of unresolved module or unlinked crate `jsonrpsee`
[INFO] [stderr]   |
[INFO] [stderr]   = help: if you wanted to use a crate named `jsonrpsee`, use `cargo add jsonrpsee` to add it to your `Cargo.toml`
[INFO] [stderr] 
[INFO] [stderr] error[E0433]: cannot find module or crate `jsonrpsee` in this scope
[INFO] [stderr]  --> tests/ui/correct/rpc_bounds.rs:7:5
[INFO] [stderr]   |
[INFO] [stderr] 7 | use jsonrpsee::server::ServerBuilder;
[INFO] [stderr]   |     ^^^^^^^^^ use of unresolved module or unlinked crate `jsonrpsee`
[INFO] [stderr]   |
[INFO] [stderr]   = help: if you wanted to use a crate named `jsonrpsee`, use `cargo add jsonrpsee` to add it to your `Cargo.toml`
[INFO] [stderr] 
[INFO] [stderr] error[E0432]: unresolved imports `jsonrpsee::core::async_trait`, `jsonrpsee::core::RpcResult`, `jsonrpsee::core::SubscriptionResult`, `jsonrpsee::proc_macros::rpc`, `jsonrpsee::server::ServerBuilder`
[INFO] [stderr]  --> tests/ui/correct/rpc_bounds.rs:5:23
[INFO] [stderr]   |
[INFO] [stderr] 5 | use jsonrpsee::core::{async_trait, RpcResult, SubscriptionResult};
[INFO] [stderr]   |                       ^^^^^^^^^^^  ^^^^^^^^^  ^^^^^^^^^^^^^^^^^^
[INFO] [stderr] 6 | use jsonrpsee::proc_macros::rpc;
[INFO] [stderr]   |     ^^^^^^^^^^^^^^^^^^^^^^^^^^^
[INFO] [stderr] 7 | use jsonrpsee::server::ServerBuilder;
[INFO] [stderr]   |     ^^^^^^^^^^^^^^^^^^^^^^^^^^^^^^^^
[INFO] [stderr] 
[INFO] [stderr] error: cannot find attribute `method` in this scope
[INFO] [stderr]   --> tests/ui/correct/rpc_bounds.rs:24:4
[INFO] [stderr]    |
[INFO] [stderr] 24 |     #[method(name = "bar")]
[INFO] [stderr]    |       ^^^^^^
[INFO] [stderr] 
[INFO] [stderr] error: cannot find attribute `method` in this scope
[INFO] [stderr]   --> tests/ui/correct/rpc_bounds.rs:31:4
[INFO] [stderr]    |
[INFO] [stderr] 31 |     #[method(name = "bar")]
[INFO] [stderr]    |       ^^^^^^
[INFO] [stderr] 
[INFO] [stderr] error: cannot find attribute `method` in this scope
[INFO] [stderr]   --> tests/ui/correct/rpc_bounds.rs:38:4
[INFO] [stderr]    |
[INFO] [stderr] 38 |     #[method(name = "bar")]
[INFO] [stderr]    |       ^^^^^^
[INFO] [stderr] 
[INFO] [stderr] error: cannot find attribute `method` in this scope
[INFO] [stderr]   --> tests/ui/correct/rpc_bounds.rs:45:4
[INFO] [stderr]    |
[INFO] [stderr] 45 |     #[method(name = "getHeader")]
[INFO] [stderr]    |       ^^^^^^
[INFO] [stderr] 
[INFO] [stderr] error: cannot find attribute `subscription` in this scope
[INFO] [stderr]   --> tests/ui/correct/rpc_bounds.rs:53:4
[INFO] [stderr]    |
[INFO] [stderr] 53 |     #[subscription(name = "sub", unsubscribe = "unsub", item = Vec<R>)]
[INFO] [stderr]    |       ^^^^^^^^^^^^
[INFO] [stderr] 
[INFO] [stderr] error: cannot find attribute `method` in this scope
[INFO] [stderr]   --> tests/ui/correct/rpc_bounds.rs:64:4
[INFO] [stderr]    |
[INFO] [stderr] 64 |     #[method(name = "getHeader")]
[INFO] [stderr]    |       ^^^^^^
[INFO] [stderr] 
[INFO] [stderr] error: cannot find attribute `method` in this scope
[INFO] [stderr]   --> tests/ui/correct/rpc_bounds.rs:75:4
[INFO] [stderr]    |
[INFO] [stderr] 75 |     #[method(name = "getHeader")]
[INFO] [stderr]    |       ^^^^^^
[INFO] [stderr] 
[INFO] [stderr] error: cannot find attribute `method` in this scope
[INFO] [stderr]   --> tests/ui/correct/rpc_bounds.rs:82:4
[INFO] [stderr]    |
[INFO] [stderr] 82 |     #[method(name = "getHeader")]
[INFO] [stderr]    |       ^^^^^^
[INFO] [stderr] 
[INFO] [stderr] error: cannot find attribute `method` in this scope
[INFO] [stderr]   --> tests/ui/correct/rpc_bounds.rs:86:4
[INFO] [stderr]    |
[INFO] [stderr] 86 |     #[method(name = "getBlock")]
[INFO] [stderr]    |       ^^^^^^
[INFO] [stderr] 
[INFO] [stderr] error: cannot find attribute `method` in this scope
[INFO] [stderr]   --> tests/ui/correct/rpc_bounds.rs:92:4
[INFO] [stderr]    |
[INFO] [stderr] 92 |     #[method(name = "getBlockHash")]
[INFO] [stderr]    |       ^^^^^^
[INFO] [stderr] 
[INFO] [stderr] error: cannot find attribute `method` in this scope
[INFO] [stderr]   --> tests/ui/correct/rpc_bounds.rs:96:4
[INFO] [stderr]    |
[INFO] [stderr] 96 |     #[method(name = "getFinalizedHead")]
[INFO] [stderr]    |       ^^^^^^
[INFO] [stderr] 
[INFO] [stderr] error: cannot find attribute `subscription` in this scope
[INFO] [stderr]    --> tests/ui/correct/rpc_bounds.rs:100:4
[INFO] [stderr]     |
[INFO] [stderr] 100 |     #[subscription(name = "subscribeAllHeads", item = Header)]
[INFO] [stderr]     |       ^^^^^^^^^^^^
[INFO] [stderr] ┈┈┈┈┈┈┈┈┈┈┈┈┈┈┈┈┈┈┈┈┈┈┈┈┈┈┈┈┈┈┈┈┈┈┈┈┈┈┈┈┈┈┈┈┈┈┈┈┈┈┈┈┈┈┈┈┈┈┈┈
[INFO] [stderr] 
[INFO] [stderr] test tests/ui/correct/rpc_deny_missing_docs.rs ... error
[INFO] [stderr] ┈┈┈┈┈┈┈┈┈┈┈┈┈┈┈┈┈┈┈┈┈┈┈┈┈┈┈┈┈┈┈┈┈┈┈┈┈┈┈┈┈┈┈┈┈┈┈┈┈┈┈┈┈┈┈┈┈┈┈┈
[INFO] [stderr] error[E0433]: cannot find module or crate `jsonrpsee` in this scope
[INFO] [stderr]  --> tests/ui/correct/rpc_deny_missing_docs.rs:5:5
[INFO] [stderr]   |
[INFO] [stderr] 5 | use jsonrpsee::core::RpcResult;
[INFO] [stderr]   |     ^^^^^^^^^ use of unresolved module or unlinked crate `jsonrpsee`
[INFO] [stderr]   |
[INFO] [stderr]   = help: if you wanted to use a crate named `jsonrpsee`, use `cargo add jsonrpsee` to add it to your `Cargo.toml`
[INFO] [stderr] 
[INFO] [stderr] error[E0433]: cannot find module or crate `jsonrpsee` in this scope
[INFO] [stderr]  --> tests/ui/correct/rpc_deny_missing_docs.rs:6:5
[INFO] [stderr]   |
[INFO] [stderr] 6 | use jsonrpsee::proc_macros::rpc;
[INFO] [stderr]   |     ^^^^^^^^^ use of unresolved module or unlinked crate `jsonrpsee`
[INFO] [stderr]   |
[INFO] [stderr]   = help: if you wanted to use a crate named `jsonrpsee`, use `cargo add jsonrpsee` to add it to your `Cargo.toml`
[INFO] [stderr] 
[INFO] [stderr] error: cannot find attribute `method` in this scope
[INFO] [stderr]   --> tests/ui/correct/rpc_deny_missing_docs.rs:11:4
[INFO] [stderr]    |
[INFO] [stderr] 11 |     #[method(name = "foo")]
[INFO] [stderr]    |       ^^^^^^
[INFO] [stderr] 
[INFO] [stderr] error: cannot find attribute `subscription` in this scope
[INFO] [stderr]   --> tests/ui/correct/rpc_deny_missing_docs.rs:15:4
[INFO] [stderr]    |
[INFO] [stderr] 15 |     #[subscription(name = "sub", unsubscribe = "unsub", item = String)]
[INFO] [stderr]    |       ^^^^^^^^^^^^
[INFO] [stderr] ┈┈┈┈┈┈┈┈┈┈┈┈┈┈┈┈┈┈┈┈┈┈┈┈┈┈┈┈┈┈┈┈┈┈┈┈┈┈┈┈┈┈┈┈┈┈┈┈┈┈┈┈┈┈┈┈┈┈┈┈
[INFO] [stderr] 
[INFO] [stderr] test tests/ui/correct/server_with_raw_methods.rs ... error
[INFO] [stderr] ┈┈┈┈┈┈┈┈┈┈┈┈┈┈┈┈┈┈┈┈┈┈┈┈┈┈┈┈┈┈┈┈┈┈┈┈┈┈┈┈┈┈┈┈┈┈┈┈┈┈┈┈┈┈┈┈┈┈┈┈
[INFO] [stderr] error[E0433]: cannot find module or crate `jsonrpsee` in this scope
[INFO] [stderr]  --> tests/ui/correct/server_with_raw_methods.rs:3:5
[INFO] [stderr]   |
[INFO] [stderr] 3 | use jsonrpsee::{core::RpcResult, proc_macros::rpc, types::ErrorObjectOwned};
[INFO] [stderr]   |     ^^^^^^^^^ use of unresolved module or unlinked crate `jsonrpsee`
[INFO] [stderr]   |
[INFO] [stderr]   = help: if you wanted to use a crate named `jsonrpsee`, use `cargo add jsonrpsee` to add it to your `Cargo.toml`
[INFO] [stderr] 
[INFO] [stderr] error: cannot find attribute `method` in this scope
[INFO] [stderr]  --> tests/ui/correct/server_with_raw_methods.rs:7:4
[INFO] [stderr]   |
[INFO] [stderr] 7 |     #[method(name = "foo")]
[INFO] [stderr]   |       ^^^^^^
[INFO] [stderr] 
[INFO] [stderr] error: cannot find attribute `method` in this scope
[INFO] [stderr]   --> tests/ui/correct/server_with_raw_methods.rs:10:4
[INFO] [stderr]    |
[INFO] [stderr] 10 |     #[method(name = "bar")]
[INFO] [stderr]    |       ^^^^^^
[INFO] [stderr] ┈┈┈┈┈┈┈┈┈┈┈┈┈┈┈┈┈┈┈┈┈┈┈┈┈┈┈┈┈┈┈┈┈┈┈┈┈┈┈┈┈┈┈┈┈┈┈┈┈┈┈┈┈┈┈┈┈┈┈┈
[INFO] [stderr] 
[INFO] [stderr] 
[INFO] [stderr] 
[INFO] [stdout] test ui_pass ... FAILED
[INFO] [stdout] 
[INFO] [stdout] failures:
[INFO] [stdout] 
[INFO] [stderr] error: test failed, to rerun pass `--test ui`
[INFO] [stdout] ---- ui_fail stdout ----
[INFO] [stdout] 
[INFO] [stdout] thread 'ui_fail' (1628) panicked at /opt/rustwide/cargo-home/registry/src/index.crates.io-1949cf8c6b5b557f/trybuild-1.0.114/src/run.rs:102:13:
[INFO] [stdout] 20 of 20 tests failed
[INFO] [stdout] stack backtrace:
[INFO] [stdout]    0:     0x5b621916cec1 - <<std[617be2ca0a6fd877]::sys::backtrace::BacktraceLock>::print::DisplayBacktrace as core[a373ad73a504971]::fmt::Display>::fmt
[INFO] [stdout]    1:     0x5b62191831aa - core[a373ad73a504971]::fmt::write
[INFO] [stdout]    2:     0x5b621917170c - <alloc[2e1b2a31b91974c5]::vec::Vec<u8> as core[a373ad73a504971]::io::write::Write>::write_fmt
[INFO] [stdout]    3:     0x5b6219146326 - std[617be2ca0a6fd877]::panicking::default_hook::{closure#0}
[INFO] [stdout]    4:     0x5b6219164469 - std[617be2ca0a6fd877]::panicking::default_hook
[INFO] [stdout]    5:     0x5b62190fda70 - test[aada8e7e76ba119b]::test_main_inner::{closure#0}
[INFO] [stdout]    6:     0x5b6219164622 - std[617be2ca0a6fd877]::panicking::panic_with_hook
[INFO] [stdout]    7:     0x5b62191463d2 - std[617be2ca0a6fd877]::panicking::panic_handler::{closure#0}
[INFO] [stdout]    8:     0x5b621913ec29 - std[617be2ca0a6fd877]::sys::backtrace::__rust_end_short_backtrace::<std[617be2ca0a6fd877]::panicking::panic_handler::{closure#0}, !>
[INFO] [stdout]    9:     0x5b6219146fdd - __rustc[ea4f61d10b84890b]::rust_begin_unwind
[INFO] [stdout]   10:     0x5b621918391c - core[a373ad73a504971]::panicking::panic_fmt
[INFO] [stdout]   11:     0x5b621904bb8b - <trybuild[89a8d06f7cd892ef]::Runner>::run
[INFO] [stdout]   12:     0x5b621904eca0 - <trybuild[89a8d06f7cd892ef]::TestCases as core[a373ad73a504971]::ops::drop::Drop>::drop
[INFO] [stdout]   13:     0x5b6219046088 - ui[edebe4f0e6748612]::ui_fail
[INFO] [stdout]   14:     0x5b62190463d9 - <ui[edebe4f0e6748612]::ui_fail::{closure#0} as core[a373ad73a504971]::ops::function::FnOnce<()>>::call_once
[INFO] [stdout]   15:     0x5b62190f0ebb - test[aada8e7e76ba119b]::__rust_begin_short_backtrace::<core[a373ad73a504971]::result::Result<(), alloc[2e1b2a31b91974c5]::string::String>, fn() -> core[a373ad73a504971]::result::Result<(), alloc[2e1b2a31b91974c5]::string::String>>
[INFO] [stdout]   16:     0x5b62190fe095 - test[aada8e7e76ba119b]::run_test::{closure#0}
[INFO] [stdout]   17:     0x5b62190f7984 - std[617be2ca0a6fd877]::sys::backtrace::__rust_begin_short_backtrace::<test[aada8e7e76ba119b]::run_test::{closure#1}, ()>
[INFO] [stdout]   18:     0x5b6219101122 - <std[617be2ca0a6fd877]::thread::lifecycle::spawn_unchecked<test[aada8e7e76ba119b]::run_test::{closure#1}, ()>::{closure#1} as core[a373ad73a504971]::ops::function::FnOnce<()>>::call_once::{shim:vtable#0}
[INFO] [stdout]   19:     0x5b621916c11f - <std[617be2ca0a6fd877]::sys::thread::unix::Thread>::new::thread_start
[INFO] [stdout]   20:     0x76545b02adfa - <unknown>
[INFO] [stdout]   21:     0x76545b0be3d4 - clone
[INFO] [stdout]   22:                0x0 - <unknown>
[INFO] [stdout] 
[INFO] [stdout] ---- ui_pass stdout ----
[INFO] [stdout] 
[INFO] [stdout] thread 'ui_pass' (1629) panicked at /opt/rustwide/cargo-home/registry/src/index.crates.io-1949cf8c6b5b557f/trybuild-1.0.114/src/run.rs:102:13:
[INFO] [stdout] 10 of 10 tests failed
[INFO] [stdout] stack backtrace:
[INFO] [stdout]    0:     0x5b621916cec1 - <<std[617be2ca0a6fd877]::sys::backtrace::BacktraceLock>::print::DisplayBacktrace as core[a373ad73a504971]::fmt::Display>::fmt
[INFO] [stdout]    1:     0x5b62191831aa - core[a373ad73a504971]::fmt::write
[INFO] [stdout]    2:     0x5b621917170c - <alloc[2e1b2a31b91974c5]::vec::Vec<u8> as core[a373ad73a504971]::io::write::Write>::write_fmt
[INFO] [stdout]    3:     0x5b6219146326 - std[617be2ca0a6fd877]::panicking::default_hook::{closure#0}
[INFO] [stdout]    4:     0x5b6219164469 - std[617be2ca0a6fd877]::panicking::default_hook
[INFO] [stdout]    5:     0x5b62190fda70 - test[aada8e7e76ba119b]::test_main_inner::{closure#0}
[INFO] [stdout]    6:     0x5b6219164622 - std[617be2ca0a6fd877]::panicking::panic_with_hook
[INFO] [stdout]    7:     0x5b62191463d2 - std[617be2ca0a6fd877]::panicking::panic_handler::{closure#0}
[INFO] [stdout]    8:     0x5b621913ec29 - std[617be2ca0a6fd877]::sys::backtrace::__rust_end_short_backtrace::<std[617be2ca0a6fd877]::panicking::panic_handler::{closure#0}, !>
[INFO] [stdout]    9:     0x5b6219146fdd - __rustc[ea4f61d10b84890b]::rust_begin_unwind
[INFO] [stdout]   10:     0x5b621918391c - core[a373ad73a504971]::panicking::panic_fmt
[INFO] [stdout]   11:     0x5b621904bb8b - <trybuild[89a8d06f7cd892ef]::Runner>::run
[INFO] [stdout]   12:     0x5b621904eca0 - <trybuild[89a8d06f7cd892ef]::TestCases as core[a373ad73a504971]::ops::drop::Drop>::drop
[INFO] [stdout]   13:     0x5b62190461d8 - ui[edebe4f0e6748612]::ui_pass
[INFO] [stdout]   14:     0x5b62190463f9 - <ui[edebe4f0e6748612]::ui_pass::{closure#0} as core[a373ad73a504971]::ops::function::FnOnce<()>>::call_once
[INFO] [stdout]   15:     0x5b62190f0ebb - test[aada8e7e76ba119b]::__rust_begin_short_backtrace::<core[a373ad73a504971]::result::Result<(), alloc[2e1b2a31b91974c5]::string::String>, fn() -> core[a373ad73a504971]::result::Result<(), alloc[2e1b2a31b91974c5]::string::String>>
[INFO] [stdout]   16:     0x5b62190fe095 - test[aada8e7e76ba119b]::run_test::{closure#0}
[INFO] [stdout]   17:     0x5b62190f7984 - std[617be2ca0a6fd877]::sys::backtrace::__rust_begin_short_backtrace::<test[aada8e7e76ba119b]::run_test::{closure#1}, ()>
[INFO] [stdout]   18:     0x5b6219101122 - <std[617be2ca0a6fd877]::thread::lifecycle::spawn_unchecked<test[aada8e7e76ba119b]::run_test::{closure#1}, ()>::{closure#1} as core[a373ad73a504971]::ops::function::FnOnce<()>>::call_once::{shim:vtable#0}
[INFO] [stdout]   19:     0x5b621916c11f - <std[617be2ca0a6fd877]::sys::thread::unix::Thread>::new::thread_start
[INFO] [stdout]   20:     0x76545b02adfa - <unknown>
[INFO] [stdout]   21:     0x76545b0be3d4 - clone
[INFO] [stdout]   22:                0x0 - <unknown>
[INFO] [stdout] 
[INFO] [stdout] 
[INFO] [stdout] failures:
[INFO] [stdout]     ui_fail
[INFO] [stdout]     ui_pass
[INFO] [stdout] 
[INFO] [stdout] test result: FAILED. 0 passed; 2 failed; 0 ignored; 0 measured; 0 filtered out; finished in 77.26s
[INFO] [stdout] 
[INFO] running `Command { std: "docker" "inspect" "25bbee831920d86660c16a622ffba27282b34e88560fda44c5390b29f0783ec2", kill_on_drop: false }`
[INFO] running `Command { std: "docker" "rm" "-f" "25bbee831920d86660c16a622ffba27282b34e88560fda44c5390b29f0783ec2", kill_on_drop: false }`
[INFO] [stdout] 25bbee831920d86660c16a622ffba27282b34e88560fda44c5390b29f0783ec2
